000
CDUS43 KEAX 141238
CLIMCI

CLIMATE REPORT
NATIONAL WEATHER SERVICE KANSAS CITY/PLEASANT HILL MO
737 AM CDT MON JUL 14 2014


...................................

...THE KANSAS CITY INTERNATIONAL MO CLIMATE SUMMARY FOR JULY 14 2014...
VALID AS OF 0700 AM LOCAL TIME.

CLIMATE NORMAL PERIOD 1981 TO 2010
CLIMATE RECORD PERIOD 1888 TO 2014


WEATHER ITEM   OBSERVED TIME   RECORD YEAR NORMAL DEPARTURE LAST
                VALUE   (LST)  VALUE       VALUE  FROM      YEAR
                                                  NORMAL
..................................................................
TEMPERATURE (F)
 TODAY
  MAXIMUM         74   1225 AM 111    1954  88    -14       87
  MINIMUM         67    528 AM  54    1990  69     -2       66
                                      1950
  AVERAGE         71                        78     -7       77

PRECIPITATION (IN)
  TODAY            0.00          1.23 1910   0.16  -0.16      T
  MONTH TO DATE    2.77                      2.21   0.56     0.17
  SINCE JUN 1      9.68                      7.44   2.24     3.29
  SINCE JAN 1     18.30                     21.27  -2.97    18.22

SNOWFALL (IN)
  TODAY            0.0           0.0    MM   0.0    0.0      0.0
  MONTH TO DATE    0.0                       0.0    0.0      0.0
  SINCE JUN 1      0.0                       0.0    0.0      0.0
  SINCE JUL 1      0.0                       0.0    0.0      0.0
  SNOW DEPTH       0

DEGREE DAYS
 HEATING
  TODAY            0                         0      0        0
  MONTH TO DATE    1                         0      1        0
  SINCE JUN 1      2                         9     -7       17
  SINCE JUL 1      1                         0      1        0

 COOLING
  TODAY            6                        14     -8       12
  MONTH TO DATE  138                       181    -43      173
  SINCE JUN 1    415                       447    -32      449
  SINCE JAN 1    576                       563     13      554
..................................................................


WIND (MPH)
  HIGHEST WIND SPEED     8   HIGHEST WIND DIRECTION    SW (220)
  HIGHEST GUST SPEED     8   HIGHEST GUST DIRECTION    SW (220)
  AVERAGE WIND SPEED     5.8


SKY COVER
  POSSIBLE SUNSHINE  MM
  AVERAGE SKY COVER 0.1


WEATHER CONDITIONS
 THE FOLLOWING WEATHER WAS RECORDED TODAY.
  NO SIGNIFICANT WEATHER WAS OBSERVED.


RELATIVE HUMIDITY (PERCENT)
 HIGHEST    93           200 AM
 LOWEST     79           100 AM
 AVERAGE    86

..........................................................


THE KANSAS CITY INTERNATIONAL MO CLIMATE NORMALS FOR TOMORROW
                         NORMAL    RECORD    YEAR
 MAXIMUM TEMPERATURE (F)   89       109      1934
 MINIMUM TEMPERATURE (F)   69        56      1990


SUNRISE AND SUNSET
JULY 14 2014..........SUNRISE   604 AM CDT   SUNSET   845 PM CDT
JULY 15 2014..........SUNRISE   605 AM CDT   SUNSET   845 PM CDT


-  INDICATES NEGATIVE NUMBERS.
R  INDICATES RECORD WAS SET OR TIED.
MM INDICATES DATA IS MISSING.
T  INDICATES TRACE AMOUNT.




&&

...MISCELLANEOUS CLIMATE DATA FROM TODAY...

LOCATION                HIGH    LOW      PRECIP
ST. JOSEPH               73      68       0.00
DOWNTOWN KANSAS CITY     76      72       0.00
OLATHE NEW CENTURY       73      65       0.00
OLATHE JO CO EXEC        74      66       0.00
LEES SUMMIT              72      68       0.00
KIRKSVILLE               70      66       0.00
CHILLICOTHE              72      67       0.00
SEDALIA                  72      68       0.00
NWS PLEASANT HILL MO     72      67       0.00


THIS PRODUCT...ALONG WITH OTHER WEATHER...HYDROLOGICAL AND CLIMATE
INFORMATION...IS AVAILABLE ON THE WEB AT HTTP://WWW.CRH.NOAA.GOV/EAX
OR AT HTTP://WEATHER.GOV

$$
