000
CDUS43 KEAX 220645
CLIMCI

CLIMATE REPORT
NATIONAL WEATHER SERVICE KANSAS CITY/PLEASANT HILL MO
1242 AM CST THU FEB 22 2018


...................................

...THE KANSAS CITY INTERNATIONAL MO CLIMATE SUMMARY FOR FEBRUARY 21 2018...

CLIMATE NORMAL PERIOD 1981 TO 2010
CLIMATE RECORD PERIOD 1888 TO 2018


WEATHER ITEM   OBSERVED TIME   RECORD YEAR NORMAL DEPARTURE LAST
                VALUE   (LST)  VALUE       VALUE  FROM      YEAR
                                                  NORMAL
..................................................................
TEMPERATURE (F)
 YESTERDAY
  MAXIMUM         27   1027 PM  75    1935  45    -18       72
  MINIMUM         14    753 AM   0    1939  26    -12       43
                                      1918
  AVERAGE         21                        36    -15       58

PRECIPITATION (IN)
  YESTERDAY        T             0.78 1974   0.06  -0.06     0.00
  MONTH TO DATE    0.98                      1.06  -0.08     0.06
  SINCE DEC 1      2.30                      3.66  -1.36     2.64
  SINCE JAN 1      2.11                      2.13  -0.02     1.45

SNOWFALL (IN)
  YESTERDAY        T             9.2  2013   0.1   -0.1      0.0
  MONTH TO DATE    0.9                       4.3   -3.4      0.0
  SINCE DEC 1      5.8                      13.7   -7.9      4.5
  SINCE JUL 1      5.8                      15.1   -9.3      4.5
  SNOW DEPTH       T

DEGREE DAYS
 HEATING
  YESTERDAY       44                        29     15        7
  MONTH TO DATE  742                       686     56      459
  SINCE DEC 1   2879                      2848     31     2537
  SINCE JUL 1   3759                      3850    -91     3121

 COOLING
  YESTERDAY        0                         0      0        0
  MONTH TO DATE    0                         0      0        0
  SINCE DEC 1      0                         0      0        0
  SINCE JAN 1      0                         0      0        0
..................................................................


WIND (MPH)
  HIGHEST WIND SPEED    17   HIGHEST WIND DIRECTION     E (80)
  HIGHEST GUST SPEED    21   HIGHEST GUST DIRECTION     N (10)
  AVERAGE WIND SPEED    12.6


SKY COVER
  POSSIBLE SUNSHINE  MM
  AVERAGE SKY COVER 0.9


WEATHER CONDITIONS
 THE FOLLOWING WEATHER WAS RECORDED YESTERDAY.
  LT FREEZING RAIN
  LIGHT SNOW
  FOG


RELATIVE HUMIDITY (PERCENT)
 HIGHEST    88           300 AM
 LOWEST     77          1200 AM
 AVERAGE    83

..........................................................


THE KANSAS CITY INTERNATIONAL MO CLIMATE NORMALS FOR TODAY
                         NORMAL    RECORD    YEAR
 MAXIMUM TEMPERATURE (F)   46        79      2017
 MINIMUM TEMPERATURE (F)   26         3      1910


SUNRISE AND SUNSET
FEBRUARY 22 2018......SUNRISE   701 AM CST   SUNSET   604 PM CST
FEBRUARY 23 2018......SUNRISE   700 AM CST   SUNSET   605 PM CST


-  INDICATES NEGATIVE NUMBERS.
R  INDICATES RECORD WAS SET OR TIED.
MM INDICATES DATA IS MISSING.
T  INDICATES TRACE AMOUNT.


&&

...MISCELLANEOUS CLIMATE DATA FROM YESTERDAY...

LOCATION                HIGH    LOW      PRECIP
ST. JOSEPH               29      13       0.01
DOWNTOWN KANSAS CITY     30      18       0.00
OLATHE NEW CENTURY       28      15       0.00
OLATHE JO CO EXEC        27      15       0.00
LEES SUMMIT              27      17       0.00
KIRKSVILLE               29      18       0.00
CHILLICOTHE              30      17       0.00
SEDALIA                  31      23       T
NWS PLEASANT HILL MO     27      17       T


THIS PRODUCT...ALONG WITH OTHER WEATHER...HYDROLOGICAL AND CLIMATE
INFORMATION...IS AVAILABLE ON THE WEB AT HTTP://WWW.WEATHER.GOV/EAX
OR AT HTTP://WEATHER.GOV

$$

CUTTER
