000
CDUS43 KGLD 210110
CLIMCK

CLIMATE REPORT
NATIONAL WEATHER SERVICE GOODLAND
601 PM MST FRI JAN 20 2017
...................................

...THE MCCOOK NE CLIMATE SUMMARY FOR JANUARY 20 2017...
VALID TODAY AS OF 0600 PM LOCAL TIME.

CLIMATE NORMAL PERIOD 1981 TO 2010
CLIMATE RECORD PERIOD 1896 TO 2017


WEATHER ITEM   OBSERVED TIME   RECORD YEAR NORMAL DEPARTURE LAST
                VALUE   (LST)  VALUE       VALUE  FROM      YEAR
                                                  NORMAL
..................................................................
TEMPERATURE (F)
 TODAY
  MAXIMUM         39    459 PM  71    1964  41     -2       36
  MINIMUM         33    840 AM -16    1984  14     19       21
  AVERAGE         36                        27      9       29

PRECIPITATION (IN)
  TODAY            0.00                      0.02  -0.02     0.00
  MONTH TO DATE    0.69                      0.33   0.36     0.02
  SINCE DEC 1      1.12                      0.97   0.15     0.18
  SINCE JAN 1      0.69                      0.33   0.36     0.02

..................................................................


THE MCCOOK NE CLIMATE NORMALS FOR TOMORROW
                         NORMAL    RECORD    YEAR
 MAXIMUM TEMPERATURE (F)   41        70      1950
 MINIMUM TEMPERATURE (F)   14       -19      1930

-  INDICATES NEGATIVE NUMBERS.
R  INDICATES RECORD WAS SET OR TIED.
MM INDICATES DATA IS MISSING.
T  INDICATES TRACE AMOUNT.


$$
