000
CDUS43 KGLD 270757
CLIMCK

CLIMATE REPORT
NATIONAL WEATHER SERVICE GOODLAND
150 AM MDT TUE JUN 27 2017

...................................

...THE MCCOOK NE CLIMATE SUMMARY FOR JUNE 26 2017...

CLIMATE NORMAL PERIOD 1981 TO 2010
CLIMATE RECORD PERIOD 1896 TO 2017


WEATHER ITEM   OBSERVED TIME   RECORD YEAR NORMAL DEPARTURE LAST
                VALUE   (LST)  VALUE       VALUE  FROM      YEAR
                                                  NORMAL
..................................................................
TEMPERATURE (F)
 YESTERDAY
  MAXIMUM         84    106 PM 115    2012  88     -4       93
  MINIMUM         58   1220 AM  45    1968  59     -1       62
  AVERAGE         71                        74     -3       78

PRECIPITATION (IN)
  YESTERDAY        0.00                      0.12  -0.12     0.00
  MONTH TO DATE    0.24                      2.96  -2.72     2.79
  SINCE JUN 1      0.24                      2.96  -2.72     2.79
  SINCE JAN 1      8.27                     10.90  -2.63    12.99

..................................................................


THE MCCOOK NE CLIMATE NORMALS FOR TODAY
                         NORMAL    RECORD    YEAR
 MAXIMUM TEMPERATURE (F)   88       109      2012
 MINIMUM TEMPERATURE (F)   59        44      1985


-  INDICATES NEGATIVE NUMBERS.
R  INDICATES RECORD WAS SET OR TIED.
MM INDICATES DATA IS MISSING.
T  INDICATES TRACE AMOUNT.


$$
