000
CDUS43 KGLD 190740 RRA
CLIMCK

CLIMATE REPORT
NATIONAL WEATHER SERVICE GOODLAND
136 AM MDT THU OCT 19 2017

...................................

...THE MCCOOK NE CLIMATE SUMMARY FOR OCTOBER 18 2017...

CLIMATE NORMAL PERIOD 1981 TO 2010
CLIMATE RECORD PERIOD 1896 TO 2017

WEATHER ITEM   OBSERVED TIME   RECORD YEAR NORMAL DEPARTURE LAST
                VALUE   (LST)  VALUE       VALUE  FROM      YEAR
                                                  NORMAL
..................................................................
TEMPERATURE (F)
 YESTERDAY
  MAXIMUM         80    200 PM  90    2003  66     14       70
                                      1918
  MINIMUM         41    717 AM  15    1925  35      6       38
  AVERAGE         61                        51     10       54

PRECIPITATION (IN)
  YESTERDAY        T                         0.06  -0.06     0.00
  MONTH TO DATE    1.05                      1.08  -0.03     0.11
  SINCE SEP 1      4.13                      2.52   1.61     5.74
  SINCE JAN 1     18.24                     20.23  -1.99    23.87

..................................................................

THE MCCOOK NE CLIMATE NORMALS FOR TODAY
                         NORMAL    RECORD    YEAR
 MAXIMUM TEMPERATURE (F)   65        93      2003
 MINIMUM TEMPERATURE (F)   35        20      1989

-  INDICATES NEGATIVE NUMBERS.
R  INDICATES RECORD WAS SET OR TIED.
MM INDICATES DATA IS MISSING.
T  INDICATES TRACE AMOUNT.

$$
