000
CDUS43 KGLD 180044
CLIMCK

CLIMATE REPORT
NATIONAL WEATHER SERVICE GOODLAND
638 PM MDT THU AUG 17 2017


...................................

...THE MCCOOK NE CLIMATE SUMMARY FOR AUGUST 17 2017...
VALID TODAY AS OF 0600 PM LOCAL TIME.

CLIMATE NORMAL PERIOD 1981 TO 2010
CLIMATE RECORD PERIOD 1896 TO 2017


WEATHER ITEM   OBSERVED TIME   RECORD YEAR NORMAL DEPARTURE LAST
                VALUE   (LST)  VALUE       VALUE  FROM      YEAR
                                                  NORMAL
..................................................................
TEMPERATURE (F)
 TODAY
  MAXIMUM         89    413 PM 107    1914  88      1       97
  MINIMUM         54    605 AM  45    2012  60     -6       61
  AVERAGE         72                        74     -2       79

PRECIPITATION (IN)
  TODAY            0.00                      0.11  -0.11     0.00
  MONTH TO DATE    3.59                      1.97   1.62     1.43
  SINCE JUN 1      6.03                      8.60  -2.57     6.66
  SINCE JAN 1     14.06                     16.54  -2.48    16.86

..................................................................


THE MCCOOK NE CLIMATE NORMALS FOR TOMORROW
                         NORMAL    RECORD    YEAR
 MAXIMUM TEMPERATURE (F)   88       105      1983
 MINIMUM TEMPERATURE (F)   60        50      2012
                                             1929


-  INDICATES NEGATIVE NUMBERS.
R  INDICATES RECORD WAS SET OR TIED.
MM INDICATES DATA IS MISSING.
T  INDICATES TRACE AMOUNT.

$$
