000
CDUS43 KGLD 050741
CLIMCK

CLIMATE REPORT
NATIONAL WEATHER SERVICE GOODLAND
138 AM MDT THU MAY 5 2016

...................................

...THE MCCOOK NE CLIMATE SUMMARY FOR MAY 4 2016...

CLIMATE NORMAL PERIOD 1981 TO 2010
CLIMATE RECORD PERIOD 1896 TO 2016


WEATHER ITEM   OBSERVED TIME   RECORD YEAR NORMAL DEPARTURE LAST
                VALUE   (LST)  VALUE       VALUE  FROM      YEAR
                                                  NORMAL
..................................................................
TEMPERATURE (F)
 YESTERDAY
  MAXIMUM         78    354 PM  94    2012  70      8       62
  MINIMUM         40    543 AM  27    2013  42     -2       51
  AVERAGE         59                        56      3       57

PRECIPITATION (IN)
  YESTERDAY        0.00                      0.10  -0.10     0.06
  MONTH TO DATE    0.05                      0.38  -0.33     0.06
  SINCE MAR 1      6.63                      4.05   2.58     2.04
  SINCE JAN 1      7.64                      5.18   2.46     2.38

..................................................................


THE MCCOOK NE CLIMATE NORMALS FOR TODAY
                         NORMAL    RECORD    YEAR
 MAXIMUM TEMPERATURE (F)   71        98      1936
 MINIMUM TEMPERATURE (F)   42        25      2013



-  INDICATES NEGATIVE NUMBERS.
R  INDICATES RECORD WAS SET OR TIED.
MM INDICATES DATA IS MISSING.
T  INDICATES TRACE AMOUNT.

$$
