000
CDUS43 KGLD 030802
CLIMCK

CLIMATE REPORT
NATIONAL WEATHER SERVICE GOODLAND
1253 AM MST SAT DEC 3 2016


...................................

...THE MCCOOK NE CLIMATE SUMMARY FOR DECEMBER 2 2016...

CLIMATE NORMAL PERIOD 1981 TO 2010
CLIMATE RECORD PERIOD 1896 TO 2016


WEATHER ITEM   OBSERVED TIME   RECORD YEAR NORMAL DEPARTURE LAST
                VALUE   (LST)  VALUE       VALUE  FROM      YEAR
                                                  NORMAL
..................................................................
TEMPERATURE (F)
 YESTERDAY
  MAXIMUM         43    427 PM  72    2012  44     -1       50
  MINIMUM         16    814 AM -12    1919  18     -2       25
  AVERAGE         30                        31     -1       38

PRECIPITATION (IN)
  YESTERDAY        0.00                      0.03  -0.03     0.00
  MONTH TO DATE    0.00                      0.05  -0.05     0.01
  SINCE DEC 1      0.00                      0.05  -0.05     0.01
  SINCE JAN 1     24.39                     21.94   2.45    20.46

..................................................................

THE MCCOOK NE CLIMATE NORMALS FOR TODAY
                         NORMAL    RECORD    YEAR
 MAXIMUM TEMPERATURE (F)   44        70      1959
 MINIMUM TEMPERATURE (F)   17       -12      1919



-  INDICATES NEGATIVE NUMBERS.
R  INDICATES RECORD WAS SET OR TIED.
MM INDICATES DATA IS MISSING.
T  INDICATES TRACE AMOUNT.

$$
