000
CDUS42 KFFC 172137
CLIMCN


CLIMATE REPORT
NATIONAL WEATHER SERVICE PEACHTREE CITY GA
437 PM EST WED DEC 17 2014


...................................

...THE MACON CLIMATE SUMMARY FOR DECEMBER 17 2014...
VALID TODAY AS OF 0400 PM LOCAL TIME.

CLIMATE NORMAL PERIOD 1981 TO 2010
CLIMATE RECORD PERIOD 1899 TO 2014


WEATHER ITEM   OBSERVED TIME   RECORD YEAR NORMAL DEPARTURE LAST
                VALUE   (LST)  VALUE       VALUE  FROM      YEAR
                                                  NORMAL
..................................................................
TEMPERATURE (F)
 TODAY
  MAXIMUM         63    312 PM  78    1933  59      4       65
  MINIMUM         35    739 AM  19    1955  36     -1       28
                                      1943
  AVERAGE         49                        48      1       47

PRECIPITATION (IN)
  TODAY            0.00          1.14 1992   0.13  -0.13     0.00
  MONTH TO DATE    0.09                      2.19  -2.10     2.50
  SINCE DEC 1      0.09                      2.19  -2.10     2.50
  SINCE JAN 1     42.69                     43.83  -1.14    66.37

SNOWFALL (IN)
  TODAY            0.0           0.0  2001   0.0    0.0      0.0
  MONTH TO DATE    0.0                       0.0    0.0      0.0
  SINCE DEC 1      0.0                       0.0    0.0      0.0
  SINCE JUL 1      0.0                       0.0    0.0      0.0
  SNOW DEPTH       0

DEGREE DAYS
 HEATING
  TODAY           16                        18     -2       18
  MONTH TO DATE  229                       270    -41      216
  SINCE DEC 1    229                       270    -41      216
  SINCE JUL 1    789                       665    124      665

 COOLING
  TODAY            0                         0      0        0
  MONTH TO DATE    0                         0      0        5
  SINCE DEC 1      0                         0      0        5
  SINCE JAN 1   2048                      2163   -115     1854
..................................................................


WIND (MPH)
  RESULTANT WIND SPEED   7   RESULTANT WIND DIRECTION   W (290)
  HIGHEST WIND SPEED    13   HIGHEST WIND DIRECTION     W (290)
  HIGHEST GUST SPEED    22   HIGHEST GUST DIRECTION     N (10)
  AVERAGE WIND SPEED     6.9


SKY COVER
  AVERAGE SKY COVER 0.0


WEATHER CONDITIONS
 THE FOLLOWING WEATHER WAS RECORDED TODAY.
  NO SIGNIFICANT WEATHER WAS OBSERVED.


RELATIVE HUMIDITY (PERCENT)
 HIGHEST   100           700 AM
 LOWEST     39           300 PM
 AVERAGE    70

..........................................................


THE MACON CLIMATE NORMALS FOR TOMORROW
                         NORMAL    RECORD    YEAR
 MAXIMUM TEMPERATURE (F)   59        79      2008
                                             1984
                                             1967
 MINIMUM TEMPERATURE (F)   36        17      1901


SUNRISE AND SUNSET
DECEMBER 17 2014......SUNRISE   731 AM EST   SUNSET   531 PM EST
DECEMBER 18 2014......SUNRISE   731 AM EST   SUNSET   531 PM EST


-  INDICATES NEGATIVE NUMBERS.
R  INDICATES RECORD WAS SET OR TIED.
MM INDICATES DATA IS MISSING.
T  INDICATES TRACE AMOUNT.




$$
