000
CDUS42 KFFC 220021
CLIMCN


CLIMATE REPORT
NATIONAL WEATHER SERVICE PEACHTREE CITY GA
821 PM EDT TUE OCT 21 2014


...................................

...THE MACON CLIMATE SUMMARY FOR OCTOBER 21 2014...
VALID AS OF 0800 PM LOCAL TIME.

CLIMATE NORMAL PERIOD 1981 TO 2010
CLIMATE RECORD PERIOD 1899 TO 2014


WEATHER ITEM   OBSERVED TIME   RECORD YEAR NORMAL DEPARTURE LAST
                VALUE   (LST)  VALUE       VALUE  FROM      YEAR
                                                  NORMAL
..................................................................
TEMPERATURE (F)
 TODAY
  MAXIMUM         80    324 PM  90    1963  76      4       74
                                      1943
  MINIMUM         46    649 AM  31    1989  51     -5       50
  AVERAGE         63                        63      0       62

PRECIPITATION (IN)
  TODAY            0.00          0.91 1962   0.08  -0.08     0.00
  MONTH TO DATE    1.57                      1.95  -0.38     0.51
  SINCE SEP 1      4.36                      5.54  -1.18     2.28
  SINCE JAN 1     38.29                     37.48   0.81    60.41

SNOWFALL (IN)
  TODAY            0.0           0.0  2002   0.0    0.0      0.0
                                      2001
  MONTH TO DATE    0.0                       0.0    0.0      0.0
  SINCE SEP 1      0.0                       0.0    0.0      0.0
  SINCE JUL 1      0.0                       0.0    0.0      0.0
  SNOW DEPTH       0

DEGREE DAYS
 HEATING
  TODAY            2                         4     -2        3
  MONTH TO DATE   41                        47     -6        6
  SINCE SEP 1     42                        53    -11        6
  SINCE JUL 1     42                        53    -11        6

 COOLING
  TODAY            0                         2     -2        0
  MONTH TO DATE   96                        78     18       75
  SINCE SEP 1    435                       384     51      365
  SINCE JAN 1   2033                      2128    -95     1840
..................................................................


WIND (MPH)
  HIGHEST WIND SPEED    14   HIGHEST WIND DIRECTION    NW (300)
  HIGHEST GUST SPEED    18   HIGHEST GUST DIRECTION    NW (300)
  AVERAGE WIND SPEED     4.7


SKY COVER
  AVERAGE SKY COVER 0.0


WEATHER CONDITIONS
 THE FOLLOWING WEATHER WAS RECORDED TODAY.
  FOG


RELATIVE HUMIDITY (PERCENT)
 HIGHEST   100          1200 AM
 LOWEST     33           300 PM

..........................................................


THE MACON CLIMATE NORMALS FOR TOMORROW
                         NORMAL    RECORD
 MAXIMUM TEMPERATURE (F)   76        89
 MINIMUM TEMPERATURE (F)   50        33


SUNRISE AND SUNSET
OCTOBER 21 2014.......SUNRISE   743 AM EDT   SUNSET   655 PM EDT
OCTOBER 22 2014.......SUNRISE   744 AM EDT   SUNSET   654 PM EDT


-  INDICATES NEGATIVE NUMBERS.
R  INDICATES RECORD WAS SET OR TIED.
MM INDICATES DATA IS MISSING.
T  INDICATES TRACE AMOUNT.




$$
