754
CDUS42 KFFC 210919
CLIMCN


CLIMATE REPORT
NATIONAL WEATHER SERVICE PEACHTREE CITY GA
419 AM EST SAT JAN 21 2017


...................................

...THE MACON CLIMATE SUMMARY FOR JANUARY 20 2017...

CLIMATE NORMAL PERIOD 1981 TO 2010
CLIMATE RECORD PERIOD 1899 TO 2017


WEATHER ITEM   OBSERVED TIME   RECORD YEAR NORMAL DEPARTURE LAST
                VALUE   (LST)  VALUE       VALUE  FROM      YEAR
                                                  NORMAL
..................................................................
TEMPERATURE (F)
 YESTERDAY
  MAXIMUM         74    328 PM  77    1954  58     16       55
  MINIMUM         62    655 AM   1    1985  35     27       22
  AVERAGE         68                        46     22       39

PRECIPITATION (IN)
  YESTERDAY        0.05          2.04 1979   0.14  -0.09      T
  MONTH TO DATE    7.88                      2.65   5.23     1.17
  SINCE DEC 1     13.83                      6.69   7.14    13.79
  SINCE JAN 1      7.88                      2.65   5.23     1.17

SNOWFALL (IN)
  YESTERDAY        0.0           0.0  2002   0.0    0.0      0.0
  MONTH TO DATE    0.0                       0.3   -0.3      0.0
  SINCE DEC 1      0.0                       0.4   -0.4      0.0
  SINCE JUL 1      0.0                       0.4   -0.4      0.0
  SNOW DEPTH       0

DEGREE DAYS
 HEATING
  YESTERDAY        0                        19    -19       26
  MONTH TO DATE  209                       380   -171      409
  SINCE DEC 1    600                       910   -310      640
  SINCE JUL 1    842                      1305   -463      912

 COOLING
  YESTERDAY        3                         0      3        0
  MONTH TO DATE    4                         0      4        0
  SINCE DEC 1      6                         3      3       42
  SINCE JAN 1      4                         0      4        0
..................................................................


WIND (MPH)
  RESULTANT WIND SPEED   6   RESULTANT WIND DIRECTION  SW (220)
  HIGHEST WIND SPEED    20   HIGHEST WIND DIRECTION     S (200)
  HIGHEST GUST SPEED    31   HIGHEST GUST DIRECTION    SW (210)
  AVERAGE WIND SPEED     7.6


SKY COVER
  AVERAGE SKY COVER 0.7


WEATHER CONDITIONS
 THE FOLLOWING WEATHER WAS RECORDED YESTERDAY.
  LIGHT RAIN
  FOG


RELATIVE HUMIDITY (PERCENT)
 HIGHEST    93           500 AM
 LOWEST     66           100 PM
 AVERAGE    80

..........................................................


THE MACON CLIMATE NORMALS FOR TODAY
                         NORMAL    RECORD    YEAR
 MAXIMUM TEMPERATURE (F)   58        79      1954
 MINIMUM TEMPERATURE (F)   35        -6      1985


SUNRISE AND SUNSET
JANUARY 21 2017.......SUNRISE   735 AM EST   SUNSET   557 PM EST
JANUARY 22 2017.......SUNRISE   735 AM EST   SUNSET   558 PM EST


-  INDICATES NEGATIVE NUMBERS.
R  INDICATES RECORD WAS SET OR TIED.
MM INDICATES DATA IS MISSING.
T  INDICATES TRACE AMOUNT.




$$
