000
CDUS42 KFFC 292032
CLIMCN


CLIMATE REPORT
NATIONAL WEATHER SERVICE PEACHTREE CITY GA
432 PM EDT TUE JUL 29 2014


...................................

...THE MACON CLIMATE SUMMARY FOR JULY 29 2014...
VALID TODAY AS OF 0400 PM LOCAL TIME.

CLIMATE NORMAL PERIOD 1981 TO 2010
CLIMATE RECORD PERIOD 1899 TO 2014


WEATHER ITEM   OBSERVED TIME   RECORD YEAR NORMAL DEPARTURE LAST
                VALUE   (LST)  VALUE       VALUE  FROM      YEAR
                                                  NORMAL
..................................................................
TEMPERATURE (F)
 TODAY
  MAXIMUM         87    226 PM 104    1986  93     -6       92
                                      1952
  MINIMUM         63R   542 AM  63    1897  71     -8       69
  AVERAGE         75                        82     -7       81

PRECIPITATION (IN)
  TODAY            0.00          1.94 1985   0.15  -0.15     0.00
  MONTH TO DATE    5.04                      4.65   0.39     5.87
  SINCE JUN 1     10.69                      8.71   1.98    18.12
  SINCE JAN 1     32.88                     27.54   5.34    46.81

DEGREE DAYS
 HEATING
  TODAY            0                         0      0        0
  MONTH TO DATE    0                         0      0        0
  SINCE JUN 1      0                         0      0        0
  SINCE JUL 1      0                         0      0        0

 COOLING
  TODAY           10                        17     -7       16
  MONTH TO DATE  419                       487    -68      427
  SINCE JUN 1    834                       906    -72      823
  SINCE JAN 1   1112                      1219   -107     1033
..................................................................


WIND (MPH)
  RESULTANT WIND SPEED   4   RESULTANT WIND DIRECTION  NW (320)
  HIGHEST WIND SPEED    MM   HIGHEST WIND DIRECTION    MM
  HIGHEST GUST SPEED    MM   HIGHEST GUST DIRECTION    MM
  AVERAGE WIND SPEED     5.4


SKY COVER
  AVERAGE SKY COVER 0.1


WEATHER CONDITIONS
 THE FOLLOWING WEATHER WAS RECORDED TODAY.
  NO SIGNIFICANT WEATHER WAS OBSERVED.


RELATIVE HUMIDITY (PERCENT)
 HIGHEST   100           300 AM
 LOWEST     37           200 PM
 AVERAGE    69

..........................................................


THE MACON CLIMATE NORMALS FOR TOMORROW
                         NORMAL    RECORD    YEAR
 MAXIMUM TEMPERATURE (F)   93       103      1986
 MINIMUM TEMPERATURE (F)   71        62      1920


SUNRISE AND SUNSET
JULY 29 2014..........SUNRISE   647 AM EDT   SUNSET   835 PM EDT
JULY 30 2014..........SUNRISE   647 AM EDT   SUNSET   834 PM EDT


-  INDICATES NEGATIVE NUMBERS.
R  INDICATES RECORD WAS SET OR TIED.
MM INDICATES DATA IS MISSING.
T  INDICATES TRACE AMOUNT.




$$
