000
CDUS42 KFFC 200820
CLIMCN


CLIMATE REPORT
NATIONAL WEATHER SERVICE PEACHTREE CITY GA
419 AM EDT SUN AUG 20 2017


...................................

...THE MACON CLIMATE SUMMARY FOR AUGUST 19 2017...

CLIMATE NORMAL PERIOD 1981 TO 2010
CLIMATE RECORD PERIOD 1899 TO 2017


WEATHER ITEM   OBSERVED TIME   RECORD YEAR NORMAL DEPARTURE LAST
                VALUE   (LST)  VALUE       VALUE  FROM      YEAR
                                                  NORMAL
..................................................................
TEMPERATURE (F)
 YESTERDAY
  MAXIMUM         94    342 PM 101    1983  91      3       92
                                      1925
  MINIMUM         69    640 AM  64    2006  70     -1       72
                                      1976
  AVERAGE         82                        81      1       82

PRECIPITATION (IN)
  YESTERDAY        0.00          1.51 2003   0.12  -0.12     0.71
  MONTH TO DATE    3.66                      2.48   1.18     1.98
  SINCE JUN 1     12.56                     11.49   1.07     6.21
  SINCE JAN 1     36.29                     30.32   5.97    24.17

DEGREE DAYS
 HEATING
  YESTERDAY        0                         0      0        0
  MONTH TO DATE    0                         0      0        0
  SINCE JUN 1      0                         0      0        0
  SINCE JUL 1      0                         0      0        0

 COOLING
  YESTERDAY       17                        16      1       17
  MONTH TO DATE  312                       313     -1      353
  SINCE JUN 1   1246                      1253     -7     1459
  SINCE JAN 1   1691                      1566    125     1811
..................................................................


WIND (MPH)
  RESULTANT WIND SPEED   3   RESULTANT WIND DIRECTION   W (290)
  HIGHEST WIND SPEED    13   HIGHEST WIND DIRECTION     W (290)
  HIGHEST GUST SPEED    17   HIGHEST GUST DIRECTION     W (290)
  AVERAGE WIND SPEED     3.5


SKY COVER
  AVERAGE SKY COVER 0.0


WEATHER CONDITIONS
 THE FOLLOWING WEATHER WAS RECORDED YESTERDAY.
  FOG


RELATIVE HUMIDITY (PERCENT)
 HIGHEST   100           700 AM
 LOWEST     41           400 PM
 AVERAGE    71

..........................................................


THE MACON CLIMATE NORMALS FOR TODAY
                         NORMAL    RECORD    YEAR
 MAXIMUM TEMPERATURE (F)   91       105      1925
 MINIMUM TEMPERATURE (F)   70        62      1943


SUNRISE AND SUNSET
AUGUST 20 2017........SUNRISE   702 AM EDT   SUNSET   814 PM EDT
AUGUST 21 2017........SUNRISE   702 AM EDT   SUNSET   812 PM EDT


-  INDICATES NEGATIVE NUMBERS.
R  INDICATES RECORD WAS SET OR TIED.
MM INDICATES DATA IS MISSING.
T  INDICATES TRACE AMOUNT.




$$
