000
CDUS42 KFFC 090029
CLIMCN


CLIMATE REPORT
NATIONAL WEATHER SERVICE PEACHTREE CITY GA
729 PM EST THU DEC 8 2016


...................................

...THE MACON CLIMATE SUMMARY FOR DECEMBER 8 2016...
VALID AS OF 0700 PM LOCAL TIME.

CLIMATE NORMAL PERIOD 1981 TO 2010
CLIMATE RECORD PERIOD 1899 TO 2016


WEATHER ITEM   OBSERVED TIME   RECORD YEAR NORMAL DEPARTURE LAST
                VALUE   (LST)  VALUE       VALUE  FROM      YEAR
                                                  NORMAL
..................................................................
TEMPERATURE (F)
 TODAY
  MAXIMUM         59    215 PM  79    2001  61     -2       67
                                      1966
  MINIMUM         43    759 AM  19    1965  38      5       33
  AVERAGE         51                        49      2       50

PRECIPITATION (IN)
  TODAY            0.00          2.51 1924   0.13  -0.13     0.00
  MONTH TO DATE    3.37                      1.05   2.32     0.48
  SINCE DEC 1      3.37                      1.05   2.32     0.48
  SINCE JAN 1     31.12                     42.69 -11.57    38.07

SNOWFALL (IN)
  TODAY            0.0           0.0  2001   0.0    0.0      0.0
  MONTH TO DATE    0.0                       0.0    0.0      0.0
  SINCE DEC 1      0.0                       0.0    0.0      0.0
  SINCE JUL 1      0.0                       0.0    0.0      0.0
  SNOW DEPTH       0

DEGREE DAYS
 HEATING
  TODAY           14                        16     -2       15
  MONTH TO DATE   91                       119    -28       96
  SINCE DEC 1     91                       119    -28       96
  SINCE JUL 1    333                       514   -181      368
..................................................................


WIND (MPH)
  HIGHEST WIND SPEED    21   HIGHEST WIND DIRECTION    NW (330)
  HIGHEST GUST SPEED    28   HIGHEST GUST DIRECTION    NW (320)
  AVERAGE WIND SPEED    11.0


SKY COVER
  AVERAGE SKY COVER 0.1


WEATHER CONDITIONS
 THE FOLLOWING WEATHER WAS RECORDED TODAY.
  NO SIGNIFICANT WEATHER WAS OBSERVED.


RELATIVE HUMIDITY (PERCENT)
 HIGHEST    86           100 AM
 LOWEST     26           400 PM

..........................................................


THE MACON CLIMATE NORMALS FOR TOMORROW
                         NORMAL    RECORD
 MAXIMUM TEMPERATURE (F)   61        80
 MINIMUM TEMPERATURE (F)   37        16


SUNRISE AND SUNSET
DECEMBER  8 2016......SUNRISE   725 AM EST   SUNSET   529 PM EST
DECEMBER  9 2016......SUNRISE   726 AM EST   SUNSET   529 PM EST


-  INDICATES NEGATIVE NUMBERS.
R  INDICATES RECORD WAS SET OR TIED.
MM INDICATES DATA IS MISSING.
T  INDICATES TRACE AMOUNT.




$$
