000
CDUS42 KFFC 220836
CLIMCN


CLIMATE REPORT
NATIONAL WEATHER SERVICE PEACHTREE CITY GA
435 AM EDT MON MAY 22 2017


...................................

...THE MACON CLIMATE SUMMARY FOR MAY 21 2017...

CLIMATE NORMAL PERIOD 1981 TO 2010
CLIMATE RECORD PERIOD 1899 TO 2017


WEATHER ITEM   OBSERVED TIME   RECORD YEAR NORMAL DEPARTURE LAST
                VALUE   (LST)  VALUE       VALUE  FROM      YEAR
                                                  NORMAL
..................................................................
TEMPERATURE (F)
 YESTERDAY
  MAXIMUM         86    239 PM  97    1962  86      0       86
                                      1898
  MINIMUM         71   1034 PM  44    2002  61     10       65
  AVERAGE         79                        73      6       76

PRECIPITATION (IN)
  YESTERDAY        0.09          1.74 1942   0.09   0.00      T
  MONTH TO DATE    3.31                      1.69   1.62     1.96
  SINCE MAR 1      7.77                      9.20  -1.43    12.23
  SINCE JAN 1     20.97                     17.80   3.17    17.96

DEGREE DAYS
 HEATING
  YESTERDAY        0                         0      0        0
  MONTH TO DATE   15                        11      4       11
  SINCE MAR 1    293                       393   -100      268
  SINCE JUL 1   1480                      2318   -838     1798

 COOLING
  YESTERDAY       14                         9      5       11
  MONTH TO DATE  144                       128     16      138
  SINCE MAR 1    344                       209    135      257
  SINCE JAN 1    355                       212    143      258
..................................................................


WIND (MPH)
  RESULTANT WIND SPEED   4   RESULTANT WIND DIRECTION  SW (240)
  HIGHEST WIND SPEED    15   HIGHEST WIND DIRECTION    SW (240)
  HIGHEST GUST SPEED    20   HIGHEST GUST DIRECTION     E (100)
  AVERAGE WIND SPEED     6.3


SKY COVER
  AVERAGE SKY COVER 0.4


WEATHER CONDITIONS
 THE FOLLOWING WEATHER WAS RECORDED YESTERDAY.
  THUNDERSTORM
  RAIN
  LIGHT RAIN
  FOG


RELATIVE HUMIDITY (PERCENT)
 HIGHEST   100           100 AM
 LOWEST     55           200 PM
 AVERAGE    78

..........................................................


THE MACON CLIMATE NORMALS FOR TODAY
                         NORMAL    RECORD    YEAR
 MAXIMUM TEMPERATURE (F)   86        97      1962
                                             1898
 MINIMUM TEMPERATURE (F)   61        43      1993


SUNRISE AND SUNSET
MAY 22 2017...........SUNRISE   631 AM EDT   SUNSET   831 PM EDT
MAY 23 2017...........SUNRISE   631 AM EDT   SUNSET   832 PM EDT


-  INDICATES NEGATIVE NUMBERS.
R  INDICATES RECORD WAS SET OR TIED.
MM INDICATES DATA IS MISSING.
T  INDICATES TRACE AMOUNT.




$$
