000
CDUS42 KFFC 210847
CLIMCN


CLIMATE REPORT
NATIONAL WEATHER SERVICE PEACHTREE CITY GA
432 AM EDT SAT OCT 21 2017


...................................

...THE MACON CLIMATE SUMMARY FOR OCTOBER 20 2017...

CLIMATE NORMAL PERIOD 1981 TO 2010
CLIMATE RECORD PERIOD 1899 TO 2017


WEATHER ITEM   OBSERVED TIME   RECORD YEAR NORMAL DEPARTURE LAST
                VALUE   (LST)  VALUE       VALUE  FROM      YEAR
                                                  NORMAL
..................................................................
TEMPERATURE (F)
 YESTERDAY
  MAXIMUM         82    344 PM  91    1943  76      6       89
  MINIMUM         42    703 AM  32    1967  51     -9       58
  AVERAGE         62                        64     -2       74

PRECIPITATION (IN)
  YESTERDAY        0.00          1.34 1976   0.09  -0.09     0.00
  MONTH TO DATE    1.05                      1.87  -0.82     0.20
  SINCE SEP 1      4.92                      5.46  -0.54     2.38
  SINCE JAN 1     42.45                     37.40   5.05    26.60

DEGREE DAYS
 HEATING
  YESTERDAY        3                         4     -1        0
  MONTH TO DATE   18                        43    -25        7
  SINCE SEP 1     19                        49    -30        7
  SINCE JUL 1     19                        49    -30        7

 COOLING
  YESTERDAY        0                         2     -2        9
  MONTH TO DATE  171                        76     95      124
  SINCE SEP 1    474                       382     92      540
  SINCE JAN 1   2336                      2126    210     2567
..................................................................


WIND (MPH)
  RESULTANT WIND SPEED   0   RESULTANT WIND DIRECTION  NE (60)
  HIGHEST WIND SPEED    10   HIGHEST WIND DIRECTION    NE (50)
  HIGHEST GUST SPEED    14   HIGHEST GUST DIRECTION    NE (40)
  AVERAGE WIND SPEED     2.6


SKY COVER
  AVERAGE SKY COVER 0.0


WEATHER CONDITIONS
 THE FOLLOWING WEATHER WAS RECORDED YESTERDAY.
  NO SIGNIFICANT WEATHER WAS OBSERVED.


RELATIVE HUMIDITY (PERCENT)
 HIGHEST   100           200 AM
 LOWEST     23           400 PM
 AVERAGE    62

..........................................................


THE MACON CLIMATE NORMALS FOR TODAY
                         NORMAL    RECORD    YEAR
 MAXIMUM TEMPERATURE (F)   76        90      1963
                                             1943
 MINIMUM TEMPERATURE (F)   51        31      1989


SUNRISE AND SUNSET
OCTOBER 21 2017.......SUNRISE   743 AM EDT   SUNSET   654 PM EDT
OCTOBER 22 2017.......SUNRISE   744 AM EDT   SUNSET   653 PM EDT


-  INDICATES NEGATIVE NUMBERS.
R  INDICATES RECORD WAS SET OR TIED.
MM INDICATES DATA IS MISSING.
T  INDICATES TRACE AMOUNT.




$$
