000
CDUS42 KFFC 030918
CLIMCN


CLIMATE REPORT
NATIONAL WEATHER SERVICE PEACHTREE CITY GA
417 AM EST TUE MAR 3 2015


...................................

...THE MACON CLIMATE SUMMARY FOR MARCH 2 2015...

CLIMATE NORMAL PERIOD 1981 TO 2010
CLIMATE RECORD PERIOD 1899 TO 2015


WEATHER ITEM   OBSERVED TIME   RECORD YEAR NORMAL DEPARTURE LAST
                VALUE   (LST)  VALUE       VALUE  FROM      YEAR
                                                  NORMAL
..................................................................
TEMPERATURE (F)
 YESTERDAY
  MAXIMUM         74    310 PM  85    1951  66      8       75
  MINIMUM         44    542 AM  20    1980  41      3       35
                                      1914
  AVERAGE         59                        54      5       55

PRECIPITATION (IN)
  YESTERDAY        0.01          2.00 2002   0.16  -0.15     0.00
  MONTH TO DATE    0.09                      0.31  -0.22     0.00
  SINCE MAR 1      0.09                      0.31  -0.22     0.00
  SINCE JAN 1      6.89                      8.91  -2.02     7.83

SNOWFALL (IN)
  YESTERDAY       MM             0.0  2002   0.0   MM        0.0
                                      2000
  MONTH TO DATE   MM                         0.0   MM        0.0
  SINCE MAR 1     MM                         0.0   MM        0.0
  SINCE JUL 1      0.0                       0.5   -0.5      2.1
  SNOW DEPTH       0

DEGREE DAYS
 HEATING
  YESTERDAY        6                        12     -6       10
  MONTH TO DATE   29                        24      5       21
  SINCE MAR 1     29                        24      5       21
  SINCE JUL 1   2242                      1949    293     2154

 COOLING
  YESTERDAY        0                         0      0        0
  MONTH TO DATE    0                         0      0        0
  SINCE MAR 1      0                         0      0        0
  SINCE JAN 1      0                         3     -3        1
..................................................................


WIND (MPH)
  RESULTANT WIND SPEED   1   RESULTANT WIND DIRECTION   W (290)
  HIGHEST WIND SPEED    15   HIGHEST WIND DIRECTION    NW (320)
  HIGHEST GUST SPEED    17   HIGHEST GUST DIRECTION    NW (330)
  AVERAGE WIND SPEED     3.5


SKY COVER
  AVERAGE SKY COVER 0.8


WEATHER CONDITIONS
 THE FOLLOWING WEATHER WAS RECORDED YESTERDAY.
  FOG
  FOG W/VISIBILITY <= 1/4 MILE


RELATIVE HUMIDITY (PERCENT)
 HIGHEST   100          1200 AM
 LOWEST     57           400 PM
 AVERAGE    79

..........................................................


THE MACON CLIMATE NORMALS FOR TODAY
                         NORMAL    RECORD    YEAR
 MAXIMUM TEMPERATURE (F)   66        86      1997
 MINIMUM TEMPERATURE (F)   41        14      1980


SUNRISE AND SUNSET
MARCH  3 2015.........SUNRISE   700 AM EST   SUNSET   633 PM EST
MARCH  4 2015.........SUNRISE   659 AM EST   SUNSET   634 PM EST


-  INDICATES NEGATIVE NUMBERS.
R  INDICATES RECORD WAS SET OR TIED.
MM INDICATES DATA IS MISSING.
T  INDICATES TRACE AMOUNT.




$$
