000
CDUS42 KFFC 300918
CLIMCN


CLIMATE REPORT
NATIONAL WEATHER SERVICE PEACHTREE CITY GA
418 AM EST FRI JAN 30 2015


...................................

...THE MACON CLIMATE SUMMARY FOR JANUARY 29 2015...

CLIMATE NORMAL PERIOD 1981 TO 2010
CLIMATE RECORD PERIOD 1899 TO 2015


WEATHER ITEM   OBSERVED TIME   RECORD YEAR NORMAL DEPARTURE LAST
                VALUE   (LST)  VALUE       VALUE  FROM      YEAR
                                                  NORMAL
..................................................................
TEMPERATURE (F)
 YESTERDAY
  MAXIMUM         58    449 PM  81    1957  59     -1       27
  MINIMUM         27    722 AM  15    1966  35     -8       18
  AVERAGE         43                        47     -4       23

PRECIPITATION (IN)
  YESTERDAY        0.00          1.43 1930   0.14  -0.14      T
  MONTH TO DATE    2.44                      3.94  -1.50     3.23
  SINCE DEC 1      8.33                      7.98   0.35    12.27
  SINCE JAN 1      2.44                      3.94  -1.50     3.23

SNOWFALL (IN)
  YESTERDAY        0.0           T    2014   0.0    0.0       T
  MONTH TO DATE    0.0                       0.4   -0.4      2.1
  SINCE DEC 1      0.0                       0.5   -0.5      2.1
  SINCE JUL 1      0.0                       0.5   -0.5      2.1
  SNOW DEPTH       0

DEGREE DAYS
 HEATING
  YESTERDAY       22                        18      4       42
  MONTH TO DATE  595                       544     51      728
  SINCE DEC 1   1022                      1074    -52     1185
  SINCE JUL 1   1582                      1469    113     1634

 COOLING
  YESTERDAY        0                         0      0        0
  MONTH TO DATE    0                         0      0        0
  SINCE DEC 1      0                         3     -3       10
  SINCE JAN 1      0                         0      0        0
..................................................................


WIND (MPH)
  RESULTANT WIND SPEED   4   RESULTANT WIND DIRECTION   S (190)
  HIGHEST WIND SPEED    13   HIGHEST WIND DIRECTION     S (190)
  HIGHEST GUST SPEED    20   HIGHEST GUST DIRECTION     S (200)
  AVERAGE WIND SPEED     4.9


SKY COVER
  AVERAGE SKY COVER 0.1


WEATHER CONDITIONS
 THE FOLLOWING WEATHER WAS RECORDED YESTERDAY.
  FOG


RELATIVE HUMIDITY (PERCENT)
 HIGHEST   100           700 AM
 LOWEST     33           300 PM
 AVERAGE    67

..........................................................


THE MACON CLIMATE NORMALS FOR TODAY
                         NORMAL    RECORD    YEAR
 MAXIMUM TEMPERATURE (F)   59        79      2002
                                             1975
 MINIMUM TEMPERATURE (F)   36         3      1966


SUNRISE AND SUNSET
JANUARY 30 2015.......SUNRISE   731 AM EST   SUNSET   605 PM EST
JANUARY 31 2015.......SUNRISE   730 AM EST   SUNSET   606 PM EST


-  INDICATES NEGATIVE NUMBERS.
R  INDICATES RECORD WAS SET OR TIED.
MM INDICATES DATA IS MISSING.
T  INDICATES TRACE AMOUNT.




$$
