000
CDUS42 KFFC 100825
CLIMCN


CLIMATE REPORT
NATIONAL WEATHER SERVICE PEACHTREE CITY GA
423 AM EDT THU JUL 10 2014


...................................

...THE MACON CLIMATE SUMMARY FOR JULY 9 2014...

CLIMATE NORMAL PERIOD 1981 TO 2010
CLIMATE RECORD PERIOD 1899 TO 2014


WEATHER ITEM   OBSERVED TIME   RECORD YEAR NORMAL DEPARTURE LAST
                VALUE   (LST)  VALUE       VALUE  FROM      YEAR
                                                  NORMAL
..................................................................
TEMPERATURE (F)
 YESTERDAY
  MAXIMUM         94    300 PM 103    1986  93      1       91
  MINIMUM         69    124 AM  58    1947  71     -2       71
  AVERAGE         82                        82      0       81

PRECIPITATION (IN)
  YESTERDAY        0.82          1.90 1948   0.17   0.65     0.01
  MONTH TO DATE    0.82                      1.42  -0.60     4.35
  SINCE JUN 1      6.47                      5.48   0.99    16.60
  SINCE JAN 1     28.66                     24.31   4.35    45.29

DEGREE DAYS
 HEATING
  YESTERDAY        0                         0      0        0
  MONTH TO DATE    0                         0      0        0
  SINCE JUN 1      0                         0      0        0
  SINCE JUL 1      0                         0      0        0

 COOLING
  YESTERDAY       17                        17      0       16
  MONTH TO DATE  139                       147     -8      124
  SINCE JUN 1    554                       566    -12      520
  SINCE JAN 1    832                       879    -47      730
..................................................................


WIND (MPH)
  RESULTANT WIND SPEED  MM   RESULTANT WIND DIRECTION  MM
  HIGHEST WIND SPEED    18   HIGHEST WIND DIRECTION     N (20)
  HIGHEST GUST SPEED    30   HIGHEST GUST DIRECTION    SW (240)
  AVERAGE WIND SPEED     6.9


SKY COVER
  AVERAGE SKY COVER 0.0


WEATHER CONDITIONS
 THE FOLLOWING WEATHER WAS RECORDED YESTERDAY.
  NO SIGNIFICANT WEATHER WAS OBSERVED.


RELATIVE HUMIDITY (PERCENT)
 HIGHEST    MM
 LOWEST     MM
 AVERAGE    MM

..........................................................


THE MACON CLIMATE NORMALS FOR TODAY
                         NORMAL    RECORD    YEAR
 MAXIMUM TEMPERATURE (F)   93       103      1980
                                             1930
 MINIMUM TEMPERATURE (F)   71        58      1972


SUNRISE AND SUNSET
JULY 10 2014..........SUNRISE   635 AM EDT   SUNSET   845 PM EDT
JULY 11 2014..........SUNRISE   635 AM EDT   SUNSET   845 PM EDT


-  INDICATES NEGATIVE NUMBERS.
R  INDICATES RECORD WAS SET OR TIED.
MM INDICATES DATA IS MISSING.
T  INDICATES TRACE AMOUNT.




$$
