000
CDUS42 KMLB 272127
CLIMCO


CLIMATE REPORT
NATIONAL WEATHER SERVICE MELBOURNE FL
426 PM EST TUE JAN 27 2015


...................................

...THE ORLANDO  CLIMATE SUMMARY FOR JANUARY 27 2015...
VALID TODAY AS OF 400 PM LOCAL TIME.

CLIMATE NORMAL PERIOD 1981 TO 2010
CLIMATE RECORD PERIOD 1892 TO 2015


WEATHER ITEM   OBSERVED TIME   RECORD YEAR NORMAL DEPARTURE LAST
                VALUE   (LST)  VALUE       VALUE  FROM      YEAR
                                                  NORMAL
..................................................................
TEMPERATURE (F)
 TODAY
  MAXIMUM         68    349 PM  86    1962  72     -4       76
  MINIMUM         44    742 AM  24    1905  50     -6       60
  AVERAGE         56                        61     -5       68

PRECIPITATION (IN)
  TODAY            0.00          1.13 1903   0.08  -0.08     0.59
  MONTH TO DATE    3.52                      2.04   1.48     1.87
  SINCE DEC 1      5.11                      4.62   0.49     2.14
  SINCE JAN 1      3.52                      2.04   1.48     1.87

SNOWFALL (IN)
  TODAY            0.0
  MONTH TO DATE    0.0
  SINCE DEC 1      0.0
  SINCE JUL 1      0.0

DEGREE DAYS
 HEATING
  TODAY            9                         6      3        0
  MONTH TO DATE  111                       169    -58      203
  SINCE DEC 1    205                       313   -108      237
  SINCE JUL 1    287                       360    -73      260

 COOLING
  TODAY            0                         1     -1        3
  MONTH TO DATE   52                        30     22       43
  SINCE DEC 1    156                       100     56      176
  SINCE JAN 1     52                        30     22       43
..................................................................


WIND (MPH)
  HIGHEST WIND SPEED    26   HIGHEST WIND DIRECTION     W (270)
  HIGHEST GUST SPEED    34   HIGHEST GUST DIRECTION     W (280)
  AVERAGE WIND SPEED    13.3


SKY COVER
  AVERAGE SKY COVER 0.0


WEATHER CONDITIONS
 THE FOLLOWING WEATHER WAS RECORDED TODAY.
  NO SIGNIFICANT WEATHER WAS OBSERVED.


RELATIVE HUMIDITY (PERCENT)
 HIGHEST    76           500 AM
 LOWEST     37           200 PM
 AVERAGE    57

..........................................................


THE ORLANDO  CLIMATE NORMALS FOR TOMORROW
                         NORMAL    RECORD    YEAR
 MAXIMUM TEMPERATURE (F)   72        86      1920
 MINIMUM TEMPERATURE (F)   50        24      1905


SUNRISE AND SUNSET
JANUARY 27 2015.......SUNRISE   716 AM EST   SUNSET   601 PM EST
JANUARY 28 2015.......SUNRISE   715 AM EST   SUNSET   602 PM EST


-  INDICATES NEGATIVE NUMBERS.
R  INDICATES RECORD WAS SET OR TIED.
MM INDICATES DATA IS MISSING.
T  INDICATES TRACE AMOUNT.




$$
