000
CDUS42 KMLB 202019
CLIMCO


CLIMATE REPORT
NATIONAL WEATHER SERVICE MELBOURNE FL
419 PM EDT WED SEP 20 2017


...................................

...THE ORLANDO  CLIMATE SUMMARY FOR SEPTEMBER 20 2017...
VALID TODAY AS OF 0400 PM LOCAL TIME.

CLIMATE NORMAL PERIOD 1981 TO 2010
CLIMATE RECORD PERIOD 1892 TO 2017


WEATHER ITEM   OBSERVED TIME   RECORD YEAR NORMAL DEPARTURE LAST
                VALUE   (LST)  VALUE       VALUE  FROM      YEAR
                                                  NORMAL
..................................................................
TEMPERATURE (F)
 TODAY
  MAXIMUM         90    143 PM  96    1936  89      1       90
                                      1933
                                      1921
  MINIMUM         71    325 AM  57    1981  72     -1       72
  AVERAGE         81                        81      0       81

PRECIPITATION (IN)
  TODAY            0.00          7.01 1897   0.20  -0.20     0.24
  MONTH TO DATE   13.31                      4.21   9.10     5.82
  SINCE SEP 1     13.31                      4.21   9.10     5.82
  SINCE JAN 1     41.73                     40.82   0.91    47.51

SNOWFALL (IN)
  TODAY            0.0
  MONTH TO DATE    0.0
  SINCE SEP 1      0.0
  SINCE JUL 1      0.0

DEGREE DAYS
 HEATING
  TODAY            0                         0      0        0
  MONTH TO DATE    0                         0      0        0
  SINCE SEP 1      0                         0      0        0
  SINCE JUL 1      0                         0      0        0

 COOLING
  TODAY           16                        16      0       16
  MONTH TO DATE  320                       333    -13      349
  SINCE SEP 1    320                       333    -13      349
  SINCE JAN 1   2918                      2726    192     3022
..................................................................


WIND (MPH)
  HIGHEST WIND SPEED    15   HIGHEST WIND DIRECTION    NE (60)
  HIGHEST GUST SPEED    19   HIGHEST GUST DIRECTION     E (90)
  AVERAGE WIND SPEED     5.2


SKY COVER
  AVERAGE SKY COVER 0.4


WEATHER CONDITIONS
 THE FOLLOWING WEATHER WAS RECORDED TODAY.
  NO SIGNIFICANT WEATHER WAS OBSERVED.


RELATIVE HUMIDITY (PERCENT)
 HIGHEST   100           300 AM
 LOWEST     50           100 PM
 AVERAGE    75

..........................................................


THE ORLANDO  CLIMATE NORMALS FOR TOMORROW
                         NORMAL    RECORD    YEAR
 MAXIMUM TEMPERATURE (F)   89        97      1933
                                             1921
                                             1919
 MINIMUM TEMPERATURE (F)   72        55      1938


SUNRISE AND SUNSET
SEPTEMBER 20 2017.....SUNRISE   713 AM EDT   SUNSET   724 PM EDT
SEPTEMBER 21 2017.....SUNRISE   713 AM EDT   SUNSET   723 PM EDT


-  INDICATES NEGATIVE NUMBERS.
R  INDICATES RECORD WAS SET OR TIED.
MM INDICATES DATA IS MISSING.
T  INDICATES TRACE AMOUNT.




$$
