000
CDUS42 KMLB 252019
CLIMCO


CLIMATE REPORT
NATIONAL WEATHER SERVICE MELBOURNE FL
419 PM EDT SAT OCT 25 2014


...................................

...THE ORLANDO  CLIMATE SUMMARY FOR OCTOBER 25 2014...
VALID TODAY AS OF 0400 PM LOCAL TIME.

CLIMATE NORMAL PERIOD 1981 TO 2010
CLIMATE RECORD PERIOD 1892 TO 2014


WEATHER ITEM   OBSERVED TIME   RECORD YEAR NORMAL DEPARTURE LAST
                VALUE   (LST)  VALUE       VALUE  FROM      YEAR
                                                  NORMAL
..................................................................
TEMPERATURE (F)
 TODAY
  MAXIMUM         81    257 PM  96    1919  83     -2       81
  MINIMUM         63    641 AM  38    1937  64     -1       58
  AVERAGE         72                        73     -1       70

PRECIPITATION (IN)
  TODAY            0.00          1.72 1921   0.07  -0.07     0.00
  MONTH TO DATE    0.69                      2.87  -2.18     0.15
  SINCE SEP 1     11.14                      8.93   2.21     5.93
  SINCE JAN 1     48.93                     45.54   3.39    41.52

SNOWFALL (IN)
  TODAY            0.0
  MONTH TO DATE    0.0
  SINCE SEP 1      0.0
  SINCE JUL 1      0.0

DEGREE DAYS
 HEATING
  TODAY            0                         0      0        0
  MONTH TO DATE    0                         0      0        0
  SINCE SEP 1      0                         0      0        0
  SINCE JUL 1      0                         0      0        0

 COOLING
  TODAY            7                         9     -2        5
  MONTH TO DATE  277                       284     -7      330
  SINCE SEP 1    754                       767    -13      824
  SINCE JAN 1   3352                      3160    192     3315
..................................................................


WIND (MPH)
  HIGHEST WIND SPEED    13   HIGHEST WIND DIRECTION    NW (320)
  HIGHEST GUST SPEED    22   HIGHEST GUST DIRECTION     N (350)
  AVERAGE WIND SPEED     9.2


SKY COVER
  AVERAGE SKY COVER 0.2


WEATHER CONDITIONS
 THE FOLLOWING WEATHER WAS RECORDED TODAY.
  NO SIGNIFICANT WEATHER WAS OBSERVED.


RELATIVE HUMIDITY (PERCENT)
 HIGHEST    78           100 AM
 LOWEST     39           300 PM
 AVERAGE    59

..........................................................


THE ORLANDO  CLIMATE NORMALS FOR TOMORROW
                         NORMAL    RECORD    YEAR
 MAXIMUM TEMPERATURE (F)   83        93      1919
 MINIMUM TEMPERATURE (F)   64        41      1926
                                             1903


SUNRISE AND SUNSET
OCTOBER 25 2014.......SUNRISE   732 AM EDT   SUNSET   646 PM EDT
OCTOBER 26 2014.......SUNRISE   733 AM EDT   SUNSET   645 PM EDT


-  INDICATES NEGATIVE NUMBERS.
R  INDICATES RECORD WAS SET OR TIED.
MM INDICATES DATA IS MISSING.
T  INDICATES TRACE AMOUNT.




$$
