000
CDUS42 KMLB 240635
CLIMCO


CLIMATE REPORT
NATIONAL WEATHER SERVICE MELBOURNE FL
135 AM EST MON NOV 24 2014


...................................

...THE ORLANDO  CLIMATE SUMMARY FOR NOVEMBER 23 2014...

CLIMATE NORMAL PERIOD 1981 TO 2010
CLIMATE RECORD PERIOD 1892 TO 2014


WEATHER ITEM   OBSERVED TIME   RECORD YEAR NORMAL DEPARTURE LAST
                VALUE   (LST)  VALUE       VALUE  FROM      YEAR
                                                  NORMAL
..................................................................
TEMPERATURE (F)
 YESTERDAY
  MAXIMUM         86    247 PM  87    1957  77      9       84
                                      1948
  MINIMUM         70    246 AM  33    1936  57     13       64
  AVERAGE         78                        67     11       74

PRECIPITATION (IN)
  YESTERDAY        0.03          3.78 1988   0.06  -0.03     0.00
  MONTH TO DATE    1.48                      1.63  -0.15     0.82
  SINCE SEP 1     12.62                     11.00   1.62     6.75
  SINCE JAN 1     50.41                     47.61   2.80    42.34

SNOWFALL (IN)
  YESTERDAY        0.0
  MONTH TO DATE    0.0
  SINCE SEP 1      0.0
  SINCE JUL 1      0.0

DEGREE DAYS
 HEATING
  YESTERDAY        0                         2     -2        0
  MONTH TO DATE   55                        29     26        4
  SINCE SEP 1     55                        34     21        4
  SINCE JUL 1     55                        34     21        4

 COOLING
  YESTERDAY       13                         4      9        9
  MONTH TO DATE   72                       123    -51      180
  SINCE SEP 1    870                       937    -67     1049
  SINCE JAN 1   3468                      3330    138     3540
..................................................................


WIND (MPH)
  HIGHEST WIND SPEED    23   HIGHEST WIND DIRECTION     S (180)
  HIGHEST GUST SPEED    29   HIGHEST GUST DIRECTION     S (170)
  AVERAGE WIND SPEED    10.8


SKY COVER
  AVERAGE SKY COVER 0.8


WEATHER CONDITIONS
 THE FOLLOWING WEATHER WAS RECORDED YESTERDAY.
  LIGHT RAIN
  FOG
  HAZE


RELATIVE HUMIDITY (PERCENT)
 HIGHEST   100           300 AM
 LOWEST     65           200 PM
 AVERAGE    83

..........................................................


THE ORLANDO  CLIMATE NORMALS FOR TODAY
                         NORMAL    RECORD    YEAR
 MAXIMUM TEMPERATURE (F)   77        86      1992
                                             1986
                                             1958
 MINIMUM TEMPERATURE (F)   57        31      1970


SUNRISE AND SUNSET
NOVEMBER 24 2014......SUNRISE   655 AM EST   SUNSET   529 PM EST
NOVEMBER 25 2014......SUNRISE   655 AM EST   SUNSET   529 PM EST


-  INDICATES NEGATIVE NUMBERS.
R  INDICATES RECORD WAS SET OR TIED.
MM INDICATES DATA IS MISSING.
T  INDICATES TRACE AMOUNT.




$$
