000
CDUS42 KMLB 212116
CLIMCO


CLIMATE REPORT
NATIONAL WEATHER SERVICE MELBOURNE FL
415 PM EST TUE FEB 21 2017


...................................

...THE ORLANDO  CLIMATE SUMMARY FOR FEBRUARY 21 2017...
VALID TODAY AS OF 0400 PM LOCAL TIME.

CLIMATE NORMAL PERIOD 1981 TO 2010
CLIMATE RECORD PERIOD 1892 TO 2017


WEATHER ITEM   OBSERVED TIME   RECORD YEAR NORMAL DEPARTURE LAST
                VALUE   (LST)  VALUE       VALUE  FROM      YEAR
                                                  NORMAL
..................................................................
TEMPERATURE (F)
 TODAY
  MAXIMUM         80    235 PM  88    1989  75      5       78
                                      1961
                                      1929
  MINIMUM         59    454 AM  33    1977  53      6       53
                                      1958
  AVERAGE         70                        64      6       66

PRECIPITATION (IN)
  TODAY            0.00          1.00 1984   0.09  -0.09     0.00
  MONTH TO DATE    0.47                      1.76  -1.29     1.17
  SINCE DEC 1      4.97                      6.69  -1.72     7.54
  SINCE JAN 1      2.45                      4.11  -1.66     6.82

SNOWFALL (IN)
  TODAY            0.0
  MONTH TO DATE    0.0
  SINCE DEC 1      0.0
  SINCE JUL 1      0.0

DEGREE DAYS
 HEATING
  TODAY            0                         3     -3        0
  MONTH TO DATE   16                        94    -78      113
  SINCE DEC 1    146                       431   -285      313
  SINCE JUL 1    169                       478   -309      322

 COOLING
  TODAY            5                         2      3        1
  MONTH TO DATE   66                        42     24       33
  SINCE DEC 1    317                       157    160      271
  SINCE JAN 1    158                        87     71       48
..................................................................


WIND (MPH)
  HIGHEST WIND SPEED    18   HIGHEST WIND DIRECTION     E (100)
  HIGHEST GUST SPEED    24   HIGHEST GUST DIRECTION    SE (120)
  AVERAGE WIND SPEED     5.2


SKY COVER
  AVERAGE SKY COVER 0.8


WEATHER CONDITIONS
 THE FOLLOWING WEATHER WAS RECORDED TODAY.
  FOG


RELATIVE HUMIDITY (PERCENT)
 HIGHEST   100           200 AM
 LOWEST     54          1200 PM
 AVERAGE    77

..........................................................


THE ORLANDO  CLIMATE NORMALS FOR TOMORROW
                         NORMAL    RECORD    YEAR
 MAXIMUM TEMPERATURE (F)   75        88      2003
                                             1971
                                             1962
 MINIMUM TEMPERATURE (F)   53        35      1978
                                             1977


SUNRISE AND SUNSET
FEBRUARY 21 2017......SUNRISE   658 AM EST   SUNSET   620 PM EST
FEBRUARY 22 2017......SUNRISE   657 AM EST   SUNSET   621 PM EST


-  INDICATES NEGATIVE NUMBERS.
R  INDICATES RECORD WAS SET OR TIED.
MM INDICATES DATA IS MISSING.
T  INDICATES TRACE AMOUNT.




$$
