000
CDUS42 KMLB 250635
CLIMCO


CLIMATE REPORT
NATIONAL WEATHER SERVICE MELBOURNE FL
235 AM EDT WED MAY 25 2016


...................................

...THE ORLANDO  CLIMATE SUMMARY FOR MAY 24 2016...

CLIMATE NORMAL PERIOD 1981 TO 2010
CLIMATE RECORD PERIOD 1892 TO 2016


WEATHER ITEM   OBSERVED TIME   RECORD YEAR NORMAL DEPARTURE LAST
                VALUE   (LST)  VALUE       VALUE  FROM      YEAR
                                                  NORMAL
..................................................................
TEMPERATURE (F)
 YESTERDAY
  MAXIMUM         88   1139 AM  97    1956  89     -1       90
                                      1953
                                      1938
  MINIMUM         70   1159 PM  56    1919  68      2       75
                                      1893
  AVERAGE         79                        79      0       83

PRECIPITATION (IN)
  YESTERDAY        0.00          1.32 1991   0.15  -0.15     0.00
  MONTH TO DATE    4.73                      2.26   2.47     0.78
  SINCE MAR 1     11.31                      8.71   2.60     5.74
  SINCE JAN 1     18.65                     13.44   5.21    13.84

SNOWFALL (IN)
  YESTERDAY        0.0
  MONTH TO DATE    0.0
  SINCE MAR 1      0.0
  SINCE JUL 1      0.0

DEGREE DAYS
 HEATING
  YESTERDAY        0                         0      0        0
  MONTH TO DATE    0                         0      0        0
  SINCE MAR 1     16                        71    -55       16
  SINCE JUL 1    370                       570   -200      486

 COOLING
  YESTERDAY       14                        14      0       18
  MONTH TO DATE  287                       279      8      341
  SINCE MAR 1    746                       596    150      993
  SINCE JAN 1    808                       700    108     1067
..................................................................


WIND (MPH)
  HIGHEST WIND SPEED    26   HIGHEST WIND DIRECTION     E (90)
  HIGHEST GUST SPEED    32   HIGHEST GUST DIRECTION     E (100)
  AVERAGE WIND SPEED     9.6


SKY COVER
  AVERAGE SKY COVER 0.4


WEATHER CONDITIONS
 THE FOLLOWING WEATHER WAS RECORDED YESTERDAY.
  THUNDERSTORM


RELATIVE HUMIDITY (PERCENT)
 HIGHEST    79           600 AM
 LOWEST     42           600 PM
 AVERAGE    61

..........................................................


THE ORLANDO  CLIMATE NORMALS FOR TODAY
                         NORMAL    RECORD    YEAR
 MAXIMUM TEMPERATURE (F)   90        98      1962
 MINIMUM TEMPERATURE (F)   69        53      1931


SUNRISE AND SUNSET
MAY 25 2016...........SUNRISE   630 AM EDT   SUNSET   815 PM EDT
MAY 26 2016...........SUNRISE   630 AM EDT   SUNSET   815 PM EDT


-  INDICATES NEGATIVE NUMBERS.
R  INDICATES RECORD WAS SET OR TIED.
MM INDICATES DATA IS MISSING.
T  INDICATES TRACE AMOUNT.




$$
