000
CDUS42 KMLB 240644
CLIMCO


CLIMATE REPORT
NATIONAL WEATHER SERVICE MELBOURNE FL
233 AM EDT FRI MAR 24 2017


...................................

...THE ORLANDO  CLIMATE SUMMARY FOR MARCH 23 2017...

CLIMATE NORMAL PERIOD 1981 TO 2010
CLIMATE RECORD PERIOD 1892 TO 2017


WEATHER ITEM   OBSERVED TIME   RECORD YEAR NORMAL DEPARTURE LAST
                VALUE   (LST)  VALUE       VALUE  FROM      YEAR
                                                  NORMAL
..................................................................
TEMPERATURE (F)
 YESTERDAY
  MAXIMUM         81    104 PM  96    1907  79      2       80
  MINIMUM         65   1159 PM  34    1915  57      8       51
  AVERAGE         73                        68      5       66

PRECIPITATION (IN)
  YESTERDAY        T             2.70 1903   0.14  -0.14     0.00
  MONTH TO DATE    0.09                      2.74  -2.65     0.24
  SINCE MAR 1      0.09                      2.74  -2.65     0.24
  SINCE JAN 1      3.02                      7.47  -4.45     7.58

SNOWFALL (IN)
  YESTERDAY        0.0
  MONTH TO DATE    0.0
  SINCE MAR 1      0.0
  SINCE JUL 1      0.0

DEGREE DAYS
 HEATING
  YESTERDAY        0                         1     -1        0
  MONTH TO DATE   37                        51    -14       16
  SINCE MAR 1     37                        51    -14       16
  SINCE JUL 1    206                       550   -344      370

 COOLING
  YESTERDAY        8                         4      4        1
  MONTH TO DATE   93                        83     10      138
  SINCE MAR 1     93                        83     10      138
  SINCE JAN 1    294                       187    107      200
..................................................................


WIND (MPH)
  HIGHEST WIND SPEED    26   HIGHEST WIND DIRECTION    NE (60)
  HIGHEST GUST SPEED    35   HIGHEST GUST DIRECTION    NE (40)
  AVERAGE WIND SPEED    13.8


SKY COVER
  AVERAGE SKY COVER 0.6


WEATHER CONDITIONS
 THE FOLLOWING WEATHER WAS RECORDED YESTERDAY.
  LIGHT RAIN


RELATIVE HUMIDITY (PERCENT)
 HIGHEST    87           400 AM
 LOWEST     52           200 PM
 AVERAGE    70

..........................................................


THE ORLANDO  CLIMATE NORMALS FOR TODAY
                         NORMAL    RECORD    YEAR
 MAXIMUM TEMPERATURE (F)   79        96      1907
 MINIMUM TEMPERATURE (F)   57        35      1968


SUNRISE AND SUNSET
MARCH 24 2017.........SUNRISE   724 AM EDT   SUNSET   739 PM EDT
MARCH 25 2017.........SUNRISE   723 AM EDT   SUNSET   740 PM EDT


-  INDICATES NEGATIVE NUMBERS.
R  INDICATES RECORD WAS SET OR TIED.
MM INDICATES DATA IS MISSING.
T  INDICATES TRACE AMOUNT.




$$
