000
CDUS43 KDMX 270655 RRA
CLIMCW

CLIMATE REPORT
NATIONAL WEATHER SERVICE DES MOINES IA
155 AM CDT WED MAY 27 2015

...................................

...THE MASON CITY IA CLIMATE SUMMARY FOR MAY 26 2015...

CLIMATE NORMAL PERIOD 1981 TO 2010
CLIMATE RECORD PERIOD 1893 TO 2015


WEATHER ITEM   OBSERVED TIME   RECORD YEAR NORMAL DEPARTURE LAST
                VALUE   (LST)  VALUE       VALUE  FROM      YEAR
                                                  NORMAL
..................................................................
TEMPERATURE (F)
 YESTERDAY
  MAXIMUM         66    431 PM  93    1967  73     -7       84
  MINIMUM         57   1106 PM  31    1961  50      7       61
  AVERAGE         62                        62      0       73

PRECIPITATION (IN)
  YESTERDAY        0.26          1.45 2013   0.16   0.10     0.05
  MONTH TO DATE    3.08                      3.89  -0.81     2.15
  SINCE MAR 1      8.68                      9.87  -1.19    10.84
  SINCE JAN 1     10.75                     11.69  -0.94    13.86

SNOWFALL (IN)
  YESTERDAY        0.0          MM      MM   0.0    0.0      0.0
  MONTH TO DATE    0.0                       0.1   -0.1      0.0
  SINCE MAR 1      4.2                       8.8   -4.6     11.9
  SINCE JUL 1     40.0                      41.3   -1.3     58.0
  SNOW DEPTH       0

DEGREE DAYS
 HEATING
  YESTERDAY        3                         5     -2        0
  MONTH TO DATE  182                       214    -32      247
  SINCE MAR 1   1597                      1763   -166     2065
  SINCE JUL 1   7660                      7614     46     8611

 COOLING
  YESTERDAY        0                         2     -2        8
  MONTH TO DATE   22                        19      3       15
  SINCE MAR 1     22                        24     -2       15
  SINCE JAN 1     22                        24     -2       15
..................................................................


WIND (MPH)
  HIGHEST WIND SPEED    20   HIGHEST WIND DIRECTION     W (290)
  HIGHEST GUST SPEED    23   HIGHEST GUST DIRECTION     W (280)
  AVERAGE WIND SPEED    10.0


SKY COVER
  POSSIBLE SUNSHINE  MM
  AVERAGE SKY COVER 0.8


WEATHER CONDITIONS
 THE FOLLOWING WEATHER WAS RECORDED YESTERDAY.
  LIGHT RAIN
  FOG


RELATIVE HUMIDITY (PERCENT)
 HIGHEST    97           900 AM
 LOWEST     81           200 PM
 AVERAGE    89

..........................................................


THE MASON CITY IA CLIMATE NORMALS FOR TODAY
                         NORMAL    RECORD    YEAR
 MAXIMUM TEMPERATURE (F)   74        93      2012
 MINIMUM TEMPERATURE (F)   51        32      1907


SUNRISE AND SUNSET
MAY 27 2015...........SUNRISE   539 AM CDT   SUNSET   842 PM CDT
MAY 28 2015...........SUNRISE   539 AM CDT   SUNSET   843 PM CDT


-  INDICATES NEGATIVE NUMBERS.
R  INDICATES RECORD WAS SET OR TIED.
MM INDICATES DATA IS MISSING.
T  INDICATES TRACE AMOUNT.

$$

SMALL
