000
CDUS43 KDMX 240640 RRA
CLIMCW

CLIMATE REPORT
NATIONAL WEATHER SERVICE DES MOINES IA
140 AM CDT THU APR 24 2014

...................................

...THE MASON CITY IA CLIMATE SUMMARY FOR APRIL 23 2014...

CLIMATE NORMAL PERIOD 1981 TO 2010
CLIMATE RECORD PERIOD 1893 TO 2014


WEATHER ITEM   OBSERVED TIME   RECORD YEAR NORMAL DEPARTURE LAST
                VALUE   (LST)  VALUE       VALUE  FROM      YEAR
                                                  NORMAL
..................................................................
TEMPERATURE (F)
 YESTERDAY
  MAXIMUM         48    137 PM  90    1924  62    -14       41
  MINIMUM         43   1159 PM  22    1967  38      5       27
  AVERAGE         46                        50     -4       34

PRECIPITATION (IN)
  YESTERDAY        0.04          2.06 1968   0.14  -0.10      T
  MONTH TO DATE    4.34                      2.78   1.56     7.23
  SINCE MAR 1      5.55                      5.01   0.54    10.61
  SINCE JAN 1      8.57                      6.83   1.74    12.32

SNOWFALL (IN)
  YESTERDAY        0.0           1.0  1988   0.1   -0.1       T
  MONTH TO DATE    5.0                       2.5    2.5      1.0
  SINCE MAR 1     11.9                       8.5    3.4     24.8
  SINCE JUL 1     58.0                      41.0   17.0     46.8
  SNOW DEPTH       0

DEGREE DAYS
 HEATING
  YESTERDAY       19                        15      4       31
  MONTH TO DATE  484                       460     24      619
  SINCE MAR 1   1678                      1454    224     1856
  SINCE JUL 1   8224                      7305    919     7417

 COOLING
  YESTERDAY        0                         0      0        0
  MONTH TO DATE    0                         0      0        0
  SINCE MAR 1      0                         0      0        0
  SINCE JAN 1      0                         0      0        0
..................................................................


WIND (MPH)
  HIGHEST WIND SPEED    28   HIGHEST WIND DIRECTION    SE (120)
  HIGHEST GUST SPEED    34   HIGHEST GUST DIRECTION    SE (130)
  AVERAGE WIND SPEED    18.6


SKY COVER
  POSSIBLE SUNSHINE  MM
  AVERAGE SKY COVER 1.0


WEATHER CONDITIONS
 THE FOLLOWING WEATHER WAS RECORDED YESTERDAY.
  LIGHT RAIN
  FOG


RELATIVE HUMIDITY (PERCENT)
 HIGHEST    89          1100 PM
 LOWEST     53           100 AM
 AVERAGE    71

..........................................................


THE MASON CITY IA CLIMATE NORMALS FOR TODAY
                         NORMAL    RECORD    YEAR
 MAXIMUM TEMPERATURE (F)   63        90      2009
 MINIMUM TEMPERATURE (F)   38        22      1956


SUNRISE AND SUNSET
APRIL 24 2014.........SUNRISE   617 AM CDT   SUNSET   807 PM CDT
APRIL 25 2014.........SUNRISE   615 AM CDT   SUNSET   808 PM CDT


-  INDICATES NEGATIVE NUMBERS.
R  INDICATES RECORD WAS SET OR TIED.
MM INDICATES DATA IS MISSING.
T  INDICATES TRACE AMOUNT.

$$

SMALL
