000
CDUS43 KDMX 030628 RRA
CLIMCW

CLIMATE REPORT
NATIONAL WEATHER SERVICE DES MOINES IA
126 AM CDT MON AUG 3 2015

...................................

...THE MASON CITY IA CLIMATE SUMMARY FOR AUGUST 2 2015...

CLIMATE NORMAL PERIOD 1981 TO 2010
CLIMATE RECORD PERIOD 1893 TO 2015


WEATHER ITEM   OBSERVED TIME   RECORD YEAR NORMAL DEPARTURE LAST
                VALUE   (LST)  VALUE       VALUE  FROM      YEAR
                                                  NORMAL
..................................................................
TEMPERATURE (F)
 YESTERDAY
  MAXIMUM         89    209 PM  98    1988  82      7       84
  MINIMUM         61   1159 PM  40    1927  60      1       57
  AVERAGE         75                        71      4       71

PRECIPITATION (IN)
  YESTERDAY        0.00          3.02 1928   0.15  -0.15     0.00
  MONTH TO DATE    0.00                      0.29  -0.29     0.00
  SINCE JUN 1     11.67                     10.13   1.54     9.55
  SINCE JAN 1     22.67                     22.61   0.06    23.59

SNOWFALL (IN)
  YESTERDAY        0.0          MM      MM   0.0    0.0      0.0
  MONTH TO DATE    0.0                       0.0    0.0      0.0
  SINCE JUN 1      0.0                       0.0    0.0      0.0
  SINCE JUL 1      0.0                       0.0    0.0      0.0
  SNOW DEPTH       0

DEGREE DAYS
 HEATING
  YESTERDAY        0                         0      0        0
  MONTH TO DATE    0                         0      0        0
  SINCE JUN 1     33                        53    -20       34
  SINCE JUL 1     21                         9     12       21

 COOLING
  YESTERDAY       10                         6      4        6
  MONTH TO DATE   17                        12      5       10
  SINCE JUN 1    370                       371     -1      266
  SINCE JAN 1    400                       406     -6      319
..................................................................


WIND (MPH)
  HIGHEST WIND SPEED    22   HIGHEST WIND DIRECTION     W (280)
  HIGHEST GUST SPEED    28   HIGHEST GUST DIRECTION    SW (240)
  AVERAGE WIND SPEED    14.3


SKY COVER
  POSSIBLE SUNSHINE  MM
  AVERAGE SKY COVER 0.0


WEATHER CONDITIONS
 THE FOLLOWING WEATHER WAS RECORDED YESTERDAY.
  NO SIGNIFICANT WEATHER WAS OBSERVED.


RELATIVE HUMIDITY (PERCENT)
 HIGHEST    90           200 AM
 LOWEST     50           300 PM
 AVERAGE    70

..........................................................


THE MASON CITY IA CLIMATE NORMALS FOR TODAY
                         NORMAL    RECORD    YEAR
 MAXIMUM TEMPERATURE (F)   82       103      1930
 MINIMUM TEMPERATURE (F)   60        38      1894


SUNRISE AND SUNSET
AUGUST  3 2015........SUNRISE   606 AM CDT   SUNSET   833 PM CDT
AUGUST  4 2015........SUNRISE   607 AM CDT   SUNSET   831 PM CDT


-  INDICATES NEGATIVE NUMBERS.
R  INDICATES RECORD WAS SET OR TIED.
MM INDICATES DATA IS MISSING.
T  INDICATES TRACE AMOUNT.

$$

REV
