000
CDUS43 KDMX 270639 RRB
CLIMCW

CLIMATE REPORT
NATIONAL WEATHER SERVICE DES MOINES IA
136 AM CDT MON MAR 27 2017


...................................

...THE MASON CITY IA CLIMATE SUMMARY FOR MARCH 26 2017...

CLIMATE NORMAL PERIOD 1981 TO 2010
CLIMATE RECORD PERIOD 1893 TO 2017


WEATHER ITEM   OBSERVED TIME   RECORD YEAR NORMAL DEPARTURE LAST
                VALUE   (LST)  VALUE       VALUE  FROM      YEAR
                                                  NORMAL
..................................................................
TEMPERATURE (F)
 YESTERDAY
  MAXIMUM         45    307 PM  82    1907  48     -3       49
  MINIMUM         36    600 AM   0    1996  27      9       37
  AVERAGE         41                        37      4       43

PRECIPITATION (IN)
  YESTERDAY        0.00          2.02 1906   0.09  -0.09     0.10
  MONTH TO DATE    1.07                      1.76  -0.69     2.10
  SINCE MAR 1      1.07                      1.76  -0.69     2.10
  SINCE JAN 1      5.06                      3.58   1.48     3.39

SNOWFALL (IN)
  YESTERDAY        0.0           6.0  1983   0.2   -0.2      0.0
  MONTH TO DATE   10.0                       5.2    4.8      8.2
  SINCE MAR 1     10.0                       5.2    4.8      8.2
  SINCE JUL 1     49.4                      37.7   11.7     50.9
  SNOW DEPTH       0

DEGREE DAYS
 HEATING
  YESTERDAY       24                        28     -4       22
  MONTH TO DATE  899                       862     37      680
  SINCE MAR 1    899                       862     37      680
  SINCE JUL 1   5811                      6713   -902     5779

 COOLING
  YESTERDAY        0                         0      0        0
  MONTH TO DATE    0                         0      0        0
  SINCE MAR 1      0                         0      0        0
  SINCE JAN 1      0                         0      0        0
..................................................................


WIND (MPH)
  HIGHEST WIND SPEED    13   HIGHEST WIND DIRECTION    NW (330)
  HIGHEST GUST SPEED    15   HIGHEST GUST DIRECTION     N (360)
  AVERAGE WIND SPEED     8.0


SKY COVER
  POSSIBLE SUNSHINE  MM
  AVERAGE SKY COVER 1.0


WEATHER CONDITIONS
 THE FOLLOWING WEATHER WAS RECORDED YESTERDAY.
  FOG


RELATIVE HUMIDITY (PERCENT)
 HIGHEST   100           500 AM
 LOWEST     83           300 PM
 AVERAGE    92

..........................................................


THE MASON CITY IA CLIMATE NORMALS FOR TODAY
                         NORMAL    RECORD    YEAR
 MAXIMUM TEMPERATURE (F)   48        76      1989
 MINIMUM TEMPERATURE (F)   28         0      1964


SUNRISE AND SUNSET
MARCH 27 2017.........SUNRISE   704 AM CDT   SUNSET   734 PM CDT
MARCH 28 2017.........SUNRISE   702 AM CDT   SUNSET   735 PM CDT


-  INDICATES NEGATIVE NUMBERS.
R  INDICATES RECORD WAS SET OR TIED.
MM INDICATES DATA IS MISSING.
T  INDICATES TRACE AMOUNT.




$$
