000
CDUS41 KCTP 270615
CLIMDT


CLIMATE REPORT
NATIONAL WEATHER SERVICE STATE COLLEGE PA
214 AM EDT SAT MAY 27 2017


...................................

...THE HARRISBURG PA CLIMATE SUMMARY FOR MAY 26 2017...

CLIMATE NORMAL PERIOD 1981 TO 2010
CLIMATE RECORD PERIOD 1888 TO 2017


WEATHER ITEM   OBSERVED TIME   RECORD YEAR NORMAL DEPARTURE LAST
                VALUE   (LST)  VALUE       VALUE  FROM      YEAR
                                                  NORMAL
..................................................................
TEMPERATURE (F)
 YESTERDAY
  MAXIMUM         74    217 PM  93    1991  75     -1       90
  MINIMUM         57    506 AM  41    1972  56      1       59
                                      1907
  AVERAGE         66                        65      1       75

PRECIPITATION (IN)
  YESTERDAY        0.00          2.37 1953   0.12  -0.12     0.00
  MONTH TO DATE    3.40                      3.15   0.25     3.08
  SINCE MAR 1     11.54                      9.62   1.92     6.89
  SINCE JAN 1     15.92                     14.89   1.03    16.81

SNOWFALL (IN)
  YESTERDAY        0.0           0.0  2002   0.0    0.0      0.0
                                      2001
  MONTH TO DATE    0.0                       0.0    0.0      0.0
  SINCE MAR 1     18.4                       5.6   12.8      1.4
  SINCE JUL 1     23.9                      30.6   -6.7     39.1
  SNOW DEPTH       0

DEGREE DAYS
 HEATING
  YESTERDAY        0                         3     -3        0
  MONTH TO DATE  141                       136      5      173
  SINCE MAR 1   1119                      1251   -132     1084
  SINCE JUL 1   4357                      5239   -882     4456

 COOLING
  YESTERDAY        1                         3     -2       10
  MONTH TO DATE   41                        43     -2       22
  SINCE MAR 1     68                        50     18       34
  SINCE JAN 1     68                        50     18       34
..................................................................


WIND (MPH)
  HIGHEST WIND SPEED    24   HIGHEST WIND DIRECTION    NW (310)
  HIGHEST GUST SPEED    34   HIGHEST GUST DIRECTION    NW (310)
  AVERAGE WIND SPEED    12.4


SKY COVER
  POSSIBLE SUNSHINE  MM
  AVERAGE SKY COVER 0.6


WEATHER CONDITIONS
 THE FOLLOWING WEATHER WAS RECORDED YESTERDAY.
  NO SIGNIFICANT WEATHER WAS OBSERVED.


RELATIVE HUMIDITY (PERCENT)
 HIGHEST   100           200 AM
 LOWEST     49           200 PM
 AVERAGE    75

..........................................................


THE HARRISBURG PA CLIMATE NORMALS FOR TODAY
                         NORMAL    RECORD    YEAR
 MAXIMUM TEMPERATURE (F)   75        92      1991
                                             1965
 MINIMUM TEMPERATURE (F)   56        41      1915


SUNRISE AND SUNSET
MAY 27 2017...........SUNRISE   542 AM EDT   SUNSET   827 PM EDT
MAY 28 2017...........SUNRISE   542 AM EDT   SUNSET   828 PM EDT


-  INDICATES NEGATIVE NUMBERS.
R  INDICATES RECORD WAS SET OR TIED.
MM INDICATES DATA IS MISSING.
T  INDICATES TRACE AMOUNT.




$$
