000
CDUS41 KCTP 300621
CLIMDT


CLIMATE REPORT
NATIONAL WEATHER SERVICE STATE COLLEGE PA
221 AM EDT SUN AUG 30 2015


...................................

...THE HARRISBURG PA CLIMATE SUMMARY FOR AUGUST 29 2015...

CLIMATE NORMAL PERIOD 1981 TO 2010
CLIMATE RECORD PERIOD 1888 TO 2015


WEATHER ITEM   OBSERVED TIME   RECORD YEAR NORMAL DEPARTURE LAST
                VALUE   (LST)  VALUE       VALUE  FROM      YEAR
                                                  NORMAL
..................................................................
TEMPERATURE (F)
 YESTERDAY
  MAXIMUM         86    511 PM  97    1953  82      4       79
  MINIMUM         60    614 AM  46    1982  62     -2       56
  AVERAGE         73                        72      1       68

PRECIPITATION (IN)
  YESTERDAY        0.00          1.23 1911   0.11  -0.11     0.00
  MONTH TO DATE    2.36                      3.00  -0.64     3.63
  SINCE JUN 1     11.89                     11.21   0.68    11.75
  SINCE JAN 1     24.63                     26.74  -2.11    33.39

DEGREE DAYS
 HEATING
  YESTERDAY        0                         0      0        0
  MONTH TO DATE    0                         0      0        0
  SINCE JUN 1     13                        18     -5        1
  SINCE JUL 1      0                         0      0        0

 COOLING
  YESTERDAY        8                         7      1        3
  MONTH TO DATE  309                       264     45      221
  SINCE JUN 1    918                       815    103      818
  SINCE JAN 1   1092                       880    212      878
..................................................................


WIND (MPH)
  HIGHEST WIND SPEED     8   HIGHEST WIND DIRECTION    SE (130)
  HIGHEST GUST SPEED    11   HIGHEST GUST DIRECTION    SW (210)
  AVERAGE WIND SPEED     2.2


SKY COVER
  POSSIBLE SUNSHINE  MM
  AVERAGE SKY COVER 0.5


WEATHER CONDITIONS
 THE FOLLOWING WEATHER WAS RECORDED YESTERDAY.
  HAZE


RELATIVE HUMIDITY (PERCENT)
 HIGHEST    90           400 AM
 LOWEST     45           500 PM
 AVERAGE    68

..........................................................


THE HARRISBURG PA CLIMATE NORMALS FOR TODAY
                         NORMAL    RECORD    YEAR
 MAXIMUM TEMPERATURE (F)   81        98      1953
 MINIMUM TEMPERATURE (F)   62        47      1986


SUNRISE AND SUNSET
AUGUST 30 2015........SUNRISE   632 AM EDT   SUNSET   742 PM EDT
AUGUST 31 2015........SUNRISE   633 AM EDT   SUNSET   741 PM EDT


-  INDICATES NEGATIVE NUMBERS.
R  INDICATES RECORD WAS SET OR TIED.
MM INDICATES DATA IS MISSING.
T  INDICATES TRACE AMOUNT.




$$
