000
CDUS41 KCTP 170608
CLIMDT


CLIMATE REPORT
NATIONAL WEATHER SERVICE STATE COLLEGE PA
208 AM EDT WED SEP 17 2014


...................................

...THE HARRISBURG PA CLIMATE SUMMARY FOR SEPTEMBER 16 2014...

CLIMATE NORMAL PERIOD 1981 TO 2010
CLIMATE RECORD PERIOD 1888 TO 2014


WEATHER ITEM   OBSERVED TIME   RECORD YEAR NORMAL DEPARTURE LAST
                VALUE   (LST)  VALUE       VALUE  FROM      YEAR
                                                  NORMAL
..................................................................
TEMPERATURE (F)
 YESTERDAY
  MAXIMUM         75   1248 PM  96    1970  76     -1       72
  MINIMUM         54   1151 PM  42    1988  56     -2       54
  AVERAGE         65                        66     -1       63

PRECIPITATION (IN)
  YESTERDAY        0.01          3.15 1999   0.15  -0.14     0.13
  MONTH TO DATE    0.34                      2.06  -1.72     0.38
  SINCE SEP 1      0.34                      2.06  -1.72     0.38
  SINCE JAN 1     34.01                     29.00   5.01    24.65

DEGREE DAYS
 HEATING
  YESTERDAY        0                         2     -2        2
  MONTH TO DATE   16                        14      2       19
  SINCE SEP 1     16                        14      2       19
  SINCE JUL 1     16                        16      0       19

 COOLING
  YESTERDAY        0                         3     -3        0
  MONTH TO DATE  115                        74     41      103
  SINCE SEP 1    115                        74     41      103
  SINCE JAN 1   1016                       970     46     1055
..................................................................


WIND (MPH)
  HIGHEST WIND SPEED    17   HIGHEST WIND DIRECTION    NW (310)
  HIGHEST GUST SPEED    22   HIGHEST GUST DIRECTION    NW (320)
  AVERAGE WIND SPEED     5.3


SKY COVER
  POSSIBLE SUNSHINE  MM
  AVERAGE SKY COVER 0.6


WEATHER CONDITIONS
 THE FOLLOWING WEATHER WAS RECORDED YESTERDAY.
  LIGHT RAIN
  FOG
  HAZE


RELATIVE HUMIDITY (PERCENT)
 HIGHEST    93           700 AM
 LOWEST     44           200 PM
 AVERAGE    69

..........................................................


THE HARRISBURG PA CLIMATE NORMALS FOR TODAY
                         NORMAL    RECORD    YEAR
 MAXIMUM TEMPERATURE (F)   75        93      1972
 MINIMUM TEMPERATURE (F)   56        41      1959


SUNRISE AND SUNSET
SEPTEMBER 17 2014.....SUNRISE   650 AM EDT   SUNSET   713 PM EDT
SEPTEMBER 18 2014.....SUNRISE   651 AM EDT   SUNSET   711 PM EDT


-  INDICATES NEGATIVE NUMBERS.
R  INDICATES RECORD WAS SET OR TIED.
MM INDICATES DATA IS MISSING.
T  INDICATES TRACE AMOUNT.




$$
