000
CDUS41 KCTP 240623
CLIMDT


CLIMATE REPORT
NATIONAL WEATHER SERVICE STATE COLLEGE PA
222 AM EDT THU APR 24 2014


...................................

...THE HARRISBURG PA CLIMATE SUMMARY FOR APRIL 23 2014...

CLIMATE NORMAL PERIOD 1981 TO 2010
CLIMATE RECORD PERIOD 1888 TO 2014


WEATHER ITEM   OBSERVED TIME   RECORD YEAR NORMAL DEPARTURE LAST
                VALUE   (LST)  VALUE       VALUE  FROM      YEAR
                                                  NORMAL
..................................................................
TEMPERATURE (F)
 YESTERDAY
  MAXIMUM         58   1241 PM  91    1960  65     -7       59
  MINIMUM         46   1159 PM  30    1989  44      2       43
  AVERAGE         52                        55     -3       51

PRECIPITATION (IN)
  YESTERDAY        0.00          1.91 1921   0.11  -0.11     0.00
  MONTH TO DATE    2.29                      2.38  -0.09     1.54
  SINCE MAR 1      6.17                      5.75   0.42     3.98
  SINCE JAN 1     12.88                     11.02   1.86     8.93

SNOWFALL (IN)
  YESTERDAY        0.0
  MONTH TO DATE    T
  SINCE MAR 1      1.4
  SINCE JUL 1     44.0
  SNOW DEPTH       0

DEGREE DAYS
 HEATING
  YESTERDAY       13                        11      2       14
  MONTH TO DATE  312                       328    -16      293
  SINCE MAR 1   1186                      1051    135     1102
  SINCE JUL 1   5530                      5039    491     4893

 COOLING
  YESTERDAY        0                         0      0        0
  MONTH TO DATE    6                         0      6        7
  SINCE MAR 1      6                         1      5        7
  SINCE JAN 1      6                         1      5        7
..................................................................


WIND (MPH)
  HIGHEST WIND SPEED    31   HIGHEST WIND DIRECTION    NW (320)
  HIGHEST GUST SPEED    41   HIGHEST GUST DIRECTION    NW (320)
  AVERAGE WIND SPEED    20.5


SKY COVER
  POSSIBLE SUNSHINE  MM
  AVERAGE SKY COVER 0.6


WEATHER CONDITIONS
 THE FOLLOWING WEATHER WAS RECORDED YESTERDAY.
  NO SIGNIFICANT WEATHER WAS OBSERVED.


RELATIVE HUMIDITY (PERCENT)
 HIGHEST    61           300 AM
 LOWEST     43           200 PM
 AVERAGE    52

..........................................................


THE HARRISBURG PA CLIMATE NORMALS FOR TODAY
                         NORMAL    RECORD    YEAR
 MAXIMUM TEMPERATURE (F)   66        90      1960
 MINIMUM TEMPERATURE (F)   45        30      1930


SUNRISE AND SUNSET
APRIL 24 2014.........SUNRISE   616 AM EDT   SUNSET   755 PM EDT
APRIL 25 2014.........SUNRISE   615 AM EDT   SUNSET   756 PM EDT


-  INDICATES NEGATIVE NUMBERS.
R  INDICATES RECORD WAS SET OR TIED.
MM INDICATES DATA IS MISSING.
T  INDICATES TRACE AMOUNT.




$$
