000
CDUS41 KCTP 050618
CLIMDT


CLIMATE REPORT
NATIONAL WEATHER SERVICE STATE COLLEGE PA
218 AM EDT WED AUG 5 2015


...................................

...THE HARRISBURG PA CLIMATE SUMMARY FOR AUGUST 4 2015...

CLIMATE NORMAL PERIOD 1981 TO 2010
CLIMATE RECORD PERIOD 1888 TO 2015


WEATHER ITEM   OBSERVED TIME   RECORD YEAR NORMAL DEPARTURE LAST
                VALUE   (LST)  VALUE       VALUE  FROM      YEAR
                                                  NORMAL
..................................................................
TEMPERATURE (F)
 YESTERDAY
  MAXIMUM         89    414 PM 103    1930  85      4       83
  MINIMUM         68   1126 PM  53    1912  66      2       64
  AVERAGE         79                        75      4       74

PRECIPITATION (IN)
  YESTERDAY        0.02          1.30 1915   0.12  -0.10     0.00
  MONTH TO DATE    0.05                      0.46  -0.41     0.31
  SINCE JUN 1      9.58                      8.67   0.91     8.43
  SINCE JAN 1     22.32                     24.20  -1.88    30.07

DEGREE DAYS
 HEATING
  YESTERDAY        0                         0      0        0
  MONTH TO DATE    0                         0      0        0
  SINCE JUN 1     13                        18     -5        1
  SINCE JUL 1      0                         0      0        0

 COOLING
  YESTERDAY       14                        10      4        9
  MONTH TO DATE   52                        40     12       35
  SINCE JUN 1    661                       591     70      632
  SINCE JAN 1    835                       656    179      692
..................................................................


WIND (MPH)
  HIGHEST WIND SPEED    21   HIGHEST WIND DIRECTION     W (260)
  HIGHEST GUST SPEED    27   HIGHEST GUST DIRECTION     W (280)
  AVERAGE WIND SPEED     6.6


SKY COVER
  POSSIBLE SUNSHINE  MM
  AVERAGE SKY COVER 0.5


WEATHER CONDITIONS
 THE FOLLOWING WEATHER WAS RECORDED YESTERDAY.
  THUNDERSTORM
  LIGHT RAIN
  HAZE


RELATIVE HUMIDITY (PERCENT)
 HIGHEST    84           600 AM
 LOWEST     25           600 PM
 AVERAGE    55

..........................................................


THE HARRISBURG PA CLIMATE NORMALS FOR TODAY
                         NORMAL    RECORD    YEAR
 MAXIMUM TEMPERATURE (F)   85       100      1955
 MINIMUM TEMPERATURE (F)   66        49      1951


SUNRISE AND SUNSET
AUGUST  5 2015........SUNRISE   609 AM EDT   SUNSET   817 PM EDT
AUGUST  6 2015........SUNRISE   609 AM EDT   SUNSET   816 PM EDT


-  INDICATES NEGATIVE NUMBERS.
R  INDICATES RECORD WAS SET OR TIED.
MM INDICATES DATA IS MISSING.
T  INDICATES TRACE AMOUNT.




$$
