000
CDUS41 KCTP 302121
CLIMDT


CLIMATE REPORT
NATIONAL WEATHER SERVICE STATE COLLEGE PA
521 PM EDT SAT AUG 30 2014


...................................

...THE HARRISBURG PA CLIMATE SUMMARY FOR AUGUST 30 2014...
VALID TODAY AS OF 0500 PM LOCAL TIME.

CLIMATE NORMAL PERIOD 1981 TO 2010
CLIMATE RECORD PERIOD 1888 TO 2014


WEATHER ITEM   OBSERVED TIME   RECORD YEAR NORMAL DEPARTURE LAST
                VALUE   (LST)  VALUE       VALUE  FROM      YEAR
                                                  NORMAL
..................................................................
TEMPERATURE (F)
 TODAY
  MAXIMUM         81    159 PM  98    1953  81      0       87
  MINIMUM         62    424 AM  47    1986  62      0       70
  AVERAGE         72                        72      0       79

PRECIPITATION (IN)
  TODAY            0.00          1.85 1947   0.10  -0.10     0.00
  MONTH TO DATE    3.63                      3.10   0.53     3.11
  SINCE JUN 1     11.75                     11.31   0.44    12.11
  SINCE JAN 1     33.39                     26.84   6.55    24.27

DEGREE DAYS
 HEATING
  TODAY            0                         0      0        0
  MONTH TO DATE    0                         0      0        0
  SINCE JUN 1      1                        18    -17        2
  SINCE JUL 1      0                         0      0        0

 COOLING
  TODAY            7                         7      0       14
  MONTH TO DATE  228                       271    -43      223
  SINCE JUN 1    825                       822      3      855
  SINCE JAN 1    885                       887     -2      938
..................................................................


WIND (MPH)
  HIGHEST WIND SPEED    10   HIGHEST WIND DIRECTION     S (160)
  HIGHEST GUST SPEED    16   HIGHEST GUST DIRECTION     S (180)
  AVERAGE WIND SPEED     5.3


SKY COVER
  POSSIBLE SUNSHINE  MM
  AVERAGE SKY COVER 0.9


WEATHER CONDITIONS
 THE FOLLOWING WEATHER WAS RECORDED TODAY.
  NO SIGNIFICANT WEATHER WAS OBSERVED.


RELATIVE HUMIDITY (PERCENT)
 HIGHEST    90           600 AM
 LOWEST     62           200 PM
 AVERAGE    76

..........................................................


THE HARRISBURG PA CLIMATE NORMALS FOR TOMORROW
                         NORMAL    RECORD    YEAR
 MAXIMUM TEMPERATURE (F)   81        98      1953
                                             1932
 MINIMUM TEMPERATURE (F)   62        45      1976


SUNRISE AND SUNSET
AUGUST 30 2014........SUNRISE   633 AM EDT   SUNSET   742 PM EDT
AUGUST 31 2014........SUNRISE   634 AM EDT   SUNSET   740 PM EDT


-  INDICATES NEGATIVE NUMBERS.
R  INDICATES RECORD WAS SET OR TIED.
MM INDICATES DATA IS MISSING.
T  INDICATES TRACE AMOUNT.




$$
