000
CDUS41 KCTP 210634
CLIMDT


CLIMATE REPORT
NATIONAL WEATHER SERVICE STATE COLLEGE PA
234 AM EDT THU SEP 21 2017


...................................

...THE HARRISBURG PA CLIMATE SUMMARY FOR SEPTEMBER 20 2017...

CLIMATE NORMAL PERIOD 1981 TO 2010
CLIMATE RECORD PERIOD 1888 TO 2017


WEATHER ITEM   OBSERVED TIME   RECORD YEAR NORMAL DEPARTURE LAST
                VALUE   (LST)  VALUE       VALUE  FROM      YEAR
                                                  NORMAL
..................................................................
TEMPERATURE (F)
 YESTERDAY
  MAXIMUM         86    227 PM  93    1895  74     12       85
  MINIMUM         68    118 AM  37    1979  55     13       67
  AVERAGE         77                        64     13       76

PRECIPITATION (IN)
  YESTERDAY        0.00          1.45 1938   0.15  -0.15     0.00
  MONTH TO DATE    2.55                      2.65  -0.10     2.53
  SINCE SEP 1      2.55                      2.65  -0.10     2.53
  SINCE JAN 1     36.76                     29.59   7.17    33.30

DEGREE DAYS
 HEATING
  YESTERDAY        0                         3     -3        0
  MONTH TO DATE   28                        24      4        0
  SINCE SEP 1     28                        24      4        0
  SINCE JUL 1     30                        26      4        0

 COOLING
  YESTERDAY       12                         2     10       11
  MONTH TO DATE   68                        83    -15      196
  SINCE SEP 1     68                        83    -15      196
  SINCE JAN 1   1066                       979     87     1460
..................................................................


WIND (MPH)
  HIGHEST WIND SPEED    15   HIGHEST WIND DIRECTION     N (350)
  HIGHEST GUST SPEED    23   HIGHEST GUST DIRECTION     N (360)
  AVERAGE WIND SPEED     8.4


SKY COVER
  POSSIBLE SUNSHINE  MM
  AVERAGE SKY COVER 0.3


WEATHER CONDITIONS
 THE FOLLOWING WEATHER WAS RECORDED YESTERDAY.
  FOG
  HAZE


RELATIVE HUMIDITY (PERCENT)
 HIGHEST    93           100 AM
 LOWEST     40           300 PM
 AVERAGE    67

..........................................................


THE HARRISBURG PA CLIMATE NORMALS FOR TODAY
                         NORMAL    RECORD    YEAR
 MAXIMUM TEMPERATURE (F)   74        94      1895
 MINIMUM TEMPERATURE (F)   54        35      1956


SUNRISE AND SUNSET
SEPTEMBER 21 2017.....SUNRISE   654 AM EDT   SUNSET   705 PM EDT
SEPTEMBER 22 2017.....SUNRISE   655 AM EDT   SUNSET   704 PM EDT


-  INDICATES NEGATIVE NUMBERS.
R  INDICATES RECORD WAS SET OR TIED.
MM INDICATES DATA IS MISSING.
T  INDICATES TRACE AMOUNT.




$$
