000
CDUS41 KCTP 240634
CLIMDT


CLIMATE REPORT
NATIONAL WEATHER SERVICE STATE COLLEGE PA
134 AM EST FRI NOV 24 2017


...................................

...THE HARRISBURG PA CLIMATE SUMMARY FOR NOVEMBER 23 2017...

CLIMATE NORMAL PERIOD 1981 TO 2010
CLIMATE RECORD PERIOD 1888 TO 2017


WEATHER ITEM   OBSERVED TIME   RECORD YEAR NORMAL DEPARTURE LAST
                VALUE   (LST)  VALUE       VALUE  FROM      YEAR
                                                  NORMAL
..................................................................
TEMPERATURE (F)
 YESTERDAY
  MAXIMUM         42    316 PM  71    1931  50     -8       47
  MINIMUM         27   1036 PM  14    1964  33     -6       26
  AVERAGE         35                        41     -6       37

PRECIPITATION (IN)
  YESTERDAY        0.00          0.99 1934   0.10  -0.10      T
  MONTH TO DATE    2.23                      2.38  -0.15     0.52
  SINCE SEP 1      9.10                      9.72  -0.62     6.20
  SINCE JAN 1     43.31                     36.66   6.65    36.97

SNOWFALL (IN)
  YESTERDAY        0.0           1.5  1897   0.1   -0.1      0.0
  MONTH TO DATE    T                         0.3   -0.3       T
  SINCE SEP 1      T                         0.3   -0.3       T
  SINCE JUL 1      T                         0.3   -0.3       T
  SNOW DEPTH       0

DEGREE DAYS
 HEATING
  YESTERDAY       30                        24      6       28
  MONTH TO DATE  491                       450     41      396
  SINCE SEP 1    699                       860   -161      643
  SINCE JUL 1    701                       862   -161      643

 COOLING
  YESTERDAY        0                         0      0        0
  MONTH TO DATE    0                         0      0        0
  SINCE SEP 1    216                       106    110      251
  SINCE JAN 1   1214                      1002    212     1515
..................................................................


WIND (MPH)
  HIGHEST WIND SPEED    13   HIGHEST WIND DIRECTION     N (340)
  HIGHEST GUST SPEED    17   HIGHEST GUST DIRECTION    NW (310)
  AVERAGE WIND SPEED     4.0


SKY COVER
  POSSIBLE SUNSHINE  MM
  AVERAGE SKY COVER 0.3


WEATHER CONDITIONS
 THE FOLLOWING WEATHER WAS RECORDED YESTERDAY.
  NO SIGNIFICANT WEATHER WAS OBSERVED.


RELATIVE HUMIDITY (PERCENT)
 HIGHEST    78          1000 PM
 LOWEST     45           100 PM
 AVERAGE    62

..........................................................


THE HARRISBURG PA CLIMATE NORMALS FOR TODAY
                         NORMAL    RECORD    YEAR
 MAXIMUM TEMPERATURE (F)   49        69      2014
                                             1999
                                             1931
 MINIMUM TEMPERATURE (F)   32        19      2000
                                             1956


SUNRISE AND SUNSET
NOVEMBER 24 2017......SUNRISE   703 AM EST   SUNSET   444 PM EST
NOVEMBER 25 2017......SUNRISE   704 AM EST   SUNSET   444 PM EST


-  INDICATES NEGATIVE NUMBERS.
R  INDICATES RECORD WAS SET OR TIED.
MM INDICATES DATA IS MISSING.
T  INDICATES TRACE AMOUNT.




$$
