452
CDUS41 KCTP 230621
CLIMDT


CLIMATE REPORT
NATIONAL WEATHER SERVICE STATE COLLEGE PA
221 AM EDT THU MAR 23 2017


...................................

...THE HARRISBURG PA CLIMATE SUMMARY FOR MARCH 22 2017...

CLIMATE NORMAL PERIOD 1981 TO 2010
CLIMATE RECORD PERIOD 1888 TO 2017


WEATHER ITEM   OBSERVED TIME   RECORD YEAR NORMAL DEPARTURE LAST
                VALUE   (LST)  VALUE       VALUE  FROM      YEAR
                                                  NORMAL
..................................................................
TEMPERATURE (F)
 YESTERDAY
  MAXIMUM         48    154 AM  80    1938  53     -5       59
  MINIMUM         27   1156 PM  16    1965  35     -8       28
  AVERAGE         38                        44     -6       44

PRECIPITATION (IN)
  YESTERDAY        0.00          1.48 1977   0.12  -0.12     0.00
  MONTH TO DATE    3.25                      2.34   0.91     0.75
  SINCE MAR 1      3.25                      2.34   0.91     0.75
  SINCE JAN 1      7.63                      7.61   0.02    10.67

SNOWFALL (IN)
  YESTERDAY        0.0           2.2  1992   0.1   -0.1      0.0
  MONTH TO DATE   18.4                       4.4   14.0      0.2
  SINCE MAR 1     18.4                       4.4   14.0      0.2
  SINCE JUL 1     23.9                      29.4   -5.5     37.9
  SNOW DEPTH       0

DEGREE DAYS
 HEATING
  YESTERDAY       27                        21      6       21
  MONTH TO DATE  605                       546     59      401
  SINCE MAR 1    605                       546     59      401
  SINCE JUL 1   3843                      4534   -691     3773

 COOLING
  YESTERDAY        0                         0      0        0
  MONTH TO DATE    0                         0      0        1
  SINCE MAR 1      0                         0      0        1
  SINCE JAN 1      0                         0      0        1
..................................................................


WIND (MPH)
  HIGHEST WIND SPEED    29   HIGHEST WIND DIRECTION    NW (320)
  HIGHEST GUST SPEED    39   HIGHEST GUST DIRECTION    NW (320)
  AVERAGE WIND SPEED    15.0


SKY COVER
  POSSIBLE SUNSHINE  MM
  AVERAGE SKY COVER 0.2


WEATHER CONDITIONS
 THE FOLLOWING WEATHER WAS RECORDED YESTERDAY.
  NO SIGNIFICANT WEATHER WAS OBSERVED.


RELATIVE HUMIDITY (PERCENT)
 HIGHEST    62          1200 AM
 LOWEST     18           100 PM
 AVERAGE    40

..........................................................


THE HARRISBURG PA CLIMATE NORMALS FOR TODAY
                         NORMAL    RECORD    YEAR
 MAXIMUM TEMPERATURE (F)   53        79      2012
 MINIMUM TEMPERATURE (F)   35        14      1934


SUNRISE AND SUNSET
MARCH 23 2017.........SUNRISE   705 AM EDT   SUNSET   723 PM EDT
MARCH 24 2017.........SUNRISE   704 AM EDT   SUNSET   724 PM EDT


-  INDICATES NEGATIVE NUMBERS.
R  INDICATES RECORD WAS SET OR TIED.
MM INDICATES DATA IS MISSING.
T  INDICATES TRACE AMOUNT.




$$
