000
CDUS43 KLOT 010633
CLIMDW


CLIMATE REPORT
NATIONAL WEATHER SERVICE CHICAGO IL
1232 AM CST SUN MAR 1 2015


...................................

...THE CHICAGO-MIDWAY CLIMATE SUMMARY FOR FEBRUARY 28 2015...

CLIMATE NORMAL PERIOD 1981 TO 2010
CLIMATE RECORD PERIOD 1928 TO 2015


WEATHER ITEM   OBSERVED TIME   RECORD YEAR NORMAL DEPARTURE LAST
                VALUE   (LST)  VALUE       VALUE  FROM      YEAR
                                                  NORMAL
..................................................................
TEMPERATURE (F)
 YESTERDAY
  MAXIMUM         23    608 PM  59    1965  40    -17       32
  MINIMUM          1R   727 AM   2    1962  26    -25        6
  AVERAGE         12                        33    -21       19

PRECIPITATION (IN)
  YESTERDAY        T             0.77 1987   0.08  -0.08     0.00
  MONTH TO DATE    0.11                      1.94  -1.83     1.43
  SINCE DEC 1      2.12                      6.57  -4.45     3.42
  SINCE JAN 1      1.34                      4.00  -2.66     2.49

DEGREE DAYS
 HEATING
  YESTERDAY       53                        32     21       46
  MONTH TO DATE 1305                      1013    292     1284
  SINCE DEC 1   3465                      3376     89     4004
  SINCE JUL 1   4722                      4511    211     5202

 COOLING
  YESTERDAY        0                         0      0        0
  MONTH TO DATE    0                         0      0        0
  SINCE DEC 1      0                         0      0        0
  SINCE JAN 1      0                         0      0        0
..................................................................


WIND (MPH)
  RESULTANT WIND SPEED   5   RESULTANT WIND DIRECTION   S (170)
  HIGHEST WIND SPEED    14   HIGHEST WIND DIRECTION     S (160)
  HIGHEST GUST SPEED    20   HIGHEST GUST DIRECTION    SE (140)
  AVERAGE WIND SPEED     5.4



WEATHER CONDITIONS
 THE FOLLOWING WEATHER WAS RECORDED YESTERDAY.
  LIGHT SNOW


..........................................................


THE CHICAGO-MIDWAY CLIMATE NORMALS FOR TODAY
                         NORMAL    RECORD    YEAR
 MAXIMUM TEMPERATURE (F)   41        71      1992
 MINIMUM TEMPERATURE (F)   26        -5      1962


SUNRISE AND SUNSET
MARCH  1 2015.........SUNRISE   626 AM CST   SUNSET   541 PM CST
MARCH  2 2015.........SUNRISE   625 AM CST   SUNSET   542 PM CST


-  INDICATES NEGATIVE NUMBERS.
R  INDICATES RECORD WAS SET OR TIED.
MM INDICATES DATA IS MISSING.
T  INDICATES TRACE AMOUNT.




$$
