000
CDUS43 KLOT 230633
CLIMDW


CLIMATE REPORT
NATIONAL WEATHER SERVICE CHICAGO IL
133 AM CDT TUE SEP 23 2014


...................................

...THE CHICAGO-MIDWAY CLIMATE SUMMARY FOR SEPTEMBER 22 2014...

CLIMATE NORMAL PERIOD 1981 TO 2010
CLIMATE RECORD PERIOD 1928 TO 2014


WEATHER ITEM   OBSERVED TIME   RECORD YEAR NORMAL DEPARTURE LAST
                VALUE   (LST)  VALUE       VALUE  FROM      YEAR
                                                  NORMAL
..................................................................
TEMPERATURE (F)
 YESTERDAY
  MAXIMUM         69    246 PM  93    1937  73     -4       67
  MINIMUM         48    602 AM  34    1974  55     -7       49
  AVERAGE         59                        64     -5       58

PRECIPITATION (IN)
  YESTERDAY        0.00          1.09 1965   0.11  -0.11     0.00
  MONTH TO DATE    2.50                      2.48   0.02     0.85
  SINCE SEP 1      2.50                      2.48   0.02     0.85
  SINCE JAN 1     36.00                     29.03   6.97    25.79

DEGREE DAYS
 HEATING
  YESTERDAY        6                         4      2        7
  MONTH TO DATE   75                        39     36       33
  SINCE SEP 1     75                        39     36       33
  SINCE JUL 1     76                        44     32       37

 COOLING
  YESTERDAY        0                         2     -2        0
  MONTH TO DATE  102                       105     -3      150
  SINCE SEP 1    102                       105     -3      150
  SINCE JAN 1   1034                      1015     19     1046
..................................................................


WIND (MPH)
  RESULTANT WIND SPEED   2   RESULTANT WIND DIRECTION   N (350)
  HIGHEST WIND SPEED    12   HIGHEST WIND DIRECTION     E (100)
  HIGHEST GUST SPEED    15   HIGHEST GUST DIRECTION     E (100)
  AVERAGE WIND SPEED     6.2



WEATHER CONDITIONS
 THE FOLLOWING WEATHER WAS RECORDED YESTERDAY.
  NO SIGNIFICANT WEATHER WAS OBSERVED.


..........................................................


THE CHICAGO-MIDWAY CLIMATE NORMALS FOR TODAY
                         NORMAL    RECORD    YEAR
 MAXIMUM TEMPERATURE (F)   73        93      1937
 MINIMUM TEMPERATURE (F)   54        35      1974
                                             1947


SUNRISE AND SUNSET
SEPTEMBER 23 2014.....SUNRISE   639 AM CDT   SUNSET   646 PM CDT
SEPTEMBER 24 2014.....SUNRISE   640 AM CDT   SUNSET   645 PM CDT


-  INDICATES NEGATIVE NUMBERS.
R  INDICATES RECORD WAS SET OR TIED.
MM INDICATES DATA IS MISSING.
T  INDICATES TRACE AMOUNT.




$$
