000
CDUS43 KLOT 300636
CLIMDW


CLIMATE REPORT
NATIONAL WEATHER SERVICE CHICAGO IL
135 AM CDT SUN AUG 30 2015


...................................

...THE CHICAGO-MIDWAY CLIMATE SUMMARY FOR AUGUST 29 2015...

CLIMATE NORMAL PERIOD 1981 TO 2010
CLIMATE RECORD PERIOD 1928 TO 2015


WEATHER ITEM   OBSERVED TIME   RECORD YEAR NORMAL DEPARTURE LAST
                VALUE   (LST)  VALUE       VALUE  FROM      YEAR
                                                  NORMAL
..................................................................
TEMPERATURE (F)
 YESTERDAY
  MAXIMUM         76    154 PM  98    1953  81     -5       88
  MINIMUM         66    655 AM  43    1965  64      2       73
  AVERAGE         71                        73     -2       81

PRECIPITATION (IN)
  YESTERDAY        0.37          2.02 1955   0.12   0.25     0.00
  MONTH TO DATE    3.46                      3.74  -0.28     9.31
  SINCE JUN 1      8.67                     11.81  -3.14    22.21
  SINCE JAN 1     17.56                     26.30  -8.74    33.50

DEGREE DAYS
 HEATING
  YESTERDAY        0                         0      0        0
  MONTH TO DATE    2                         0      2        0
  SINCE JUN 1     26                        32     -6        3
  SINCE JUL 1      6                         1      5        1

 COOLING
  YESTERDAY        6                         8     -2       16
  MONTH TO DATE  278                       272      6      302
  SINCE JUN 1    789                       820    -31      792
  SINCE JAN 1    895                       894      1      903
..................................................................


WIND (MPH)
  RESULTANT WIND SPEED   3   RESULTANT WIND DIRECTION  SE (150)
  HIGHEST WIND SPEED    13   HIGHEST WIND DIRECTION    SW (210)
  HIGHEST GUST SPEED    20   HIGHEST GUST DIRECTION     S (170)
  AVERAGE WIND SPEED     6.1



WEATHER CONDITIONS
 THE FOLLOWING WEATHER WAS RECORDED YESTERDAY.
  RAIN
  LIGHT RAIN
  FOG
  HAZE


..........................................................


THE CHICAGO-MIDWAY CLIMATE NORMALS FOR TODAY
                         NORMAL    RECORD    YEAR
 MAXIMUM TEMPERATURE (F)   81        96      2013
                                             1953
                                             1937
 MINIMUM TEMPERATURE (F)   64        47      1946


SUNRISE AND SUNSET
AUGUST 30 2015........SUNRISE   614 AM CDT   SUNSET   728 PM CDT
AUGUST 31 2015........SUNRISE   616 AM CDT   SUNSET   726 PM CDT


-  INDICATES NEGATIVE NUMBERS.
R  INDICATES RECORD WAS SET OR TIED.
MM INDICATES DATA IS MISSING.
T  INDICATES TRACE AMOUNT.




$$
