000
CDUS43 KLOT 222235
CLIMDW


CLIMATE REPORT
NATIONAL WEATHER SERVICE CHICAGO IL
434 PM CST MON DEC 22 2014


...................................

...THE CHICAGO-MIDWAY CLIMATE SUMMARY FOR DECEMBER 22 2014...
VALID TODAY AS OF 0400 PM LOCAL TIME.

CLIMATE NORMAL PERIOD 1981 TO 2010
CLIMATE RECORD PERIOD 1928 TO 2014


WEATHER ITEM   OBSERVED TIME   RECORD YEAR NORMAL DEPARTURE
                VALUE   (LST)  VALUE       VALUE  FROM
                                                  NORMAL
...............................................................
TEMPERATURE (F)
 TODAY
  MAXIMUM         40    359 PM  57    1957  33      7
  MINIMUM         31    411 AM -12    1989  21     10
                                      1983
  AVERAGE         36                        27      9

PRECIPITATION (IN)
  TODAY            0.14          0.98 2006   0.08   0.06
                                      1988
  MONTH TO DATE    0.40                      1.90  -1.50
  SINCE DEC 1      0.40                      1.90  -1.50
  SINCE JAN 1     41.32                     38.42   2.90

DEGREE DAYS
 HEATING
  TODAY           29                        38     -9
  MONTH TO DATE  657                       767   -110
  SINCE DEC 1    657                       767   -110
  SINCE JUL 1   1914                      1902     12

 COOLING
  TODAY            0                         0      0
  MONTH TO DATE    0                         0      0
  SINCE DEC 1      0                         0      0
  SINCE JAN 1   1066                      1045     21
...............................................................


WIND (MPH)
  RESULTANT WIND SPEED   9   RESULTANT WIND DIRECTION  SE (130)
  HIGHEST WIND SPEED    15   HIGHEST WIND DIRECTION    SE (120)
  HIGHEST GUST SPEED    19   HIGHEST GUST DIRECTION    SE (120)
  AVERAGE WIND SPEED     9.2


SKY COVER
  POSSIBLE SUNSHINE  MM
  AVERAGE SKY COVER 0.9


WEATHER CONDITIONS
 THE FOLLOWING WEATHER WAS RECORDED TODAY.
  LIGHT RAIN
  FOG


..........................................................


THE CHICAGO-MIDWAY CLIMATE NORMALS FOR TOMORROW
                         NORMAL    RECORD    YEAR
 MAXIMUM TEMPERATURE (F)   33        60      1982
 MINIMUM TEMPERATURE (F)   21       -17      1983


SUNRISE AND SUNSET
DECEMBER 22 2014......SUNRISE   715 AM CST   SUNSET   424 PM CST
DECEMBER 23 2014......SUNRISE   716 AM CST   SUNSET   424 PM CST


-  INDICATES NEGATIVE NUMBERS.
R  INDICATES RECORD WAS SET OR TIED.
MM INDICATES DATA IS MISSING.
T  INDICATES TRACE AMOUNT.




$$
