000
CDUS44 KMEG 230733
CLIMEG


CLIMATE REPORT
NATIONAL WEATHER SERVICE MEMPHIS TN
133 AM CST FRI FEB 23 2018


...................................

...THE MEMPHIS/GERMANTOWN WFO CLIMATE SUMMARY FOR FEBRUARY 22 2018...

CLIMATE NORMAL PERIOD 1981 TO 2010
CLIMATE RECORD PERIOD 1988 TO 2018


WEATHER ITEM   OBSERVED TIME   RECORD YEAR NORMAL DEPARTURE LAST
                VALUE   (LST)  VALUE       VALUE  FROM      YEAR
                                                  NORMAL
..................................................................
TEMPERATURE (F)
 YESTERDAY
  MAXIMUM         MM        MM  78    2017  55     MM       78
  MINIMUM         MM        MM  24    2009  34     MM       58
                                      1999
  AVERAGE         MM                        45     MM       68

PRECIPITATION (IN)
  YESTERDAY       MM             0.62 1990   0.17  MM        0.03
                                      1990
                                      2012
  MONTH TO DATE    9.03                      3.63   5.40     1.27
  SINCE DEC 1     20.28                     13.53   6.75    12.24
  SINCE JAN 1     13.32                      7.59   5.73     4.93

SNOWFALL (IN)
  YESTERDAY       MM             T    2015                   0.0
                                      2008
                                      1999
  MONTH TO DATE    0.0                                       0.0
  SINCE DEC 1      3.8                                       1.0
  SINCE JUL 1      3.8                                       1.0
  SNOW DEPTH      MM

DEGREE DAYS
 HEATING
  YESTERDAY       MM                        20     MM        0
  MONTH TO DATE  395                       502   -107      258
  SINCE DEC 1   1988                      2032    -44     1465
  SINCE JUL 1   2493                      2631   -138     1787

 COOLING
  YESTERDAY       MM                         0     MM        3
  MONTH TO DATE   13                         0     13       12
  SINCE DEC 1     13                         1     12       17
  SINCE JAN 1     13                         0     13       12
..................................................................







THE MEMPHIS/GERMANTOWN WFO CLIMATE NORMALS FOR TODAY
                         NORMAL    RECORD    YEAR
 MAXIMUM TEMPERATURE (F)   56        79      2012
 MINIMUM TEMPERATURE (F)   35        17      1989


SUNRISE AND SUNSET
FEBRUARY 23 2018......SUNRISE   636 AM CST   SUNSET   549 PM CST
FEBRUARY 24 2018......SUNRISE   635 AM CST   SUNSET   550 PM CST


-  INDICATES NEGATIVE NUMBERS.
R  INDICATES RECORD WAS SET OR TIED.
MM INDICATES DATA IS MISSING.
T  INDICATES TRACE AMOUNT.




$$
