000
CDUS44 KMEG 132247
CLIMEG


CLIMATE REPORT
NATIONAL WEATHER SERVICE MEMPHIS TN
446 PM CST SAT FEB 13 2016


...................................

...THE MEMPHIS/GERMANTOWN WFO CLIMATE SUMMARY FOR FEBRUARY 13 2016...
VALID TODAY AS OF 0400 PM LOCAL TIME.

CLIMATE NORMAL PERIOD 1981 TO 2010
CLIMATE RECORD PERIOD 1988 TO 2016


WEATHER ITEM   OBSERVED TIME   RECORD YEAR NORMAL DEPARTURE LAST
                VALUE   (LST)  VALUE       VALUE  FROM      YEAR
                                                  NORMAL
..................................................................
TEMPERATURE (F)
 TODAY
  MAXIMUM         38        MM  74    1990  53    -15       43
  MINIMUM         26        MM  16    1995  32     -6       23
  AVERAGE         32                        42    -10       33

PRECIPITATION (IN)
  TODAY            0.00          1.41 2001   0.17  -0.17     0.00
  MONTH TO DATE    1.98                      2.12  -0.14     0.77
  SINCE DEC 1     10.27                     12.02  -1.75     4.68
  SINCE JAN 1      4.72                      6.08  -1.36     2.11

SNOWFALL (IN)
  TODAY            0.0

DEGREE DAYS
 HEATING
  TODAY           33                        23     10       32
  MONTH TO DATE  294                       310    -16      322
  SINCE DEC 1   1467                      1840   -373     1716
  SINCE JUL 1   1848                      2439   -591     2395

 COOLING
  TODAY            0                         0      0        0
  MONTH TO DATE    0                         0      0        0
  SINCE DEC 1     13                         1     12        0
  SINCE JAN 1      0                         0      0        0
..................................................................







THE MEMPHIS/GERMANTOWN WFO CLIMATE NORMALS FOR TOMORROW
                         NORMAL    RECORD    YEAR
 MAXIMUM TEMPERATURE (F)   53        71      1990
 MINIMUM TEMPERATURE (F)   32        23      2008
                                             2002


SUNRISE AND SUNSET
FEBRUARY 13 2016......SUNRISE   648 AM CST   SUNSET   539 PM CST
FEBRUARY 14 2016......SUNRISE   647 AM CST   SUNSET   540 PM CST


-  INDICATES NEGATIVE NUMBERS.
R  INDICATES RECORD WAS SET OR TIED.
MM INDICATES DATA IS MISSING.
T  INDICATES TRACE AMOUNT.




$$
