000
CDUS44 KMEG 280745
CLIMEG


CLIMATE REPORT
NATIONAL WEATHER SERVICE MEMPHIS TN
145 AM CST WED JAN 28 2015


...................................

...THE MEMPHIS/GERMANTOWN WFO CLIMATE SUMMARY FOR JANUARY 27 2015...

CLIMATE NORMAL PERIOD 1981 TO 2010
CLIMATE RECORD PERIOD 1988 TO 2015


WEATHER ITEM   OBSERVED TIME   RECORD YEAR NORMAL DEPARTURE LAST
                VALUE   (LST)  VALUE       VALUE  FROM      YEAR
                                                  NORMAL
..................................................................
TEMPERATURE (F)
 YESTERDAY
  MAXIMUM         56    250 PM  74    1999  49      7       52
  MINIMUM         31    350 AM  17    2003  30      1       20
  AVERAGE         44                        40      4       36

PRECIPITATION (IN)
  YESTERDAY        0.00          1.31 1994   0.12  -0.12     0.00
  MONTH TO DATE    1.34                      3.45  -2.11     3.23
  SINCE DEC 1      3.91                      9.39  -5.48     8.79
  SINCE JAN 1      1.34                      3.45  -2.11     3.23

SNOWFALL (IN)
  YESTERDAY        0.0          MM      MM   0.0    0.0      0.0
  MONTH TO DATE    T                         0.2   -0.2       T
  SINCE DEC 1      T                         0.3   -0.3       T
  SINCE JUL 1      0.3                       0.3    0.0       T
  SNOW DEPTH       0

DEGREE DAYS
 HEATING
  YESTERDAY       21                        25     -4       29
  MONTH TO DATE  705                       701      4      788
  SINCE DEC 1   1316                      1426   -110     1509
  SINCE JUL 1   1995                      2025    -30     2169

 COOLING
  YESTERDAY        0                         0      0        0
  MONTH TO DATE    0                         0      0        0
  SINCE DEC 1      0                         1     -1        1
  SINCE JAN 1      0                         0      0        0
..................................................................







THE MEMPHIS/GERMANTOWN WFO CLIMATE NORMALS FOR TODAY
                         NORMAL    RECORD    YEAR
 MAXIMUM TEMPERATURE (F)   49        72      2013
 MINIMUM TEMPERATURE (F)   30        10      2014


SUNRISE AND SUNSET
JANUARY 28 2015.......SUNRISE   701 AM CST   SUNSET   523 PM CST
JANUARY 29 2015.......SUNRISE   701 AM CST   SUNSET   524 PM CST


-  INDICATES NEGATIVE NUMBERS.
R  INDICATES RECORD WAS SET OR TIED.
MM INDICATES DATA IS MISSING.
T  INDICATES TRACE AMOUNT.




$$
