000
CDUS44 KMEG 242252
CLIMEG


CLIMATE REPORT
NATIONAL WEATHER SERVICE MEMPHIS TN
451 PM CST MON NOV 24 2014


...................................

...THE MEMPHIS/GERMANTOWN WFO CLIMATE SUMMARY FOR NOVEMBER 24 2014...
VALID TODAY AS OF 0400 PM LOCAL TIME.

CLIMATE NORMAL PERIOD 1981 TO 2010
CLIMATE RECORD PERIOD 1988 TO 2014


WEATHER ITEM   OBSERVED TIME   RECORD YEAR NORMAL DEPARTURE LAST
                VALUE   (LST)  VALUE       VALUE  FROM      YEAR
                                                  NORMAL
..................................................................
TEMPERATURE (F)
 TODAY
  MAXIMUM         63   1250 AM  76    2010  59      4       36
  MINIMUM         47    750 AM  22    2013  38      9       22
  AVERAGE         55                        48      7       29

PRECIPITATION (IN)
  TODAY            T             2.77 2000   0.19  -0.19     0.00
  MONTH TO DATE    2.68                      4.13  -1.45     2.57
  SINCE SEP 1     12.17                     11.71   0.46     9.93
  SINCE JAN 1     55.13                     47.72   7.41    58.29

SNOWFALL (IN)
  TODAY            0.0

DEGREE DAYS
 HEATING
  TODAY           10                        17     -7       36
  MONTH TO DATE  437                       306    131      347
  SINCE SEP 1    554                       490     64      487
  SINCE JUL 1    554                       490     64      487

 COOLING
  TODAY            0                         0      0        0
  MONTH TO DATE    0                         7     -7        2
  SINCE SEP 1    384                       329     55      416
  SINCE JAN 1   1965                      1924     41     1964
..................................................................







THE MEMPHIS/GERMANTOWN WFO CLIMATE NORMALS FOR TOMORROW
                         NORMAL    RECORD    YEAR
 MAXIMUM TEMPERATURE (F)   58        74      2006
 MINIMUM TEMPERATURE (F)   37        26      2003


SUNRISE AND SUNSET
NOVEMBER 24 2014......SUNRISE   643 AM CST   SUNSET   449 PM CST
NOVEMBER 25 2014......SUNRISE   644 AM CST   SUNSET   449 PM CST


-  INDICATES NEGATIVE NUMBERS.
R  INDICATES RECORD WAS SET OR TIED.
MM INDICATES DATA IS MISSING.
T  INDICATES TRACE AMOUNT.




$$
