000
CDUS44 KMEG 300636
CLIMEG


CLIMATE REPORT
NATIONAL WEATHER SERVICE MEMPHIS TN
135 AM CDT SUN APR 30 2017


...................................

...THE MEMPHIS/GERMANTOWN WFO CLIMATE SUMMARY FOR APRIL 29 2017...

CLIMATE NORMAL PERIOD 1981 TO 2010
CLIMATE RECORD PERIOD 1988 TO 2017


WEATHER ITEM   OBSERVED TIME   RECORD YEAR NORMAL DEPARTURE LAST
                VALUE   (LST)  VALUE       VALUE  FROM      YEAR
                                                  NORMAL
..................................................................
TEMPERATURE (F)
 YESTERDAY
  MAXIMUM         89R   309 PM  88    2003  76     13       68
  MINIMUM         69    835 PM  36    1992  53     16       58
  AVERAGE         79                        65     14       63

PRECIPITATION (IN)
  YESTERDAY        0.33          2.55 1991   0.19   0.14     1.50
  MONTH TO DATE    4.30                      5.14  -0.84     5.60
  SINCE MAR 1      9.03                     10.09  -1.06    22.29
  SINCE JAN 1     14.24                     18.72  -4.48    31.24

SNOWFALL (IN)
  YESTERDAY        0.0          MM      MM                   0.0
  MONTH TO DATE    0.0                                       0.0
  SINCE MAR 1      0.4                                        T
  SINCE JUL 1      1.4                                       0.9
  SNOW DEPTH       0

DEGREE DAYS
 HEATING
  YESTERDAY        0                         3     -3        2
  MONTH TO DATE   62                       187   -125      106
  SINCE MAR 1    369                       623   -254      360
  SINCE JUL 1   2210                      3369  -1159     2447

 COOLING
  YESTERDAY       14                         3     11        0
  MONTH TO DATE  110                        52     58       54
  SINCE MAR 1    143                        63     80       67
  SINCE JAN 1    157                        64     93       67
..................................................................







THE MEMPHIS/GERMANTOWN WFO CLIMATE NORMALS FOR TODAY
                         NORMAL    RECORD    YEAR
 MAXIMUM TEMPERATURE (F)   76        89      2007
 MINIMUM TEMPERATURE (F)   54        42      1996


SUNRISE AND SUNSET
APRIL 30 2017.........SUNRISE   609 AM CDT   SUNSET   744 PM CDT
MAY  1 2017...........SUNRISE   608 AM CDT   SUNSET   745 PM CDT


-  INDICATES NEGATIVE NUMBERS.
R  INDICATES RECORD WAS SET OR TIED.
MM INDICATES DATA IS MISSING.
T  INDICATES TRACE AMOUNT.




$$
