000
CDUS44 KMEG 230738
CLIMEG


CLIMATE REPORT
NATIONAL WEATHER SERVICE MEMPHIS TN
137 AM CST THU FEB 23 2017


...................................

...THE MEMPHIS/GERMANTOWN WFO CLIMATE SUMMARY FOR FEBRUARY 22 2017...

CLIMATE NORMAL PERIOD 1981 TO 2010
CLIMATE RECORD PERIOD 1988 TO 2017


WEATHER ITEM   OBSERVED TIME   RECORD YEAR NORMAL DEPARTURE LAST
                VALUE   (LST)  VALUE       VALUE  FROM      YEAR
                                                  NORMAL
..................................................................
TEMPERATURE (F)
 YESTERDAY
  MAXIMUM         78R   302 PM  76    1996  55     23       57
  MINIMUM         58    711 AM  24    2009  34     24       45
                                      1999
  AVERAGE         68                        45     23       51

PRECIPITATION (IN)
  YESTERDAY        0.03          0.62 1990   0.17  -0.14     0.19
                                      1990
                                      2012
  MONTH TO DATE    1.27                      3.63  -2.36     4.24
  SINCE DEC 1     12.24                     13.53  -1.29    12.53
  SINCE JAN 1      4.93                      7.59  -2.66     6.98

SNOWFALL (IN)
  YESTERDAY        0.0           T    2015                   0.0
                                      2008
                                      1999
  MONTH TO DATE    0.0                                        T
  SINCE DEC 1      1.0                                       0.9
  SINCE JUL 1      1.0                                       0.9
  SNOW DEPTH       0

DEGREE DAYS
 HEATING
  YESTERDAY        0                        20    -20       14
  MONTH TO DATE  258                       502   -244      412
  SINCE DEC 1   1465                      2032   -567     1585
  SINCE JUL 1   1787                      2631   -844     1966

 COOLING
  YESTERDAY        3                         0      3        0
  MONTH TO DATE   12                         0     12        0
  SINCE DEC 1     17                         1     16       13
  SINCE JAN 1     12                         0     12        0
..................................................................







THE MEMPHIS/GERMANTOWN WFO CLIMATE NORMALS FOR TODAY
                         NORMAL    RECORD    YEAR
 MAXIMUM TEMPERATURE (F)   56        79      2012
 MINIMUM TEMPERATURE (F)   35        17      1989


SUNRISE AND SUNSET
FEBRUARY 23 2017......SUNRISE   636 AM CST   SUNSET   550 PM CST
FEBRUARY 24 2017......SUNRISE   635 AM CST   SUNSET   551 PM CST


-  INDICATES NEGATIVE NUMBERS.
R  INDICATES RECORD WAS SET OR TIED.
MM INDICATES DATA IS MISSING.
T  INDICATES TRACE AMOUNT.


$$
