000
CDUS44 KMEG 230632
CLIMEG


CLIMATE REPORT
NATIONAL WEATHER SERVICE MEMPHIS TN
131 AM CDT FRI JUN 23 2017


...................................

...THE MEMPHIS/GERMANTOWN WFO CLIMATE SUMMARY FOR JUNE 22 2017...

CLIMATE NORMAL PERIOD 1981 TO 2010
CLIMATE RECORD PERIOD 1988 TO 2017


WEATHER ITEM   OBSERVED TIME   RECORD YEAR NORMAL DEPARTURE LAST
                VALUE   (LST)  VALUE       VALUE  FROM      YEAR
                                                  NORMAL
..................................................................
TEMPERATURE (F)
 YESTERDAY
  MAXIMUM         90        MM  99    2010  89      1       96
  MINIMUM         74        MM  49    1992  69      5       77
  AVERAGE         82                        79      3       87

PRECIPITATION (IN)
  YESTERDAY        0.36          1.37 1990   0.13   0.23     0.00
  MONTH TO DATE    1.86                      2.67  -0.81     2.83
  SINCE JUN 1      1.86                      2.67  -0.81     2.83
  SINCE JAN 1     22.77                     27.16  -4.39    39.28

SNOWFALL (IN)
  YESTERDAY        0.0          MM      MM                   0.0
  MONTH TO DATE    0.0                                       0.0
  SINCE JUN 1      0.0                                       0.0
  SINCE JUL 1      1.4                                       0.9
  SNOW DEPTH       0

DEGREE DAYS
 HEATING
  YESTERDAY        0                         0      0        0
  MONTH TO DATE    0                         0      0        0
  SINCE JUN 1      0                         0      0        0
  SINCE JUL 1   2240                      3412  -1172     2485

 COOLING
  YESTERDAY       17                        14      3       22
  MONTH TO DATE  272                       262     10      333
  SINCE JUN 1    272                       262     10      333
  SINCE JAN 1    617                       513    104      578
..................................................................







THE MEMPHIS/GERMANTOWN WFO CLIMATE NORMALS FOR TODAY
                         NORMAL    RECORD    YEAR
 MAXIMUM TEMPERATURE (F)   89        99      1988
 MINIMUM TEMPERATURE (F)   69        52      1992


SUNRISE AND SUNSET
JUNE 23 2017..........SUNRISE   546 AM CDT   SUNSET   817 PM CDT
JUNE 24 2017..........SUNRISE   546 AM CDT   SUNSET   817 PM CDT


-  INDICATES NEGATIVE NUMBERS.
R  INDICATES RECORD WAS SET OR TIED.
MM INDICATES DATA IS MISSING.
T  INDICATES TRACE AMOUNT.




$$
