000
CDUS44 KMEG 220732
CLIMEG


CLIMATE REPORT
NATIONAL WEATHER SERVICE MEMPHIS TN
132 AM CST SAT NOV 22 2014


...................................

...THE MEMPHIS/GERMANTOWN WFO CLIMATE SUMMARY FOR NOVEMBER 21 2014...

CLIMATE NORMAL PERIOD 1981 TO 2010
CLIMATE RECORD PERIOD 1988 TO 2014


WEATHER ITEM   OBSERVED TIME   RECORD YEAR NORMAL DEPARTURE LAST
                VALUE   (LST)  VALUE       VALUE  FROM      YEAR
                                                  NORMAL
..................................................................
TEMPERATURE (F)
 YESTERDAY
  MAXIMUM         55    300 PM  76    1990  60     -5       67
  MINIMUM         42    300 AM  23    2008  39      3       50
  AVERAGE         49                        49      0       59

PRECIPITATION (IN)
  YESTERDAY        0.04          2.00 2011   0.19  -0.15     0.57
  MONTH TO DATE    2.08                      3.55  -1.47     2.01
  SINCE SEP 1     11.57                     11.13   0.44     9.37
  SINCE JAN 1     54.53                     47.14   7.39    57.73

SNOWFALL (IN)
  YESTERDAY        0.0          MM      MM   0.0    0.0      0.0
  MONTH TO DATE    0.3                       0.0    0.3      0.0
  SINCE SEP 1      0.3                       0.0    0.3      0.0
  SINCE JUL 1      0.3                       0.0    0.3      0.0
  SNOW DEPTH       0

DEGREE DAYS
 HEATING
  YESTERDAY       16                        16      0        6
  MONTH TO DATE  417                       257    160      269
  SINCE SEP 1    534                       441     93      409
  SINCE JUL 1    534                       441     93      409

 COOLING
  YESTERDAY        0                         0      0        0
  MONTH TO DATE    0                         7     -7        2
  SINCE SEP 1    384                       329     55      416
  SINCE JAN 1   1965                      1924     41     1964
..................................................................







THE MEMPHIS/GERMANTOWN WFO CLIMATE NORMALS FOR TODAY
                         NORMAL    RECORD    YEAR
 MAXIMUM TEMPERATURE (F)   60        76      1999
 MINIMUM TEMPERATURE (F)   38        19      2008


SUNRISE AND SUNSET
NOVEMBER 22 2014......SUNRISE   641 AM CST   SUNSET   450 PM CST
NOVEMBER 23 2014......SUNRISE   642 AM CST   SUNSET   449 PM CST


-  INDICATES NEGATIVE NUMBERS.
R  INDICATES RECORD WAS SET OR TIED.
MM INDICATES DATA IS MISSING.
T  INDICATES TRACE AMOUNT.




$$
