933
CDUS44 KMEG 300638
CLIMEG


CLIMATE REPORT
NATIONAL WEATHER SERVICE MEMPHIS TN
138 AM CDT MON MAY 30 2016


...................................

...THE MEMPHIS/GERMANTOWN WFO CLIMATE SUMMARY FOR MAY 29 2016...

CLIMATE NORMAL PERIOD 1981 TO 2010
CLIMATE RECORD PERIOD 1988 TO 2016


WEATHER ITEM   OBSERVED TIME   RECORD YEAR NORMAL DEPARTURE LAST
                VALUE   (LST)  VALUE       VALUE  FROM      YEAR
                                                  NORMAL
..................................................................
TEMPERATURE (F)
 YESTERDAY
  MAXIMUM         89        MM  94    2012  84      5       87
  MINIMUM         66        MM  52    1992  63      3       67
  AVERAGE         78                        73      5       77

PRECIPITATION (IN)
  YESTERDAY        0.00          0.25 1992   0.14  -0.14     0.16
  MONTH TO DATE    4.59                      5.29  -0.70     4.81
  SINCE MAR 1     27.36                     15.56  11.80    14.89
  SINCE JAN 1     36.31                     24.19  12.12    20.97

SNOWFALL (IN)
  YESTERDAY        0.0          MM      MM   0.0    0.0      0.0
  MONTH TO DATE    0.0                       0.0    0.0      0.0
  SINCE MAR 1      T                         0.8   -0.8      4.1
  SINCE JUL 1      0.9                       2.4   -1.5      6.3
  SNOW DEPTH       0

DEGREE DAYS
 HEATING
  YESTERDAY        0                         0      0        0
  MONTH TO DATE   38                        39     -1       25
  SINCE MAR 1    398                       666   -268      552
  SINCE JUL 1   2485                      3412   -927     3459

 COOLING
  YESTERDAY       13                         9      4       12
  MONTH TO DATE  145                       167    -22      208
  SINCE MAR 1    218                       232    -14      285
  SINCE JAN 1    218                       233    -15      285
..................................................................







THE MEMPHIS/GERMANTOWN WFO CLIMATE NORMALS FOR TODAY
                         NORMAL    RECORD    YEAR
 MAXIMUM TEMPERATURE (F)   84        94      2011
 MINIMUM TEMPERATURE (F)   63        53      1992


SUNRISE AND SUNSET
MAY 30 2016...........SUNRISE   547 AM CDT   SUNSET   807 PM CDT
MAY 31 2016...........SUNRISE   546 AM CDT   SUNSET   808 PM CDT


-  INDICATES NEGATIVE NUMBERS.
R  INDICATES RECORD WAS SET OR TIED.
MM INDICATES DATA IS MISSING.
T  INDICATES TRACE AMOUNT.




$$
