000
CDUS44 KMEG 250738
CLIMEG


CLIMATE REPORT
NATIONAL WEATHER SERVICE MEMPHIS TN
137 AM CST SAT NOV 25 2017


...................................

...THE MEMPHIS/GERMANTOWN WFO CLIMATE SUMMARY FOR NOVEMBER 24 2017...

CLIMATE NORMAL PERIOD 1981 TO 2010
CLIMATE RECORD PERIOD 1988 TO 2017


WEATHER ITEM   OBSERVED TIME   RECORD YEAR NORMAL DEPARTURE LAST
                VALUE   (LST)  VALUE       VALUE  FROM      YEAR
                                                  NORMAL
..................................................................
TEMPERATURE (F)
 YESTERDAY
  MAXIMUM         64    410 PM  76    2010  59      5       54
  MINIMUM         33    415 AM  22    2013  38     -5       49
  AVERAGE         49                        48      1       52

PRECIPITATION (IN)
  YESTERDAY        0.00          2.77 2000   0.19  -0.19     0.00
  MONTH TO DATE    1.91                      4.13  -2.22     1.52
  SINCE SEP 1      6.89                     11.71  -4.82     3.72
  SINCE JAN 1     46.08                     47.72  -1.64    54.96

SNOWFALL (IN)
  YESTERDAY        0.0           T    2007                   0.0
  MONTH TO DATE    0.0                                       0.0
  SINCE SEP 1      0.0                                       0.0
  SINCE JUL 1      0.0                                       0.0
  SNOW DEPTH       0

DEGREE DAYS
 HEATING
  YESTERDAY       16                        17     -1       13
  MONTH TO DATE  285                       306    -21      199
  SINCE SEP 1    439                       490    -51      228
  SINCE JUL 1    439                       490    -51      228

 COOLING
  YESTERDAY        0                         0      0        0
  MONTH TO DATE   18                         7     11       26
  SINCE SEP 1    432                       329    103      587
  SINCE JAN 1   2124                      1924    200     2423
..................................................................







THE MEMPHIS/GERMANTOWN WFO CLIMATE NORMALS FOR TODAY
                         NORMAL    RECORD    YEAR
 MAXIMUM TEMPERATURE (F)   58        74      2006
 MINIMUM TEMPERATURE (F)   37        26      2003


SUNRISE AND SUNSET
NOVEMBER 25 2017......SUNRISE   644 AM CST   SUNSET   449 PM CST
NOVEMBER 26 2017......SUNRISE   645 AM CST   SUNSET   448 PM CST


-  INDICATES NEGATIVE NUMBERS.
R  INDICATES RECORD WAS SET OR TIED.
MM INDICATES DATA IS MISSING.
T  INDICATES TRACE AMOUNT.




$$
