000
CDUS44 KJAN 160659
CLIMEI


CLIMATE REPORT
NATIONAL WEATHER SERVICE JACKSON MS
156 AM CDT WED AUG 16 2017


...................................

...THE MERIDIAN CLIMATE SUMMARY FOR AUGUST 15 2017...

CLIMATE NORMAL PERIOD 1981 TO 2010
CLIMATE RECORD PERIOD 1889 TO 2017


WEATHER ITEM   OBSERVED TIME   RECORD YEAR NORMAL DEPARTURE LAST
                VALUE   (LST)  VALUE       VALUE  FROM      YEAR
                                                  NORMAL
..................................................................
TEMPERATURE (F)
 YESTERDAY
  MAXIMUM         94    337 PM 103    1981  92      2       92
  MINIMUM         75   1146 PM  53    2004  69      6       74
  AVERAGE         85                        80      5       83

PRECIPITATION (IN)
  YESTERDAY        0.04          2.24 1930   0.13  -0.09     0.17
  MONTH TO DATE    7.28                      2.09   5.19     3.78
  SINCE JUN 1     23.56                     11.63  11.93    11.09
  SINCE JAN 1     52.20                     37.06  15.14    36.08

SNOWFALL (IN)
  YESTERDAY        0.0           0.0  2002   0.0    0.0      0.0
                                      2001
  MONTH TO DATE    0.0                       0.0    0.0      0.0
  SINCE JUN 1      0.0                       0.0    0.0      0.0
  SINCE JUL 1      0.0                       0.0    0.0      0.0

DEGREE DAYS
 HEATING
  YESTERDAY        0                         0      0        0
  MONTH TO DATE    0                         0      0        0
  SINCE JUN 1      0                         0      0        0
  SINCE JUL 1      0                         0      0        0

 COOLING
  YESTERDAY       20                        15      5       18
  MONTH TO DATE  252                       239     13      312
  SINCE JUN 1   1211                      1103    108     1486
  SINCE JAN 1   1704                      1386    318     1798
..................................................................


WIND (MPH)
  HIGHEST WIND SPEED    26   HIGHEST WIND DIRECTION     S (200)
  HIGHEST GUST SPEED    33   HIGHEST GUST DIRECTION     S (200)
  AVERAGE WIND SPEED     5.5


SKY COVER
  POSSIBLE SUNSHINE  MM
  AVERAGE SKY COVER 0.4


WEATHER CONDITIONS
 THE FOLLOWING WEATHER WAS RECORDED YESTERDAY.
  THUNDERSTORM
  LIGHT RAIN
  FOG


RELATIVE HUMIDITY (PERCENT)
 HIGHEST   100           200 AM
 LOWEST     52           200 PM
 AVERAGE    76

..........................................................


THE MERIDIAN CLIMATE NORMALS FOR TODAY
                         NORMAL    RECORD    YEAR
 MAXIMUM TEMPERATURE (F)   92       103      1954
                                             1951
 MINIMUM TEMPERATURE (F)   69        54      2004


SUNRISE AND SUNSET
AUGUST 16 2017........SUNRISE   620 AM CDT   SUNSET   738 PM CDT
AUGUST 17 2017........SUNRISE   621 AM CDT   SUNSET   737 PM CDT


-  INDICATES NEGATIVE NUMBERS.
R  INDICATES RECORD WAS SET OR TIED.
MM INDICATES DATA IS MISSING.
T  INDICATES TRACE AMOUNT.




$$
