000
CDUS44 KJAN 042130
CLIMEI


CLIMATE REPORT
NATIONAL WEATHER SERVICE JACKSON MS
428 PM CDT FRI SEP 4 2015


...................................

...THE MERIDIAN CLIMATE SUMMARY FOR SEPTEMBER 4 2015...
VALID TODAY AS OF 0400 PM LOCAL TIME.

CLIMATE NORMAL PERIOD 1981 TO 2010
CLIMATE RECORD PERIOD 1889 TO 2015


WEATHER ITEM   OBSERVED TIME   RECORD YEAR NORMAL DEPARTURE LAST
                VALUE   (LST)  VALUE       VALUE  FROM      YEAR
                                                  NORMAL
..................................................................
TEMPERATURE (F)
 TODAY
  MAXIMUM         94    143 PM 105    1990  90      4       92
  MINIMUM         71    610 AM  51    1952  67      4       70
  AVERAGE         83                        78      5       81

PRECIPITATION (IN)
  TODAY            0.09          4.27 1988   0.11  -0.02      T
  MONTH TO DATE    0.79                      0.45   0.34     0.01
  SINCE SEP 1      0.79                      0.45   0.34     0.01
  SINCE JAN 1     36.49                     39.41  -2.92    38.37

SNOWFALL (IN)
  TODAY            0.0           0.0  2002   0.0    0.0      0.0
                                      2001
  MONTH TO DATE    0.0                       0.0    0.0      0.0
  SINCE SEP 1      0.0                       0.0    0.0      0.0
  SINCE JUL 1      0.0                       0.0    0.0      0.0

DEGREE DAYS
 HEATING
  TODAY            0                         0      0        0
  MONTH TO DATE    0                         0      0        0
  SINCE SEP 1      0                         0      0        0
  SINCE JUL 1      0                         0      0        0

 COOLING
  TODAY           18                        13      5       16
  MONTH TO DATE   68                        54     14       64
  SINCE SEP 1     68                        54     14       64
  SINCE JAN 1   1893                      1674    219     1657
..................................................................


WIND (MPH)
  HIGHEST WIND SPEED    20   HIGHEST WIND DIRECTION    NE (30)
  HIGHEST GUST SPEED    23   HIGHEST GUST DIRECTION    NE (50)
  AVERAGE WIND SPEED     1.9


SKY COVER
  POSSIBLE SUNSHINE  MM
  AVERAGE SKY COVER 0.0


WEATHER CONDITIONS
 THE FOLLOWING WEATHER WAS RECORDED TODAY.
  RAIN
  LIGHT RAIN


RELATIVE HUMIDITY (PERCENT)
 HIGHEST   100           300 AM
 LOWEST     41           100 PM
 AVERAGE    71

..........................................................


THE MERIDIAN CLIMATE NORMALS FOR TOMORROW
                         NORMAL    RECORD    YEAR
 MAXIMUM TEMPERATURE (F)   90       103      1925
 MINIMUM TEMPERATURE (F)   66        49      1891


SUNRISE AND SUNSET
SEPTEMBER  4 2015.....SUNRISE   632 AM CDT   SUNSET   716 PM CDT
SEPTEMBER  5 2015.....SUNRISE   632 AM CDT   SUNSET   715 PM CDT


-  INDICATES NEGATIVE NUMBERS.
R  INDICATES RECORD WAS SET OR TIED.
MM INDICATES DATA IS MISSING.
T  INDICATES TRACE AMOUNT.




$$
