000
CDUS44 KJAN 010827
CLIMEI


CLIMATE REPORT
NATIONAL WEATHER SERVICE JACKSON MS
325 AM CDT SAT AUG 1 2015


...................................

...THE MERIDIAN CLIMATE SUMMARY FOR JULY 31 2015...

CLIMATE NORMAL PERIOD 1981 TO 2010
CLIMATE RECORD PERIOD 1889 TO 2015


WEATHER ITEM   OBSERVED TIME   RECORD YEAR NORMAL DEPARTURE LAST
                VALUE   (LST)  VALUE       VALUE  FROM      YEAR
                                                  NORMAL
..................................................................
TEMPERATURE (F)
 YESTERDAY
  MAXIMUM         93    336 PM 102    1896  92      1       87
  MINIMUM         71   1158 PM  62    1965  70      1       64
  AVERAGE         82                        81      1       76

PRECIPITATION (IN)
  YESTERDAY        0.00          1.95 1959   0.16  -0.16     0.00
  MONTH TO DATE    3.57                      5.14  -1.57     1.80
  SINCE JUN 1      8.54                      9.54  -1.00     4.34
  SINCE JAN 1     31.60                     34.97  -3.37    36.06

SNOWFALL (IN)
  YESTERDAY        0.0           0.0    MM   0.0    0.0      0.0
  MONTH TO DATE    0.0                       0.0    0.0      0.0
  SINCE JUN 1      0.0                       0.0    0.0      0.0
  SINCE JUL 1      0.0                       0.0    0.0      0.0

DEGREE DAYS
 HEATING
  YESTERDAY        0                         0      0        0
  MONTH TO DATE    0                         0      0        0
  SINCE JUN 1      0                         0      0        0
  SINCE JUL 1      0                         0      0        0

 COOLING
  YESTERDAY       17                        16      1       11
  MONTH TO DATE  547                       484     63      425
  SINCE JUN 1    963                       864     99      835
  SINCE JAN 1   1328                      1147    181     1105
..................................................................


WIND (MPH)
  HIGHEST WIND SPEED    18   HIGHEST WIND DIRECTION     N (20)
  HIGHEST GUST SPEED    24   HIGHEST GUST DIRECTION     N (20)
  AVERAGE WIND SPEED     9.9


SKY COVER
  POSSIBLE SUNSHINE  MM
  AVERAGE SKY COVER 0.0


WEATHER CONDITIONS
 THE FOLLOWING WEATHER WAS RECORDED YESTERDAY.
  NO SIGNIFICANT WEATHER WAS OBSERVED.


RELATIVE HUMIDITY (PERCENT)
 HIGHEST    79          1100 PM
 LOWEST     32           200 PM
 AVERAGE    56

..........................................................


THE MERIDIAN CLIMATE NORMALS FOR TODAY
                         NORMAL    RECORD    YEAR
 MAXIMUM TEMPERATURE (F)   92       102      1999
 MINIMUM TEMPERATURE (F)   70        62      1936
                                             1925


SUNRISE AND SUNSET
AUGUST  1 2015........SUNRISE   610 AM CDT   SUNSET   753 PM CDT
AUGUST  2 2015........SUNRISE   610 AM CDT   SUNSET   752 PM CDT


-  INDICATES NEGATIVE NUMBERS.
R  INDICATES RECORD WAS SET OR TIED.
MM INDICATES DATA IS MISSING.
T  INDICATES TRACE AMOUNT.




$$
