000
CDUS44 KJAN 222107
CLIMEI


CLIMATE REPORT
NATIONAL WEATHER SERVICE JACKSON MS
406 PM CDT SUN OCT 22 2017


...................................

...THE MERIDIAN CLIMATE SUMMARY FOR OCTOBER 22 2017...
VALID TODAY AS OF 0400 PM LOCAL TIME.

CLIMATE NORMAL PERIOD 1981 TO 2010
CLIMATE RECORD PERIOD 1889 TO 2017


WEATHER ITEM   OBSERVED TIME   RECORD YEAR NORMAL DEPARTURE LAST
                VALUE   (LST)  VALUE       VALUE  FROM      YEAR
                                                  NORMAL
..................................................................
TEMPERATURE (F)
 TODAY
  MAXIMUM         75    200 PM  90    1963  75      0       76
                                      1941
                                      1939
  MINIMUM         67   1149 AM  29    1987  49     18       40
  AVERAGE         71                        62      9       58

PRECIPITATION (IN)
  TODAY            0.37          1.67 2007   0.13   0.24     0.00
  MONTH TO DATE    1.73                      2.61  -0.88      T
  SINCE SEP 1      2.78                      6.04  -3.26     0.57
  SINCE JAN 1     55.66                     45.00  10.66    37.90

SNOWFALL (IN)
  TODAY            0.0           0.0  2002   0.0    0.0      0.0
                                      2001
  MONTH TO DATE    0.0                       0.0    0.0      0.0
  SINCE SEP 1      0.0                       0.0    0.0      0.0
  SINCE JUL 1      0.0                       0.0    0.0      0.0

DEGREE DAYS
 HEATING
  TODAY            0                         5     -5        7
  MONTH TO DATE   11                        62    -51       11
  SINCE SEP 1     14                        69    -55       11
  SINCE JUL 1     14                        69    -55       11

 COOLING
  TODAY            6                         2      4        0
  MONTH TO DATE  190                        76    114      175
  SINCE SEP 1    530                       379    151      687
  SINCE JAN 1   2494                      1999    495     2798
..................................................................


WIND (MPH)
  HIGHEST WIND SPEED    15   HIGHEST WIND DIRECTION    SE (140)
  HIGHEST GUST SPEED    20   HIGHEST GUST DIRECTION     S (170)
  AVERAGE WIND SPEED     7.8


SKY COVER
  POSSIBLE SUNSHINE  MM
  AVERAGE SKY COVER 0.4


WEATHER CONDITIONS
 THE FOLLOWING WEATHER WAS RECORDED TODAY.
  RAIN
  LIGHT RAIN
  FOG


RELATIVE HUMIDITY (PERCENT)
 HIGHEST    93           200 AM
 LOWEST     79           200 PM
 AVERAGE    86

..........................................................


THE MERIDIAN CLIMATE NORMALS FOR TOMORROW
                         NORMAL    RECORD    YEAR
 MAXIMUM TEMPERATURE (F)   75        90      1953
                                             1941
 MINIMUM TEMPERATURE (F)   48        29      1891


SUNRISE AND SUNSET
OCTOBER 22 2017.......SUNRISE   704 AM CDT   SUNSET   614 PM CDT
OCTOBER 23 2017.......SUNRISE   705 AM CDT   SUNSET   613 PM CDT


-  INDICATES NEGATIVE NUMBERS.
R  INDICATES RECORD WAS SET OR TIED.
MM INDICATES DATA IS MISSING.
T  INDICATES TRACE AMOUNT.




$$
