000
CDUS44 KJAN 160856
CLIMEI


CLIMATE REPORT
NATIONAL WEATHER SERVICE JACKSON MS
247 AM CST TUE JAN 16 2018


...................................

...THE MERIDIAN CLIMATE SUMMARY FOR JANUARY 15 2018...

CLIMATE NORMAL PERIOD 1981 TO 2010
CLIMATE RECORD PERIOD 1889 TO 2018


WEATHER ITEM   OBSERVED TIME   RECORD YEAR NORMAL DEPARTURE LAST
                VALUE   (LST)  VALUE       VALUE  FROM      YEAR
                                                  NORMAL
..................................................................
TEMPERATURE (F)
 YESTERDAY
  MAXIMUM         57    421 PM  81    1947  56      1       76
  MINIMUM         25    723 AM  10    1964  33     -8       46
  AVERAGE         41                        44     -3       61

PRECIPITATION (IN)
  YESTERDAY        0.00          1.40 1954   0.16  -0.16     0.00
  MONTH TO DATE    0.76                      2.22  -1.46     3.53
  SINCE DEC 1      4.85                      7.28  -2.43     7.43
  SINCE JAN 1      0.76                      2.22  -1.46     3.53

SNOWFALL (IN)
  YESTERDAY        0.0           0.0    MM   0.0    0.0      0.0
  MONTH TO DATE    T                         0.1   -0.1      0.8
  SINCE DEC 1      5.0                       0.2    4.8      0.8
  SINCE JUL 1      5.0                       0.2    4.8      0.8

DEGREE DAYS
 HEATING
  YESTERDAY       24                        21      3        4
  MONTH TO DATE  368                       308     60      190
  SINCE DEC 1    899                       866     33      594
  SINCE JUL 1   1240                      1316    -76      803

 COOLING
  YESTERDAY        0                         0      0        0
  MONTH TO DATE    2                         0      2        8
  SINCE DEC 1      5                         6     -1       26
  SINCE JAN 1      2                         0      2        8
..................................................................


WIND (MPH)
  HIGHEST WIND SPEED    10   HIGHEST WIND DIRECTION    SE (150)
  HIGHEST GUST SPEED    15   HIGHEST GUST DIRECTION    SW (230)
  AVERAGE WIND SPEED     1.9


SKY COVER
  POSSIBLE SUNSHINE  MM
  AVERAGE SKY COVER 0.0


WEATHER CONDITIONS
 THE FOLLOWING WEATHER WAS RECORDED YESTERDAY.
  NO SIGNIFICANT WEATHER WAS OBSERVED.


RELATIVE HUMIDITY (PERCENT)
 HIGHEST    92           300 AM
 LOWEST     26           400 PM
 AVERAGE    59

..........................................................


THE MERIDIAN CLIMATE NORMALS FOR TODAY
                         NORMAL    RECORD    YEAR
 MAXIMUM TEMPERATURE (F)   56        79      1943
 MINIMUM TEMPERATURE (F)   33        14      1972


SUNRISE AND SUNSET
JANUARY 16 2018.......SUNRISE   656 AM CST   SUNSET   514 PM CST
JANUARY 17 2018.......SUNRISE   656 AM CST   SUNSET   514 PM CST


-  INDICATES NEGATIVE NUMBERS.
R  INDICATES RECORD WAS SET OR TIED.
MM INDICATES DATA IS MISSING.
T  INDICATES TRACE AMOUNT.




$$
