000
CDUS44 KJAN 280821
CLIMEI


CLIMATE REPORT
NATIONAL WEATHER SERVICE JACKSON MS
319 AM CDT SAT MAR 28 2015


...................................

...THE MERIDIAN CLIMATE SUMMARY FOR MARCH 27 2015...

CLIMATE NORMAL PERIOD 1981 TO 2010
CLIMATE RECORD PERIOD 1889 TO 2015


WEATHER ITEM   OBSERVED TIME   RECORD YEAR NORMAL DEPARTURE LAST
                VALUE   (LST)  VALUE       VALUE  FROM      YEAR
                                                  NORMAL
..................................................................
TEMPERATURE (F)
 YESTERDAY
  MAXIMUM         62    310 PM  86    1929  72    -10       74
  MINIMUM         35    905 AM  20    1955  44     -9       40
  AVERAGE         49                        58     -9       57

PRECIPITATION (IN)
  YESTERDAY        0.00          4.72 1902   0.17  -0.17     0.15
  MONTH TO DATE    4.86                      4.75   0.11     2.59
  SINCE MAR 1      4.86                      4.75   0.11     2.59
  SINCE JAN 1     15.70                     15.48   0.22    11.94

SNOWFALL (IN)
  YESTERDAY        0.0           0.0  2001   0.0    0.0      0.0
  MONTH TO DATE    T                         0.2   -0.2      0.0
  SINCE MAR 1      T                         0.2   -0.2      0.0
  SINCE JUL 1      T                         0.5   -0.5      2.5

DEGREE DAYS
 HEATING
  YESTERDAY       16                         8      8        8
  MONTH TO DATE  181                       279    -98      322
  SINCE MAR 1    181                       279    -98      322
  SINCE JUL 1   2422                      2376     46     2698

 COOLING
  YESTERDAY        0                         1     -1        0
  MONTH TO DATE   24                        19      5        2
  SINCE MAR 1     24                        19      5        2
  SINCE JAN 1     24                        26     -2        9
..................................................................


WIND (MPH)
  HIGHEST WIND SPEED    23   HIGHEST WIND DIRECTION    NW (330)
  HIGHEST GUST SPEED    30   HIGHEST GUST DIRECTION     N (10)
  AVERAGE WIND SPEED    11.0


SKY COVER
  POSSIBLE SUNSHINE  MM
  AVERAGE SKY COVER 0.5


WEATHER CONDITIONS
 THE FOLLOWING WEATHER WAS RECORDED YESTERDAY.
  NO SIGNIFICANT WEATHER WAS OBSERVED.


RELATIVE HUMIDITY (PERCENT)
 HIGHEST    86           100 AM
 LOWEST     27           100 PM
 AVERAGE    57

..........................................................


THE MERIDIAN CLIMATE NORMALS FOR TODAY
                         NORMAL    RECORD    YEAR
 MAXIMUM TEMPERATURE (F)   72        89      1910
 MINIMUM TEMPERATURE (F)   45        29      1894


SUNRISE AND SUNSET
MARCH 28 2015.........SUNRISE   649 AM CDT   SUNSET   712 PM CDT
MARCH 29 2015.........SUNRISE   647 AM CDT   SUNSET   713 PM CDT


-  INDICATES NEGATIVE NUMBERS.
R  INDICATES RECORD WAS SET OR TIED.
MM INDICATES DATA IS MISSING.
T  INDICATES TRACE AMOUNT.




$$
