000
CDUS44 KMEG 300644
CLIMEM


CLIMATE REPORT
NATIONAL WEATHER SERVICE MEMPHIS TN
143 AM CDT THU MAR 30 2017


...................................

...THE MEMPHIS CLIMATE SUMMARY FOR MARCH 29 2017...

CLIMATE NORMAL PERIOD 1981 TO 2010
CLIMATE RECORD PERIOD 1872 TO 2017


WEATHER ITEM   OBSERVED TIME   RECORD YEAR NORMAL DEPARTURE LAST
                VALUE   (LST)  VALUE       VALUE  FROM      YEAR
                                                  NORMAL
..................................................................
TEMPERATURE (F)
 YESTERDAY
  MAXIMUM         83    204 PM  86    2007  68     15       72
  MINIMUM         61    541 AM  28    1955  48     13       45
  AVERAGE         72                        58     14       59

PRECIPITATION (IN)
  YESTERDAY        T             2.67 1939   0.18  -0.18     0.00
  MONTH TO DATE    3.54                      4.79  -1.25    12.01
  SINCE MAR 1      3.54                      4.79  -1.25    12.01
  SINCE JAN 1      9.20                     13.16  -3.96    19.86

SNOWFALL (IN)
  YESTERDAY        0.0           1.0  1991   0.0    0.0      0.0
  MONTH TO DATE    T                         0.4   -0.4      0.0
  SINCE MAR 1      T                         0.4   -0.4      0.0
  SINCE JUL 1      2.0                       3.8   -1.8      0.3
  SNOW DEPTH       0

DEGREE DAYS
 HEATING
  YESTERDAY        0                         8     -8        6
  MONTH TO DATE  275                       343    -68      213
  SINCE MAR 1    275                       343    -68      213
  SINCE JUL 1   1974                      2793   -819     2084

 COOLING
  YESTERDAY        7                         1      6        0
  MONTH TO DATE   38                        14     24       12
  SINCE MAR 1     38                        14     24       12
  SINCE JAN 1     60                        17     43       15
..................................................................


WIND (MPH)
  HIGHEST WIND SPEED    47   HIGHEST WIND DIRECTION    SE (150)
  HIGHEST GUST SPEED    59   HIGHEST GUST DIRECTION     S (160)
  AVERAGE WIND SPEED    12.9


SKY COVER
  POSSIBLE SUNSHINE  MM
  AVERAGE SKY COVER 0.7


WEATHER CONDITIONS
 THE FOLLOWING WEATHER WAS RECORDED YESTERDAY.
  LIGHT RAIN


RELATIVE HUMIDITY (PERCENT)
 HIGHEST    78           600 AM
 LOWEST     40           300 PM
 AVERAGE    59

..........................................................


THE MEMPHIS CLIMATE NORMALS FOR TODAY
                         NORMAL    RECORD    YEAR
 MAXIMUM TEMPERATURE (F)   68        85      1986
 MINIMUM TEMPERATURE (F)   48        23      1964


SUNRISE AND SUNSET
MARCH 30 2017.........SUNRISE   649 AM CDT   SUNSET   720 PM CDT
MARCH 31 2017.........SUNRISE   648 AM CDT   SUNSET   721 PM CDT


-  INDICATES NEGATIVE NUMBERS.
R  INDICATES RECORD WAS SET OR TIED.
MM INDICATES DATA IS MISSING.
T  INDICATES TRACE AMOUNT.


$$
