224
CDUS44 KMEG 250640
CLIMEM


CLIMATE REPORT
NATIONAL WEATHER SERVICE MEMPHIS TN
140 AM CDT THU MAY 25 2017


...................................

...THE MEMPHIS CLIMATE SUMMARY FOR MAY 24 2017...

CLIMATE NORMAL PERIOD 1981 TO 2010
CLIMATE RECORD PERIOD 1872 TO 2017


WEATHER ITEM   OBSERVED TIME   RECORD YEAR NORMAL DEPARTURE LAST
                VALUE   (LST)  VALUE       VALUE  FROM      YEAR
                                                  NORMAL
..................................................................
TEMPERATURE (F)
 YESTERDAY
  MAXIMUM         72   1202 PM  93    1996  83    -11       89
  MINIMUM         56   1144 PM  47    1925  65     -9       66
  AVERAGE         64                        74    -10       78

PRECIPITATION (IN)
  YESTERDAY        0.36          1.34 1927   0.16   0.20     0.22
  MONTH TO DATE    2.55                      4.17  -1.62     2.53
  SINCE MAR 1     11.52                     14.83  -3.31    24.70
  SINCE JAN 1     17.18                     23.20  -6.02    32.55

SNOWFALL (IN)
  YESTERDAY        0.0          MM      MM   0.0    0.0      0.0
  MONTH TO DATE    0.0                       0.0    0.0      0.0
  SINCE MAR 1      T                         0.4   -0.4      0.0
  SINCE JUL 1      2.0                       3.8   -1.8      0.3
  SNOW DEPTH       0

DEGREE DAYS
 HEATING
  YESTERDAY        1                         0      1        0
  MONTH TO DATE   22                        17      5       22
  SINCE MAR 1    359                       512   -153      315
  SINCE JUL 1   2058                      2962   -904     2186

 COOLING
  YESTERDAY        0                         9     -9       13
  MONTH TO DATE  137                       155    -18      107
  SINCE MAR 1    289                       247     42      211
  SINCE JAN 1    311                       250     61      214
..................................................................


WIND (MPH)
  HIGHEST WIND SPEED    22   HIGHEST WIND DIRECTION     W (290)
  HIGHEST GUST SPEED    26   HIGHEST GUST DIRECTION     W (290)
  AVERAGE WIND SPEED     9.3


SKY COVER
  POSSIBLE SUNSHINE  MM
  AVERAGE SKY COVER 0.8


WEATHER CONDITIONS
 THE FOLLOWING WEATHER WAS RECORDED YESTERDAY.
  THUNDERSTORM
  HEAVY RAIN
  RAIN
  LIGHT RAIN
  FOG


RELATIVE HUMIDITY (PERCENT)
 HIGHEST   100           100 AM
 LOWEST     49           300 PM
 AVERAGE    75

..........................................................


THE MEMPHIS CLIMATE NORMALS FOR TODAY
                         NORMAL    RECORD    YEAR
 MAXIMUM TEMPERATURE (F)   84        95      1962
 MINIMUM TEMPERATURE (F)   65        44      1925


SUNRISE AND SUNSET
MAY 25 2017...........SUNRISE   550 AM CDT   SUNSET   804 PM CDT
MAY 26 2017...........SUNRISE   549 AM CDT   SUNSET   805 PM CDT


-  INDICATES NEGATIVE NUMBERS.
R  INDICATES RECORD WAS SET OR TIED.
MM INDICATES DATA IS MISSING.
T  INDICATES TRACE AMOUNT.




$$
