000
CDUS44 KMEG 210738
CLIMEM


CLIMATE REPORT
NATIONAL WEATHER SERVICE MEMPHIS TN
137 AM CST TUE FEB 21 2017


...................................

...THE MEMPHIS CLIMATE SUMMARY FOR FEBRUARY 20 2017...

CLIMATE NORMAL PERIOD 1981 TO 2010
CLIMATE RECORD PERIOD 1872 TO 2017


WEATHER ITEM   OBSERVED TIME   RECORD YEAR NORMAL DEPARTURE LAST
                VALUE   (LST)  VALUE       VALUE  FROM      YEAR
                                                  NORMAL
..................................................................
TEMPERATURE (F)
 YESTERDAY
  MAXIMUM         79    410 PM  80    1986  56     23       68
  MINIMUM         56   1258 AM  13    1958  38     18       62
  AVERAGE         68                        47     21       65

PRECIPITATION (IN)
  YESTERDAY        0.00          2.48 1961   0.16  -0.16     0.00
  MONTH TO DATE    1.00                      3.09  -2.09     3.51
  SINCE DEC 1     12.59                     12.81  -0.22    10.55
  SINCE JAN 1      5.26                      7.07  -1.81     5.78

SNOWFALL (IN)
  YESTERDAY        0.0           4.3  1936   0.0    0.0      0.0
  MONTH TO DATE    0.0                       1.0   -1.0      0.0
  SINCE DEC 1      2.0                       3.1   -1.1      0.3
  SINCE JUL 1      2.0                       3.1   -1.1      0.3
  SNOW DEPTH       0

DEGREE DAYS
 HEATING
  YESTERDAY        0                        18    -18        0
  MONTH TO DATE  242                       412   -170      367
  SINCE DEC 1   1375                      1815   -440     1451
  SINCE JUL 1   1645                      2314   -669     1752

 COOLING
  YESTERDAY        3                         0      3        0
  MONTH TO DATE   14                         0     14        1
  SINCE DEC 1     19                         3     16       22
  SINCE JAN 1     16                         1     15        3
..................................................................


WIND (MPH)
  HIGHEST WIND SPEED    16   HIGHEST WIND DIRECTION    SE (140)
  HIGHEST GUST SPEED    26   HIGHEST GUST DIRECTION    NW (310)
  AVERAGE WIND SPEED     9.2


SKY COVER
  POSSIBLE SUNSHINE  MM
  AVERAGE SKY COVER 0.6


WEATHER CONDITIONS
 THE FOLLOWING WEATHER WAS RECORDED YESTERDAY.
  NO SIGNIFICANT WEATHER WAS OBSERVED.


RELATIVE HUMIDITY (PERCENT)
 HIGHEST    72           100 AM
 LOWEST     37           400 PM
 AVERAGE    55

..........................................................


THE MEMPHIS CLIMATE NORMALS FOR TODAY
                         NORMAL    RECORD    YEAR
 MAXIMUM TEMPERATURE (F)   57        78      1922
 MINIMUM TEMPERATURE (F)   38        15      1963


SUNRISE AND SUNSET
FEBRUARY 21 2017......SUNRISE   639 AM CST   SUNSET   549 PM CST
FEBRUARY 22 2017......SUNRISE   638 AM CST   SUNSET   549 PM CST


-  INDICATES NEGATIVE NUMBERS.
R  INDICATES RECORD WAS SET OR TIED.
MM INDICATES DATA IS MISSING.
T  INDICATES TRACE AMOUNT.


$$
