000
CDUS44 KMEG 202258
CLIMEM


CLIMATE REPORT
NATIONAL WEATHER SERVICE MEMPHIS TN
458 PM CST MON NOV 20 2017


...................................

...THE MEMPHIS CLIMATE SUMMARY FOR NOVEMBER 20 2017...
VALID TODAY AS OF 0400 PM LOCAL TIME.

CLIMATE NORMAL PERIOD 1981 TO 2010
CLIMATE RECORD PERIOD 1872 TO 2017


WEATHER ITEM   OBSERVED TIME   RECORD YEAR NORMAL DEPARTURE LAST
                VALUE   (LST)  VALUE       VALUE  FROM      YEAR
                                                  NORMAL
..................................................................
TEMPERATURE (F)
 TODAY
  MAXIMUM         55    259 PM  78    1979  61     -6       56
  MINIMUM         30    707 AM  16    1914  42    -12       33
  AVERAGE         43                        51     -8       45

PRECIPITATION (IN)
  TODAY            0.00          1.89 1900   0.21  -0.21     0.00
  MONTH TO DATE    1.79                      3.45  -1.66     0.67
  SINCE SEP 1      7.44                     10.52  -3.08     2.56
  SINCE JAN 1     44.10                     45.90  -1.80    52.37

SNOWFALL (IN)
  TODAY            0.0

DEGREE DAYS
 HEATING
  TODAY           22                        14      8       20
  MONTH TO DATE  180                       210    -30      120
  SINCE SEP 1    311                       341    -30      138
  SINCE JUL 1    311                       341    -30      138

 COOLING
  TODAY            0                         0      0        0
  MONTH TO DATE   22                        11     11       30
  SINCE SEP 1    486                       419     67      703
  SINCE JAN 1   2302                      2254     48     2804
..................................................................


WIND (MPH)
  HIGHEST WIND SPEED    10   HIGHEST WIND DIRECTION     S (180)
  HIGHEST GUST SPEED    13   HIGHEST GUST DIRECTION     S (170)
  AVERAGE WIND SPEED     3.0


SKY COVER
  POSSIBLE SUNSHINE  MM
  AVERAGE SKY COVER 0.4


WEATHER CONDITIONS
 THE FOLLOWING WEATHER WAS RECORDED TODAY.
  NO SIGNIFICANT WEATHER WAS OBSERVED.


RELATIVE HUMIDITY (PERCENT)
 HIGHEST    85           200 AM
 LOWEST     32           300 PM
 AVERAGE    59

..........................................................


THE MEMPHIS CLIMATE NORMALS FOR TOMORROW
                         NORMAL    RECORD    YEAR
 MAXIMUM TEMPERATURE (F)   60        77      1943
                                             1913
                                             1883
 MINIMUM TEMPERATURE (F)   42        18      1937


SUNRISE AND SUNSET
NOVEMBER 20 2017......SUNRISE   640 AM CST   SUNSET   451 PM CST
NOVEMBER 21 2017......SUNRISE   641 AM CST   SUNSET   451 PM CST


-  INDICATES NEGATIVE NUMBERS.
R  INDICATES RECORD WAS SET OR TIED.
MM INDICATES DATA IS MISSING.
T  INDICATES TRACE AMOUNT.




$$
