000
CDUS44 KMEG 012146
CLIMEM


CLIMATE REPORT
NATIONAL WEATHER SERVICE MEMPHIS TN
446 PM CDT WED OCT 1 2014


...................................

...THE MEMPHIS CLIMATE SUMMARY FOR OCTOBER 1 2014...
VALID TODAY AS OF 0400 PM LOCAL TIME.

CLIMATE NORMAL PERIOD 1981 TO 2010
CLIMATE RECORD PERIOD 1872 TO 2014


WEATHER ITEM   OBSERVED TIME   RECORD YEAR NORMAL DEPARTURE LAST
                VALUE   (LST)  VALUE       VALUE  FROM      YEAR
                                                  NORMAL
..................................................................
TEMPERATURE (F)
 TODAY
  MAXIMUM         89    129 PM  95    1953  80      9       85
  MINIMUM         68    549 AM  40    1984  59      9       69
                                      1949
  AVERAGE         79                        69     10       77

PRECIPITATION (IN)
  TODAY            0.00          2.64 1925   0.12  -0.12     0.00
  MONTH TO DATE    0.00                      0.12  -0.12     0.00
  SINCE SEP 1      4.75                      3.21   1.54     2.69
  SINCE JAN 1     48.47                     38.59   9.88    48.64

SNOWFALL (IN)
  TODAY            0.0

DEGREE DAYS
 HEATING
  TODAY            0                         1     -1        0
  MONTH TO DATE    0                         1     -1        0
  SINCE SEP 1      1                        12    -11        0
  SINCE JUL 1      1                        12    -11        0

 COOLING
  TODAY           14                         6      8       12
  MONTH TO DATE   14                         6      8       12
  SINCE SEP 1    359                       322     37      413
  SINCE JAN 1   2065                      2157    -92     2139
..................................................................


WIND (MPH)
  HIGHEST WIND SPEED    15   HIGHEST WIND DIRECTION     S (180)
  HIGHEST GUST SPEED    25   HIGHEST GUST DIRECTION    SW (230)
  AVERAGE WIND SPEED     6.8


SKY COVER
  POSSIBLE SUNSHINE  MM
  AVERAGE SKY COVER 0.4


WEATHER CONDITIONS
 THE FOLLOWING WEATHER WAS RECORDED TODAY.
  NO SIGNIFICANT WEATHER WAS OBSERVED.


RELATIVE HUMIDITY (PERCENT)
 HIGHEST    73           500 AM
 LOWEST     43           200 PM
 AVERAGE    58

..........................................................


THE MEMPHIS CLIMATE NORMALS FOR TOMORROW
                         NORMAL    RECORD    YEAR
 MAXIMUM TEMPERATURE (F)   79        93      1986
                                             1954
 MINIMUM TEMPERATURE (F)   59        39      1984


SUNRISE AND SUNSET
OCTOBER  1 2014.......SUNRISE   655 AM CDT   SUNSET   644 PM CDT
OCTOBER  2 2014.......SUNRISE   655 AM CDT   SUNSET   642 PM CDT


-  INDICATES NEGATIVE NUMBERS.
R  INDICATES RECORD WAS SET OR TIED.
MM INDICATES DATA IS MISSING.
T  INDICATES TRACE AMOUNT.




$$
