000
CDUS44 KMEG 222304
CLIMEM


CLIMATE REPORT
NATIONAL WEATHER SERVICE MEMPHIS TN
504 PM CST MON DEC 22 2014


...................................

...THE MEMPHIS CLIMATE SUMMARY FOR DECEMBER 22 2014...
VALID TODAY AS OF 0500 PM LOCAL TIME.

CLIMATE NORMAL PERIOD 1981 TO 2010
CLIMATE RECORD PERIOD 1872 TO 2014


WEATHER ITEM   OBSERVED TIME   RECORD YEAR NORMAL DEPARTURE LAST
                VALUE   (LST)  VALUE       VALUE  FROM      YEAR
                                                  NORMAL
..................................................................
TEMPERATURE (F)
 TODAY
  MAXIMUM         60    109 PM  70    1982  51      9       56
  MINIMUM         47    328 AM  -4    1989  34     13       38
  AVERAGE         54                        42     12       47

PRECIPITATION (IN)
  TODAY            T             1.67 2004   0.19  -0.19      T
  MONTH TO DATE    1.97                      4.23  -2.26     4.74
  SINCE DEC 1      1.97                      4.23  -2.26     4.74
  SINCE JAN 1     57.00                     52.17   4.83    59.35

SNOWFALL (IN)
  TODAY           MM

DEGREE DAYS
 HEATING
  TODAY           11                        23    -12       18
  MONTH TO DATE  385                       456    -71      440
  SINCE DEC 1    385                       456    -71      440
  SINCE JUL 1    994                       955     39     1025

 COOLING
  TODAY            0                         0      0        0
  MONTH TO DATE    0                         0      0        3
  SINCE DEC 1      0                         0      0        3
  SINCE JAN 1   2161                      2256    -95     2245
..................................................................


WIND (MPH)
  HIGHEST WIND SPEED    20   HIGHEST WIND DIRECTION     S (160)
  HIGHEST GUST SPEED    25   HIGHEST GUST DIRECTION     S (160)
  AVERAGE WIND SPEED    10.9


SKY COVER
  POSSIBLE SUNSHINE  MM
  AVERAGE SKY COVER 1.0


WEATHER CONDITIONS
 THE FOLLOWING WEATHER WAS RECORDED TODAY.
  LIGHT RAIN
  FOG


RELATIVE HUMIDITY (PERCENT)
 HIGHEST    93           400 AM
 LOWEST     75           100 PM
 AVERAGE    84

..........................................................


THE MEMPHIS CLIMATE NORMALS FOR TOMORROW
                         NORMAL    RECORD    YEAR
 MAXIMUM TEMPERATURE (F)   50        73      1931
                                             1921
                                             1889
 MINIMUM TEMPERATURE (F)   34        -8      1963


SUNRISE AND SUNSET
DECEMBER 22 2014......SUNRISE   705 AM CST   SUNSET   453 PM CST
DECEMBER 23 2014......SUNRISE   705 AM CST   SUNSET   453 PM CST


-  INDICATES NEGATIVE NUMBERS.
R  INDICATES RECORD WAS SET OR TIED.
MM INDICATES DATA IS MISSING.
T  INDICATES TRACE AMOUNT.




$$
