000
CDUS41 KCLE 152219
CLIMFD


CLIMATE REPORT
NATIONAL WEATHER SERVICE CLEVELAND OH
518 PM EST FRI DEC 15 2017


...................................

...THE MANSFIELD OH CLIMATE SUMMARY FOR DECEMBER 15 2017...
VALID TODAY AS OF 0500 PM LOCAL TIME.

CLIMATE NORMAL PERIOD 1981 TO 2010
CLIMATE RECORD PERIOD 1916 TO 2017


WEATHER ITEM   OBSERVED TIME   RECORD YEAR NORMAL DEPARTURE LAST
                VALUE   (LST)  VALUE       VALUE  FROM      YEAR
                                                  NORMAL
..................................................................
TEMPERATURE (F)
 TODAY
  MAXIMUM         26    242 PM  67    1971  36    -10       14
  MINIMUM          7    317 AM  -6    1917  23    -16        4
  AVERAGE         17                        30    -13        9

PRECIPITATION (IN)
  TODAY            0.01                      0.10  -0.09     0.00
  MONTH TO DATE    0.78                      1.63  -0.85     1.28
  SINCE DEC 1      0.78                      1.63  -0.85     1.28
  SINCE JAN 1     48.20                     42.53   5.67    33.38

SNOWFALL (IN)
  TODAY            0.2                       0.3   -0.1      0.0
  MONTH TO DATE    5.3                       4.3    1.0      8.8
  SINCE DEC 1      5.3                       4.3    1.0      8.8
  SINCE JUL 1      5.4                       7.0   -1.6      9.0
  SNOW DEPTH       3

DEGREE DAYS
 HEATING
  TODAY           48                        35     13       56
  MONTH TO DATE  518                       496     22      561
  SINCE DEC 1    518                       496     22      561
  SINCE JUL 1   1600                      1777   -177     1438

 COOLING
  TODAY            0                         0      0        0
  MONTH TO DATE    0                         0      0        0
  SINCE DEC 1      0                         0      0        0
  SINCE JAN 1    748                       632    116     1084
..................................................................


WIND (MPH)
  HIGHEST WIND SPEED    21   HIGHEST WIND DIRECTION    SW (210)
  HIGHEST GUST SPEED    26   HIGHEST GUST DIRECTION    SW (210)


SKY COVER
  POSSIBLE SUNSHINE  MM
  AVERAGE SKY COVER 0.7


WEATHER CONDITIONS
 THE FOLLOWING WEATHER WAS RECORDED TODAY.
  LIGHT SNOW
  FOG


RELATIVE HUMIDITY (PERCENT)
 HIGHEST    92           600 AM
 LOWEST     62          1200 PM
 AVERAGE    77

..........................................................


THE MANSFIELD OH CLIMATE NORMALS FOR TOMORROW
                         NORMAL    RECORD    YEAR
 MAXIMUM TEMPERATURE (F)   36        62      1984
 MINIMUM TEMPERATURE (F)   23       -12      1951


SUNRISE AND SUNSET
DECEMBER 15 2017......SUNRISE   747 AM EST   SUNSET   503 PM EST
DECEMBER 16 2017......SUNRISE   748 AM EST   SUNSET   504 PM EST


-  INDICATES NEGATIVE NUMBERS.
R  INDICATES RECORD WAS SET OR TIED.
MM INDICATES DATA IS MISSING.
T  INDICATES TRACE AMOUNT.




$$
