000
CDUS41 KCLE 290529
CLIMFD


CLIMATE REPORT
NATIONAL WEATHER SERVICE CLEVELAND OH
1228 AM EST MON DEC 29 2014


...................................

...THE MANSFIELD OH CLIMATE SUMMARY FOR DECEMBER 28 2014...

CLIMATE NORMAL PERIOD 1981 TO 2010
CLIMATE RECORD PERIOD 1916 TO 2014


WEATHER ITEM   OBSERVED TIME   RECORD YEAR NORMAL DEPARTURE LAST
                VALUE   (LST)  VALUE       VALUE  FROM      YEAR
                                                  NORMAL
..................................................................
TEMPERATURE (F)
 YESTERDAY
  MAXIMUM         46   1204 AM  65    1984  33     13       51
  MINIMUM         27   1154 PM  -4    1961  20      7       37
  AVERAGE         37                        27     10       44

PRECIPITATION (IN)
  YESTERDAY        0.21                      0.10   0.11     0.00
  MONTH TO DATE    1.86                      2.98  -1.12     3.92
  SINCE DEC 1      1.86                      2.98  -1.12     3.92
  SINCE JAN 1     36.52                     43.88  -7.36    42.76

SNOWFALL (IN)
  YESTERDAY        T                         0.5   -0.5      0.0
  MONTH TO DATE    0.2                       9.3   -9.1     13.8
  SINCE DEC 1      0.2                       9.3   -9.1     13.8
  SINCE JUL 1      6.1                      12.0   -5.9     15.4
  SNOW DEPTH       0

DEGREE DAYS
 HEATING
  YESTERDAY       28                        38    -10       21
  MONTH TO DATE  834                       980   -146      950
  SINCE DEC 1    834                       980   -146      950
  SINCE JUL 1   2222                      2261    -39     2282

 COOLING
  YESTERDAY        0                         0      0        0
  MONTH TO DATE    0                         0      0        0
  SINCE DEC 1      0                         0      0        0
  SINCE JAN 1    623                       632     -9      741
..................................................................


WIND (MPH)
  HIGHEST WIND SPEED    16   HIGHEST WIND DIRECTION     W (280)
  HIGHEST GUST SPEED    24   HIGHEST GUST DIRECTION     W (270)
  AVERAGE WIND SPEED     5.9


SKY COVER
  POSSIBLE SUNSHINE  MM
  AVERAGE SKY COVER 0.7


WEATHER CONDITIONS
 THE FOLLOWING WEATHER WAS RECORDED YESTERDAY.
  RAIN
  LIGHT RAIN
  LIGHT SNOW
  FOG


RELATIVE HUMIDITY (PERCENT)
 HIGHEST   100           200 AM
 LOWEST     82          1200 PM
 AVERAGE    91

..........................................................


THE MANSFIELD OH CLIMATE NORMALS FOR TODAY
                         NORMAL    RECORD    YEAR
 MAXIMUM TEMPERATURE (F)   33        62      1984
 MINIMUM TEMPERATURE (F)   20        -7      1976
                                             1961


SUNRISE AND SUNSET
DECEMBER 29 2014......SUNRISE   754 AM EST   SUNSET   511 PM EST
DECEMBER 30 2014......SUNRISE   754 AM EST   SUNSET   511 PM EST


-  INDICATES NEGATIVE NUMBERS.
R  INDICATES RECORD WAS SET OR TIED.
MM INDICATES DATA IS MISSING.
T  INDICATES TRACE AMOUNT.




$$
