000
CDUS41 KCLE 031227
CLIMFD


CLIMATE REPORT
NATIONAL WEATHER SERVICE CLEVELAND OH
826 AM EDT THU SEP 3 2015


...................................

...THE MANSFIELD OH CLIMATE SUMMARY FOR SEPTEMBER 2 2015...

CLIMATE NORMAL PERIOD 1981 TO 2010
CLIMATE RECORD PERIOD 1916 TO 2015


WEATHER ITEM   OBSERVED TIME   RECORD YEAR NORMAL DEPARTURE LAST
                VALUE   (LST)  VALUE       VALUE  FROM      YEAR
                                                  NORMAL
..................................................................
TEMPERATURE (F)
 YESTERDAY
  MAXIMUM         87   1228 PM  97    1953  78      9       76
  MINIMUM         67    643 AM  36    1958  57     10       63
  AVERAGE         77                        68      9       70

PRECIPITATION (IN)
  YESTERDAY        0.03                      0.12  -0.09     0.05
  MONTH TO DATE    0.03                      0.25  -0.22     0.05
  SINCE SEP 1      0.03                      0.25  -0.22     0.05
  SINCE JAN 1     28.02                     31.08  -3.06    29.27

SNOWFALL (IN)
  YESTERDAY        0.0                       0.0    0.0      0.0
  MONTH TO DATE    0.0                       0.0    0.0      0.0
  SINCE SEP 1      0.0                       0.0    0.0      0.0
  SINCE JUL 1      0.0                       0.0    0.0      0.0
  SNOW DEPTH       0

DEGREE DAYS
 HEATING
  YESTERDAY        0                         1     -1        0
  MONTH TO DATE    0                         2     -2        0
  SINCE SEP 1      0                         2     -2        0
  SINCE JUL 1     17                        27    -10       27

 COOLING
  YESTERDAY       12                         4      8        5
  MONTH TO DATE   25                         8     17       17
  SINCE SEP 1     25                         8     17       17
  SINCE JAN 1    656                       570     86      571
..................................................................


WIND (MPH)
  HIGHEST WIND SPEED    22   HIGHEST WIND DIRECTION    NW (320)
  HIGHEST GUST SPEED    26   HIGHEST GUST DIRECTION    NW (320)
  AVERAGE WIND SPEED     6.1


SKY COVER
  POSSIBLE SUNSHINE  MM
  AVERAGE SKY COVER 0.2


WEATHER CONDITIONS
 THE FOLLOWING WEATHER WAS RECORDED YESTERDAY.
  THUNDERSTORM


RELATIVE HUMIDITY (PERCENT)
 HIGHEST    93           600 AM
 LOWEST     55           100 PM
 AVERAGE    74

..........................................................


THE MANSFIELD OH CLIMATE NORMALS FOR TODAY
                         NORMAL    RECORD    YEAR
 MAXIMUM TEMPERATURE (F)   78        97      1953
 MINIMUM TEMPERATURE (F)   57        32      1946


SUNRISE AND SUNSET
SEPTEMBER  3 2015.....SUNRISE   659 AM EDT   SUNSET   800 PM EDT
SEPTEMBER  4 2015.....SUNRISE   700 AM EDT   SUNSET   758 PM EDT


-  INDICATES NEGATIVE NUMBERS.
R  INDICATES RECORD WAS SET OR TIED.
MM INDICATES DATA IS MISSING.
T  INDICATES TRACE AMOUNT.




$$
