000
CDUS41 KCLE 302111
CLIMFD


CLIMATE REPORT
NATIONAL WEATHER SERVICE CLEVELAND OH
510 PM EDT TUE AUG 30 2016


...................................

...THE MANSFIELD OH CLIMATE SUMMARY FOR AUGUST 30 2016...
VALID TODAY AS OF 0500 PM LOCAL TIME.

CLIMATE NORMAL PERIOD 1981 TO 2010
CLIMATE RECORD PERIOD 1916 TO 2016


WEATHER ITEM   OBSERVED TIME   RECORD YEAR NORMAL DEPARTURE LAST
                VALUE   (LST)  VALUE       VALUE  FROM      YEAR
                                                  NORMAL
..................................................................
TEMPERATURE (F)
 TODAY
  MAXIMUM         87    359 PM  94    1953  79      8       85
                                      1932
  MINIMUM         60    546 AM  32    1946  58      2       67
  AVERAGE         74                        68      6       76

PRECIPITATION (IN)
  TODAY            0.00                      0.14  -0.14     0.14
  MONTH TO DATE    3.38                      4.23  -0.85     1.27
  SINCE JUN 1      7.22                     13.36  -6.14    10.20
  SINCE JAN 1     23.62                     30.69  -7.07    27.99

SNOWFALL (IN)
  TODAY            0.0                       0.0    0.0      0.0
  MONTH TO DATE    0.0                       0.0    0.0      0.0
  SINCE JUN 1      0.0                       0.0    0.0      0.0
  SINCE JUL 1      0.0                       0.0    0.0      0.0
  SNOW DEPTH       0

DEGREE DAYS
 HEATING
  TODAY            0                         1     -1        0
  MONTH TO DATE    0                        11    -11       14
  SINCE JUN 1     14                        72    -58       50
  SINCE JUL 1      1                        19    -18       17

 COOLING
  TODAY            9                         4      5       11
  MONTH TO DATE  333                       166    167      157
  SINCE JUN 1    833                       510    323      502
  SINCE JAN 1    895                       556    339      620
..................................................................


WIND (MPH)
  HIGHEST WIND SPEED    10   HIGHEST WIND DIRECTION    SW (210)
  HIGHEST GUST SPEED    14   HIGHEST GUST DIRECTION    SW (220)


SKY COVER
  POSSIBLE SUNSHINE  MM
  AVERAGE SKY COVER 0.0


WEATHER CONDITIONS
 THE FOLLOWING WEATHER WAS RECORDED TODAY.
  NO SIGNIFICANT WEATHER WAS OBSERVED.


RELATIVE HUMIDITY (PERCENT)
 HIGHEST    90           600 AM
 LOWEST     37           300 PM
 AVERAGE    64

..........................................................


THE MANSFIELD OH CLIMATE NORMALS FOR TOMORROW
                         NORMAL    RECORD    YEAR
 MAXIMUM TEMPERATURE (F)   78        97      1932
 MINIMUM TEMPERATURE (F)   58        36      1946


SUNRISE AND SUNSET
AUGUST 30 2016........SUNRISE   655 AM EDT   SUNSET   805 PM EDT
AUGUST 31 2016........SUNRISE   656 AM EDT   SUNSET   803 PM EDT


-  INDICATES NEGATIVE NUMBERS.
R  INDICATES RECORD WAS SET OR TIED.
MM INDICATES DATA IS MISSING.
T  INDICATES TRACE AMOUNT.




$$
