743
CDUS41 KCLE 240528
CLIMFD


CLIMATE REPORT
NATIONAL WEATHER SERVICE CLEVELAND OH
1227 AM EST TUE JAN 24 2017


...................................

...THE MANSFIELD OH CLIMATE SUMMARY FOR JANUARY 23 2017...

CLIMATE NORMAL PERIOD 1981 TO 2010
CLIMATE RECORD PERIOD 1916 TO 2017


WEATHER ITEM   OBSERVED TIME   RECORD YEAR NORMAL DEPARTURE LAST
                VALUE   (LST)  VALUE       VALUE  FROM      YEAR
                                                  NORMAL
..................................................................
TEMPERATURE (F)
 YESTERDAY
  MAXIMUM         50    104 AM  63    1967  33     17       27
  MINIMUM         39   1159 PM -19    1963  18     21       12
  AVERAGE         45                        25     20       20

PRECIPITATION (IN)
  YESTERDAY        1.26                      0.08   1.18      T
  MONTH TO DATE    5.25                      2.18   3.07     1.46
  SINCE DEC 1      8.39                      5.47   2.92     5.62
  SINCE JAN 1      5.25                      2.18   3.07     1.46

SNOWFALL (IN)
  YESTERDAY        0.0                       0.4   -0.4       T
  MONTH TO DATE    2.3                       9.9   -7.6      8.4
  SINCE DEC 1     13.3                      20.4   -7.1      8.6
  SINCE JUL 1     13.5                      23.1   -9.6      8.6
  SNOW DEPTH       0

DEGREE DAYS
 HEATING
  YESTERDAY       20                        40    -20       45
  MONTH TO DATE  724                       912   -188      942
  SINCE DEC 1   1832                      2008   -176     1622
  SINCE JUL 1   2709                      3289   -580     2562

 COOLING
  YESTERDAY        0                         0      0        0
  MONTH TO DATE    0                         0      0        0
  SINCE DEC 1      0                         0      0        0
  SINCE JAN 1      0                         0      0        0
..................................................................


WIND (MPH)
  HIGHEST WIND SPEED    15   HIGHEST WIND DIRECTION     N (20)
  HIGHEST GUST SPEED    19   HIGHEST GUST DIRECTION    NE (30)
  AVERAGE WIND SPEED     8.3


SKY COVER
  POSSIBLE SUNSHINE  MM
  AVERAGE SKY COVER 0.9


WEATHER CONDITIONS
 THE FOLLOWING WEATHER WAS RECORDED YESTERDAY.
  RAIN
  LIGHT RAIN
  FOG


RELATIVE HUMIDITY (PERCENT)
 HIGHEST   100           500 AM
 LOWEST     92           500 PM
 AVERAGE    96

..........................................................


THE MANSFIELD OH CLIMATE NORMALS FOR TODAY
                         NORMAL    RECORD    YEAR
 MAXIMUM TEMPERATURE (F)   33        63      1972
                                             1950
 MINIMUM TEMPERATURE (F)   18       -20      1963


SUNRISE AND SUNSET
JANUARY 24 2017.......SUNRISE   747 AM EST   SUNSET   538 PM EST
JANUARY 25 2017.......SUNRISE   746 AM EST   SUNSET   539 PM EST


-  INDICATES NEGATIVE NUMBERS.
R  INDICATES RECORD WAS SET OR TIED.
MM INDICATES DATA IS MISSING.
T  INDICATES TRACE AMOUNT.




$$
