000
CDUS44 KBRO 280637
CLIMFE


CLIMATE REPORT
NATIONAL WEATHER SERVICE BROWNSVILLE TX
136 AM CDT THU JUL 28 2016


...................................

...THE MCALLEN CLIMATE SUMMARY FOR JULY 27 2016...

CLIMATE NORMAL PERIOD 1981 TO 2010
CLIMATE RECORD PERIOD 1961 TO 2016


WEATHER ITEM   OBSERVED TIME   RECORD YEAR NORMAL DEPARTURE LAST
                VALUE   (LST)  VALUE       VALUE  FROM      YEAR
                                                  NORMAL
..................................................................
TEMPERATURE (F)
 YESTERDAY
  MAXIMUM        101    322 PM 104    2009  98      3      101
                                      1994
  MINIMUM         83    627 AM  71    1968  77      6       81
  AVERAGE         92                        87      5

PRECIPITATION (IN)
  YESTERDAY        0.00          1.07 2007   0.05  -0.05     0.00
  MONTH TO DATE    0.25                      1.81  -1.56     0.25
  SINCE JUN 1      0.49                      4.39  -3.90     5.64
  SINCE JAN 1      8.46                     11.17  -2.71    17.11

SNOWFALL (IN)
  YESTERDAY        0.0
  MONTH TO DATE    0.0
  SINCE JUN 1      0.0
  SINCE JUL 1      0.0

DEGREE DAYS
 HEATING
  YESTERDAY        0                         0      0        0
  MONTH TO DATE    0                         0      0        0
  SINCE JUN 1      0                         0      0        0
  SINCE JUL 1      0                         0      0        0

 COOLING
  YESTERDAY       27                        22      5       26
  MONTH TO DATE  714                       584    130      649
  SINCE JUN 1   1371                      1212    159     1290
  SINCE JAN 1   2989                      2467    522     2535
..................................................................


WIND (MPH)
  HIGHEST WIND SPEED    22   HIGHEST WIND DIRECTION    SE (120)
  HIGHEST GUST SPEED    28   HIGHEST GUST DIRECTION    SE (130)
  AVERAGE WIND SPEED    14.0



WEATHER CONDITIONS
 THE FOLLOWING WEATHER WAS RECORDED YESTERDAY.
  NO SIGNIFICANT WEATHER WAS OBSERVED.


RELATIVE HUMIDITY (PERCENT)
 HIGHEST    85
 LOWEST     35
 AVERAGE    60

..........................................................


THE MCALLEN CLIMATE NORMALS FOR TODAY
                         NORMAL    RECORD    YEAR
 MAXIMUM TEMPERATURE (F)   98       104      1988
 MINIMUM TEMPERATURE (F)   77        71      1961


SUNRISE AND SUNSET
JULY 28 2016..........SUNRISE   657 AM CDT   SUNSET   822 PM CDT
JULY 29 2016..........SUNRISE   657 AM CDT   SUNSET   821 PM CDT


-  INDICATES NEGATIVE NUMBERS.
R  INDICATES RECORD WAS SET OR TIED.
MM INDICATES DATA IS MISSING.
T  INDICATES TRACE AMOUNT.




$$
