000
CDUS44 KBRO 230628
CLIMFE


CLIMATE REPORT
NATIONAL WEATHER SERVICE BROWNSVILLE TX
128 AM CDT WED JUL 23 2014


...................................

...THE MCALLEN CLIMATE SUMMARY FOR JULY 22 2014...

CLIMATE NORMAL PERIOD 1981 TO 2010
CLIMATE RECORD PERIOD 1941 TO 2014


WEATHER ITEM   OBSERVED TIME   RECORD YEAR NORMAL DEPARTURE LAST
                VALUE   (LST)  VALUE       VALUE  FROM      YEAR
                                                  NORMAL
..................................................................
TEMPERATURE (F)
 YESTERDAY
  MAXIMUM        102    335 PM 105    2009  97      5       99
  MINIMUM         80    703 AM  68    1976  76      4       80
  AVERAGE         91                        87      4

PRECIPITATION (IN)
  YESTERDAY        0.00          0.68 1972   0.05  -0.05     0.00
  MONTH TO DATE    0.60                      1.55  -0.95     1.16
  SINCE JUN 1      0.90                      4.13  -3.23     2.04
  SINCE JAN 1      3.78                     10.91  -7.13     5.46

SNOWFALL (IN)
  YESTERDAY        0.0
  MONTH TO DATE    0.0
  SINCE JUN 1      0.0
  SINCE JUL 1      0.0

DEGREE DAYS
 HEATING
  YESTERDAY        0                         0      0        0
  MONTH TO DATE    0                         0      0        0
  SINCE JUN 1      0                         0      0        0
  SINCE JUL 1      0                         0      0        0

 COOLING
  YESTERDAY       26                        22      4       25
  MONTH TO DATE  483                       474      9      468
  SINCE JUN 1   1153                      1102     51     1145
  SINCE JAN 1   2209                      2357   -148     2441
..................................................................


WIND (MPH)
  HIGHEST WIND SPEED    22   HIGHEST WIND DIRECTION    SE (130)
  HIGHEST GUST SPEED    28   HIGHEST GUST DIRECTION    SE (130)
  AVERAGE WIND SPEED    12.7



WEATHER CONDITIONS
 THE FOLLOWING WEATHER WAS RECORDED YESTERDAY.
  NO SIGNIFICANT WEATHER WAS OBSERVED.


RELATIVE HUMIDITY (PERCENT)
 HIGHEST    94
 LOWEST     37
 AVERAGE    66

..........................................................


THE MCALLEN CLIMATE NORMALS FOR TODAY
                         NORMAL    RECORD    YEAR
 MAXIMUM TEMPERATURE (F)   98       106      2009
 MINIMUM TEMPERATURE (F)   76        65      1945


SUNRISE AND SUNSET
JULY 23 2014..........SUNRISE   654 AM CDT   SUNSET   824 PM CDT
JULY 24 2014..........SUNRISE   655 AM CDT   SUNSET   824 PM CDT


-  INDICATES NEGATIVE NUMBERS.
R  INDICATES RECORD WAS SET OR TIED.
MM INDICATES DATA IS MISSING.
T  INDICATES TRACE AMOUNT.




$$
