000
CDUS44 KBRO 240626
CLIMFE


CLIMATE REPORT
NATIONAL WEATHER SERVICE BROWNSVILLE TX
126 AM CDT FRI MAR 24 2017


...................................

...THE MCALLEN CLIMATE SUMMARY FOR MARCH 23 2017...

CLIMATE NORMAL PERIOD 1981 TO 2010
CLIMATE RECORD PERIOD 1961 TO 2017


WEATHER ITEM   OBSERVED TIME   RECORD YEAR NORMAL DEPARTURE LAST
                VALUE   (LST)  VALUE       VALUE  FROM      YEAR
                                                  NORMAL
..................................................................
TEMPERATURE (F)
 YESTERDAY
  MAXIMUM         88    256 PM 102    2013  84      4       93
  MINIMUM         67    606 AM  42    1968  61      6       68
  AVERAGE         78                        72      6

PRECIPITATION (IN)
  YESTERDAY        0.00          0.50 2006   0.04  -0.04     0.00
  MONTH TO DATE    2.52                      0.76   1.76     0.03
  SINCE MAR 1      2.52                      0.76   1.76     0.03
  SINCE JAN 1      4.15                      2.92   1.23     0.43

SNOWFALL (IN)
  YESTERDAY        0.0
  MONTH TO DATE    0.0
  SINCE MAR 1      0.0
  SINCE JUL 1      0.0

DEGREE DAYS
 HEATING
  YESTERDAY        0                         1     -1        0
  MONTH TO DATE    1                        34    -33        6
  SINCE MAR 1      1                        34    -33        6
  SINCE JUL 1    189                       567   -378      317

 COOLING
  YESTERDAY       13                         8      5       16
  MONTH TO DATE  235                       147     88      259
  SINCE MAR 1    235                       147     88      259
  SINCE JAN 1    716                       306    410      464
..................................................................


WIND (MPH)
  HIGHEST WIND SPEED    32   HIGHEST WIND DIRECTION    SE (130)
  HIGHEST GUST SPEED    40   HIGHEST GUST DIRECTION    SE (140)
  AVERAGE WIND SPEED    17.2



WEATHER CONDITIONS
 THE FOLLOWING WEATHER WAS RECORDED YESTERDAY.
  NO SIGNIFICANT WEATHER WAS OBSERVED.


RELATIVE HUMIDITY (PERCENT)
 HIGHEST    93
 LOWEST     45
 AVERAGE    69

..........................................................


THE MCALLEN CLIMATE NORMALS FOR TODAY
                         NORMAL    RECORD    YEAR
 MAXIMUM TEMPERATURE (F)   84        97      1996
 MINIMUM TEMPERATURE (F)   61        42      1974


SUNRISE AND SUNSET
MARCH 24 2017.........SUNRISE   732 AM CDT   SUNSET   746 PM CDT
MARCH 25 2017.........SUNRISE   731 AM CDT   SUNSET   747 PM CDT


-  INDICATES NEGATIVE NUMBERS.
R  INDICATES RECORD WAS SET OR TIED.
MM INDICATES DATA IS MISSING.
T  INDICATES TRACE AMOUNT.




$$
