000
CDUS44 KBRO 210626
CLIMFE


CLIMATE REPORT
NATIONAL WEATHER SERVICE BROWNSVILLE TX
126 AM CDT TUE OCT 21 2014


...................................

...THE MCALLEN CLIMATE SUMMARY FOR OCTOBER 20 2014...

CLIMATE NORMAL PERIOD 1981 TO 2010
CLIMATE RECORD PERIOD 1941 TO 2014


WEATHER ITEM   OBSERVED TIME   RECORD YEAR NORMAL DEPARTURE LAST
                VALUE   (LST)  VALUE       VALUE  FROM      YEAR
                                                  NORMAL
..................................................................
TEMPERATURE (F)
 YESTERDAY
  MAXIMUM         88    226 PM  96    1962  87      1       81
  MINIMUM         69    135 AM  48    1966  66      3       62
  AVERAGE         79                        76      3

PRECIPITATION (IN)
  YESTERDAY        0.04          2.12 2002   0.06  -0.02     0.00
  MONTH TO DATE    0.11                      1.44  -1.33     0.03
  SINCE SEP 1     11.34                      5.91   5.43     6.25
  SINCE JAN 1     18.20                     19.48  -1.28    12.19

SNOWFALL (IN)
  YESTERDAY        0.0
  MONTH TO DATE    0.0
  SINCE SEP 1      0.0
  SINCE JUL 1      0.0

DEGREE DAYS
 HEATING
  YESTERDAY        0                         0      0        0
  MONTH TO DATE    0                         0      0        0
  SINCE SEP 1      0                         0      0        0
  SINCE JUL 1      0                         0      0        0

 COOLING
  YESTERDAY       14                        12      2        7
  MONTH TO DATE  309                       269     40      288
  SINCE SEP 1    836                       817     19      833
  SINCE JAN 1   4031                      4068    -37     4220
..................................................................


WIND (MPH)
  HIGHEST WIND SPEED    17   HIGHEST WIND DIRECTION     N (20)
  HIGHEST GUST SPEED    23   HIGHEST GUST DIRECTION    NE (40)
  AVERAGE WIND SPEED     6.6



WEATHER CONDITIONS
 THE FOLLOWING WEATHER WAS RECORDED YESTERDAY.
  NO SIGNIFICANT WEATHER WAS OBSERVED.


RELATIVE HUMIDITY (PERCENT)
 HIGHEST    90
 LOWEST     53
 AVERAGE    72

..........................................................


THE MCALLEN CLIMATE NORMALS FOR TODAY
                         NORMAL    RECORD    YEAR
 MAXIMUM TEMPERATURE (F)   87        95      2004
                                             1984
 MINIMUM TEMPERATURE (F)   66        45      1964


SUNRISE AND SUNSET
OCTOBER 21 2014.......SUNRISE   735 AM CDT   SUNSET   659 PM CDT
OCTOBER 22 2014.......SUNRISE   736 AM CDT   SUNSET   659 PM CDT


-  INDICATES NEGATIVE NUMBERS.
R  INDICATES RECORD WAS SET OR TIED.
MM INDICATES DATA IS MISSING.
T  INDICATES TRACE AMOUNT.




$$
