000
CDUS44 KBRO 122227
CLIMFE


CLIMATE REPORT
NATIONAL WEATHER SERVICE BROWNSVILLE TX
425 PM CST FRI FEB 12 2016


...................................

...THE MCALLEN CLIMATE SUMMARY FOR FEBRUARY 12 2016...
VALID TODAY AS OF 0400 PM LOCAL TIME.

CLIMATE NORMAL PERIOD 1981 TO 2010
CLIMATE RECORD PERIOD 1941 TO 2016


WEATHER ITEM   OBSERVED TIME   RECORD YEAR NORMAL DEPARTURE LAST
                VALUE   (LST)  VALUE       VALUE  FROM      YEAR
                                                  NORMAL
..................................................................
TEMPERATURE (F)
 TODAY
  MAXIMUM         88    339 PM  92    1995  75     13       74
  MINIMUM         54    714 AM  28    1955  54      0       58
  AVERAGE         71                        64      7       66

PRECIPITATION (IN)
  TODAY            0.00          1.00 1980   0.04  -0.04      T
  MONTH TO DATE    0.00                      0.51  -0.51     0.37
  SINCE DEC 1      0.44                      2.75  -2.31     1.39
  SINCE JAN 1      0.40                      1.56  -1.16     0.54

SNOWFALL (IN)
  TODAY            0.0
  MONTH TO DATE    0.0
  SINCE DEC 1      0.0
  SINCE JUL 1      0.0
  SNOW DEPTH       0

DEGREE DAYS
 HEATING
  TODAY            0                         4     -4        0
  MONTH TO DATE   38                        57    -19       48
  SINCE DEC 1    273                       424   -151      454
  SINCE JUL 1    307                       484   -177      583

 COOLING
  TODAY            6                         3      3        1
  MONTH TO DATE   26                        34     -8       24
  SINCE DEC 1    215                       179     36      124
  SINCE JAN 1     71                        96    -25       41
..................................................................


WIND (MPH)
  HIGHEST WIND SPEED    17   HIGHEST WIND DIRECTION     S (170)
  HIGHEST GUST SPEED    23   HIGHEST GUST DIRECTION     S (170)
  AVERAGE WIND SPEED     9.6



WEATHER CONDITIONS
 THE FOLLOWING WEATHER WAS RECORDED TODAY.
  NO SIGNIFICANT WEATHER WAS OBSERVED.


..........................................................


THE MCALLEN CLIMATE NORMALS FOR TOMORROW
                         NORMAL    RECORD    YEAR
 MAXIMUM TEMPERATURE (F)   75        92      2009
 MINIMUM TEMPERATURE (F)   54        28      1958


SUNRISE AND SUNSET
FEBRUARY 12 2016......SUNRISE   711 AM CST   SUNSET   624 PM CST
FEBRUARY 13 2016......SUNRISE   710 AM CST   SUNSET   624 PM CST


-  INDICATES NEGATIVE NUMBERS.
R  INDICATES RECORD WAS SET OR TIED.
MM INDICATES DATA IS MISSING.
T  INDICATES TRACE AMOUNT.




$$
