000
CDUS44 KBRO 172232
CLIMFE


CLIMATE REPORT
NATIONAL WEATHER SERVICE BROWNSVILLE TX
432 PM CST FRI NOV 17 2017


...................................

...THE MCALLEN CLIMATE SUMMARY FOR NOVEMBER 17 2017...
VALID TODAY AS OF 0400 PM LOCAL TIME.

CLIMATE NORMAL PERIOD 1981 TO 2010
CLIMATE RECORD PERIOD 1961 TO 2017


WEATHER ITEM   OBSERVED TIME   RECORD YEAR NORMAL DEPARTURE LAST
                VALUE   (LST)  VALUE       VALUE  FROM      YEAR
                                                  NORMAL
..................................................................
TEMPERATURE (F)
 TODAY
  MAXIMUM         88    321 PM  91    2013  80      8       88
  MINIMUM         70    651 AM  40    2014  59     11       62
                                      2008
  AVERAGE         79                        69     10       75

PRECIPITATION (IN)
  TODAY            0.00          0.48 1976   0.02  -0.02     0.00
  MONTH TO DATE    2.99                      0.55   2.44     1.86
  SINCE SEP 1     11.57                      7.10   4.47     3.70
  SINCE JAN 1     18.36                     20.67  -2.31    13.00

SNOWFALL (IN)
  TODAY            0.0
  MONTH TO DATE    0.0
  SINCE SEP 1      0.0
  SINCE JUL 1      0.0
  SNOW DEPTH       0

DEGREE DAYS
 HEATING
  TODAY            0                         2     -2        0
  MONTH TO DATE    9                        20    -11        0
  SINCE SEP 1     19                        25     -6        0
  SINCE JUL 1     19                        25     -6        0

 COOLING
  TODAY           14                         6      8       10
  MONTH TO DATE  214                       127     87      205
  SINCE SEP 1   1273                      1058    215     1487
  SINCE JAN 1   5539                      4309   1230     5389
..................................................................


WIND (MPH)
  HIGHEST WIND SPEED    20   HIGHEST WIND DIRECTION     S (160)
  HIGHEST GUST SPEED    26   HIGHEST GUST DIRECTION    SE (150)
  AVERAGE WIND SPEED    10.5



WEATHER CONDITIONS
 THE FOLLOWING WEATHER WAS RECORDED TODAY.
  FOG


..........................................................


THE MCALLEN CLIMATE NORMALS FOR TOMORROW
                         NORMAL    RECORD    YEAR
 MAXIMUM TEMPERATURE (F)   79        91      2016
                                             1988
 MINIMUM TEMPERATURE (F)   58        32      2014


SUNRISE AND SUNSET
NOVEMBER 17 2017......SUNRISE   653 AM CST   SUNSET   543 PM CST
NOVEMBER 18 2017......SUNRISE   654 AM CST   SUNSET   542 PM CST


-  INDICATES NEGATIVE NUMBERS.
R  INDICATES RECORD WAS SET OR TIED.
MM INDICATES DATA IS MISSING.
T  INDICATES TRACE AMOUNT.




$$
