000
CDUS44 KBRO 250627
CLIMFE


CLIMATE REPORT
NATIONAL WEATHER SERVICE BROWNSVILLE TX
126 AM CDT TUE APR 25 2017


...................................

...THE MCALLEN CLIMATE SUMMARY FOR APRIL 24 2017...

CLIMATE NORMAL PERIOD 1981 TO 2010
CLIMATE RECORD PERIOD 1961 TO 2017


WEATHER ITEM   OBSERVED TIME   RECORD YEAR NORMAL DEPARTURE LAST
                VALUE   (LST)  VALUE       VALUE  FROM      YEAR
                                                  NORMAL
..................................................................
TEMPERATURE (F)
 YESTERDAY
  MAXIMUM         87    338 PM 100    2000  88     -1       91
  MINIMUM         59    623 AM  53    2013  68     -9       67
  AVERAGE         73                        78     -5

PRECIPITATION (IN)
  YESTERDAY        0.00          2.18 1981   0.06  -0.06     0.03
  MONTH TO DATE    0.73                      0.98  -0.25     0.59
  SINCE MAR 1      3.25                      2.01   1.24     0.62
  SINCE JAN 1      4.88                      4.17   0.71     1.02

SNOWFALL (IN)
  YESTERDAY        0.0
  MONTH TO DATE    0.0
  SINCE MAR 1      0.0
  SINCE JUL 1      0.0

DEGREE DAYS
 HEATING
  YESTERDAY        0                         0      0        0
  MONTH TO DATE    0                         3     -3        1
  SINCE MAR 1      1                        41    -40        7
  SINCE JUL 1    189                       574   -385      318

 COOLING
  YESTERDAY        8                        13     -5       14
  MONTH TO DATE  359                       273     86      329
  SINCE MAR 1    720                       491    229      690
  SINCE JAN 1   1201                       650    551      895
..................................................................


WIND (MPH)
  HIGHEST WIND SPEED    18   HIGHEST WIND DIRECTION    SE (150)
  HIGHEST GUST SPEED    23   HIGHEST GUST DIRECTION    SE (150)
  AVERAGE WIND SPEED     8.2



WEATHER CONDITIONS
 THE FOLLOWING WEATHER WAS RECORDED YESTERDAY.
  NO SIGNIFICANT WEATHER WAS OBSERVED.


RELATIVE HUMIDITY (PERCENT)
 HIGHEST    79
 LOWEST     36
 AVERAGE    58

..........................................................


THE MCALLEN CLIMATE NORMALS FOR TODAY
                         NORMAL    RECORD    YEAR
 MAXIMUM TEMPERATURE (F)   88        99      1961
 MINIMUM TEMPERATURE (F)   68        56      1968


SUNRISE AND SUNSET
APRIL 25 2017.........SUNRISE   700 AM CDT   SUNSET   802 PM CDT
APRIL 26 2017.........SUNRISE   659 AM CDT   SUNSET   802 PM CDT


-  INDICATES NEGATIVE NUMBERS.
R  INDICATES RECORD WAS SET OR TIED.
MM INDICATES DATA IS MISSING.
T  INDICATES TRACE AMOUNT.




$$
