000
CDUS44 KBRO 210733
CLIMFE


CLIMATE REPORT
NATIONAL WEATHER SERVICE BROWNSVILLE TX
133 AM CST SUN DEC 21 2014


...................................

...THE MCALLEN CLIMATE SUMMARY FOR DECEMBER 20 2014...

CLIMATE NORMAL PERIOD 1981 TO 2010
CLIMATE RECORD PERIOD 1941 TO 2014


WEATHER ITEM   OBSERVED TIME   RECORD YEAR NORMAL DEPARTURE LAST
                VALUE   (LST)  VALUE       VALUE  FROM      YEAR
                                                  NORMAL
..................................................................
TEMPERATURE (F)
 YESTERDAY
  MAXIMUM         62   1246 AM  89    2007  71     -9       84
  MINIMUM         56   1159 PM  27    1996  51      5       66
  AVERAGE         59                        61     -2

PRECIPITATION (IN)
  YESTERDAY        T             0.36 1983   0.04  -0.04     0.00
  MONTH TO DATE    0.47                      0.74  -0.27     0.02
  SINCE DEC 1      0.47                      0.74  -0.27     0.02
  SINCE JAN 1     19.74                     21.75  -2.01    15.49

SNOWFALL (IN)
  YESTERDAY        0.0
  MONTH TO DATE    0.0
  SINCE DEC 1      0.0
  SINCE JUL 1      0.0

DEGREE DAYS
 HEATING
  YESTERDAY        6                         6      0        0
  MONTH TO DATE   28                       103    -75      149
  SINCE DEC 1     28                       103    -75      149
  SINCE JUL 1    157                       163     -6      275

 COOLING
  YESTERDAY        0                         2     -2       10
  MONTH TO DATE   74                        60     14       34
  SINCE DEC 1     74                        60     14       34
  SINCE JAN 1   4308                      4429   -121     4569
..................................................................


WIND (MPH)
  HIGHEST WIND SPEED    14   HIGHEST WIND DIRECTION     N (10)
  HIGHEST GUST SPEED    17   HIGHEST GUST DIRECTION     N (350)
  AVERAGE WIND SPEED     8.4



WEATHER CONDITIONS
 THE FOLLOWING WEATHER WAS RECORDED YESTERDAY.
  LIGHT RAIN
  FOG


RELATIVE HUMIDITY (PERCENT)
 HIGHEST    93
 LOWEST     78
 AVERAGE    86

..........................................................


THE MCALLEN CLIMATE NORMALS FOR TODAY
                         NORMAL    RECORD    YEAR
 MAXIMUM TEMPERATURE (F)   71        90      1948
                                             1949
 MINIMUM TEMPERATURE (F)   51        26      1973


SUNRISE AND SUNSET
DECEMBER 21 2014......SUNRISE   716 AM CST   SUNSET   546 PM CST
DECEMBER 22 2014......SUNRISE   717 AM CST   SUNSET   547 PM CST


-  INDICATES NEGATIVE NUMBERS.
R  INDICATES RECORD WAS SET OR TIED.
MM INDICATES DATA IS MISSING.
T  INDICATES TRACE AMOUNT.




$$
