000
CDUS44 KBRO 060626
CLIMFE


CLIMATE REPORT
NATIONAL WEATHER SERVICE BROWNSVILLE TX
125 AM CDT FRI MAY 6 2016


...................................

...THE MCALLEN CLIMATE SUMMARY FOR MAY 5 2016...

CLIMATE NORMAL PERIOD 1981 TO 2010
CLIMATE RECORD PERIOD 1961 TO 2016


WEATHER ITEM   OBSERVED TIME   RECORD YEAR NORMAL DEPARTURE LAST
                VALUE   (LST)  VALUE       VALUE  FROM      YEAR
                                                  NORMAL
..................................................................
TEMPERATURE (F)
 YESTERDAY
  MAXIMUM         97    158 PM 106    1999  90      7       87
  MINIMUM         62    559 AM  52    1970  70     -8       76
  AVERAGE         80                        80      0

PRECIPITATION (IN)
  YESTERDAY        0.00          1.02 1991   0.08  -0.08     0.00
  MONTH TO DATE    T                         0.34  -0.34      T
  SINCE MAR 1      0.62                      2.71  -2.09     5.98
  SINCE JAN 1      1.02                      4.87  -3.85     6.57

SNOWFALL (IN)
  YESTERDAY        0.0
  MONTH TO DATE    0.0
  SINCE MAR 1      0.0
  SINCE JUL 1      0.0

DEGREE DAYS
 HEATING
  YESTERDAY        0                         0      0        0
  MONTH TO DATE    0                         0      0        0
  SINCE MAR 1      7                        46    -39       66
  SINCE JUL 1    318                       579   -261      756

 COOLING
  YESTERDAY       15                        15      0       17
  MONTH TO DATE   71                        72     -1       68
  SINCE MAR 1    893                       644    249      664
  SINCE JAN 1   1098                       803    295      749
..................................................................


WIND (MPH)
  HIGHEST WIND SPEED    17   HIGHEST WIND DIRECTION    SE (130)
  HIGHEST GUST SPEED    21   HIGHEST GUST DIRECTION    SE (140)
  AVERAGE WIND SPEED     6.5



WEATHER CONDITIONS
 THE FOLLOWING WEATHER WAS RECORDED YESTERDAY.
  NO SIGNIFICANT WEATHER WAS OBSERVED.


RELATIVE HUMIDITY (PERCENT)
 HIGHEST    81
 LOWEST     19
 AVERAGE    50

..........................................................


THE MCALLEN CLIMATE NORMALS FOR TODAY
                         NORMAL    RECORD    YEAR
 MAXIMUM TEMPERATURE (F)   90       100      1971
 MINIMUM TEMPERATURE (F)   70        57      1979
                                             1970


SUNRISE AND SUNSET
MAY  6 2016...........SUNRISE   652 AM CDT   SUNSET   808 PM CDT
MAY  7 2016...........SUNRISE   651 AM CDT   SUNSET   808 PM CDT


-  INDICATES NEGATIVE NUMBERS.
R  INDICATES RECORD WAS SET OR TIED.
MM INDICATES DATA IS MISSING.
T  INDICATES TRACE AMOUNT.




$$
