743
CDUS44 KBRO 192235
CLIMFE


CLIMATE REPORT
NATIONAL WEATHER SERVICE BROWNSVILLE TX
435 PM CST FRI JAN 19 2018


...................................

...THE MCALLEN CLIMATE SUMMARY FOR JANUARY 19 2018...
VALID TODAY AS OF 0400 PM LOCAL TIME.

CLIMATE NORMAL PERIOD 1981 TO 2010
CLIMATE RECORD PERIOD 1961 TO 2018


WEATHER ITEM   OBSERVED TIME   RECORD YEAR NORMAL DEPARTURE LAST
                VALUE   (LST)  VALUE       VALUE  FROM      YEAR
                                                  NORMAL
..................................................................
TEMPERATURE (F)
 TODAY
  MAXIMUM         56    359 PM  89    1990  71    -15       69
  MINIMUM         42    553 AM  29    1977  51     -9       61
  AVERAGE         49                        61    -12       65

PRECIPITATION (IN)
  TODAY            0.07          0.67 1981   0.03   0.04     0.50
  MONTH TO DATE    0.33                      0.62  -0.29     0.77
  SINCE DEC 1      1.56                      1.81  -0.25     1.40
  SINCE JAN 1      0.33                      0.62  -0.29     0.77

SNOWFALL (IN)
  TODAY           MM
  MONTH TO DATE    T
  SINCE DEC 1      0.3
  SINCE JUL 1      0.3
  SNOW DEPTH       0

DEGREE DAYS
 HEATING
  TODAY           16                         6     10        0
  MONTH TO DATE  213                       125     88       60
  SINCE DEC 1    425                       302    123      146
  SINCE JUL 1    454                       362     92      153

 COOLING
  TODAY            0                         2     -2        0
  MONTH TO DATE   13                        38    -25      131
  SINCE DEC 1    101                       121    -20      314
  SINCE JAN 1     13                        38    -25      131
..................................................................


WIND (MPH)
  HIGHEST WIND SPEED    12   HIGHEST WIND DIRECTION    NW (320)
  HIGHEST GUST SPEED    15   HIGHEST GUST DIRECTION    NW (320)
  AVERAGE WIND SPEED     6.4



WEATHER CONDITIONS
 THE FOLLOWING WEATHER WAS RECORDED TODAY.
  LIGHT RAIN
  FOG
  HAZE


..........................................................


THE MCALLEN CLIMATE NORMALS FOR TOMORROW
                         NORMAL    RECORD    YEAR
 MAXIMUM TEMPERATURE (F)   71        88      2012
                                             1999
 MINIMUM TEMPERATURE (F)   51        31      1985


SUNRISE AND SUNSET
JANUARY 19 2018.......SUNRISE   721 AM CST   SUNSET   606 PM CST
JANUARY 20 2018.......SUNRISE   721 AM CST   SUNSET   607 PM CST


-  INDICATES NEGATIVE NUMBERS.
R  INDICATES RECORD WAS SET OR TIED.
MM INDICATES DATA IS MISSING.
T  INDICATES TRACE AMOUNT.




$$
