396
CDUS44 KBRO 292136
CLIMFE


CLIMATE REPORT
NATIONAL WEATHER SERVICE BROWNSVILLE TX
436 PM CDT MON MAY 29 2017


...................................

...THE MCALLEN CLIMATE SUMMARY FOR MAY 29 2017...
VALID TODAY AS OF 0400 PM LOCAL TIME.

CLIMATE NORMAL PERIOD 1981 TO 2010
CLIMATE RECORD PERIOD 1961 TO 2017


WEATHER ITEM   OBSERVED TIME   RECORD YEAR NORMAL DEPARTURE LAST
                VALUE   (LST)  VALUE       VALUE  FROM      YEAR
                                                  NORMAL
..................................................................
TEMPERATURE (F)
 TODAY
  MAXIMUM         88    333 PM 102    2005  94     -6       94
  MINIMUM         71    314 AM  64    1992  74     -3       79
  AVERAGE         80                        84     -4       87

PRECIPITATION (IN)
  TODAY            0.68          1.34 1992   0.08   0.60     0.00
  MONTH TO DATE    0.99                      2.09  -1.10     4.98
  SINCE MAR 1      4.24                      4.46  -0.22     5.60
  SINCE JAN 1      5.87                      6.62  -0.75     6.00

SNOWFALL (IN)
  TODAY            0.0
  MONTH TO DATE    0.0
  SINCE MAR 1      0.0
  SINCE JUL 1      0.0
  SNOW DEPTH       0

DEGREE DAYS
 HEATING
  TODAY            0                         0      0        0
  MONTH TO DATE    0                         0      0        0
  SINCE MAR 1      1                        46    -45        7
  SINCE JUL 1    189                       579   -390      318

 COOLING
  TODAY           15                        19     -4       22
  MONTH TO DATE  571                       485     86      551
  SINCE MAR 1   1419                      1057    362     1373
  SINCE JAN 1   1900                      1216    684     1578
..................................................................


WIND (MPH)
  HIGHEST WIND SPEED    23   HIGHEST WIND DIRECTION     N (340)
  HIGHEST GUST SPEED    29   HIGHEST GUST DIRECTION     N (340)
  AVERAGE WIND SPEED     7.8



WEATHER CONDITIONS
 THE FOLLOWING WEATHER WAS RECORDED TODAY.
  THUNDERSTORM
  HEAVY RAIN
  RAIN
  LIGHT RAIN
  FOG
  HAZE


..........................................................


THE MCALLEN CLIMATE NORMALS FOR TOMORROW
                         NORMAL    RECORD    YEAR
 MAXIMUM TEMPERATURE (F)   95       103      2004
 MINIMUM TEMPERATURE (F)   74        65      1984


SUNRISE AND SUNSET
MAY 29 2017...........SUNRISE   641 AM CDT   SUNSET   820 PM CDT
MAY 30 2017...........SUNRISE   641 AM CDT   SUNSET   820 PM CDT


-  INDICATES NEGATIVE NUMBERS.
R  INDICATES RECORD WAS SET OR TIED.
MM INDICATES DATA IS MISSING.
T  INDICATES TRACE AMOUNT.




$$
