000
CDUS46 KMFR 221251
CLIMFR

CLIMATE REPORT
NATIONAL WEATHER SERVICE MEDFORD, OR
450 AM PST MON DEC 22 2014


...................................

...THE MEDFORD OR CLIMATE SUMMARY FOR DECEMBER 21 2014...

CLIMATE NORMAL PERIOD 1981 TO 2010
CLIMATE RECORD PERIOD 1911 TO 2014


WEATHER ITEM   OBSERVED TIME   RECORD YEAR NORMAL DEPARTURE LAST
                VALUE   (LST)  VALUE       VALUE  FROM      YEAR
                                                  NORMAL
..................................................................
TEMPERATURE (F)
 YESTERDAY
  MAXIMUM         65R   320 PM  63    1940  45     20       48
                                      1919
  MINIMUM         49   1210 AM  -4    1990  32     17       32
  AVERAGE         57                        39     18       40

PRECIPITATION (IN)
  YESTERDAY        0.28          2.27 1955   0.12   0.16     0.00
  MONTH TO DATE    1.66                      2.45  -0.79     0.35
  SINCE SEP 1      8.24                      7.17   1.07     4.43
  SINCE JAN 1     19.63                     17.31   2.32     8.98

SNOWFALL (IN)
  YESTERDAY        0.0                       0.1   -0.1      0.0
  MONTH TO DATE    0.0                       0.9   -0.9      3.4
  SINCE JUL 1      0.0                       1.1   -1.1      3.4
  SNOW DEPTH       0

DEGREE DAYS
 HEATING
  YESTERDAY        8                        26    -18       25
  MONTH TO DATE  363                       534   -171      745
  SINCE DEC 1    363                       534   -171      745
  SINCE JUL 1   1037                      1503   -466     1796

 COOLING
  YESTERDAY        0                         0      0        0
  MONTH TO DATE    0                         0      0        0
  SINCE DEC 1      0                         0      0        0
  SINCE JAN 1   1238                       829    409     1057
..................................................................


WIND (MPH)
  HIGHEST WIND SPEED    10   HIGHEST WIND DIRECTION     N (360)
  HIGHEST GUST SPEED    12   HIGHEST GUST DIRECTION     S (190)
  AVERAGE WIND SPEED     3.6


SKY COVER
  POSSIBLE SUNSHINE  MM
  AVERAGE SKY COVER 1.0


WEATHER CONDITIONS
 THE FOLLOWING WEATHER WAS RECORDED YESTERDAY.
  RAIN
  LIGHT RAIN
  FOG


RELATIVE HUMIDITY (PERCENT)
 HIGHEST   100          1200 AM
 LOWEST     67           500 PM
 AVERAGE    84

..........................................................


THE MEDFORD OR CLIMATE NORMALS FOR TODAY
                         NORMAL    RECORD    YEAR
 MAXIMUM TEMPERATURE (F)   45        66      1964
 MINIMUM TEMPERATURE (F)   32         0      1990


SUNRISE AND SUNSET
DECEMBER 22 2014......SUNRISE   738 AM PST   SUNSET   442 PM PST
DECEMBER 23 2014......SUNRISE   738 AM PST   SUNSET   443 PM PST


-  INDICATES NEGATIVE NUMBERS.
R  INDICATES RECORD WAS SET OR TIED.
MM INDICATES DATA IS MISSING.
T  INDICATES TRACE AMOUNT.

&&

LOW TEMEPRATURE THIS MORNING...53 DEGREES
24 HOUR PRECIPITATION..........0.16 INCHES

$$
