000
CDUS46 KMFR 280038
CLIMFR


CLIMATE REPORT
NATIONAL WEATHER SERVICE MEDFORD, OR
438 PM PST MON FEB 27 2017


...................................

...THE MEDFORD OR CLIMATE SUMMARY FOR FEBRUARY 27 2017...
VALID TODAY AS OF 0400 PM LOCAL TIME.

CLIMATE NORMAL PERIOD 1981 TO 2010
CLIMATE RECORD PERIOD 1911 TO 2017


WEATHER ITEM   OBSERVED TIME   RECORD YEAR NORMAL DEPARTURE LAST
                VALUE   (LST)  VALUE       VALUE  FROM      YEAR
                                                  NORMAL
..................................................................
TEMPERATURE (F)
 TODAY
  MAXIMUM         44    229 PM  75    1992  57    -13       58
                                      1990
  MINIMUM         34    715 AM  13    1962  35     -1       39
  AVERAGE         39                        46     -7       49

PRECIPITATION (IN)
  TODAY            0.01          0.69 2006   0.07  -0.06     0.00
  MONTH TO DATE    4.12                      1.94   2.18     1.03
  SINCE OCT 1     20.70                     12.01   8.69    15.01
  SINCE JAN 1      9.01                      4.37   4.64     5.25

SNOWFALL (IN)
  TODAY            T                         0.0    0.0      0.0
  MONTH TO DATE    T                         0.6   -0.6      1.2
  SINCE JUL 1     11.8                       3.6    8.2      1.9
  SNOW DEPTH       0

DEGREE DAYS
 HEATING
  TODAY           26                        19      7       16
  MONTH TO DATE  526                       563    -37      457
  SINCE DEC 1   2251                      2126    125     1830
  SINCE JUL 1   3024                      3095    -71     2634

 COOLING
  TODAY            0                         0      0        0
  MONTH TO DATE    0                         0      0        0
  SINCE DEC 1      0                         0      0        0
  SINCE JAN 1      0                         0      0        0
..................................................................


WIND (MPH)
  HIGHEST WIND SPEED    14   HIGHEST WIND DIRECTION    NW (300)
  HIGHEST GUST SPEED    17   HIGHEST GUST DIRECTION     W (280)
  AVERAGE WIND SPEED     1.5


SKY COVER
  POSSIBLE SUNSHINE  MM
  AVERAGE SKY COVER 0.9


WEATHER CONDITIONS
 THE FOLLOWING WEATHER WAS RECORDED TODAY.
  LIGHT RAIN
  LIGHT SNOW
  FOG


RELATIVE HUMIDITY (PERCENT)
 HIGHEST   100           400 AM
 LOWEST     70          1200 PM
 AVERAGE    85

..........................................................


THE MEDFORD OR CLIMATE NORMALS FOR TOMORROW
                         NORMAL    RECORD    YEAR
 MAXIMUM TEMPERATURE (F)   57        77      1968
 MINIMUM TEMPERATURE (F)   35        19      1960
                                             1913


SUNRISE AND SUNSET
FEBRUARY 27 2017......SUNRISE   649 AM PST   SUNSET   559 PM PST
FEBRUARY 28 2017......SUNRISE   648 AM PST   SUNSET   601 PM PST


-  INDICATES NEGATIVE NUMBERS.
R  INDICATES RECORD WAS SET OR TIED.
MM INDICATES DATA IS MISSING.
T  INDICATES TRACE AMOUNT.




$$
