000
CDUS46 KMFR 020842
CLIMFR


CLIMATE REPORT
NATIONAL WEATHER SERVICE MEDFORD, OR
142 AM PDT THU OCT 2 2014


...................................

...THE MEDFORD OR CLIMATE SUMMARY FOR OCTOBER 1 2014...

CLIMATE NORMAL PERIOD 1981 TO 2010
CLIMATE RECORD PERIOD 1911 TO 2014


WEATHER ITEM   OBSERVED TIME   RECORD YEAR NORMAL DEPARTURE LAST
                VALUE   (LST)  VALUE       VALUE  FROM      YEAR
                                                  NORMAL
..................................................................
TEMPERATURE (F)
 YESTERDAY
  MAXIMUM         75    509 PM  98    1988  78     -3       64
  MINIMUM         42    624 AM  29    1950  46     -4       43
  AVERAGE         59                        62     -3       54

PRECIPITATION (IN)
  YESTERDAY        0.00          0.74 1937   0.02  -0.02      T
  MONTH TO DATE    0.00                      0.02  -0.02      T
  SINCE SEP 1      2.04                      0.59   1.45     2.76
  SINCE JAN 1     13.43                     10.73   2.70     7.31

SNOWFALL (IN)
  YESTERDAY        0.0                       0.0    0.0      0.0
  MONTH TO DATE    0.0                       0.0    0.0      0.0
  SINCE JUL 1      0.0                       0.0    0.0      0.0
  SNOW DEPTH       0

DEGREE DAYS
 HEATING
  YESTERDAY        6                         4      2       11
  MONTH TO DATE    6                         4      2       11
  SINCE SEP 1     18                        63    -45       95
  SINCE JUL 1     18                        73    -55       95

 COOLING
  YESTERDAY        0                         1     -1        0
  MONTH TO DATE    0                         1     -1        0
  SINCE SEP 1    203                       113     90      142
  SINCE JAN 1   1217                       820    397     1057
..................................................................


WIND (MPH)
  HIGHEST WIND SPEED     8   HIGHEST WIND DIRECTION     S (170)
  HIGHEST GUST SPEED    13   HIGHEST GUST DIRECTION     N (340)
  AVERAGE WIND SPEED     2.2


SKY COVER
  POSSIBLE SUNSHINE  MM
  AVERAGE SKY COVER 0.0


WEATHER CONDITIONS
 THE FOLLOWING WEATHER WAS RECORDED YESTERDAY.
  NO SIGNIFICANT WEATHER WAS OBSERVED.


RELATIVE HUMIDITY (PERCENT)
 HIGHEST    92           300 AM
 LOWEST     29           400 PM
 AVERAGE    61

..........................................................


THE MEDFORD OR CLIMATE NORMALS FOR TODAY
                         NORMAL    RECORD    YEAR
 MAXIMUM TEMPERATURE (F)   78        99      1980
 MINIMUM TEMPERATURE (F)   45        31      1950


SUNRISE AND SUNSET
OCTOBER  2 2014.......SUNRISE   710 AM PDT   SUNSET   651 PM PDT
OCTOBER  3 2014.......SUNRISE   711 AM PDT   SUNSET   649 PM PDT


-  INDICATES NEGATIVE NUMBERS.
R  INDICATES RECORD WAS SET OR TIED.
MM INDICATES DATA IS MISSING.
T  INDICATES TRACE AMOUNT.




$$
