000
CDUS46 KMFR 230835
CLIMFR


CLIMATE REPORT
NATIONAL WEATHER SERVICE MEDFORD, OR
135 AM PDT WED AUG 23 2017


...................................

...THE MEDFORD OR CLIMATE SUMMARY FOR AUGUST 22 2017...

CLIMATE NORMAL PERIOD 1981 TO 2010
CLIMATE RECORD PERIOD 1911 TO 2017


WEATHER ITEM   OBSERVED TIME   RECORD YEAR NORMAL DEPARTURE LAST
                VALUE   (LST)  VALUE       VALUE  FROM      YEAR
                                                  NORMAL
..................................................................
TEMPERATURE (F)
 YESTERDAY
  MAXIMUM         89    329 PM 104    1988  90     -1       95
                                      1942
  MINIMUM         57    619 AM  43    1943  56      1       57
  AVERAGE         73                        73      0       76

PRECIPITATION (IN)
  YESTERDAY        0.00          0.40 1983   0.02  -0.02     0.00
  MONTH TO DATE    0.14                      0.27  -0.13     0.00
  SINCE OCT 1     24.91                     17.65   7.26    19.77
  SINCE JAN 1     13.22                     10.01   3.21    10.01

SNOWFALL (IN)
  YESTERDAY        0.0                       0.0    0.0      0.0
  MONTH TO DATE    0.0                       0.0    0.0      0.0
  SINCE JUL 1      0.0                       0.0    0.0      0.0
  SNOW DEPTH       0

DEGREE DAYS
 HEATING
  YESTERDAY        0                         0      0        0
  MONTH TO DATE    0                         0      0        0
  SINCE JUN 1     45                        60    -15       42
  SINCE JUL 1      0                         6     -6        2

 COOLING
  YESTERDAY        8                         8      0       11
  MONTH TO DATE  318                       213    105      302
  SINCE JUN 1    943                       607    336      796
  SINCE JAN 1   1030                       645    385      857
..................................................................


WIND (MPH)
  HIGHEST WIND SPEED     8   HIGHEST WIND DIRECTION     N (20)
  HIGHEST GUST SPEED    10   HIGHEST GUST DIRECTION    NE (30)
  AVERAGE WIND SPEED     1.8


SKY COVER
  POSSIBLE SUNSHINE  MM
  AVERAGE SKY COVER 0.9


WEATHER CONDITIONS
 THE FOLLOWING WEATHER WAS RECORDED YESTERDAY.
  HAZE


RELATIVE HUMIDITY (PERCENT)
 HIGHEST    80           500 AM
 LOWEST     30           200 PM
 AVERAGE    55

..........................................................


THE MEDFORD OR CLIMATE NORMALS FOR TODAY
                         NORMAL    RECORD    YEAR
 MAXIMUM TEMPERATURE (F)   90       105      1917
 MINIMUM TEMPERATURE (F)   56        44      1971


SUNRISE AND SUNSET
AUGUST 23 2017........SUNRISE   628 AM PDT   SUNSET   800 PM PDT
AUGUST 24 2017........SUNRISE   629 AM PDT   SUNSET   758 PM PDT


-  INDICATES NEGATIVE NUMBERS.
R  INDICATES RECORD WAS SET OR TIED.
MM INDICATES DATA IS MISSING.
T  INDICATES TRACE AMOUNT.




$$
