000
CDUS46 KMFR 021822
CLIMFR

CLIMATE REPORT
NATIONAL WEATHER SERVICE MEDFORD, OR
1120 AM PDT WED SEP 2 2015


...................................

...THE MEDFORD OR CLIMATE SUMMARY FOR SEPTEMBER 1 2015...

CLIMATE NORMAL PERIOD 1981 TO 2010
CLIMATE RECORD PERIOD 1911 TO 2015


WEATHER ITEM   OBSERVED TIME   RECORD YEAR NORMAL DEPARTURE LAST
                VALUE   (LST)  VALUE       VALUE  FROM      YEAR
                                                  NORMAL
..................................................................
TEMPERATURE (F)
 YESTERDAY
  MAXIMUM         86    419 PM 107    1998  87     -1       92
                                      1988
  MINIMUM         55    553 AM  38    1924  54      1       53
  AVERAGE         71                        71      0       73

PRECIPITATION (IN)
  YESTERDAY        0.00          0.82 1941   0.01  -0.01     0.00
  MONTH TO DATE    0.00                      0.01  -0.01     0.00
  SINCE OCT 1     14.32                     17.79  -3.47    13.07
  SINCE JAN 1      7.47                     10.15  -2.68    11.39

SNOWFALL (IN)
  YESTERDAY        0.0                       0.0    0.0      0.0
  MONTH TO DATE    0.0                       0.0    0.0      0.0
  SINCE JUL 1      0.0                       0.0    0.0      0.0
  SNOW DEPTH       0

DEGREE DAYS
 HEATING
  YESTERDAY        0                         1     -1        0
  MONTH TO DATE    0                         1     -1        0
  SINCE SEP 1      0                         1     -1        0
  SINCE JUL 1      0                        11    -11        0

 COOLING
  YESTERDAY        6                         6      0        8
  MONTH TO DATE    6                         6      0        8
  SINCE SEP 1      6                         6      0        8
  SINCE JAN 1   1136                       713    423     1022
..................................................................


WIND (MPH)
  HIGHEST WIND SPEED    20   HIGHEST WIND DIRECTION     W (290)
  HIGHEST GUST SPEED    28   HIGHEST GUST DIRECTION     W (290)
  AVERAGE WIND SPEED     6.5


SKY COVER
  POSSIBLE SUNSHINE  MM
  AVERAGE SKY COVER 0.0


WEATHER CONDITIONS
 THE FOLLOWING WEATHER WAS RECORDED YESTERDAY.
  NO SIGNIFICANT WEATHER WAS OBSERVED.


RELATIVE HUMIDITY (PERCENT)
 HIGHEST    72           600 AM
 LOWEST     20           600 PM
 AVERAGE    46

..........................................................


THE MEDFORD OR CLIMATE NORMALS FOR TODAY
                         NORMAL    RECORD    YEAR
 MAXIMUM TEMPERATURE (F)   87       110      1988
 MINIMUM TEMPERATURE (F)   54        40      1975


SUNRISE AND SUNSET
SEPTEMBER  2 2015.....SUNRISE   638 AM PDT   SUNSET   744 PM PDT
SEPTEMBER  3 2015.....SUNRISE   639 AM PDT   SUNSET   742 PM PDT


-  INDICATES NEGATIVE NUMBERS.
R  INDICATES RECORD WAS SET OR TIED.
MM INDICATES DATA IS MISSING.
T  INDICATES TRACE AMOUNT.

&&

LOW TEMPERATURE THIS MORNING...58 DEGREES
24-HOUR PRECIPITATION..........0

$$
