025
CDUS46 KMFR 031418
CLIMFR

CLIMATE REPORT
NATIONAL WEATHER SERVICE MEDFORD, OR
615 AM PST SAT DEC 3 2016


...................................

...THE MEDFORD OR CLIMATE SUMMARY FOR DECEMBER 2 2016...

CLIMATE NORMAL PERIOD 1981 TO 2010
CLIMATE RECORD PERIOD 1911 TO 2016


WEATHER ITEM   OBSERVED TIME   RECORD YEAR NORMAL DEPARTURE LAST
                VALUE   (LST)  VALUE       VALUE  FROM      YEAR
                                                  NORMAL
..................................................................
TEMPERATURE (F)
 YESTERDAY
  MAXIMUM         45    426 PM  65    1958  47     -2       61
  MINIMUM         36    851 AM  19    1969  34      2       41
  AVERAGE         41                        41      0       51

PRECIPITATION (IN)
  YESTERDAY        T             3.30 1962   0.13  -0.13     0.13
  MONTH TO DATE    T                         0.25  -0.25     0.23
  SINCE OCT 1      7.13                      4.40   2.73     2.26
  SINCE JAN 1     17.15                     15.11   2.04     9.98

SNOWFALL (IN)
  YESTERDAY        0.0                       0.0    0.0      0.0
  MONTH TO DATE    0.0                       0.0    0.0      0.0
  SINCE JUL 1      0.0                       0.2   -0.2      0.0
  SNOW DEPTH       0

DEGREE DAYS
 HEATING
  YESTERDAY       24                        24      0       14
  MONTH TO DATE   50                        48      2       43
  SINCE DEC 1     50                        48      2       43
  SINCE JUL 1    823                      1017   -194      847

 COOLING
  YESTERDAY        0                         0      0        0
  MONTH TO DATE    0                         0      0        0
  SINCE DEC 1      0                         0      0        0
  SINCE JAN 1   1058                       829    229     1297
..................................................................


WIND (MPH)
  HIGHEST WIND SPEED     9   HIGHEST WIND DIRECTION     S (160)
  HIGHEST GUST SPEED    11   HIGHEST GUST DIRECTION     S (160)
  AVERAGE WIND SPEED     1.6


SKY COVER
  POSSIBLE SUNSHINE  MM
  AVERAGE SKY COVER 1.0


WEATHER CONDITIONS
 THE FOLLOWING WEATHER WAS RECORDED YESTERDAY.
  FOG


RELATIVE HUMIDITY (PERCENT)
 HIGHEST   100           100 AM
 LOWEST     70           100 PM
 AVERAGE    85

..........................................................


THE MEDFORD OR CLIMATE NORMALS FOR TODAY
                         NORMAL    RECORD    YEAR
 MAXIMUM TEMPERATURE (F)   47        68      1979
 MINIMUM TEMPERATURE (F)   34        18      1936


SUNRISE AND SUNSET
DECEMBER  3 2016......SUNRISE   724 AM PST   SUNSET   439 PM PST
DECEMBER  4 2016......SUNRISE   725 AM PST   SUNSET   439 PM PST


-  INDICATES NEGATIVE NUMBERS.
R  INDICATES RECORD WAS SET OR TIED.
MM INDICATES DATA IS MISSING.
T  INDICATES TRACE AMOUNT.



&&

LOW TEMPERATURE THIS MORNING....42 DEGREES
24-HOUR PRECIPITATION.........TRACE

$$
