000
CDUS46 KMFR 281303
CLIMFR

CLIMATE REPORT
NATIONAL WEATHER SERVICE MEDFORD, OR
600 AM PDT THU AUG 28 2014


...................................

...THE MEDFORD OR CLIMATE SUMMARY FOR AUGUST 27 2014...

CLIMATE NORMAL PERIOD 1981 TO 2010
CLIMATE RECORD PERIOD 1911 TO 2014


WEATHER ITEM   OBSERVED TIME   RECORD YEAR NORMAL DEPARTURE LAST
                VALUE   (LST)  VALUE       VALUE  FROM      YEAR
                                                  NORMAL
..................................................................
TEMPERATURE (F)
 YESTERDAY
  MAXIMUM         98    403 PM 106    1972  89      9       89
  MINIMUM         61    501 AM  39    1962  55      6       54
  AVERAGE         80                        72      8       72

PRECIPITATION (IN)
  YESTERDAY        0.00          0.20 1920   0.02  -0.02     0.00
  MONTH TO DATE    0.63                      0.34   0.29     0.42
  SINCE SEP 1     15.83                     18.29  -2.46    17.30
  SINCE JAN 1     11.39                     10.08   1.31     4.55

SNOWFALL (IN)
  YESTERDAY        0.0                       0.0    0.0      0.0
  MONTH TO DATE    0.0                       0.0    0.0      0.0
  SINCE JUL 1      0.0                       0.0    0.0      0.0
  SNOW DEPTH       0

DEGREE DAYS
 HEATING
  YESTERDAY        0                         0      0        0
  MONTH TO DATE    0                         0      0        0
  SINCE JUN 1     22                        60    -38       35
  SINCE JUL 1      0                         6     -6        0

 COOLING
  YESTERDAY       15                         7      8        7
  MONTH TO DATE  337                       250     87      254
  SINCE JUN 1    919                       644    275      837
  SINCE JAN 1    975                       682    293      872
..................................................................


WIND (MPH)
  HIGHEST WIND SPEED    15   HIGHEST WIND DIRECTION    NW (310)
  HIGHEST GUST SPEED    22   HIGHEST GUST DIRECTION    NW (310)
  AVERAGE WIND SPEED     3.7


SKY COVER
  POSSIBLE SUNSHINE  MM
  AVERAGE SKY COVER 0.2


WEATHER CONDITIONS
 THE FOLLOWING WEATHER WAS RECORDED YESTERDAY.

  HAZE


RELATIVE HUMIDITY (PERCENT)
 HIGHEST    60           400 AM
 LOWEST     17           200 PM
 AVERAGE    39

..........................................................


THE MEDFORD OR CLIMATE NORMALS FOR TODAY
                         NORMAL    RECORD    YEAR
 MAXIMUM TEMPERATURE (F)   88       104      1967
 MINIMUM TEMPERATURE (F)   55        41      1937


SUNRISE AND SUNSET
AUGUST 28 2014........SUNRISE   632 AM PDT   SUNSET   752 PM PDT
AUGUST 29 2014........SUNRISE   634 AM PDT   SUNSET   750 PM PDT


-  INDICATES NEGATIVE NUMBERS.
R  INDICATES RECORD WAS SET OR TIED.
MM INDICATES DATA IS MISSING.
T  INDICATES TRACE AMOUNT.

&&

LOW TEMPERATURE SINCE MIDNIGHT...65 DEGREES
24-HOUR PRECIPITATION............0

$$
