000
CDUS46 KMFR 150037
CLIMFR


CLIMATE REPORT
NATIONAL WEATHER SERVICE MEDFORD, OR
437 PM PST THU DEC 14 2017


...................................

...THE MEDFORD OR CLIMATE SUMMARY FOR DECEMBER 14 2017...
VALID TODAY AS OF 0400 PM LOCAL TIME.

CLIMATE NORMAL PERIOD 1981 TO 2010
CLIMATE RECORD PERIOD 1911 TO 2017


WEATHER ITEM   OBSERVED TIME   RECORD YEAR NORMAL DEPARTURE LAST
                VALUE   (LST)  VALUE       VALUE  FROM      YEAR
                                                  NORMAL
..................................................................
TEMPERATURE (F)
 TODAY
  MAXIMUM         50    303 PM  72    1962  46      4       42
  MINIMUM         23    551 AM  -6    1919  33    -10       36
  AVERAGE         37                        39     -2       39

PRECIPITATION (IN)
  TODAY            0.00          1.55 2016   0.12  -0.12     1.55
  MONTH TO DATE    0.20                      1.63  -1.43     2.78
  SINCE OCT 1      3.96                      5.78  -1.82     9.91
  SINCE JAN 1     17.48                     16.49   0.99    19.93

SNOWFALL (IN)
  TODAY            0.0                       0.1   -0.1      0.0
  MONTH TO DATE    0.0                       0.5   -0.5      0.4
  SINCE JUL 1      0.0                       0.7   -0.7      0.4
  SNOW DEPTH       0

DEGREE DAYS
 HEATING
  TODAY           28                        26      2       26
  MONTH TO DATE  393                       352     41      353
  SINCE DEC 1    393                       352     41      353
  SINCE JUL 1   1328                      1321      7     1126

 COOLING
  TODAY            0                         0      0        0
  MONTH TO DATE    0                         0      0        0
  SINCE DEC 1      0                         0      0        0
  SINCE JAN 1   1281                       829    452     1058
..................................................................


WIND (MPH)
  HIGHEST WIND SPEED     7   HIGHEST WIND DIRECTION    SE (120)
  HIGHEST GUST SPEED     7   HIGHEST GUST DIRECTION    SE (120)
  AVERAGE WIND SPEED     0.9


SKY COVER
  POSSIBLE SUNSHINE  MM
  AVERAGE SKY COVER 0.3


WEATHER CONDITIONS
 THE FOLLOWING WEATHER WAS RECORDED TODAY.
  FOG
  FOG W/VISIBILITY <= 1/4 MILE
  HAZE


RELATIVE HUMIDITY (PERCENT)
 HIGHEST   100           100 AM
 LOWEST     56           300 PM
 AVERAGE    78

..........................................................


THE MEDFORD OR CLIMATE NORMALS FOR TOMORROW
                         NORMAL    RECORD    YEAR
 MAXIMUM TEMPERATURE (F)   46        64      1941
 MINIMUM TEMPERATURE (F)   33         0      1919


SUNRISE AND SUNSET
DECEMBER 14 2017......SUNRISE   733 AM PST   SUNSET   439 PM PST
DECEMBER 15 2017......SUNRISE   734 AM PST   SUNSET   440 PM PST


-  INDICATES NEGATIVE NUMBERS.
R  INDICATES RECORD WAS SET OR TIED.
MM INDICATES DATA IS MISSING.
T  INDICATES TRACE AMOUNT.




$$
