927
CDUS46 KMFR 191346
CLIMFR

CLIMATE REPORT
NATIONAL WEATHER SERVICE MEDFORD, OR
545 AM PST THU JAN 19 2017


...................................

...THE MEDFORD OR CLIMATE SUMMARY FOR JANUARY 18 2017...

CLIMATE NORMAL PERIOD 1981 TO 2010
CLIMATE RECORD PERIOD 1911 TO 2017


WEATHER ITEM   OBSERVED TIME   RECORD YEAR NORMAL DEPARTURE LAST
                VALUE   (LST)  VALUE       VALUE  FROM      YEAR
                                                  NORMAL
..................................................................
TEMPERATURE (F)
 YESTERDAY
  MAXIMUM         54    400 AM  65    1981  48      6       46
  MINIMUM         41   1157 PM  13    1943  33      8       38
  AVERAGE         48                        40      8       42

PRECIPITATION (IN)
  YESTERDAY        0.53          1.07 1953   0.07   0.46     0.02
  MONTH TO DATE    4.24                      1.55   2.69     2.48
  SINCE OCT 1     15.93                      9.19   6.74    12.24
  SINCE JAN 1      4.24                      1.55   2.69     2.48

SNOWFALL (IN)
  YESTERDAY        0.0                       0.0    0.0      0.0
  MONTH TO DATE   11.4                       0.8   10.6      0.0
  SINCE JUL 1     11.8                       2.5    9.3      0.7
  SNOW DEPTH       0

DEGREE DAYS
 HEATING
  YESTERDAY       17                        25     -8       23
  MONTH TO DATE  554                       459     95      428
  SINCE DEC 1   1406                      1256    150     1128
  SINCE JUL 1   2179                      2225    -46     1932

 COOLING
  YESTERDAY        0                         0      0        0
  MONTH TO DATE    0                         0      0        0
  SINCE DEC 1      0                         0      0        0
  SINCE JAN 1      0                         0      0        0
..................................................................


WIND (MPH)
  HIGHEST WIND SPEED    31   HIGHEST WIND DIRECTION    SE (150)
  HIGHEST GUST SPEED    39   HIGHEST GUST DIRECTION    SE (150)
  AVERAGE WIND SPEED    15.0


SKY COVER
  POSSIBLE SUNSHINE  MM
  AVERAGE SKY COVER 1.0


WEATHER CONDITIONS
 THE FOLLOWING WEATHER WAS RECORDED YESTERDAY.
  LIGHT RAIN
  FOG


RELATIVE HUMIDITY (PERCENT)
 HIGHEST    83          1200 AM
 LOWEST     50           200 AM
 AVERAGE    67

..........................................................


THE MEDFORD OR CLIMATE NORMALS FOR TODAY
                         NORMAL    RECORD    YEAR
 MAXIMUM TEMPERATURE (F)   48        63      1981
 MINIMUM TEMPERATURE (F)   33         9      1922


SUNRISE AND SUNSET
JANUARY 19 2017.......SUNRISE   736 AM PST   SUNSET   509 PM PST
JANUARY 20 2017.......SUNRISE   735 AM PST   SUNSET   511 PM PST


-  INDICATES NEGATIVE NUMBERS.
R  INDICATES RECORD WAS SET OR TIED.
MM INDICATES DATA IS MISSING.
T  INDICATES TRACE AMOUNT.

&&

LOW TEMPERATURE THIS MORNING...38 DEGREES
24-HOUR PRECIPITATION..........0.52

$$
