000
CDUS46 KMFR 210836
CLIMFR


CLIMATE REPORT
NATIONAL WEATHER SERVICE MEDFORD, OR
136 AM PDT SAT OCT 21 2017


...................................

...THE MEDFORD OR CLIMATE SUMMARY FOR OCTOBER 20 2017...

CLIMATE NORMAL PERIOD 1981 TO 2010
CLIMATE RECORD PERIOD 1911 TO 2017


WEATHER ITEM   OBSERVED TIME   RECORD YEAR NORMAL DEPARTURE LAST
                VALUE   (LST)  VALUE       VALUE  FROM      YEAR
                                                  NORMAL
..................................................................
TEMPERATURE (F)
 YESTERDAY
  MAXIMUM         54    236 PM  83    1987  68    -14       71
  MINIMUM         42   1142 PM  23    1949  41      1       43
  AVERAGE         48                        54     -6       57

PRECIPITATION (IN)
  YESTERDAY        0.22          0.73 1985   0.04   0.18     0.00
  MONTH TO DATE    0.62                      0.56   0.06     4.21
  SINCE OCT 1      0.62                      0.56   0.06     4.21
  SINCE JAN 1     14.14                     11.27   2.87    14.23

SNOWFALL (IN)
  YESTERDAY       MM                         0.0   MM        0.0
  MONTH TO DATE    0.0                       0.0    0.0      0.0
  SINCE JUL 1      0.0                       0.0    0.0      0.0
  SNOW DEPTH       0

DEGREE DAYS
 HEATING
  YESTERDAY       17                        11      6        8
  MONTH TO DATE  218                       146     72      148
  SINCE SEP 1    291                       205     86      187
  SINCE JUL 1    291                       215     76      189

 COOLING
  YESTERDAY        0                         0      0        0
  MONTH TO DATE    0                         8     -8        4
  SINCE SEP 1    156                       120     36      113
  SINCE JAN 1   1281                       827    454     1058
..................................................................


WIND (MPH)
  HIGHEST WIND SPEED    14   HIGHEST WIND DIRECTION    SW (230)
  HIGHEST GUST SPEED    18   HIGHEST GUST DIRECTION    SW (230)
  AVERAGE WIND SPEED     3.8


SKY COVER
  POSSIBLE SUNSHINE  MM
  AVERAGE SKY COVER 0.9


WEATHER CONDITIONS
 THE FOLLOWING WEATHER WAS RECORDED YESTERDAY.
  RAIN
  LIGHT RAIN
  FOG


RELATIVE HUMIDITY (PERCENT)
 HIGHEST    93          1200 AM
 LOWEST     50           400 PM
 AVERAGE    72

..........................................................


THE MEDFORD OR CLIMATE NORMALS FOR TODAY
                         NORMAL    RECORD    YEAR
 MAXIMUM TEMPERATURE (F)   67        83      2003
 MINIMUM TEMPERATURE (F)   41        26      1933


SUNRISE AND SUNSET
OCTOBER 21 2017.......SUNRISE   732 AM PDT   SUNSET   620 PM PDT
OCTOBER 22 2017.......SUNRISE   733 AM PDT   SUNSET   618 PM PDT


-  INDICATES NEGATIVE NUMBERS.
R  INDICATES RECORD WAS SET OR TIED.
MM INDICATES DATA IS MISSING.
T  INDICATES TRACE AMOUNT.




$$
