000
CDUS44 KBMX 162111
CLIMGM


CLIMATE REPORT
NATIONAL WEATHER SERVICE BIRMINGHAM, AL
410 PM CDT WED APR 16 2014


...................................

...THE MONTGOMERY CLIMATE SUMMARY FOR APRIL 16 2014...
VALID AS OF 0400 PM LOCAL TIME.

CLIMATE NORMAL PERIOD 1981 TO 2010
CLIMATE RECORD PERIOD 1872 TO 2014


WEATHER ITEM   OBSERVED TIME   RECORD YEAR NORMAL DEPARTURE LAST
                VALUE   (LST)  VALUE       VALUE  FROM      YEAR
                                                  NORMAL
..................................................................
TEMPERATURE (F)
 TODAY
  MAXIMUM         66    259 PM  90    1925  77    -11       88
  MINIMUM         36R   540 AM  36    2008  52    -16       67
                                      1950
  AVERAGE         51                        64    -13       78

PRECIPITATION (IN)
  TODAY            0.00          2.96 1912   0.13  -0.13     0.00
  MONTH TO DATE    6.00                      2.40   3.60     3.12
  SINCE MAR 1     11.52                      8.35   3.17     6.49
  SINCE JAN 1     19.19                     18.28   0.91    23.26

SNOWFALL (IN)
  TODAY            0.0                       0.0    0.0      0.0
  MONTH TO DATE    0.0                       0.0    0.0      0.0
  SINCE MAR 1      0.0                       0.3   -0.3      0.0
  SINCE JUL 1      0.5                       0.4    0.1      0.0
  SNOW DEPTH       0

DEGREE DAYS

 COOLING
  TODAY            0                         2     -2       13
  MONTH TO DATE   27                        28     -1       47
  SINCE MAR 1     30                        51    -21       58
  SINCE JAN 1     37                        57    -20       80
..................................................................


WIND (MPH)
  HIGHEST WIND SPEED    16   HIGHEST WIND DIRECTION     E (80)
  HIGHEST GUST SPEED    20   HIGHEST GUST DIRECTION    SE (120)
  AVERAGE WIND SPEED     7.0


SKY COVER
  AVERAGE SKY COVER 0.0


WEATHER CONDITIONS
 THE FOLLOWING WEATHER WAS RECORDED TODAY.
  NO SIGNIFICANT WEATHER WAS OBSERVED.


RELATIVE HUMIDITY (PERCENT)
 HIGHEST    82           300 AM
 LOWEST     32           300 PM
 AVERAGE    57

..........................................................


THE MONTGOMERY CLIMATE NORMALS FOR TOMORROW
                         NORMAL    RECORD    YEAR
 MAXIMUM TEMPERATURE (F)   77        90      1955
                                             1894
 MINIMUM TEMPERATURE (F)   52        36      1949


SUNRISE AND SUNSET
APRIL 16 2014.........SUNRISE   615 AM CDT   SUNSET   716 PM CDT
APRIL 17 2014.........SUNRISE   614 AM CDT   SUNSET   717 PM CDT


-  INDICATES NEGATIVE NUMBERS.
R  INDICATES RECORD WAS SET OR TIED.
MM INDICATES DATA IS MISSING.
T  INDICATES TRACE AMOUNT.




$$
