000
CDUS44 KBMX 221259
CLIMGM


CLIMATE REPORT
NATIONAL WEATHER SERVICE BIRMINGHAM, AL
758 AM CDT SAT JUL 22 2017


...................................

...THE MONTGOMERY CLIMATE SUMMARY FOR JULY 21 2017...

CLIMATE NORMAL PERIOD 1981 TO 2010
CLIMATE RECORD PERIOD 1872 TO 2017


WEATHER ITEM   OBSERVED TIME   RECORD YEAR NORMAL DEPARTURE LAST
                VALUE   (LST)  VALUE       VALUE  FROM      YEAR
                                                  NORMAL
..................................................................
TEMPERATURE (F)
 YESTERDAY
  MAXIMUM         98    320 PM 102    1952  92      6       96
  MINIMUM         74   1159 PM  61    2009  72      2       77
  AVERAGE         86                        82      4       87

PRECIPITATION (IN)
  YESTERDAY        1.22          5.10 1899   0.17   1.05     1.33
  MONTH TO DATE    3.17                      3.71  -0.54     5.05
  SINCE JUN 1     15.21                      7.78   7.43     7.78
  SINCE JAN 1     49.13                     31.22  17.91    30.01

DEGREE DAYS
 COOLING
  YESTERDAY       21                        17      4       22
  MONTH TO DATE  405                       351     54      420
  SINCE JUN 1    841                       770     71      938
  SINCE JAN 1   1423                      1109    314     1399
..................................................................


WIND (MPH)
  HIGHEST WIND SPEED    24   HIGHEST WIND DIRECTION    SE (120)
  HIGHEST GUST SPEED    40   HIGHEST GUST DIRECTION     E (110)
  AVERAGE WIND SPEED     3.1


SKY COVER
  AVERAGE SKY COVER 0.3


WEATHER CONDITIONS
 THE FOLLOWING WEATHER WAS RECORDED YESTERDAY.
  THUNDERSTORM
  HEAVY RAIN
  RAIN
  LIGHT RAIN
  FOG
  HAZE


RELATIVE HUMIDITY (PERCENT)
 HIGHEST    87           800 PM
 LOWEST     42           200 PM
 AVERAGE    65

..........................................................


THE MONTGOMERY CLIMATE NORMALS FOR TODAY
                         NORMAL    RECORD    YEAR
 MAXIMUM TEMPERATURE (F)   92       100      2006
                                             1993
                                             1878
 MINIMUM TEMPERATURE (F)   72        63      1971


SUNRISE AND SUNSET
JULY 22 2017..........SUNRISE   554 AM CDT   SUNSET   750 PM CDT
JULY 23 2017..........SUNRISE   555 AM CDT   SUNSET   749 PM CDT


-  INDICATES NEGATIVE NUMBERS.
R  INDICATES RECORD WAS SET OR TIED.
MM INDICATES DATA IS MISSING.
T  INDICATES TRACE AMOUNT.




$$
