000
CDUS44 KBMX 242145
CLIMGM


CLIMATE REPORT
NATIONAL WEATHER SERVICE BIRMINGHAM, AL
445 PM CDT SUN SEP 24 2017


...................................

...THE MONTGOMERY CLIMATE SUMMARY FOR SEPTEMBER 24 2017...
VALID TODAY AS OF 0400 PM LOCAL TIME.

CLIMATE NORMAL PERIOD 1981 TO 2010
CLIMATE RECORD PERIOD 1872 TO 2017


WEATHER ITEM   OBSERVED TIME   RECORD YEAR NORMAL DEPARTURE LAST
                VALUE   (LST)  VALUE       VALUE  FROM      YEAR
                                                  NORMAL
..................................................................
TEMPERATURE (F)
 TODAY
  MAXIMUM         91    154 PM  98    2016  85      6       98
                                      1931
  MINIMUM         69    446 AM  47    1990  62      7       71
                                      1982
  AVERAGE         80                        74      6       85

PRECIPITATION (IN)
  TODAY            0.00          6.06 1956   0.13  -0.13     0.00
  MONTH TO DATE    2.25                      3.24  -0.99     2.24
  SINCE SEP 1      2.25                      3.24  -0.99     2.24
  SINCE JAN 1     60.85                     39.95  20.90    35.28

DEGREE DAYS

 COOLING
  TODAY           15                         9      6       20
  MONTH TO DATE  298                       295      3      444
  SINCE SEP 1    298                       295      3      444
  SINCE JAN 1   2466                      2084    382     2673
..................................................................


WIND (MPH)
  HIGHEST WIND SPEED    14   HIGHEST WIND DIRECTION     E (110)
  HIGHEST GUST SPEED    20   HIGHEST GUST DIRECTION     E (70)
  AVERAGE WIND SPEED     6.2


SKY COVER
  AVERAGE SKY COVER 0.1


WEATHER CONDITIONS
 THE FOLLOWING WEATHER WAS RECORDED TODAY.
  HAZE


RELATIVE HUMIDITY (PERCENT)
 HIGHEST    84          1200 AM
 LOWEST     41           100 PM
 AVERAGE    63

..........................................................


THE MONTGOMERY CLIMATE NORMALS FOR TOMORROW
                         NORMAL    RECORD    YEAR
 MAXIMUM TEMPERATURE (F)   85        98      2016
 MINIMUM TEMPERATURE (F)   62        42      1990


SUNRISE AND SUNSET
SEPTEMBER 24 2017.....SUNRISE   635 AM CDT   SUNSET   639 PM CDT
SEPTEMBER 25 2017.....SUNRISE   636 AM CDT   SUNSET   638 PM CDT


-  INDICATES NEGATIVE NUMBERS.
R  INDICATES RECORD WAS SET OR TIED.
MM INDICATES DATA IS MISSING.
T  INDICATES TRACE AMOUNT.




$$
