755
CDUS44 KBMX 291023
CLIMGM


CLIMATE REPORT
NATIONAL WEATHER SERVICE BIRMINGHAM, AL
523 AM CDT FRI APR 29 2016


...................................

...THE MONTGOMERY CLIMATE SUMMARY FOR APRIL 28 2016...

CLIMATE NORMAL PERIOD 1981 TO 2010
CLIMATE RECORD PERIOD 1872 TO 2016


WEATHER ITEM   OBSERVED TIME   RECORD YEAR NORMAL DEPARTURE LAST
                VALUE   (LST)  VALUE       VALUE  FROM      YEAR
                                                  NORMAL
..................................................................
TEMPERATURE (F)
 YESTERDAY
  MAXIMUM         86    240 PM  92    1899  80      6       77
  MINIMUM         66    240 AM  41    1992  55     11       57
  AVERAGE         76                        67      9       67

PRECIPITATION (IN)
  YESTERDAY        T             3.66 1886   0.12  -0.12     0.62
  MONTH TO DATE    5.99                      3.81   2.18     6.41
  SINCE MAR 1     10.21                      9.76   0.45     8.41
  SINCE JAN 1     20.87                     19.69   1.18    16.07

SNOWFALL (IN)
  YESTERDAY        0.0                       0.0    0.0      0.0
  MONTH TO DATE    0.0                       0.0    0.0      0.0
  SINCE MAR 1      0.0                       0.3   -0.3      0.0
  SINCE JUL 1      T                         0.4   -0.4      0.0
  SNOW DEPTH       0

DEGREE DAYS
 HEATING
  YESTERDAY        0                         1     -1        0
  MONTH TO DATE   37                        96    -59       11
  SINCE MAR 1    159                       351   -192      163
  SINCE JUL 1   1484                      2223   -739     2133

 COOLING
  YESTERDAY       11                         4      7        2
  MONTH TO DATE   77                        64     13      150
  SINCE MAR 1    150                        87     63      221
  SINCE JAN 1    163                        93     70      221
..................................................................


WIND (MPH)
  HIGHEST WIND SPEED    13   HIGHEST WIND DIRECTION    SW (210)
  HIGHEST GUST SPEED    18   HIGHEST GUST DIRECTION    SW (210)
  AVERAGE WIND SPEED     4.5


SKY COVER
  AVERAGE SKY COVER 0.5


WEATHER CONDITIONS
 THE FOLLOWING WEATHER WAS RECORDED YESTERDAY.
  FOG
  FOG W/VISIBILITY <= 1/4 MILE


RELATIVE HUMIDITY (PERCENT)
 HIGHEST    93           300 AM
 LOWEST     59           300 PM
 AVERAGE    76

..........................................................


THE MONTGOMERY CLIMATE NORMALS FOR TODAY
                         NORMAL    RECORD    YEAR
 MAXIMUM TEMPERATURE (F)   80        90      1943
                                             1915
 MINIMUM TEMPERATURE (F)   55        36      1992


SUNRISE AND SUNSET
APRIL 29 2016.........SUNRISE   601 AM CDT   SUNSET   726 PM CDT
APRIL 30 2016.........SUNRISE   600 AM CDT   SUNSET   726 PM CDT


-  INDICATES NEGATIVE NUMBERS.
R  INDICATES RECORD WAS SET OR TIED.
MM INDICATES DATA IS MISSING.
T  INDICATES TRACE AMOUNT.




$$
