000
CDUS44 KBMX 280918
CLIMGM


CLIMATE REPORT
NATIONAL WEATHER SERVICE BIRMINGHAM, AL
317 AM CST FRI NOV 28 2014


...................................

...THE MONTGOMERY CLIMATE SUMMARY FOR NOVEMBER 27 2014...

CLIMATE NORMAL PERIOD 1981 TO 2010
CLIMATE RECORD PERIOD 1872 TO 2014


WEATHER ITEM   OBSERVED TIME   RECORD YEAR NORMAL DEPARTURE LAST
                VALUE   (LST)  VALUE       VALUE  FROM      YEAR
                                                  NORMAL
..................................................................
TEMPERATURE (F)
 YESTERDAY
  MAXIMUM         55    105 PM  84    1990  65    -10       47
  MINIMUM         35   1121 PM  23    1903  41     -6       27
  AVERAGE         45                        53     -8       37

PRECIPITATION (IN)
  YESTERDAY        0.00          2.94 1988   0.17  -0.17     0.36
  MONTH TO DATE    1.21                      4.08  -2.87     2.32
  SINCE SEP 1      3.96                     10.97  -7.01     4.25
  SINCE JAN 1     43.71                     47.68  -3.97    47.26

SNOWFALL (IN)
  YESTERDAY        0.0                       0.0    0.0      0.0
  MONTH TO DATE    0.0                       0.0    0.0      0.0
  SINCE SEP 1      0.0                       0.0    0.0      0.0
  SINCE JUL 1      0.0                       0.0    0.0      0.0
  SNOW DEPTH       0

DEGREE DAYS
 HEATING
  YESTERDAY       20                        12      8       28
  MONTH TO DATE  372                       241    131      240
  SINCE SEP 1    419                       332     87      300
  SINCE JUL 1    419                       332     87      300
..................................................................


WIND (MPH)
  HIGHEST WIND SPEED    20   HIGHEST WIND DIRECTION    NW (310)
  HIGHEST GUST SPEED    25   HIGHEST GUST DIRECTION    NW (310)
  AVERAGE WIND SPEED     9.1


SKY COVER
  AVERAGE SKY COVER 0.0


WEATHER CONDITIONS
 THE FOLLOWING WEATHER WAS RECORDED YESTERDAY.
  NO SIGNIFICANT WEATHER WAS OBSERVED.


RELATIVE HUMIDITY (PERCENT)
 HIGHEST    76           900 PM
 LOWEST     38          1200 PM
 AVERAGE    57

..........................................................


THE MONTGOMERY CLIMATE NORMALS FOR TODAY
                         NORMAL    RECORD    YEAR
 MAXIMUM TEMPERATURE (F)   65        82      1908
 MINIMUM TEMPERATURE (F)   41        22      2013


SUNRISE AND SUNSET
NOVEMBER 28 2014......SUNRISE   626 AM CST   SUNSET   441 PM CST
NOVEMBER 29 2014......SUNRISE   627 AM CST   SUNSET   440 PM CST


-  INDICATES NEGATIVE NUMBERS.
R  INDICATES RECORD WAS SET OR TIED.
MM INDICATES DATA IS MISSING.
T  INDICATES TRACE AMOUNT.




$$
