000
CDUS44 KBMX 200844
CLIMGM


CLIMATE REPORT
NATIONAL WEATHER SERVICE BIRMINGHAM, AL
243 AM CST MON NOV 20 2017


...................................

...THE MONTGOMERY CLIMATE SUMMARY FOR NOVEMBER 19 2017...

CLIMATE NORMAL PERIOD 1981 TO 2010
CLIMATE RECORD PERIOD 1872 TO 2017


WEATHER ITEM   OBSERVED TIME   RECORD YEAR NORMAL DEPARTURE LAST
                VALUE   (LST)  VALUE       VALUE  FROM      YEAR
                                                  NORMAL
..................................................................
TEMPERATURE (F)
 YESTERDAY
  MAXIMUM         59    250 PM  84    1906  68     -9       65
  MINIMUM         37   1115 PM  16    2014  43     -6       43
  AVERAGE         48                        55     -7       54

PRECIPITATION (IN)
  YESTERDAY        0.00          2.68 1948   0.17  -0.17     0.00
  MONTH TO DATE    0.66                      2.75  -2.09      T
  SINCE SEP 1      8.55                      9.64  -1.09     2.36
  SINCE JAN 1     67.15                     46.35  20.80    35.40

SNOWFALL (IN)
  YESTERDAY        0.0                       0.0    0.0      0.0
  MONTH TO DATE    0.0                       0.0    0.0      0.0
  SINCE SEP 1      0.0                       0.0    0.0      0.0
  SINCE JUL 1      0.0                       0.0    0.0      0.0
  SNOW DEPTH       0

DEGREE DAYS
 HEATING
  YESTERDAY       17                        10      7       11
  MONTH TO DATE  123                       150    -27       71
  SINCE SEP 1    193                       241    -48       83
  SINCE JUL 1    193                       241    -48       83
..................................................................


WIND (MPH)
  HIGHEST WIND SPEED    21   HIGHEST WIND DIRECTION     N (340)
  HIGHEST GUST SPEED    29   HIGHEST GUST DIRECTION    NW (320)
  AVERAGE WIND SPEED    10.1


SKY COVER
  AVERAGE SKY COVER 0.3


WEATHER CONDITIONS
 THE FOLLOWING WEATHER WAS RECORDED YESTERDAY.
  NO SIGNIFICANT WEATHER WAS OBSERVED.


RELATIVE HUMIDITY (PERCENT)
 HIGHEST    77          1200 AM
 LOWEST     33           100 PM
 AVERAGE    55

..........................................................


THE MONTGOMERY CLIMATE NORMALS FOR TODAY
                         NORMAL    RECORD    YEAR
 MAXIMUM TEMPERATURE (F)   68        81      1900
 MINIMUM TEMPERATURE (F)   43        18      1914


SUNRISE AND SUNSET
NOVEMBER 20 2017......SUNRISE   620 AM CST   SUNSET   443 PM CST
NOVEMBER 21 2017......SUNRISE   620 AM CST   SUNSET   442 PM CST


-  INDICATES NEGATIVE NUMBERS.
R  INDICATES RECORD WAS SET OR TIED.
MM INDICATES DATA IS MISSING.
T  INDICATES TRACE AMOUNT.




$$
