000
CDUS44 KBMX 200853
CLIMGM


CLIMATE REPORT
NATIONAL WEATHER SERVICE BIRMINGHAM, AL
251 AM CST SAT JAN 20 2018


...................................

...THE MONTGOMERY CLIMATE SUMMARY FOR JANUARY 19 2018...

CLIMATE NORMAL PERIOD 1981 TO 2010
CLIMATE RECORD PERIOD 1872 TO 2018


WEATHER ITEM   OBSERVED TIME   RECORD YEAR NORMAL DEPARTURE LAST
                VALUE   (LST)  VALUE       VALUE  FROM      YEAR
                                                  NORMAL
..................................................................
TEMPERATURE (F)
 YESTERDAY
  MAXIMUM         52    338 PM  78    2017  57     -5       78
  MINIMUM         18    655 AM   7    1977  36    -18       57
  AVERAGE         35                        46    -11       68

PRECIPITATION (IN)
  YESTERDAY        0.00          2.14 1892   0.16  -0.16     0.41
  MONTH TO DATE    0.87                      2.65  -1.78     8.05
  SINCE DEC 1      3.48                      7.51  -4.03    12.16
  SINCE JAN 1      0.87                      2.65  -1.78     8.05

SNOWFALL (IN)
  YESTERDAY        0.0                       0.0    0.0      0.0
  MONTH TO DATE    0.0                       0.0    0.0      0.0
  SINCE DEC 1      T                         0.1   -0.1      0.0
  SINCE JUL 1      T                         0.1   -0.1      0.0
  SNOW DEPTH       0

DEGREE DAYS
 HEATING
  YESTERDAY       30                        19     11        0
  MONTH TO DATE  502                       361    141      181
  SINCE DEC 1   1014                       878    136      530
  SINCE JUL 1   1349                      1249    100      705
..................................................................


WIND (MPH)
  HIGHEST WIND SPEED     8   HIGHEST WIND DIRECTION    SW (230)
  HIGHEST GUST SPEED    10   HIGHEST GUST DIRECTION    SW (240)
  AVERAGE WIND SPEED     2.4


SKY COVER
  AVERAGE SKY COVER 0.0


WEATHER CONDITIONS
 THE FOLLOWING WEATHER WAS RECORDED YESTERDAY.
  NO SIGNIFICANT WEATHER WAS OBSERVED.


RELATIVE HUMIDITY (PERCENT)
 HIGHEST    84           700 AM
 LOWEST     20           200 PM
 AVERAGE    52

..........................................................


THE MONTGOMERY CLIMATE NORMALS FOR TODAY
                         NORMAL    RECORD    YEAR
 MAXIMUM TEMPERATURE (F)   57        81      1937
 MINIMUM TEMPERATURE (F)   36         4      1985


SUNRISE AND SUNSET
JANUARY 20 2018.......SUNRISE   646 AM CST   SUNSET   508 PM CST
JANUARY 21 2018.......SUNRISE   645 AM CST   SUNSET   509 PM CST


-  INDICATES NEGATIVE NUMBERS.
R  INDICATES RECORD WAS SET OR TIED.
MM INDICATES DATA IS MISSING.
T  INDICATES TRACE AMOUNT.




$$
