000
CDUS44 KBMX 240801
CLIMGM


CLIMATE REPORT
NATIONAL WEATHER SERVICE BIRMINGHAM, AL
300 AM CDT FRI MAR 24 2017


...................................

...THE MONTGOMERY CLIMATE SUMMARY FOR MARCH 23 2017...

CLIMATE NORMAL PERIOD 1981 TO 2010
CLIMATE RECORD PERIOD 1872 TO 2017


WEATHER ITEM   OBSERVED TIME   RECORD YEAR NORMAL DEPARTURE LAST
                VALUE   (LST)  VALUE       VALUE  FROM      YEAR
                                                  NORMAL
..................................................................
TEMPERATURE (F)
 YESTERDAY
  MAXIMUM         79    158 PM  88    1995  72      7       74
  MINIMUM         53    548 AM  26    1885  47      6       45
  AVERAGE         66                        59      7       60

PRECIPITATION (IN)
  YESTERDAY        0.00          3.10 1908   0.18  -0.18     0.00
  MONTH TO DATE    2.47                      4.44  -1.97     2.79
  SINCE MAR 1      2.47                      4.44  -1.97     2.79
  SINCE JAN 1     17.17                     14.37   2.80    13.45

SNOWFALL (IN)
  YESTERDAY        0.0                       0.0    0.0      0.0
  MONTH TO DATE    0.0                       0.2   -0.2      0.0
  SINCE MAR 1      0.0                       0.2   -0.2      0.0
  SINCE JUL 1      0.0                       0.3   -0.3       T
  SNOW DEPTH       0

DEGREE DAYS
 HEATING
  YESTERDAY        0                         7     -7        5
  MONTH TO DATE  169                       207    -38      117
  SINCE MAR 1    169                       207    -38      117
  SINCE JUL 1   1166                      2079   -913     1442

 COOLING
  YESTERDAY        1                         1      0        0
  MONTH TO DATE   25                        18      7       62
  SINCE MAR 1     25                        18      7       62
  SINCE JAN 1     71                        24     47       75
..................................................................


WIND (MPH)
  HIGHEST WIND SPEED    20   HIGHEST WIND DIRECTION     E (90)
  HIGHEST GUST SPEED    25   HIGHEST GUST DIRECTION     E (110)
  AVERAGE WIND SPEED    10.2


SKY COVER
  AVERAGE SKY COVER 0.2


WEATHER CONDITIONS
 THE FOLLOWING WEATHER WAS RECORDED YESTERDAY.
  NO SIGNIFICANT WEATHER WAS OBSERVED.


RELATIVE HUMIDITY (PERCENT)
 HIGHEST    67           900 PM
 LOWEST     32           100 AM
 AVERAGE    50

..........................................................


THE MONTGOMERY CLIMATE NORMALS FOR TODAY
                         NORMAL    RECORD    YEAR
 MAXIMUM TEMPERATURE (F)   72        90      1929
 MINIMUM TEMPERATURE (F)   47        27      1968


SUNRISE AND SUNSET
MARCH 24 2017.........SUNRISE   644 AM CDT   SUNSET   700 PM CDT
MARCH 25 2017.........SUNRISE   643 AM CDT   SUNSET   701 PM CDT


-  INDICATES NEGATIVE NUMBERS.
R  INDICATES RECORD WAS SET OR TIED.
MM INDICATES DATA IS MISSING.
T  INDICATES TRACE AMOUNT.




$$
