000
CDUS44 KBMX 272130
CLIMGM


CLIMATE REPORT
NATIONAL WEATHER SERVICE BIRMINGHAM, AL
429 PM CDT FRI MAY 27 2016


...................................

...THE MONTGOMERY CLIMATE SUMMARY FOR MAY 27 2016...
VALID TODAY AS OF 0400 PM LOCAL TIME.

CLIMATE NORMAL PERIOD 1981 TO 2010
CLIMATE RECORD PERIOD 1872 TO 2016


WEATHER ITEM   OBSERVED TIME   RECORD YEAR NORMAL DEPARTURE LAST
                VALUE   (LST)  VALUE       VALUE  FROM      YEAR
                                                  NORMAL
..................................................................
TEMPERATURE (F)
 TODAY
  MAXIMUM         91    218 PM  99    1916  87      4       89
  MINIMUM         67    441 AM  44    1961  64      3       67
  AVERAGE         79                        75      4       78

PRECIPITATION (IN)
  TODAY            0.00          2.39 1885   0.10  -0.10     0.24
  MONTH TO DATE    0.73                      3.09  -2.36     3.41
  SINCE MAR 1     11.57                     13.06  -1.49    11.91
  SINCE JAN 1     22.23                     22.99  -0.76    19.57

DEGREE DAYS
 COOLING
  TODAY           14                        10      4       13
  MONTH TO DATE  210                       193     17      262
  SINCE MAR 1    383                       288     95      483
  SINCE JAN 1    396                       294    102      483
..................................................................


WIND (MPH)
  HIGHEST WIND SPEED    15   HIGHEST WIND DIRECTION     E (100)
  HIGHEST GUST SPEED    19   HIGHEST GUST DIRECTION     E (110)
  AVERAGE WIND SPEED     6.4


SKY COVER
  AVERAGE SKY COVER 0.4


WEATHER CONDITIONS
 THE FOLLOWING WEATHER WAS RECORDED TODAY.
  NO SIGNIFICANT WEATHER WAS OBSERVED.


RELATIVE HUMIDITY (PERCENT)
 HIGHEST    87           500 AM
 LOWEST     40           300 PM
 AVERAGE    64

..........................................................


THE MONTGOMERY CLIMATE NORMALS FOR TOMORROW
                         NORMAL    RECORD    YEAR
 MAXIMUM TEMPERATURE (F)   87        97      1916
 MINIMUM TEMPERATURE (F)   64        43      1961


SUNRISE AND SUNSET
MAY 27 2016...........SUNRISE   541 AM CDT   SUNSET   745 PM CDT
MAY 28 2016...........SUNRISE   541 AM CDT   SUNSET   745 PM CDT


-  INDICATES NEGATIVE NUMBERS.
R  INDICATES RECORD WAS SET OR TIED.
MM INDICATES DATA IS MISSING.
T  INDICATES TRACE AMOUNT.




$$
