000
CDUS41 KPBZ 100724
CLIMGW


CLIMATE REPORT
NATIONAL WEATHER SERVICE PITTSBURGH PA
323 AM EDT THU JUL 10 2014


...................................

...THE MORGANTOWN WV CLIMATE SUMMARY FOR JULY 9 2014...

CLIMATE NORMAL PERIOD 1981 TO 2010
CLIMATE RECORD PERIOD 1948 TO 2014


WEATHER ITEM   OBSERVED TIME   RECORD YEAR NORMAL DEPARTURE LAST
                VALUE   (LST)  VALUE       VALUE  FROM      YEAR
                                                  NORMAL
..................................................................
TEMPERATURE (F)
 YESTERDAY
  MAXIMUM         85    336 PM  98    1988  84      1       83
  MINIMUM         65   1159 PM  45    1963  63      2       69
  AVERAGE         75                        73      2       76

PRECIPITATION (IN)
  YESTERDAY        0.00         MM      MM   0.16  -0.16     0.76
  MONTH TO DATE    0.91                      1.37  -0.46     1.60
  SINCE JUN 1      5.43                      5.48  -0.05     6.38
  SINCE JAN 1     20.92                     22.67  -1.75    19.02

DEGREE DAYS
 HEATING
  YESTERDAY        0                         0      0        0
  MONTH TO DATE    0                         0      0        0
  SINCE JUN 1      2                        31    -29       11
  SINCE JUL 1      0                         0      0        0

 COOLING
  YESTERDAY       10                         8      2       11
  MONTH TO DATE   82                        72     10      107
  SINCE JUN 1    322                       234     88      276
  SINCE JAN 1    431                       301    130      422
..................................................................


WIND (MPH)
  HIGHEST WIND SPEED    12   HIGHEST WIND DIRECTION    NW (300)
  HIGHEST GUST SPEED    20   HIGHEST GUST DIRECTION    SW (240)
  AVERAGE WIND SPEED     5.3


SKY COVER
  POSSIBLE SUNSHINE  MM
  AVERAGE SKY COVER 0.3


WEATHER CONDITIONS
 THE FOLLOWING WEATHER WAS RECORDED YESTERDAY.
  NO SIGNIFICANT WEATHER WAS OBSERVED.


RELATIVE HUMIDITY (PERCENT)
 HIGHEST    90           200 AM
 LOWEST     40           200 PM
 AVERAGE    65

..........................................................


THE MORGANTOWN WV CLIMATE NORMALS FOR TODAY
                         NORMAL    RECORD    YEAR
 MAXIMUM TEMPERATURE (F)   84        94      1988
 MINIMUM TEMPERATURE (F)   63        47      1961


SUNRISE AND SUNSET
JULY 10 2014..........SUNRISE   601 AM EDT   SUNSET   849 PM EDT
JULY 11 2014..........SUNRISE   602 AM EDT   SUNSET   848 PM EDT


-  INDICATES NEGATIVE NUMBERS.
R  INDICATES RECORD WAS SET OR TIED.
MM INDICATES DATA IS MISSING.
T  INDICATES TRACE AMOUNT.




$$
