000
CDUS41 KPBZ 222137
CLIMGW


CLIMATE REPORT
NATIONAL WEATHER SERVICE PITTSBURGH PA
537 PM EDT FRI MAY 22 2015


...................................

...THE MORGANTOWN WV CLIMATE SUMMARY FOR MAY 22 2015...
VALID TODAY AS OF 0500 PM LOCAL TIME.

CLIMATE NORMAL PERIOD 1981 TO 2010
CLIMATE RECORD PERIOD 1948 TO 2015


WEATHER ITEM   OBSERVED TIME   RECORD YEAR NORMAL DEPARTURE LAST
                VALUE   (LST)  VALUE       VALUE  FROM      YEAR
                                                  NORMAL
..................................................................
TEMPERATURE (F)
 TODAY
  MAXIMUM         68    201 PM  90    1970  73     -5       80
  MINIMUM         43    420 AM  30    2002  52     -9       58
  AVERAGE         56                        63     -7       69

PRECIPITATION (IN)
  TODAY            0.05         MM      MM   0.16  -0.11     0.00
  MONTH TO DATE    0.99                      3.21  -2.22     3.89
  SINCE JUN 1     43.25                     40.43   2.82    43.28
  SINCE JAN 1     17.02                     15.79   1.23    14.85

DEGREE DAYS
 HEATING
  TODAY            9                         4      5        0
  MONTH TO DATE   75                       138    -63      109
  SINCE MAR 1   1149                      1232    -83     1270
  SINCE JUL 1   5273                      5121    152     5396

 COOLING
  TODAY            0                         2     -2        4
  MONTH TO DATE  107                        30     77       58
  SINCE MAR 1    115                        46     69       76
  SINCE JAN 1    115                        46     69       76
..................................................................


WIND (MPH)
  RESULTANT WIND SPEED   3   RESULTANT WIND DIRECTION  SE (150)
  HIGHEST WIND SPEED    15   HIGHEST WIND DIRECTION    SW (210)
  HIGHEST GUST SPEED    23   HIGHEST GUST DIRECTION     W (290)
  AVERAGE WIND SPEED     6.0


SKY COVER
  POSSIBLE SUNSHINE  MM
  AVERAGE SKY COVER 0.3


WEATHER CONDITIONS
 THE FOLLOWING WEATHER WAS RECORDED TODAY.
  FOG


RELATIVE HUMIDITY (PERCENT)
 HIGHEST    89           200 AM
 LOWEST     37           200 PM
 AVERAGE    63

..........................................................


THE MORGANTOWN WV CLIMATE NORMALS FOR TOMORROW
                         NORMAL    RECORD    YEAR
 MAXIMUM TEMPERATURE (F)   74        91      1966
 MINIMUM TEMPERATURE (F)   52        34      2006


SUNRISE AND SUNSET
MAY 22 2015...........SUNRISE   600 AM EDT   SUNSET   833 PM EDT
MAY 23 2015...........SUNRISE   559 AM EDT   SUNSET   834 PM EDT


-  INDICATES NEGATIVE NUMBERS.
R  INDICATES RECORD WAS SET OR TIED.
MM INDICATES DATA IS MISSING.
T  INDICATES TRACE AMOUNT.




$$
