000
CDUS41 KPBZ 220802
CLIMGW


CLIMATE REPORT
NATIONAL WEATHER SERVICE PITTSBURGH PA
301 AM EST SUN JAN 22 2017


...................................

...THE MORGANTOWN WV CLIMATE SUMMARY FOR JANUARY 21 2017...

CLIMATE NORMAL PERIOD 1981 TO 2010
CLIMATE RECORD PERIOD 1948 TO 2017


WEATHER ITEM   OBSERVED TIME   RECORD YEAR NORMAL DEPARTURE LAST
                VALUE   (LST)  VALUE       VALUE  FROM      YEAR
                                                  NORMAL
..................................................................
TEMPERATURE (F)
 YESTERDAY
  MAXIMUM         65    300 PM  73    1959  39     26       24
  MINIMUM         41    625 AM -18    1985  24     17       11
  AVERAGE         53                        31     22       18

PRECIPITATION (IN)
  YESTERDAY        T            MM      MM   0.09  -0.09      T
  MONTH TO DATE    2.91                      1.90   1.01     1.16
  SINCE JUN 1     32.32                     26.54   5.78    24.70
  SINCE JAN 1      2.91                      1.90   1.01     1.16

DEGREE DAYS
 HEATING
  YESTERDAY       12                        34    -22       47
  MONTH TO DATE  576                       711   -135      775
  SINCE DEC 1   1452                      1647   -195     1295
  SINCE JUL 1   2138                      2695   -557     2014

 COOLING
  YESTERDAY        0                         0      0        0
  MONTH TO DATE    0                         0      0        0
  SINCE DEC 1      0                         0      0        0
  SINCE JAN 1      0                         0      0        0
..................................................................


WIND (MPH)
  HIGHEST WIND SPEED     9   HIGHEST WIND DIRECTION     S (190)
  HIGHEST GUST SPEED    13   HIGHEST GUST DIRECTION    SW (220)
  AVERAGE WIND SPEED     1.9


SKY COVER
  POSSIBLE SUNSHINE  MM
  AVERAGE SKY COVER 0.4


WEATHER CONDITIONS
 THE FOLLOWING WEATHER WAS RECORDED YESTERDAY.
  FOG
  FOG W/VISIBILITY <= 1/4 MILE


RELATIVE HUMIDITY (PERCENT)
 HIGHEST   100           900 AM
 LOWEST     56          1200 PM
 AVERAGE    78

..........................................................


THE MORGANTOWN WV CLIMATE NORMALS FOR TODAY
                         NORMAL    RECORD    YEAR
 MAXIMUM TEMPERATURE (F)   39        72      1999
 MINIMUM TEMPERATURE (F)   24        -5      1984


SUNRISE AND SUNSET
JANUARY 22 2017.......SUNRISE   735 AM EST   SUNSET   528 PM EST
JANUARY 23 2017.......SUNRISE   734 AM EST   SUNSET   529 PM EST


-  INDICATES NEGATIVE NUMBERS.
R  INDICATES RECORD WAS SET OR TIED.
MM INDICATES DATA IS MISSING.
T  INDICATES TRACE AMOUNT.




$$
