000
CDUS41 KPBZ 220812
CLIMGW


CLIMATE REPORT
NATIONAL WEATHER SERVICE PITTSBURGH PA
312 AM EST WED FEB 22 2017


...................................

...THE MORGANTOWN WV CLIMATE SUMMARY FOR FEBRUARY 21 2017...

CLIMATE NORMAL PERIOD 1981 TO 2010
CLIMATE RECORD PERIOD 1948 TO 2017


WEATHER ITEM   OBSERVED TIME   RECORD YEAR NORMAL DEPARTURE LAST
                VALUE   (LST)  VALUE       VALUE  FROM      YEAR
                                                  NORMAL
..................................................................
TEMPERATURE (F)
 YESTERDAY
  MAXIMUM         69    341 PM  73    1997  44     25       59
  MINIMUM         48    550 AM  -8    1968  26     22       41
  AVERAGE         59                        35     24       50

PRECIPITATION (IN)
  YESTERDAY        0.00         MM      MM   0.09  -0.09     0.20
  MONTH TO DATE    1.75                      1.91  -0.16     1.29
  SINCE JUN 1     35.21                     29.36   5.85    26.87
  SINCE JAN 1      5.80                      4.72   1.08     3.33

DEGREE DAYS
 HEATING
  YESTERDAY        6                        30    -24       15
  MONTH TO DATE  510                       662   -152      572
  SINCE DEC 1   2229                      2641   -412     2207
  SINCE JUL 1   2915                      3689   -774     2926

 COOLING
  YESTERDAY        0                         0      0        0
  MONTH TO DATE    0                         0      0        0
  SINCE DEC 1      0                         0      0        0
  SINCE JAN 1      0                         0      0        0
..................................................................


WIND (MPH)
  HIGHEST WIND SPEED    12   HIGHEST WIND DIRECTION     S (200)
  HIGHEST GUST SPEED    19   HIGHEST GUST DIRECTION    SE (130)
  AVERAGE WIND SPEED     5.4


SKY COVER
  POSSIBLE SUNSHINE  MM
  AVERAGE SKY COVER 0.1


WEATHER CONDITIONS
 THE FOLLOWING WEATHER WAS RECORDED YESTERDAY.
  NO SIGNIFICANT WEATHER WAS OBSERVED.


RELATIVE HUMIDITY (PERCENT)
 HIGHEST    51          1100 PM
 LOWEST     28           100 PM
 AVERAGE    40

..........................................................


THE MORGANTOWN WV CLIMATE NORMALS FOR TODAY
                         NORMAL    RECORD    YEAR
 MAXIMUM TEMPERATURE (F)   45        70      1980
 MINIMUM TEMPERATURE (F)   27        -5      1963


SUNRISE AND SUNSET
FEBRUARY 22 2017......SUNRISE   702 AM EST   SUNSET   604 PM EST
FEBRUARY 23 2017......SUNRISE   701 AM EST   SUNSET   605 PM EST


-  INDICATES NEGATIVE NUMBERS.
R  INDICATES RECORD WAS SET OR TIED.
MM INDICATES DATA IS MISSING.
T  INDICATES TRACE AMOUNT.




$$
