000
CDUS41 KPBZ 301224
CLIMGW


CLIMATE REPORT
NATIONAL WEATHER SERVICE PITTSBURGH PA
824 AM EDT SUN APR 30 2017


...................................

...THE MORGANTOWN WV CLIMATE SUMMARY FOR APRIL 30 2017...
VALID AS OF 0800 AM LOCAL TIME.

CLIMATE NORMAL PERIOD 1981 TO 2010
CLIMATE RECORD PERIOD 1948 TO 2017


WEATHER ITEM   OBSERVED TIME   RECORD YEAR NORMAL DEPARTURE LAST
                VALUE   (LST)  VALUE       VALUE  FROM      YEAR
                                                  NORMAL
..................................................................
TEMPERATURE (F)
 TODAY
  MAXIMUM         64   1244 AM  87    1970
  MINIMUM         61    553 AM  31    1961  46     15       50

PRECIPITATION (IN)
  TODAY            0.00         MM      MM   0.12  -0.12     0.14
  MONTH TO DATE    5.40                      3.52   1.88     3.61
  SINCE JUN 1     46.99                     37.22   9.77    34.37
  SINCE JAN 1     17.58                     12.58   5.00    10.83

DEGREE DAYS
 HEATING
  TODAY            2

 COOLING
  TODAY            0
..................................................................





WEATHER CONDITIONS
 THE FOLLOWING WEATHER WAS RECORDED TODAY.
  FOG


RELATIVE HUMIDITY (PERCENT)
 HIGHEST    97           300 AM

..........................................................


THE MORGANTOWN WV CLIMATE NORMALS FOR TOMORROW
                         NORMAL    RECORD    YEAR
 MAXIMUM TEMPERATURE (F)   69        89      1970
 MINIMUM TEMPERATURE (F)   46        30      1978


SUNRISE AND SUNSET
APRIL 30 2017.........SUNRISE   621 AM EDT   SUNSET   813 PM EDT
MAY  1 2017...........SUNRISE   620 AM EDT   SUNSET   814 PM EDT


-  INDICATES NEGATIVE NUMBERS.
R  INDICATES RECORD WAS SET OR TIED.
MM INDICATES DATA IS MISSING.
T  INDICATES TRACE AMOUNT.




$$
