000
CDUS41 KPBZ 222211
CLIMGW


CLIMATE REPORT
NATIONAL WEATHER SERVICE PITTSBURGH PA
511 PM EST MON JAN 22 2018


...................................

...THE MORGANTOWN WV CLIMATE SUMMARY FOR JANUARY 22 2018...
VALID TODAY AS OF 0500 PM LOCAL TIME.

CLIMATE NORMAL PERIOD 1981 TO 2010
CLIMATE RECORD PERIOD 1872 TO 2018


WEATHER ITEM   OBSERVED TIME   RECORD YEAR NORMAL DEPARTURE LAST
                VALUE   (LST)  VALUE       VALUE  FROM      YEAR
                                                  NORMAL
..................................................................
TEMPERATURE (F)
 TODAY
  MAXIMUM         68    151 PM  76    1906  39     29       60
  MINIMUM         50    229 AM  -5    1984  24     26       47
  AVERAGE         59                        31     28       54

PRECIPITATION (IN)
  TODAY            0.02          1.54 1926   0.09  -0.07      T
  MONTH TO DATE    1.89                      1.99  -0.10     2.91
  SINCE JUN 1     28.22                     26.63   1.59    32.32
  SINCE JAN 1      1.89                      1.99  -0.10     2.91

DEGREE DAYS
 HEATING
  TODAY            6                        34    -28       11
  MONTH TO DATE  843                       745     98      587
  SINCE DEC 1   1847                      1681    166     1463
  SINCE JUL 1   2742                      2729     13     2149

 COOLING
  TODAY            0                         0      0        0
  MONTH TO DATE    0                         0      0        0
  SINCE DEC 1      0                         0      0        0
  SINCE JAN 1      0                         0      0        0
..................................................................


WIND (MPH)
  RESULTANT WIND SPEED   5   RESULTANT WIND DIRECTION   S (170)
  HIGHEST WIND SPEED    17   HIGHEST WIND DIRECTION     S (170)
  HIGHEST GUST SPEED    26   HIGHEST GUST DIRECTION     S (180)
  AVERAGE WIND SPEED     5.7


SKY COVER
  POSSIBLE SUNSHINE  MM
  AVERAGE SKY COVER 0.7


WEATHER CONDITIONS
 THE FOLLOWING WEATHER WAS RECORDED TODAY.
  NO SIGNIFICANT WEATHER WAS OBSERVED.


RELATIVE HUMIDITY (PERCENT)
 HIGHEST    83           700 AM
 LOWEST     37           400 PM
 AVERAGE    60

..........................................................


THE MORGANTOWN WV CLIMATE NORMALS FOR TOMORROW
                         NORMAL    RECORD    YEAR
 MAXIMUM TEMPERATURE (F)   39        73      1999
 MINIMUM TEMPERATURE (F)   24       -16      1936


SUNRISE AND SUNSET
JANUARY 22 2018.......SUNRISE   735 AM EST   SUNSET   528 PM EST
JANUARY 23 2018.......SUNRISE   734 AM EST   SUNSET   529 PM EST


-  INDICATES NEGATIVE NUMBERS.
R  INDICATES RECORD WAS SET OR TIED.
MM INDICATES DATA IS MISSING.
T  INDICATES TRACE AMOUNT.




$$
