000
CDUS41 KPBZ 050700
CLIMGW


CLIMATE REPORT
NATIONAL WEATHER SERVICE PITTSBURGH PA
300 AM EDT SUN JUL 5 2015


...................................

...THE MORGANTOWN WV CLIMATE SUMMARY FOR JULY 4 2015...

CLIMATE NORMAL PERIOD 1981 TO 2010
CLIMATE RECORD PERIOD 1948 TO 2015


WEATHER ITEM   OBSERVED TIME   RECORD YEAR NORMAL DEPARTURE LAST
                VALUE   (LST)  VALUE       VALUE  FROM      YEAR
                                                  NORMAL
..................................................................
TEMPERATURE (F)
 YESTERDAY
  MAXIMUM         83    354 PM  95    2012  84     -1       77
                                      1966
  MINIMUM         65   1159 PM  47    1963  62      3       56
  AVERAGE         74                        73      1       67

PRECIPITATION (IN)
  YESTERDAY        0.18         MM      MM   0.16   0.02     0.00
  MONTH TO DATE    0.96                      0.60   0.36     0.00
  SINCE JUN 1      7.11                      4.71   2.40     4.52
  SINCE JAN 1     24.36                     21.90   2.46    20.01

DEGREE DAYS
 HEATING
  YESTERDAY        0                         0      0        0
  MONTH TO DATE    0                         0      0        0
  SINCE JUN 1     13                        31    -18        2
  SINCE JUL 1      0                         0      0        0

 COOLING
  YESTERDAY        9                         8      1        2
  MONTH TO DATE   23                        32     -9       40
  SINCE JUN 1    245                       194     51      280
  SINCE JAN 1    429                       261    168      389
..................................................................


WIND (MPH)
  HIGHEST WIND SPEED     9   HIGHEST WIND DIRECTION     W (270)
  HIGHEST GUST SPEED    13   HIGHEST GUST DIRECTION    NW (310)
  AVERAGE WIND SPEED     3.4


SKY COVER
  POSSIBLE SUNSHINE  MM
  AVERAGE SKY COVER 0.6


WEATHER CONDITIONS
 THE FOLLOWING WEATHER WAS RECORDED YESTERDAY.
  HEAVY RAIN
  LIGHT RAIN
  FOG
  HAZE


RELATIVE HUMIDITY (PERCENT)
 HIGHEST    84           600 AM
 LOWEST     45           500 PM
 AVERAGE    65

..........................................................


THE MORGANTOWN WV CLIMATE NORMALS FOR TODAY
                         NORMAL    RECORD    YEAR
 MAXIMUM TEMPERATURE (F)   84        96      1949
 MINIMUM TEMPERATURE (F)   63        45      1979


SUNRISE AND SUNSET
JULY  5 2015..........SUNRISE   558 AM EDT   SUNSET   851 PM EDT
JULY  6 2015..........SUNRISE   558 AM EDT   SUNSET   850 PM EDT


-  INDICATES NEGATIVE NUMBERS.
R  INDICATES RECORD WAS SET OR TIED.
MM INDICATES DATA IS MISSING.
T  INDICATES TRACE AMOUNT.




$$
