000
CDUS41 KPBZ 030808
CLIMGW


CLIMATE REPORT
NATIONAL WEATHER SERVICE PITTSBURGH PA
308 AM EST TUE MAR 3 2015


...................................

...THE MORGANTOWN WV CLIMATE SUMMARY FOR MARCH 2 2015...

CLIMATE NORMAL PERIOD 1981 TO 2010
CLIMATE RECORD PERIOD 1948 TO 2015


WEATHER ITEM   OBSERVED TIME   RECORD YEAR NORMAL DEPARTURE LAST
                VALUE   (LST)  VALUE       VALUE  FROM      YEAR
                                                  NORMAL
..................................................................
TEMPERATURE (F)
 YESTERDAY
  MAXIMUM         39   1203 AM  74    1991  47     -8       43
  MINIMUM         23   1158 PM   5    1980  28     -5       17
  AVERAGE         31                        38     -7       30

PRECIPITATION (IN)
  YESTERDAY        0.06         MM      MM   0.11  -0.05     0.42
  MONTH TO DATE    0.51                      0.21   0.30     0.42
  SINCE JUN 1     31.03                     30.26   0.77    34.02
  SINCE JAN 1      4.80                      5.62  -0.82     5.59

DEGREE DAYS
 HEATING
  YESTERDAY       34                        27      7       35
  MONTH TO DATE   65                        55     10       67
  SINCE MAR 1     65                        55     10       67
  SINCE JUL 1   4189                      3944    245     4193

 COOLING
  YESTERDAY        0                         0      0        0
  MONTH TO DATE    0                         0      0        0
  SINCE MAR 1      0                         0      0        0
  SINCE JAN 1      0                         0      0        0
..................................................................


WIND (MPH)
  HIGHEST WIND SPEED    13   HIGHEST WIND DIRECTION     W (280)
  HIGHEST GUST SPEED    19   HIGHEST GUST DIRECTION    NW (320)
  AVERAGE WIND SPEED     6.1


SKY COVER
  POSSIBLE SUNSHINE  MM
  AVERAGE SKY COVER 0.5


WEATHER CONDITIONS
 THE FOLLOWING WEATHER WAS RECORDED YESTERDAY.
  LIGHT RAIN
  FOG


RELATIVE HUMIDITY (PERCENT)
 HIGHEST    85           100 AM
 LOWEST     38           400 PM
 AVERAGE    62

..........................................................


THE MORGANTOWN WV CLIMATE NORMALS FOR TODAY
                         NORMAL    RECORD    YEAR
 MAXIMUM TEMPERATURE (F)   47        75      1974
 MINIMUM TEMPERATURE (F)   28         4      2014


SUNRISE AND SUNSET
MARCH  3 2015.........SUNRISE   650 AM EST   SUNSET   614 PM EST
MARCH  4 2015.........SUNRISE   649 AM EST   SUNSET   615 PM EST


-  INDICATES NEGATIVE NUMBERS.
R  INDICATES RECORD WAS SET OR TIED.
MM INDICATES DATA IS MISSING.
T  INDICATES TRACE AMOUNT.




$$
