000
CDUS41 KPBZ 180702
CLIMGW


CLIMATE REPORT
NATIONAL WEATHER SERVICE PITTSBURGH PA
302 AM EDT FRI AUG 18 2017


...................................

...THE MORGANTOWN WV CLIMATE SUMMARY FOR AUGUST 17 2017...

CLIMATE NORMAL PERIOD 1981 TO 2010
CLIMATE RECORD PERIOD 1872 TO 2017


WEATHER ITEM   OBSERVED TIME   RECORD YEAR NORMAL DEPARTURE LAST
                VALUE   (LST)  VALUE       VALUE  FROM      YEAR
                                                  NORMAL
..................................................................
TEMPERATURE (F)
 YESTERDAY
  MAXIMUM         89    257 PM  99    1988  83      6       83
  MINIMUM         66    550 AM  45    1902  62      4       70
  AVERAGE         78                        72      6       77

PRECIPITATION (IN)
  YESTERDAY        0.02          2.60 1977   0.11  -0.09     0.53
  MONTH TO DATE    0.63                      2.00  -1.37     3.19
  SINCE JUN 1     13.62                     10.73   2.89    14.56
  SINCE JAN 1     36.71                     27.92   8.79    30.60

DEGREE DAYS
 HEATING
  YESTERDAY        0                         0      0        0
  MONTH TO DATE    0                         0      0        0
  SINCE JUN 1     19                        34    -15       10
  SINCE JUL 1      1                         3     -2        0

 COOLING
  YESTERDAY       13                         7      6       12
  MONTH TO DATE  108                       133    -25      220
  SINCE JUN 1    574                       550     24      785
  SINCE JAN 1    681                       617     64      859
..................................................................


WIND (MPH)
  HIGHEST WIND SPEED    13   HIGHEST WIND DIRECTION     S (160)
  HIGHEST GUST SPEED    16   HIGHEST GUST DIRECTION     S (160)
  AVERAGE WIND SPEED     3.5


SKY COVER
  POSSIBLE SUNSHINE  MM
  AVERAGE SKY COVER 0.2


WEATHER CONDITIONS
 THE FOLLOWING WEATHER WAS RECORDED YESTERDAY.
  THUNDERSTORM
  LIGHT RAIN


RELATIVE HUMIDITY (PERCENT)
 HIGHEST    93          1000 PM
 LOWEST     50           300 PM
 AVERAGE    72

..........................................................


THE MORGANTOWN WV CLIMATE NORMALS FOR TODAY
                         NORMAL    RECORD    YEAR
 MAXIMUM TEMPERATURE (F)   83        95      1965
                                             1913
 MINIMUM TEMPERATURE (F)   62        46      1962


SUNRISE AND SUNSET
AUGUST 18 2017........SUNRISE   635 AM EDT   SUNSET   811 PM EDT
AUGUST 19 2017........SUNRISE   636 AM EDT   SUNSET   810 PM EDT


-  INDICATES NEGATIVE NUMBERS.
R  INDICATES RECORD WAS SET OR TIED.
MM INDICATES DATA IS MISSING.
T  INDICATES TRACE AMOUNT.




$$
