000
CDUS41 KPBZ 281324
CLIMGW


CLIMATE REPORT
NATIONAL WEATHER SERVICE PITTSBURGH PA
824 AM EST FRI NOV 28 2014


...................................

...THE MORGANTOWN WV CLIMATE SUMMARY FOR NOVEMBER 28 2014...
VALID AS OF 0800 AM LOCAL TIME.

CLIMATE NORMAL PERIOD 1981 TO 2010
CLIMATE RECORD PERIOD 1948 TO 2014


WEATHER ITEM   OBSERVED TIME   RECORD YEAR NORMAL DEPARTURE LAST
                VALUE   (LST)  VALUE       VALUE  FROM      YEAR
                                                  NORMAL
..................................................................
TEMPERATURE (F)
 TODAY
  MINIMUM         27    659 AM  11    1955  32     -5       21

PRECIPITATION (IN)
  TODAY            T            MM      MM   0.11  -0.11     0.00
  MONTH TO DATE    1.87                      3.22  -1.35     3.56
  SINCE JUN 1     23.32                     21.49   1.83    23.90
  SINCE JAN 1     38.81                     38.68   0.13    36.54

DEGREE DAYS
 HEATING
  TODAY           37

 COOLING
  TODAY            0
..................................................................





WEATHER CONDITIONS
 THE FOLLOWING WEATHER WAS RECORDED TODAY.
  LIGHT SNOW
  HAZE


RELATIVE HUMIDITY (PERCENT)
 HIGHEST    69           100 AM

..........................................................


THE MORGANTOWN WV CLIMATE NORMALS FOR TOMORROW
                         NORMAL    RECORD    YEAR
 MAXIMUM TEMPERATURE (F)   48        71      2005
 MINIMUM TEMPERATURE (F)   32         9      1976


SUNRISE AND SUNSET
NOVEMBER 28 2014......SUNRISE   718 AM EST   SUNSET   457 PM EST
NOVEMBER 29 2014......SUNRISE   719 AM EST   SUNSET   456 PM EST


-  INDICATES NEGATIVE NUMBERS.
R  INDICATES RECORD WAS SET OR TIED.
MM INDICATES DATA IS MISSING.
T  INDICATES TRACE AMOUNT.




$$
