000
CDUS43 KFSD 010700
CLIMHE


CLIMATE REPORT
NATIONAL WEATHER SERVICE SIOUX FALLS SD
200 AM CDT FRI AUG 1 2014


...................................

...THE MITCHELL SD CLIMATE SUMMARY FOR JULY 31 2014...

CLIMATE NORMAL PERIOD 1981 TO 2010
CLIMATE RECORD PERIOD 1893 TO 2014


WEATHER ITEM   OBSERVED TIME   RECORD YEAR NORMAL DEPARTURE LAST
                VALUE   (LST)  VALUE       VALUE  FROM      YEAR
                                                  NORMAL
..................................................................
TEMPERATURE (F)
 YESTERDAY
  MAXIMUM         84    426 PM 109    2002  85     -1       82
  MINIMUM         64    245 AM  47    1903  63      1       58
  AVERAGE         74                        74      0       70

PRECIPITATION (IN)
  YESTERDAY        0.14          1.50 1995   0.09   0.05     0.02
  MONTH TO DATE    1.36                      3.11  -1.75     3.86
  SINCE JUN 1      5.55                      7.24  -1.69     6.00
  SINCE JAN 1     10.28                     13.97  -3.69    15.95

SNOWFALL (IN)
  YESTERDAY        0.0           0.0    MM  MM     MM        0.0
  MONTH TO DATE    0.0                      MM     MM        0.0
  SINCE JUN 1      0.0                      MM     MM        0.0
  SINCE JUL 1      0.0                      MM     MM        0.0
  SNOW DEPTH       0

DEGREE DAYS
 HEATING
  YESTERDAY        0                         0      0        0
  MONTH TO DATE    9                         0      9       20
  SINCE JUN 1     35                        40     -5       70
  SINCE JUL 1      9                         5      4       20

 COOLING
  YESTERDAY        9                         9      0        5
  MONTH TO DATE  216                       308    -92      288
  SINCE JUN 1    374                       478   -104      455
  SINCE JAN 1    452                       518    -66      512
..................................................................


WIND (MPH)
  HIGHEST WIND SPEED    13   HIGHEST WIND DIRECTION    NW (320)
  HIGHEST GUST SPEED    17   HIGHEST GUST DIRECTION    NW (320)
  AVERAGE WIND SPEED     4.6


SKY COVER
  POSSIBLE SUNSHINE  MM
  AVERAGE SKY COVER 0.5


WEATHER CONDITIONS
 THE FOLLOWING WEATHER WAS RECORDED YESTERDAY.
  RAIN
  LIGHT RAIN
  FOG


RELATIVE HUMIDITY (PERCENT)
 HIGHEST    93           300 AM
 LOWEST     46           500 PM
 AVERAGE    70

..........................................................


THE MITCHELL SD CLIMATE NORMALS FOR TODAY
                         NORMAL    RECORD    YEAR
 MAXIMUM TEMPERATURE (F)   85       109      1901
 MINIMUM TEMPERATURE (F)   63        46      1904


SUNRISE AND SUNSET
AUGUST  1 2014........SUNRISE   621 AM CDT   SUNSET   855 PM CDT
AUGUST  2 2014........SUNRISE   622 AM CDT   SUNSET   854 PM CDT


-  INDICATES NEGATIVE NUMBERS.
R  INDICATES RECORD WAS SET OR TIED.
MM INDICATES DATA IS MISSING.
T  INDICATES TRACE AMOUNT.




$$
