000
CDUS43 KFSD 060712
CLIMHE


CLIMATE REPORT
NATIONAL WEATHER SERVICE SIOUX FALLS SD
111 AM CST TUE DEC 6 2016


...................................

...THE MITCHELL SD CLIMATE SUMMARY FOR DECEMBER 5 2016...

CLIMATE NORMAL PERIOD 1981 TO 2010
CLIMATE RECORD PERIOD 1893 TO 2016


WEATHER ITEM   OBSERVED TIME   RECORD YEAR NORMAL DEPARTURE LAST
                VALUE   (LST)  VALUE       VALUE  FROM      YEAR
                                                  NORMAL
..................................................................
TEMPERATURE (F)
 YESTERDAY
  MAXIMUM         49    139 PM  65    1939  33     16       41
  MINIMUM         19   1159 PM -12    2005  14      5       30
  AVERAGE         34                        24     10       36

PRECIPITATION (IN)
  YESTERDAY        0.00          0.92 1960   0.03  -0.03     0.00
  MONTH TO DATE    0.03                      0.13  -0.10     0.16
  SINCE DEC 1      0.03                      0.13  -0.10     0.16
  SINCE JAN 1     25.24                     21.20   4.04    22.57

SNOWFALL (IN)
  YESTERDAY        0.0           6.0  1936  MM     MM        0.0
  MONTH TO DATE    T                        MM     MM        2.6
  SINCE DEC 1      T                        MM     MM        2.6
  SINCE JUL 1      5.5                      MM     MM       15.8
  SNOW DEPTH       0

DEGREE DAYS
 HEATING
  YESTERDAY       31                        41    -10       29
  MONTH TO DATE  160                       203    -43      193
  SINCE DEC 1    160                       203    -43      193
  SINCE JUL 1   1254                      1771   -517     1376

 COOLING
  YESTERDAY        0                         0      0        0
  MONTH TO DATE    0                         0      0        0
  SINCE DEC 1      0                         0      0        0
  SINCE JAN 1   1036                       824    212      894
..................................................................


WIND (MPH)
  HIGHEST WIND SPEED    35   HIGHEST WIND DIRECTION    NW (300)
  HIGHEST GUST SPEED    42   HIGHEST GUST DIRECTION    NW (300)
  AVERAGE WIND SPEED    16.1


SKY COVER
  POSSIBLE SUNSHINE  MM
  AVERAGE SKY COVER 0.4


WEATHER CONDITIONS
 THE FOLLOWING WEATHER WAS RECORDED YESTERDAY.
  NO SIGNIFICANT WEATHER WAS OBSERVED.


RELATIVE HUMIDITY (PERCENT)
 HIGHEST    85           100 AM
 LOWEST     58           100 PM
 AVERAGE    72

..........................................................


THE MITCHELL SD CLIMATE NORMALS FOR TODAY
                         NORMAL    RECORD    YEAR
 MAXIMUM TEMPERATURE (F)   32        67      1939
 MINIMUM TEMPERATURE (F)   14       -16      1950


SUNRISE AND SUNSET
DECEMBER  6 2016......SUNRISE   752 AM CST   SUNSET   455 PM CST
DECEMBER  7 2016......SUNRISE   753 AM CST   SUNSET   455 PM CST


-  INDICATES NEGATIVE NUMBERS.
R  INDICATES RECORD WAS SET OR TIED.
MM INDICATES DATA IS MISSING.
T  INDICATES TRACE AMOUNT.




$$
