000
CDUS43 KFSD 010624
CLIMHE


CLIMATE REPORT
NATIONAL WEATHER SERVICE SIOUX FALLS SD
1223 AM CST SUN MAR 1 2015


...................................

...THE MITCHELL SD CLIMATE SUMMARY FOR FEBRUARY 28 2015...

CLIMATE NORMAL PERIOD 1981 TO 2010
CLIMATE RECORD PERIOD 1893 TO 2015


WEATHER ITEM   OBSERVED TIME   RECORD YEAR NORMAL DEPARTURE LAST
                VALUE   (LST)  VALUE       VALUE  FROM      YEAR
                                                  NORMAL
..................................................................
TEMPERATURE (F)
 YESTERDAY
  MAXIMUM         34    531 PM  67    1905  38     -4       22
  MINIMUM          7    722 AM -35    1962  18    -11        5
  AVERAGE         21                        28     -7       14

PRECIPITATION (IN)
  YESTERDAY        0.00          1.23 2012   0.01  -0.01      T
  MONTH TO DATE    0.24                      0.34  -0.10     0.33
  SINCE DEC 1      1.99                      1.01   0.98     1.15
  SINCE JAN 1      0.77                      0.56   0.21     0.50

SNOWFALL (IN)
  YESTERDAY        0.0          11.2  2007  MM     MM         T
  MONTH TO DATE    2.8                      MM     MM        6.0
  SINCE DEC 1     16.3                      MM     MM       18.2
  SINCE JUL 1     21.9                      MM     MM       22.2
  SNOW DEPTH       0

DEGREE DAYS
 HEATING
  YESTERDAY       44                        37      7       51
  MONTH TO DATE 1296                      1155    141     1387
  SINCE DEC 1   3834                      3954   -120     4442
  SINCE JUL 1   5490                      5522    -32     5950

 COOLING
  YESTERDAY        0                         0      0        0
  MONTH TO DATE    0                         0      0        0
  SINCE DEC 1      0                         0      0        0
  SINCE JAN 1      0                         0      0        0
..................................................................


WIND (MPH)
  HIGHEST WIND SPEED    23   HIGHEST WIND DIRECTION     S (190)
  HIGHEST GUST SPEED    28   HIGHEST GUST DIRECTION     S (190)
  AVERAGE WIND SPEED    12.7


SKY COVER
  POSSIBLE SUNSHINE  MM
  AVERAGE SKY COVER 0.2


WEATHER CONDITIONS
 THE FOLLOWING WEATHER WAS RECORDED YESTERDAY.
  NO SIGNIFICANT WEATHER WAS OBSERVED.


RELATIVE HUMIDITY (PERCENT)
 HIGHEST    80           700 AM
 LOWEST     38           400 PM
 AVERAGE    59

..........................................................


THE MITCHELL SD CLIMATE NORMALS FOR TODAY
                         NORMAL    RECORD    YEAR
 MAXIMUM TEMPERATURE (F)   38        75      1992
 MINIMUM TEMPERATURE (F)   19       -20      1962


SUNRISE AND SUNSET
MARCH  1 2015.........SUNRISE   709 AM CST   SUNSET   620 PM CST
MARCH  2 2015.........SUNRISE   707 AM CST   SUNSET   622 PM CST


-  INDICATES NEGATIVE NUMBERS.
R  INDICATES RECORD WAS SET OR TIED.
MM INDICATES DATA IS MISSING.
T  INDICATES TRACE AMOUNT.




$$
