000
CDUS43 KFSD 020645
CLIMHE


CLIMATE REPORT
NATIONAL WEATHER SERVICE SIOUX FALLS SD
144 AM CDT THU OCT 2 2014


...................................

...THE MITCHELL SD CLIMATE SUMMARY FOR OCTOBER 1 2014...

CLIMATE NORMAL PERIOD 1981 TO 2010
CLIMATE RECORD PERIOD 1893 TO 2014


WEATHER ITEM   OBSERVED TIME   RECORD YEAR NORMAL DEPARTURE LAST
                VALUE   (LST)  VALUE       VALUE  FROM      YEAR
                                                  NORMAL
..................................................................
TEMPERATURE (F)
 YESTERDAY
  MAXIMUM         77    244 PM  93    1951  69      8       75
  MINIMUM         50   1159 PM  22    1974  43      7       47
  AVERAGE         64                        56      8       61

PRECIPITATION (IN)
  YESTERDAY        0.00          0.59 1945   0.06  -0.06     0.00
  MONTH TO DATE    0.00                      0.06  -0.06     0.00
  SINCE SEP 1      1.74                      2.38  -0.64     2.44
  SINCE JAN 1     16.84                     18.73  -1.89    20.93

SNOWFALL (IN)
  YESTERDAY        0.0           1.0  1999  MM     MM        0.0
  MONTH TO DATE    0.0                      MM     MM        0.0
  SINCE SEP 1      0.0                      MM     MM        0.0
  SINCE JUL 1      0.0                      MM     MM        0.0
  SNOW DEPTH       0

DEGREE DAYS
 HEATING
  YESTERDAY        1                        10     -9        4
  MONTH TO DATE    1                        10     -9        4
  SINCE SEP 1    119                       151    -32       42
  SINCE JUL 1    131                       168    -37       65

 COOLING
  YESTERDAY        0                         1     -1        0
  MONTH TO DATE    0                         1     -1        0
  SINCE SEP 1     78                        73      5      163
  SINCE JAN 1    724                       818    -94      944
..................................................................


WIND (MPH)
  HIGHEST WIND SPEED    17   HIGHEST WIND DIRECTION     S (170)
  HIGHEST GUST SPEED    22   HIGHEST GUST DIRECTION     S (170)
  AVERAGE WIND SPEED     8.1


SKY COVER
  POSSIBLE SUNSHINE  MM
  AVERAGE SKY COVER 0.2


WEATHER CONDITIONS
 THE FOLLOWING WEATHER WAS RECORDED YESTERDAY.
  FOG


RELATIVE HUMIDITY (PERCENT)
 HIGHEST    97           700 AM
 LOWEST     38           400 PM
 AVERAGE    68

..........................................................


THE MITCHELL SD CLIMATE NORMALS FOR TODAY
                         NORMAL    RECORD    YEAR
 MAXIMUM TEMPERATURE (F)   69        96      1997
 MINIMUM TEMPERATURE (F)   42        24      1974


SUNRISE AND SUNSET
OCTOBER  2 2014.......SUNRISE   731 AM CDT   SUNSET   711 PM CDT
OCTOBER  3 2014.......SUNRISE   732 AM CDT   SUNSET   709 PM CDT


-  INDICATES NEGATIVE NUMBERS.
R  INDICATES RECORD WAS SET OR TIED.
MM INDICATES DATA IS MISSING.
T  INDICATES TRACE AMOUNT.




$$
