000
CDUS43 KFSD 250629
CLIMHE


CLIMATE REPORT
NATIONAL WEATHER SERVICE SIOUX FALLS SD
127 AM CDT THU AUG 25 2016


...................................

...THE MITCHELL SD CLIMATE SUMMARY FOR AUGUST 24 2016...

CLIMATE NORMAL PERIOD 1981 TO 2010
CLIMATE RECORD PERIOD 1893 TO 2016


WEATHER ITEM   OBSERVED TIME   RECORD YEAR NORMAL DEPARTURE LAST
                VALUE   (LST)  VALUE       VALUE  FROM      YEAR
                                                  NORMAL
..................................................................
TEMPERATURE (F)
 YESTERDAY
  MAXIMUM         77    252 PM 110    1936  82     -5       74
  MINIMUM         54    608 AM  40    1896  59     -5       45
  AVERAGE         66                        71     -5       60

PRECIPITATION (IN)
  YESTERDAY        0.00          1.97 1954   0.07  -0.07     0.00
  MONTH TO DATE    3.31                      1.89   1.42     3.49
  SINCE JUN 1      6.89                      9.13  -2.24     9.67
  SINCE JAN 1     19.41                     15.86   3.55    16.76

SNOWFALL (IN)
  YESTERDAY        0.0           0.0    MM  MM     MM        0.0
  MONTH TO DATE    0.0                      MM     MM        0.0
  SINCE JUN 1      0.0                      MM     MM        0.0
  SINCE JUL 1      0.0                      MM     MM        0.0
  SNOW DEPTH       0

DEGREE DAYS
 HEATING
  YESTERDAY        0                         0      0        5
  MONTH TO DATE    0                         0      0       22
  SINCE JUN 1      7                        40    -33       27
  SINCE JUL 1      3                         5     -2       24

 COOLING
  YESTERDAY        1                         6     -5        0
  MONTH TO DATE  217                       189     28      162
  SINCE JUN 1    832                       667    165      652
  SINCE JAN 1    876                       707    169      683
..................................................................


WIND (MPH)
  HIGHEST WIND SPEED    15   HIGHEST WIND DIRECTION    NW (320)
  HIGHEST GUST SPEED    19   HIGHEST GUST DIRECTION    NW (320)
  AVERAGE WIND SPEED     6.0


SKY COVER
  POSSIBLE SUNSHINE  MM
  AVERAGE SKY COVER 0.0


WEATHER CONDITIONS
 THE FOLLOWING WEATHER WAS RECORDED YESTERDAY.
  NO SIGNIFICANT WEATHER WAS OBSERVED.


RELATIVE HUMIDITY (PERCENT)
 HIGHEST    86           700 AM
 LOWEST     46           300 PM
 AVERAGE    66

..........................................................


THE MITCHELL SD CLIMATE NORMALS FOR TODAY
                         NORMAL    RECORD    YEAR
 MAXIMUM TEMPERATURE (F)   82       108      1973
 MINIMUM TEMPERATURE (F)   59        41      1964
                                             1911


SUNRISE AND SUNSET
AUGUST 25 2016........SUNRISE   648 AM CDT   SUNSET   819 PM CDT
AUGUST 26 2016........SUNRISE   649 AM CDT   SUNSET   817 PM CDT


-  INDICATES NEGATIVE NUMBERS.
R  INDICATES RECORD WAS SET OR TIED.
MM INDICATES DATA IS MISSING.
T  INDICATES TRACE AMOUNT.




$$
