000
CDUS43 KTOP 240638
CLIMHK


CLIMATE REPORT
NATIONAL WEATHER SERVICE TOPEKA KS
1237 AM CST MON NOV 24 2014


...................................

...THE MANHATTAN KS CLIMATE SUMMARY FOR NOVEMBER 23 2014...

CLIMATE NORMAL PERIOD 1981 TO 2010
CLIMATE RECORD PERIOD 9999 TO 9999


WEATHER ITEM   OBSERVED NORMAL DEPARTURE LAST
                VALUE   VALUE  FROM      YEAR
                               NORMAL
...............................................
TEMPERATURE (F)
 YESTERDAY
  MAXIMUM         57     51      6       29
  MINIMUM         38     27     11       15
  AVERAGE         48     39      9       22

PRECIPITATION (IN)
  YESTERDAY        0.07   0.04   0.03     0.00
  MONTH TO DATE    0.11   1.35  -1.24     0.54
  SINCE SEP 1      3.83   6.74  -2.91     7.38
  SINCE JAN 1     20.73  31.28 -10.55    28.60

DEGREE DAYS
 HEATING
  YESTERDAY       17     26     -9       43
  MONTH TO DATE  646    482    164      491
  SINCE SEP 1    945    878     67      840
  SINCE JUL 1    946    881     65      843

 COOLING
  YESTERDAY        0      0      0        0
  MONTH TO DATE    0      0      0        0
  SINCE SEP 1    203    178     25      285
  SINCE JAN 1   1581   1361    220     1513
...............................................


WIND (MPH)
  HIGHEST WIND SPEED    22   HIGHEST WIND DIRECTION     N (360)
  HIGHEST GUST SPEED    38   HIGHEST GUST DIRECTION     N (360)
  AVERAGE WIND SPEED     7.4


SKY COVER
  AVERAGE SKY COVER 0.8


WEATHER CONDITIONS
 THE FOLLOWING WEATHER WAS RECORDED YESTERDAY.
  RAIN
  LIGHT RAIN
  FOG


RELATIVE HUMIDITY (PERCENT)
 HIGHEST   100
 LOWEST     70
 AVERAGE    85

..........................................................


THE MANHATTAN KS CLIMATE NORMALS FOR TODAY
                         NORMAL
 MAXIMUM TEMPERATURE (F)   51
 MINIMUM TEMPERATURE (F)   27


SUNRISE AND SUNSET
NOVEMBER 24 2014......SUNRISE   720 AM CST   SUNSET   507 PM CST
NOVEMBER 25 2014......SUNRISE   721 AM CST   SUNSET   506 PM CST


-  INDICATES NEGATIVE NUMBERS.
R  INDICATES RECORD WAS SET OR TIED.
MM INDICATES DATA IS MISSING.
T  INDICATES TRACE AMOUNT.




$$
