000
CDUS43 KTOP 040638
CLIMHK


CLIMATE REPORT
NATIONAL WEATHER SERVICE TOPEKA KS
138 AM CDT WED MAY 4 2016


...................................

...THE MANHATTAN KS CLIMATE SUMMARY FOR MAY 3 2016...

CLIMATE NORMAL PERIOD 1981 TO 2010
CLIMATE RECORD PERIOD 9999 TO 9999


WEATHER ITEM   OBSERVED NORMAL DEPARTURE LAST
                VALUE   VALUE  FROM      YEAR
                               NORMAL
...............................................
TEMPERATURE (F)
 YESTERDAY
  MAXIMUM         75     72      3       87
  MINIMUM         39     47     -8       65
  AVERAGE         57     59     -2       76

PRECIPITATION (IN)
  YESTERDAY        0.00   0.15  -0.15     0.04
  MONTH TO DATE    T      0.44  -0.44     0.04
  SINCE MAR 1      8.42   5.44   2.98     2.82
  SINCE JAN 1      9.40   7.16   2.24     4.28

DEGREE DAYS
 HEATING
  YESTERDAY        8      7      1        0
  MONTH TO DATE   30     21      9        3
  SINCE MAR 1    734   1042   -308      828
  SINCE JUL 1   4031   5202  -1171     5022

 COOLING
  YESTERDAY        0      1     -1       11
  MONTH TO DATE    0      3     -3       16
  SINCE MAR 1     28     20      8       24
  SINCE JAN 1     28     20      8       24
...............................................


WIND (MPH)
  HIGHEST WIND SPEED    12   HIGHEST WIND DIRECTION     W (270)
  HIGHEST GUST SPEED    17   HIGHEST GUST DIRECTION     S (160)
  AVERAGE WIND SPEED     2.2


SKY COVER
  AVERAGE SKY COVER 0.1


WEATHER CONDITIONS
 THE FOLLOWING WEATHER WAS RECORDED YESTERDAY.
  FOG


RELATIVE HUMIDITY (PERCENT)
 HIGHEST    92
 LOWEST     29
 AVERAGE    61

..........................................................


THE MANHATTAN KS CLIMATE NORMALS FOR TODAY
                         NORMAL
 MAXIMUM TEMPERATURE (F)   72
 MINIMUM TEMPERATURE (F)   47


SUNRISE AND SUNSET
MAY  4 2016...........SUNRISE   624 AM CDT   SUNSET   823 PM CDT
MAY  5 2016...........SUNRISE   623 AM CDT   SUNSET   824 PM CDT


-  INDICATES NEGATIVE NUMBERS.
R  INDICATES RECORD WAS SET OR TIED.
MM INDICATES DATA IS MISSING.
T  INDICATES TRACE AMOUNT.




$$
