000
CDUS43 KTOP 010636
CLIMHK


CLIMATE REPORT
NATIONAL WEATHER SERVICE TOPEKA KS
1234 AM CST SUN FEB 1 2015


...................................

...THE MANHATTAN KS CLIMATE SUMMARY FOR JANUARY 31 2015...

CLIMATE NORMAL PERIOD 1981 TO 2010
CLIMATE RECORD PERIOD 9999 TO 9999


WEATHER ITEM   OBSERVED NORMAL DEPARTURE LAST
                VALUE   VALUE  FROM      YEAR
                               NORMAL
...............................................
TEMPERATURE (F)
 YESTERDAY
  MAXIMUM         39     42     -3       29
  MINIMUM         34     18     16       20
  AVERAGE         37     30      7       25

PRECIPITATION (IN)
  YESTERDAY        0.84   0.04   0.80     0.08
  MONTH TO DATE    0.92   0.65   0.27     0.31
  SINCE DEC 1      3.14   1.67   1.47     0.90
  SINCE JAN 1      0.92   0.65   0.27     0.31

DEGREE DAYS
 HEATING
  YESTERDAY       28     35     -7       40
  MONTH TO DATE 1076   1126    -50     1176
  SINCE DEC 1   2010   2191   -181     2364
  SINCE JUL 1   3147   3266   -119     3451

 COOLING
  YESTERDAY        0      0      0        0
  MONTH TO DATE    0      0      0        0
  SINCE DEC 1      0      0      0        0
  SINCE JAN 1      0      0      0        0
...............................................


WIND (MPH)
  HIGHEST WIND SPEED    14   HIGHEST WIND DIRECTION     S (170)
  HIGHEST GUST SPEED    17   HIGHEST GUST DIRECTION     S (180)
  AVERAGE WIND SPEED     4.9


SKY COVER
  AVERAGE SKY COVER 1.0


WEATHER CONDITIONS
 THE FOLLOWING WEATHER WAS RECORDED YESTERDAY.
  RAIN
  LIGHT RAIN
  FOG


RELATIVE HUMIDITY (PERCENT)
 HIGHEST   100
 LOWEST     92
 AVERAGE    96

..........................................................


THE MANHATTAN KS CLIMATE NORMALS FOR TODAY
                         NORMAL
 MAXIMUM TEMPERATURE (F)   42
 MINIMUM TEMPERATURE (F)   18


SUNRISE AND SUNSET
FEBRUARY  1 2015......SUNRISE   734 AM CST   SUNSET   547 PM CST
FEBRUARY  2 2015......SUNRISE   733 AM CST   SUNSET   549 PM CST


-  INDICATES NEGATIVE NUMBERS.
R  INDICATES RECORD WAS SET OR TIED.
MM INDICATES DATA IS MISSING.
T  INDICATES TRACE AMOUNT.




$$
