000
CDUS43 KTOP 220711
CLIMHK


CLIMATE REPORT
NATIONAL WEATHER SERVICE TOPEKA KS
111 AM CST SUN JAN 22 2017


...................................

...THE MANHATTAN KS CLIMATE SUMMARY FOR JANUARY 21 2017...

CLIMATE NORMAL PERIOD 1981 TO 2010
CLIMATE RECORD PERIOD 9999 TO 9999


WEATHER ITEM   OBSERVED NORMAL DEPARTURE LAST
                VALUE   VALUE  FROM      YEAR
                               NORMAL
...............................................
TEMPERATURE (F)
 YESTERDAY
  MAXIMUM         58     41     17       28
  MINIMUM         33     17     16       21
  AVERAGE         46     29     17       25

PRECIPITATION (IN)
  YESTERDAY        0.02   0.02   0.00     0.11
  MONTH TO DATE    1.38   0.31   1.07     0.56
  SINCE DEC 1      2.32   1.33   0.99     3.65
  SINCE JAN 1      1.38   0.31   1.07     0.56

DEGREE DAYS
 HEATING
  YESTERDAY       19     36    -17       40
  MONTH TO DATE  725    771    -46      684
  SINCE DEC 1   1802   1837    -35     1519
  SINCE JUL 1   2412   2912   -500     2258

 COOLING
  YESTERDAY        0      0      0        0
  MONTH TO DATE    0      0      0        0
  SINCE DEC 1      0      0      0        0
  SINCE JAN 1      0      0      0        0
...............................................


WIND (MPH)
  HIGHEST WIND SPEED    12   HIGHEST WIND DIRECTION     S (200)
  HIGHEST GUST SPEED    13   HIGHEST GUST DIRECTION    SW (210)
  AVERAGE WIND SPEED     4.6


SKY COVER
  AVERAGE SKY COVER 0.3


WEATHER CONDITIONS
 THE FOLLOWING WEATHER WAS RECORDED YESTERDAY.
  LIGHT RAIN
  FOG


RELATIVE HUMIDITY (PERCENT)
 HIGHEST   100
 LOWEST     47
 AVERAGE    74

..........................................................


THE MANHATTAN KS CLIMATE NORMALS FOR TODAY
                         NORMAL
 MAXIMUM TEMPERATURE (F)   41
 MINIMUM TEMPERATURE (F)   17


SUNRISE AND SUNSET
JANUARY 22 2017.......SUNRISE   741 AM CST   SUNSET   536 PM CST
JANUARY 23 2017.......SUNRISE   740 AM CST   SUNSET   537 PM CST


-  INDICATES NEGATIVE NUMBERS.
R  INDICATES RECORD WAS SET OR TIED.
MM INDICATES DATA IS MISSING.
T  INDICATES TRACE AMOUNT.




$$
