000
CDUS43 KTOP 050644
CLIMHK


CLIMATE REPORT
NATIONAL WEATHER SERVICE TOPEKA KS
1244 AM CST MON DEC 5 2016


...................................

...THE MANHATTAN KS CLIMATE SUMMARY FOR DECEMBER 4 2016...

CLIMATE NORMAL PERIOD 1981 TO 2010
CLIMATE RECORD PERIOD 9999 TO 9999


WEATHER ITEM   OBSERVED NORMAL DEPARTURE LAST
                VALUE   VALUE  FROM      YEAR
                               NORMAL
...............................................
TEMPERATURE (F)
 YESTERDAY
  MAXIMUM         46     45      1       62
  MINIMUM         25     23      2       21
  AVERAGE         36     34      2       42

PRECIPITATION (IN)
  YESTERDAY        0.25   0.05   0.20     0.00
  MONTH TO DATE    0.65   0.18   0.47      T
  SINCE DEC 1      0.65   0.18   0.47      T
  SINCE JAN 1     34.17  31.71   2.46    34.78

DEGREE DAYS
 HEATING
  YESTERDAY       29     31     -2       23
  MONTH TO DATE  121    122     -1      111
  SINCE DEC 1    121    122     -1      111
  SINCE JUL 1    731   1197   -466      850

 COOLING
  YESTERDAY        0      0      0        0
  MONTH TO DATE    0      0      0        0
  SINCE DEC 1      0      0      0        0
  SINCE JAN 1   1749   1362    387     1617
...............................................


WIND (MPH)
  HIGHEST WIND SPEED    10   HIGHEST WIND DIRECTION     W (260)
  HIGHEST GUST SPEED    14   HIGHEST GUST DIRECTION     W (270)
  AVERAGE WIND SPEED     3.2


SKY COVER
  AVERAGE SKY COVER 0.6


WEATHER CONDITIONS
 THE FOLLOWING WEATHER WAS RECORDED YESTERDAY.
  LIGHT RAIN
  FOG


RELATIVE HUMIDITY (PERCENT)
 HIGHEST   100
 LOWEST     71
 AVERAGE    86

..........................................................


THE MANHATTAN KS CLIMATE NORMALS FOR TODAY
                         NORMAL
 MAXIMUM TEMPERATURE (F)   45
 MINIMUM TEMPERATURE (F)   22


SUNRISE AND SUNSET
DECEMBER  5 2016......SUNRISE   731 AM CST   SUNSET   504 PM CST
DECEMBER  6 2016......SUNRISE   732 AM CST   SUNSET   504 PM CST


-  INDICATES NEGATIVE NUMBERS.
R  INDICATES RECORD WAS SET OR TIED.
MM INDICATES DATA IS MISSING.
T  INDICATES TRACE AMOUNT.




$$
