000
CDUS43 KTOP 210639
CLIMHK


CLIMATE REPORT
NATIONAL WEATHER SERVICE TOPEKA KS
1236 AM CST SUN DEC 21 2014


...................................

...THE MANHATTAN KS CLIMATE SUMMARY FOR DECEMBER 20 2014...

CLIMATE NORMAL PERIOD 1981 TO 2010
CLIMATE RECORD PERIOD 9999 TO 9999


WEATHER ITEM   OBSERVED NORMAL DEPARTURE LAST
                VALUE   VALUE  FROM      YEAR
                               NORMAL
...............................................
TEMPERATURE (F)
 YESTERDAY
  MAXIMUM         49     40      9       25
  MINIMUM         26     18      8       16
  AVERAGE         38     29      9       21

PRECIPITATION (IN)
  YESTERDAY        0.00   0.03  -0.03      T
  MONTH TO DATE    2.09   0.69   1.40     0.02
  SINCE DEC 1      2.09   0.69   1.40     0.02
  SINCE JAN 1     22.82  32.22  -9.40    28.62

DEGREE DAYS
 HEATING
  YESTERDAY       27     36     -9       44
  MONTH TO DATE  554    664   -110      720
  SINCE DEC 1    554    664   -110      720
  SINCE JUL 1   1691   1739    -48     1807

 COOLING
  YESTERDAY        0      0      0        0
  MONTH TO DATE    0      0      0        0
  SINCE DEC 1      0      0      0        0
  SINCE JAN 1   1581   1362    219     1513
...............................................


WIND (MPH)
  HIGHEST WIND SPEED    15   HIGHEST WIND DIRECTION     S (200)
  HIGHEST GUST SPEED    20   HIGHEST GUST DIRECTION     S (200)
  AVERAGE WIND SPEED     7.5


SKY COVER
  AVERAGE SKY COVER 0.1


WEATHER CONDITIONS
 THE FOLLOWING WEATHER WAS RECORDED YESTERDAY.
  FOG
  HAZE


RELATIVE HUMIDITY (PERCENT)
 HIGHEST   100
 LOWEST     71
 AVERAGE    86

..........................................................


THE MANHATTAN KS CLIMATE NORMALS FOR TODAY
                         NORMAL
 MAXIMUM TEMPERATURE (F)   40
 MINIMUM TEMPERATURE (F)   18


SUNRISE AND SUNSET
DECEMBER 21 2014......SUNRISE   742 AM CST   SUNSET   507 PM CST
DECEMBER 22 2014......SUNRISE   743 AM CST   SUNSET   508 PM CST


-  INDICATES NEGATIVE NUMBERS.
R  INDICATES RECORD WAS SET OR TIED.
MM INDICATES DATA IS MISSING.
T  INDICATES TRACE AMOUNT.




$$
