762
CDUS43 KTOP 270634
CLIMHK


CLIMATE REPORT
NATIONAL WEATHER SERVICE TOPEKA KS
133 AM CDT THU APR 27 2017


...................................

...THE MANHATTAN KS CLIMATE SUMMARY FOR APRIL 26 2017...

CLIMATE NORMAL PERIOD 1981 TO 2010
CLIMATE RECORD PERIOD 9999 TO 9999


WEATHER ITEM   OBSERVED NORMAL DEPARTURE LAST
                VALUE   VALUE  FROM      YEAR
                               NORMAL
...............................................
TEMPERATURE (F)
 YESTERDAY
  MAXIMUM         54     70    -16       79
  MINIMUM         40     45     -5       60
  AVERAGE         47     57    -10       70

PRECIPITATION (IN)
  YESTERDAY        0.00   0.12  -0.12     2.96
  MONTH TO DATE    3.15   2.24   0.91     7.11
  SINCE MAR 1      7.22   4.44   2.78     7.61
  SINCE JAN 1      9.02   6.16   2.86     8.59

DEGREE DAYS
 HEATING
  YESTERDAY       18      8     10        0
  MONTH TO DATE  215    315   -100      187
  SINCE MAR 1    724    991   -267      660
  SINCE JUL 1   4008   5151  -1143     3957

 COOLING
  YESTERDAY        0      1     -1        5
  MONTH TO DATE   38     15     23       19
  SINCE MAR 1     44     17     27       28
  SINCE JAN 1     44     17     27       28
...............................................


WIND (MPH)
  HIGHEST WIND SPEED    15   HIGHEST WIND DIRECTION     N (360)
  HIGHEST GUST SPEED    23   HIGHEST GUST DIRECTION     N (360)
  AVERAGE WIND SPEED     7.5


SKY COVER
  AVERAGE SKY COVER 0.9


WEATHER CONDITIONS
 THE FOLLOWING WEATHER WAS RECORDED YESTERDAY.
  NO SIGNIFICANT WEATHER WAS OBSERVED.


RELATIVE HUMIDITY (PERCENT)
 HIGHEST    76
 LOWEST     50
 AVERAGE    63

..........................................................


THE MANHATTAN KS CLIMATE NORMALS FOR TODAY
                         NORMAL
 MAXIMUM TEMPERATURE (F)   70
 MINIMUM TEMPERATURE (F)   45


SUNRISE AND SUNSET
APRIL 27 2017.........SUNRISE   633 AM CDT   SUNSET   816 PM CDT
APRIL 28 2017.........SUNRISE   632 AM CDT   SUNSET   817 PM CDT


-  INDICATES NEGATIVE NUMBERS.
R  INDICATES RECORD WAS SET OR TIED.
MM INDICATES DATA IS MISSING.
T  INDICATES TRACE AMOUNT.




$$
