000
CDUS46 KMFR 050835
CLIMHS


CLIMATE REPORT
NATIONAL WEATHER SERVICE MEDFORD, OR
135 AM PDT SAT SEP 5 2015


...................................

...THE MT SHASTA CITY CA CLIMATE SUMMARY FOR SEPTEMBER 4 2015...

CLIMATE NORMAL PERIOD 1981 TO 2010
CLIMATE RECORD PERIOD 1908 TO 2015


WEATHER ITEM   OBSERVED TIME   RECORD YEAR NORMAL DEPARTURE LAST
                VALUE   (LST)  VALUE       VALUE  FROM      YEAR
                                                  NORMAL
..................................................................
TEMPERATURE (F)
 YESTERDAY
  MAXIMUM         67    234 PM 101    1955  81    -14       84
  MINIMUM         45   1159 PM  34    1929  45      0       39
  AVERAGE         56                        63     -7       62

PRECIPITATION (IN)
  YESTERDAY        0.04          0.64 1946   0.01   0.03     0.00
  MONTH TO DATE    0.04                      0.06  -0.02     0.00
  SINCE OCT 1     36.46                     42.60  -6.14    13.39
  SINCE JAN 1     16.94                     27.39 -10.45    12.28

SNOWFALL (IN)
  YESTERDAY       MM                         0.0   MM       MM
  MONTH TO DATE   MM                         0.0   MM       MM
  SINCE JUL 1     MM                         0.0   MM       MM
  SNOW DEPTH      MM

DEGREE DAYS
 HEATING
  YESTERDAY        9                         3      6        3
  MONTH TO DATE   17                        12      5        3
  SINCE SEP 1     17                        12      5        3
  SINCE JUL 1     28                        87    -59        8

 COOLING
  YESTERDAY        0                         1     -1        0
  MONTH TO DATE    1                         5     -4        8
  SINCE SEP 1      1                         5     -4        8
  SINCE JAN 1    495                       265    230      506
..................................................................


WIND (MPH)
  HIGHEST WIND SPEED    12   HIGHEST WIND DIRECTION     W (290)
  HIGHEST GUST SPEED    22   HIGHEST GUST DIRECTION    NW (300)
  AVERAGE WIND SPEED     4.0


SKY COVER
  POSSIBLE SUNSHINE  MM
  AVERAGE SKY COVER 0.4


WEATHER CONDITIONS
 THE FOLLOWING WEATHER WAS RECORDED YESTERDAY.
  LIGHT RAIN
  FOG


RELATIVE HUMIDITY (PERCENT)
 HIGHEST    76           800 PM
 LOWEST     31          1200 PM

..........................................................


THE MT SHASTA CITY CA CLIMATE NORMALS FOR TODAY
                         NORMAL    RECORD    YEAR
 MAXIMUM TEMPERATURE (F)   81        97      1988
 MINIMUM TEMPERATURE (F)   45        34      1937


SUNRISE AND SUNSET
SEPTEMBER  5 2015.....SUNRISE   639 AM PDT   SUNSET   736 PM PDT
SEPTEMBER  6 2015.....SUNRISE   640 AM PDT   SUNSET   734 PM PDT


-  INDICATES NEGATIVE NUMBERS.
R  INDICATES RECORD WAS SET OR TIED.
MM INDICATES DATA IS MISSING.
T  INDICATES TRACE AMOUNT.




$$
