000
CDUS46 KMFR 020840
CLIMHS


CLIMATE REPORT
NATIONAL WEATHER SERVICE MEDFORD, OR
136 AM PDT THU JUL 2 2015


...................................

...THE MT SHASTA CITY CA CLIMATE SUMMARY FOR JULY 1 2015...

CLIMATE NORMAL PERIOD 1981 TO 2010
CLIMATE RECORD PERIOD 1908 TO 2015


WEATHER ITEM   OBSERVED TIME   RECORD YEAR NORMAL DEPARTURE LAST
                VALUE   (LST)  VALUE       VALUE  FROM      YEAR
                                                  NORMAL
..................................................................
TEMPERATURE (F)
 YESTERDAY
  MAXIMUM        100R   155 PM  99    2014  82     18       99
  MINIMUM         60    452 AM  32    1976  49     11       52
  AVERAGE         80                        65     15       76

PRECIPITATION (IN)
  YESTERDAY        0.00          0.71 1977   0.02  -0.02     0.00
  MONTH TO DATE    0.00                      0.02  -0.02     0.00
  SINCE OCT 1     34.90                     41.83  -6.93    12.94
  SINCE JAN 1     15.38                     26.62 -11.24    11.83

SNOWFALL (IN)
  YESTERDAY       MM                         0.0   MM       MM
  MONTH TO DATE   MM                         0.0   MM       MM
  SINCE JUL 1     MM                         0.0   MM       MM
  SNOW DEPTH      MM

DEGREE DAYS
 HEATING
  YESTERDAY        0                         2     -2        0
  MONTH TO DATE    0                         2     -2        0
  SINCE JUN 1     21                       144   -123       56
  SINCE JUL 1      0                         2     -2        0

 COOLING
  YESTERDAY       15                         3     12       11
  MONTH TO DATE   15                         3     12       11
  SINCE JUN 1    190                        40    150       69
  SINCE JAN 1    195                        48    147       78
..................................................................


WIND (MPH)
  HIGHEST WIND SPEED     7   HIGHEST WIND DIRECTION    SE (140)
  HIGHEST GUST SPEED    14   HIGHEST GUST DIRECTION    SE (150)
  AVERAGE WIND SPEED     1.7


SKY COVER
  POSSIBLE SUNSHINE  MM
  AVERAGE SKY COVER 0.0


WEATHER CONDITIONS
 THE FOLLOWING WEATHER WAS RECORDED YESTERDAY.
  HAZE


RELATIVE HUMIDITY (PERCENT)
 HIGHEST    69           400 AM
 LOWEST     17           100 PM

..........................................................


THE MT SHASTA CITY CA CLIMATE NORMALS FOR TODAY
                         NORMAL    RECORD    YEAR
 MAXIMUM TEMPERATURE (F)   82        99      2013
 MINIMUM TEMPERATURE (F)   49        32      1928


SUNRISE AND SUNSET
JULY  2 2015..........SUNRISE   540 AM PDT   SUNSET   846 PM PDT
JULY  3 2015..........SUNRISE   541 AM PDT   SUNSET   846 PM PDT


-  INDICATES NEGATIVE NUMBERS.
R  INDICATES RECORD WAS SET OR TIED.
MM INDICATES DATA IS MISSING.
T  INDICATES TRACE AMOUNT.




$$
