000
CDUS46 KMFR 010839
CLIMHS


CLIMATE REPORT
NATIONAL WEATHER SERVICE MEDFORD, OR
1239 AM PST SUN FEB 1 2015


...................................

...THE MT SHASTA CITY CA CLIMATE SUMMARY FOR JANUARY 31 2015...

CLIMATE NORMAL PERIOD 1981 TO 2010
CLIMATE RECORD PERIOD 1908 TO 2015


WEATHER ITEM   OBSERVED TIME   RECORD YEAR NORMAL DEPARTURE LAST
                VALUE   (LST)  VALUE       VALUE  FROM      YEAR
                                                  NORMAL
..................................................................
TEMPERATURE (F)
 YESTERDAY
  MAXIMUM         62    236 PM  64    1912  47     15       43
  MINIMUM         30    755 AM  -1    1950  27      3       27
  AVERAGE         46                        37      9       35

PRECIPITATION (IN)
  YESTERDAY        0.00          2.27 1963   0.21  -0.21     0.00
  MONTH TO DATE    0.48                      7.06  -6.58     0.21
  SINCE OCT 1     20.00                     22.27  -2.27     1.32
  SINCE JAN 1      0.48                      7.06  -6.58     0.21

SNOWFALL (IN)
  YESTERDAY       MM                         0.6   MM       MM
  MONTH TO DATE   MM                        20.6   MM        0.0
  SINCE JUL 1     MM                        53.3   MM        0.0
  SNOW DEPTH      MM

DEGREE DAYS
 HEATING
  YESTERDAY       19                        28     -9       30
  MONTH TO DATE  681                       904   -223      767
  SINCE DEC 1   1414                      1829   -415     1705
  SINCE JUL 1   2424                      3226   -802     2942

 COOLING
  YESTERDAY        0                         0      0        0
  MONTH TO DATE    0                         0      0        0
  SINCE DEC 1      0                         0      0        0
  SINCE JAN 1      0                         0      0        0
..................................................................


WIND (MPH)
  HIGHEST WIND SPEED     9   HIGHEST WIND DIRECTION    NW (300)
  HIGHEST GUST SPEED    14   HIGHEST GUST DIRECTION    NW (310)
  AVERAGE WIND SPEED     3.1


SKY COVER
  POSSIBLE SUNSHINE  MM
  AVERAGE SKY COVER 0.0


WEATHER CONDITIONS
 THE FOLLOWING WEATHER WAS RECORDED YESTERDAY.
  HAZE


RELATIVE HUMIDITY (PERCENT)
 HIGHEST    69           800 AM
 LOWEST     22           200 PM

..........................................................


THE MT SHASTA CITY CA CLIMATE NORMALS FOR TODAY
                         NORMAL    RECORD    YEAR
 MAXIMUM TEMPERATURE (F)   47        60      1934
 MINIMUM TEMPERATURE (F)   27         3      1950


SUNRISE AND SUNSET
FEBRUARY  1 2015......SUNRISE   721 AM PST   SUNSET   526 PM PST
FEBRUARY  2 2015......SUNRISE   720 AM PST   SUNSET   527 PM PST


-  INDICATES NEGATIVE NUMBERS.
R  INDICATES RECORD WAS SET OR TIED.
MM INDICATES DATA IS MISSING.
T  INDICATES TRACE AMOUNT.




$$
