000
CDUS46 KMFR 180836
CLIMHS


CLIMATE REPORT
NATIONAL WEATHER SERVICE MEDFORD, OR
136 AM PDT FRI AUG 18 2017


...................................

...THE MT SHASTA CITY CA CLIMATE SUMMARY FOR AUGUST 17 2017...

CLIMATE NORMAL PERIOD 1981 TO 2010
CLIMATE RECORD PERIOD 1908 TO 2017


WEATHER ITEM   OBSERVED TIME   RECORD YEAR NORMAL DEPARTURE LAST
                VALUE   (LST)  VALUE       VALUE  FROM      YEAR
                                                  NORMAL
..................................................................
TEMPERATURE (F)
 YESTERDAY
  MAXIMUM         91    230 PM  97    1951  85      6       93
  MINIMUM         58    547 AM  37    1972  48     10       60
  AVERAGE         75                        67      8       77

PRECIPITATION (IN)
  YESTERDAY        0.00          0.30 1941   0.01  -0.01     0.00
  MONTH TO DATE    T                         0.17  -0.17     0.00
  SINCE OCT 1     59.73                     42.37  17.36    42.31
  SINCE JAN 1     38.57                     27.16  11.41    32.82

SNOWFALL (IN)
  YESTERDAY       MM                         0.0   MM       MM
  MONTH TO DATE   MM                         0.0   MM       MM
  SINCE JUL 1     MM                         0.0   MM       MM
  SNOW DEPTH      MM

DEGREE DAYS
 HEATING
  YESTERDAY        0                         1     -1        0
  MONTH TO DATE    0                        17    -17        0
  SINCE JUN 1    105                       192    -87      102
  SINCE JUL 1      0                        50    -50       15

 COOLING
  YESTERDAY       10                         3      7       12
  MONTH TO DATE  145                        61     84      105
  SINCE JUN 1    488                       221    267      387
  SINCE JAN 1    502                       229    273      395
..................................................................


WIND (MPH)
  HIGHEST WIND SPEED     8   HIGHEST WIND DIRECTION    NW (310)
  HIGHEST GUST SPEED    16   HIGHEST GUST DIRECTION    NE (60)
  AVERAGE WIND SPEED     3.6


SKY COVER
  POSSIBLE SUNSHINE  MM
  AVERAGE SKY COVER 0.0


WEATHER CONDITIONS
 THE FOLLOWING WEATHER WAS RECORDED YESTERDAY.
  NO SIGNIFICANT WEATHER WAS OBSERVED.


RELATIVE HUMIDITY (PERCENT)
 HIGHEST    62           600 AM
 LOWEST     18           400 PM

..........................................................


THE MT SHASTA CITY CA CLIMATE NORMALS FOR TODAY
                         NORMAL    RECORD    YEAR
 MAXIMUM TEMPERATURE (F)   85        99      2016
                                             1915
 MINIMUM TEMPERATURE (F)   48        35      1995


SUNRISE AND SUNSET
AUGUST 18 2017........SUNRISE   622 AM PDT   SUNSET   803 PM PDT
AUGUST 19 2017........SUNRISE   623 AM PDT   SUNSET   802 PM PDT


-  INDICATES NEGATIVE NUMBERS.
R  INDICATES RECORD WAS SET OR TIED.
MM INDICATES DATA IS MISSING.
T  INDICATES TRACE AMOUNT.




$$
