000
CDUS46 KMFR 210836
CLIMHS


CLIMATE REPORT
NATIONAL WEATHER SERVICE MEDFORD, OR
136 AM PDT SAT OCT 21 2017


...................................

...THE MT SHASTA CITY CA CLIMATE SUMMARY FOR OCTOBER 20 2017...

CLIMATE NORMAL PERIOD 1981 TO 2010
CLIMATE RECORD PERIOD 1908 TO 2017


WEATHER ITEM   OBSERVED TIME   RECORD YEAR NORMAL DEPARTURE LAST
                VALUE   (LST)  VALUE       VALUE  FROM      YEAR
                                                  NORMAL
..................................................................
TEMPERATURE (F)
 YESTERDAY
  MAXIMUM         51        MM  81    1921  64    -13       66
                                      1964
  MINIMUM         30   1100 PM  22    1990  36     -6       36
  AVERAGE         41                        50     -9       51

PRECIPITATION (IN)
  YESTERDAY        0.00          0.35 1947   0.09  -0.09     0.00
  MONTH TO DATE    0.65                      1.09  -0.44     4.41
  SINCE OCT 1      0.65                      1.09  -0.44     4.41
  SINCE JAN 1     39.64                     29.09  10.55    37.31

SNOWFALL (IN)
  YESTERDAY       MM                         0.0   MM       MM
  MONTH TO DATE   MM                         0.0   MM       MM
  SINCE JUL 1     MM                         0.0   MM       MM
  SNOW DEPTH      MM

DEGREE DAYS
 HEATING
  YESTERDAY       24                        15      9       14
  MONTH TO DATE  295                       235     60      281
  SINCE SEP 1    450                       397     53      385
  SINCE JUL 1    450                       472    -22      400

 COOLING
  YESTERDAY        0                         0      0        0
  MONTH TO DATE    0                         0      0        0
  SINCE SEP 1    100                        27     73       35
  SINCE JAN 1    700                       287    413      513
..................................................................


WIND (MPH)
  HIGHEST WIND SPEED     7   HIGHEST WIND DIRECTION     E (99)
  HIGHEST GUST SPEED    MM   HIGHEST GUST DIRECTION    MM
  AVERAGE WIND SPEED     1.7


SKY COVER
  POSSIBLE SUNSHINE  MM
  AVERAGE SKY COVER 0.6


WEATHER CONDITIONS
 THE FOLLOWING WEATHER WAS RECORDED YESTERDAY.
  NO SIGNIFICANT WEATHER WAS OBSERVED.


RELATIVE HUMIDITY (PERCENT)
 HIGHEST    92          1100 PM
 LOWEST     50           300 PM

..........................................................


THE MT SHASTA CITY CA CLIMATE NORMALS FOR TODAY
                         NORMAL    RECORD    YEAR
 MAXIMUM TEMPERATURE (F)   64        82      2003
 MINIMUM TEMPERATURE (F)   35        21      1996


SUNRISE AND SUNSET
OCTOBER 21 2017.......SUNRISE   728 AM PDT   SUNSET   619 PM PDT
OCTOBER 22 2017.......SUNRISE   729 AM PDT   SUNSET   617 PM PDT


-  INDICATES NEGATIVE NUMBERS.
R  INDICATES RECORD WAS SET OR TIED.
MM INDICATES DATA IS MISSING.
T  INDICATES TRACE AMOUNT.




$$
