000
CDUS42 KMFL 260924
CLIMIA


CLIMATE REPORT
NATIONAL WEATHER SERVICE MIAMI, FL
424 AM EST WED NOV 26 2014


...................................

...THE MIAMI CLIMATE SUMMARY FOR NOVEMBER 25 2014...

CLIMATE NORMAL PERIOD 1981 TO 2010
CLIMATE RECORD PERIOD 1839 TO 2014


WEATHER ITEM   OBSERVED TIME   RECORD YEAR NORMAL DEPARTURE LAST
                VALUE   (LST)  VALUE       VALUE  FROM      YEAR
                                                  NORMAL
..................................................................
TEMPERATURE (F)
 YESTERDAY
  MAXIMUM         85    202 PM  86    1947  80      5       78
  MINIMUM         78   1042 PM  40    1970  67     11       72
  AVERAGE         82                        74      8       75

PRECIPITATION (IN)
  YESTERDAY        T             2.37 2009   0.08  -0.08     0.08
  MONTH TO DATE    2.64                      2.83  -0.19     3.64
  SINCE NOV 1      2.64                      2.83  -0.19     3.64
  SINCE JAN 1     62.26                     59.42   2.84    63.66

SNOWFALL (IN)
  YESTERDAY        0.0
  MONTH TO DATE    0.0
  SINCE SEP 1      0.0
  SINCE JUL 1      0.0
  SNOW DEPTH       0

DEGREE DAYS
 HEATING
  YESTERDAY        0                         0      0
  MONTH TO DATE    8                         0      8
  SINCE SEP 1      8                         0      8
  SINCE JUL 1      8                         0      8

 COOLING
  YESTERDAY       17                         9      8
  MONTH TO DATE  232                       259    -27
  SINCE SEP 1   1233                      1256    -23
  SINCE JAN 1   4528                      4331    197
..................................................................


WIND (MPH)
  HIGHEST WIND SPEED    22   HIGHEST WIND DIRECTION     S (160)
  HIGHEST GUST SPEED    34   HIGHEST GUST DIRECTION     S (160)
  AVERAGE WIND SPEED    10.5


SKY COVER
  POSSIBLE SUNSHINE  MM
  AVERAGE SKY COVER 0.7


WEATHER CONDITIONS
 THE FOLLOWING WEATHER WAS RECORDED YESTERDAY.
  LIGHT RAIN
  FOG


RELATIVE HUMIDITY (PERCENT)
 HIGHEST    91
 LOWEST     70
 AVERAGE    81

..........................................................


THE MIAMI CLIMATE NORMALS FOR TODAY
                         NORMAL    RECORD    YEAR
 MAXIMUM TEMPERATURE (F)   80        86      1979
 MINIMUM TEMPERATURE (F)   67        39      1950


SUNRISE AND SUNSET
NOVEMBER 26 2014......SUNRISE   647 AM EST   SUNSET   530 PM EST
NOVEMBER 27 2014......SUNRISE   648 AM EST   SUNSET   530 PM EST


-  INDICATES NEGATIVE NUMBERS.
R  INDICATES RECORD WAS SET OR TIED.
MM INDICATES DATA IS MISSING.
T  INDICATES TRACE AMOUNT.




$$
