000
CDUS42 KMFL 010837
CLIMIA


CLIMATE REPORT
NATIONAL WEATHER SERVICE MIAMI, FL
436 AM EDT SUN MAY 1 2016


...................................

...THE MIAMI CLIMATE SUMMARY FOR APRIL 30 2016...

CLIMATE NORMAL PERIOD 1981 TO 2010
CLIMATE RECORD PERIOD 1895 TO 2016


WEATHER ITEM   OBSERVED TIME   RECORD YEAR NORMAL DEPARTURE LAST
                VALUE   (LST)  VALUE       VALUE  FROM      YEAR
                                                  NORMAL
..................................................................
TEMPERATURE (F)
 YESTERDAY
  MAXIMUM         84    211 PM  96    1971  85     -1       81
  MINIMUM         74    603 AM  55    1939  70      4       72
                                      1938
                                      1916
  AVERAGE         79                        78      1       77

PRECIPITATION (IN)
  YESTERDAY        0.00          2.33 2013   0.09  -0.09      T
  MONTH TO DATE    1.09                      3.14  -2.05     4.03
  SINCE NOV 1     29.49                     15.32  14.17    13.09
  SINCE JAN 1     12.12                     10.01   2.11     9.11

SNOWFALL (IN)
  YESTERDAY        0.0
  MONTH TO DATE    0.0
  SINCE MAR 1      0.0
  SINCE JUL 1      0.0
  SNOW DEPTH       0

DEGREE DAYS
 HEATING
  YESTERDAY        0                         0      0        0
  MONTH TO DATE    0                         0      0        0
  SINCE MAR 1      0                        12    -12        0
  SINCE JUL 1     67                       128    -61       76

 COOLING
  YESTERDAY       14                        13      1       12
  MONTH TO DATE  367                       324     43      468
  SINCE MAR 1    731                       571    160      840
  SINCE JAN 1    988                       893     95     1179
..................................................................


WIND (MPH)
  HIGHEST WIND SPEED    21   HIGHEST WIND DIRECTION     E (90)
  HIGHEST GUST SPEED    27   HIGHEST GUST DIRECTION     E (80)
  AVERAGE WIND SPEED    12.3


SKY COVER
  POSSIBLE SUNSHINE  95 PERCENT
  AVERAGE SKY COVER 0.6


WEATHER CONDITIONS
 THE FOLLOWING WEATHER WAS RECORDED YESTERDAY.
  NO SIGNIFICANT WEATHER WAS OBSERVED.


RELATIVE HUMIDITY (PERCENT)
 HIGHEST    74
 LOWEST     51
 AVERAGE    63

..........................................................


THE MIAMI CLIMATE NORMALS FOR TODAY
                         NORMAL    RECORD    YEAR
 MAXIMUM TEMPERATURE (F)   85        92      1971
 MINIMUM TEMPERATURE (F)   71        57      1903


SUNRISE AND SUNSET
MAY  1 2016...........SUNRISE   644 AM EDT   SUNSET   753 PM EDT
MAY  2 2016...........SUNRISE   643 AM EDT   SUNSET   753 PM EDT


-  INDICATES NEGATIVE NUMBERS.
R  INDICATES RECORD WAS SET OR TIED.
MM INDICATES DATA IS MISSING.
T  INDICATES TRACE AMOUNT.




$$
