000
CDUS42 KMFL 040829
CLIMIA


CLIMATE REPORT
NATIONAL WEATHER SERVICE MIAMI, FL
429 AM EDT TUE AUG 4 2015


...................................

...THE MIAMI CLIMATE SUMMARY FOR AUGUST 3 2015...

CLIMATE NORMAL PERIOD 1981 TO 2010
CLIMATE RECORD PERIOD 1895 TO 2015


WEATHER ITEM   OBSERVED TIME   RECORD YEAR NORMAL DEPARTURE LAST
                VALUE   (LST)  VALUE       VALUE  FROM      YEAR
                                                  NORMAL
..................................................................
TEMPERATURE (F)
 YESTERDAY
  MAXIMUM         91   1136 AM  96    1954  91      0       84
  MINIMUM         76    148 PM  69    1985  78     -2       77
                                      1937
                                      1908
  AVERAGE         84                        85     -1       81

PRECIPITATION (IN)
  YESTERDAY        0.04          2.63 1939   0.25  -0.21     0.03
  MONTH TO DATE    0.04                      0.74  -0.70     0.62
  SINCE JUN 1      9.55                     16.91  -7.36    30.53
  SINCE JAN 1     21.05                     32.26 -11.21    40.68

SNOWFALL (IN)
  YESTERDAY        0.0
  MONTH TO DATE    0.0
  SINCE JUN 1      0.0
  SINCE JUL 1      0.0
  SNOW DEPTH       0

DEGREE DAYS
 HEATING
  YESTERDAY        0                         0      0        0
  MONTH TO DATE    0                         0      0        0
  SINCE JUN 1      0                         0      0        0
  SINCE JUL 1      0                         0      0        0

 COOLING
  YESTERDAY       19                        20     -1       16
  MONTH TO DATE   58                        60     -2       55
  SINCE JUN 1   1242                      1184     58     1150
  SINCE JAN 1   2919                      2540    379     2724
..................................................................


WIND (MPH)
  HIGHEST WIND SPEED    16   HIGHEST WIND DIRECTION     W (270)
  HIGHEST GUST SPEED    22   HIGHEST GUST DIRECTION     W (270)
  AVERAGE WIND SPEED     3.6


SKY COVER
  POSSIBLE SUNSHINE  52 PERCENT
  AVERAGE SKY COVER 0.6


WEATHER CONDITIONS
 THE FOLLOWING WEATHER WAS RECORDED YESTERDAY.
  THUNDERSTORM
  LIGHT RAIN


RELATIVE HUMIDITY (PERCENT)
 HIGHEST    82
 LOWEST     51
 AVERAGE    67

..........................................................


THE MIAMI CLIMATE NORMALS FOR TODAY
                         NORMAL    RECORD    YEAR
 MAXIMUM TEMPERATURE (F)   91        95      2005
                                             1954
 MINIMUM TEMPERATURE (F)   78        67      1937


SUNRISE AND SUNSET
AUGUST  4 2015........SUNRISE   649 AM EDT   SUNSET   805 PM EDT
AUGUST  5 2015........SUNRISE   649 AM EDT   SUNSET   805 PM EDT


-  INDICATES NEGATIVE NUMBERS.
R  INDICATES RECORD WAS SET OR TIED.
MM INDICATES DATA IS MISSING.
T  INDICATES TRACE AMOUNT.




$$
