000
CDUS42 KMFL 022116
CLIMIA


CLIMATE REPORT
NATIONAL WEATHER SERVICE MIAMI, FL
415 PM EST FRI DEC 2 2016


...................................

...THE MIAMI CLIMATE SUMMARY FOR DECEMBER 2 2016...
VALID TODAY AS OF 0400 PM LOCAL TIME.

CLIMATE NORMAL PERIOD 1981 TO 2010
CLIMATE RECORD PERIOD 1895 TO 2016


WEATHER ITEM   OBSERVED TIME   RECORD YEAR NORMAL DEPARTURE LAST
                VALUE   (LST)  VALUE       VALUE  FROM      YEAR
                                                  NORMAL
..................................................................
TEMPERATURE (F)
 TODAY
  MAXIMUM         83    132 PM  86    1981  80      3       83
                                      1902
  MINIMUM         74    944 AM  41    1910  66      8       74
  AVERAGE         79                        72      7       79

PRECIPITATION (IN)
  TODAY            0.18          1.25 1994   0.07   0.11     0.29
  MONTH TO DATE    0.27                      0.15   0.12     0.45
  SINCE NOV 1      1.21                      3.42  -2.21     8.00
  SINCE JAN 1     63.87                     60.01   3.86    52.70

SNOWFALL (IN)
  TODAY            0.0
  MONTH TO DATE    0.0
  SINCE DEC 1      0.0
  SINCE JUL 1      0.0
  SNOW DEPTH       0

DEGREE DAYS
 HEATING
  TODAY            0                         0      0        0
  MONTH TO DATE    0                         0      0        0
  SINCE DEC 1      0                         0      0        0
  SINCE JUL 1      0                         3     -3        0

 COOLING
  TODAY           14                         8      6       14
  MONTH TO DATE   28                        16     12       25
  SINCE DEC 1     28                        16     12       25
  SINCE JAN 1   4611                      4388    223     4958
..................................................................


WIND (MPH)
  HIGHEST WIND SPEED    14   HIGHEST WIND DIRECTION    NE (30)
  HIGHEST GUST SPEED    17   HIGHEST GUST DIRECTION    NE (30)
  AVERAGE WIND SPEED     4.6


SKY COVER
  AVERAGE SKY COVER 0.9


WEATHER CONDITIONS
 THE FOLLOWING WEATHER WAS RECORDED TODAY.
  RAIN
  LIGHT RAIN
  FOG


RELATIVE HUMIDITY (PERCENT)
 HIGHEST    94
 LOWEST     74
 AVERAGE    84

..........................................................


THE MIAMI CLIMATE NORMALS FOR TOMORROW
                         NORMAL    RECORD    YEAR
 MAXIMUM TEMPERATURE (F)   79        89      1902
 MINIMUM TEMPERATURE (F)   65        37      1910


SUNRISE AND SUNSET
DECEMBER  2 2016......SUNRISE   652 AM EST   SUNSET   530 PM EST
DECEMBER  3 2016......SUNRISE   653 AM EST   SUNSET   530 PM EST


-  INDICATES NEGATIVE NUMBERS.
R  INDICATES RECORD WAS SET OR TIED.
MM INDICATES DATA IS MISSING.
T  INDICATES TRACE AMOUNT.




$$
