000
CDUS43 KIND 290530
CLIMIE


CLIMATE REPORT
NATIONAL WEATHER SERVICE INDIANAPOLIS IN
130 AM EDT THU SEP 29 2016


...................................

...THE MUNCIE IN CLIMATE SUMMARY FOR SEPTEMBER 28 2016...

CLIMATE NORMAL PERIOD 1981 TO 2010
CLIMATE RECORD PERIOD 9999 TO 9999


WEATHER ITEM   OBSERVED TIME   NORMAL DEPARTURE LAST
                VALUE   (LST)  VALUE  FROM      YEAR
                                      NORMAL
......................................................
TEMPERATURE (F)
 YESTERDAY
  MAXIMUM         65    224 PM  72     -7       79
  MINIMUM         53   1033 PM  49      4       57
  AVERAGE         59            60     -1       68

PRECIPITATION (IN)
  YESTERDAY        0.31          0.09   0.22      T
  MONTH TO DATE    3.43          2.78   0.65     2.11
  SINCE SEP 1      3.43          2.78   0.65     2.11
  SINCE JAN 1     32.71         30.69   2.02    33.59

DEGREE DAYS
 HEATING
  YESTERDAY        6             6      0        0
  MONTH TO DATE    6            78    -72       53
  SINCE SEP 1      6            78    -72       53
  SINCE JUL 1      9            88    -79       68

 COOLING
  YESTERDAY        0             2     -2        3
  MONTH TO DATE  188           103     85      118
  SINCE SEP 1    188           103     85      118
  SINCE JAN 1   1288           937    351      879
......................................................


WIND (MPH)
  HIGHEST WIND SPEED    14   HIGHEST WIND DIRECTION     E (110)
  HIGHEST GUST SPEED    17   HIGHEST GUST DIRECTION     E (110)
  AVERAGE WIND SPEED     5.3


SKY COVER
  AVERAGE SKY COVER 0.9


WEATHER CONDITIONS
 THE FOLLOWING WEATHER WAS RECORDED YESTERDAY.
  THUNDERSTORM
  RAIN
  LIGHT RAIN
  FOG


RELATIVE HUMIDITY (PERCENT)
 HIGHEST    93          1100 AM
 LOWEST     63           300 PM
 AVERAGE    78

..........................................................


THE MUNCIE IN CLIMATE NORMALS FOR TODAY
                         NORMAL
 MAXIMUM TEMPERATURE (F)   71
 MINIMUM TEMPERATURE (F)   48


SUNRISE AND SUNSET
SEPTEMBER 29 2016.....SUNRISE   736 AM EDT   SUNSET   726 PM EDT
SEPTEMBER 30 2016.....SUNRISE   737 AM EDT   SUNSET   725 PM EDT


-  INDICATES NEGATIVE NUMBERS.
R  INDICATES RECORD WAS SET OR TIED.
MM INDICATES DATA IS MISSING.
T  INDICATES TRACE AMOUNT.




$$
