000
CDUS43 KIND 200539
CLIMIE


CLIMATE REPORT
NATIONAL WEATHER SERVICE INDIANAPOLIS IN
1238 AM EST SAT DEC 20 2014


...................................

...THE MUNCIE IN CLIMATE SUMMARY FOR DECEMBER 19 2014...

CLIMATE NORMAL PERIOD 1981 TO 2010
CLIMATE RECORD PERIOD 9999 TO 9999


WEATHER ITEM   OBSERVED TIME   NORMAL DEPARTURE LAST
                VALUE   (LST)  VALUE  FROM      YEAR
                                      NORMAL
......................................................
TEMPERATURE (F)
 YESTERDAY
  MAXIMUM         31    843 PM  37     -6       47
  MINIMUM         25    435 AM  22      3       35
  AVERAGE         28            30     -2       41

PRECIPITATION (IN)
  YESTERDAY        0.00          0.09  -0.09     0.00
  MONTH TO DATE    1.12          1.79  -0.67     0.66
  SINCE DEC 1      1.12          1.79  -0.67     0.66
  SINCE JAN 1     38.41         39.03  -0.62    35.08

DEGREE DAYS
 HEATING
  YESTERDAY       37            36      1       24
  MONTH TO DATE  583           622    -39      699
  SINCE DEC 1    583           622    -39      699
  SINCE JUL 1   1936          1757    179     1950

 COOLING
  YESTERDAY        0             0      0        0
  MONTH TO DATE    0             0      0        0
  SINCE DEC 1      0             0      0        0
  SINCE JAN 1    831           956   -125      973
......................................................


WIND (MPH)
  HIGHEST WIND SPEED     9   HIGHEST WIND DIRECTION     W (280)
  HIGHEST GUST SPEED    13   HIGHEST GUST DIRECTION     W (280)
  AVERAGE WIND SPEED     3.3


SKY COVER
  AVERAGE SKY COVER 1.0


WEATHER CONDITIONS
 THE FOLLOWING WEATHER WAS RECORDED YESTERDAY.
  FOG
  HAZE


RELATIVE HUMIDITY (PERCENT)
 HIGHEST    85           300 PM
 LOWEST     75          1200 AM
 AVERAGE    80

..........................................................


THE MUNCIE IN CLIMATE NORMALS FOR TODAY
                         NORMAL
 MAXIMUM TEMPERATURE (F)   36
 MINIMUM TEMPERATURE (F)   22


SUNRISE AND SUNSET
DECEMBER 20 2014......SUNRISE   800 AM EST   SUNSET   518 PM EST
DECEMBER 21 2014......SUNRISE   801 AM EST   SUNSET   519 PM EST


-  INDICATES NEGATIVE NUMBERS.
R  INDICATES RECORD WAS SET OR TIED.
MM INDICATES DATA IS MISSING.
T  INDICATES TRACE AMOUNT.




$$
