000
CDUS43 KIND 230531
CLIMIE


CLIMATE REPORT
NATIONAL WEATHER SERVICE INDIANAPOLIS IN
131 AM EDT TUE SEP 23 2014


...................................

...THE MUNCIE IN CLIMATE SUMMARY FOR SEPTEMBER 22 2014...

CLIMATE NORMAL PERIOD 1981 TO 2010
CLIMATE RECORD PERIOD 9999 TO 9999


WEATHER ITEM   OBSERVED TIME   NORMAL DEPARTURE LAST
                VALUE   (LST)  VALUE  FROM      YEAR
                                      NORMAL
......................................................
TEMPERATURE (F)
 YESTERDAY
  MAXIMUM         65    444 PM  75    -10       68
  MINIMUM         42    702 AM  51     -9       44
  AVERAGE         54            63     -9       56

PRECIPITATION (IN)
  YESTERDAY        0.00          0.09  -0.09     0.00
  MONTH TO DATE    3.57          2.23   1.34     2.89
  SINCE SEP 1      3.57          2.23   1.34     2.89
  SINCE JAN 1     31.99         30.14   1.85    27.77

DEGREE DAYS
 HEATING
  YESTERDAY       11             4      7        9
  MONTH TO DATE   90            45     45       55
  SINCE SEP 1     90            45     45       55
  SINCE JUL 1    116            55     61       81

 COOLING
  YESTERDAY        0             2     -2        0
  MONTH TO DATE   63            91    -28      123
  SINCE SEP 1     63            91    -28      123
  SINCE JAN 1    818           925   -107      938
......................................................


WIND (MPH)
  HIGHEST WIND SPEED    15   HIGHEST WIND DIRECTION     N (10)
  HIGHEST GUST SPEED    19   HIGHEST GUST DIRECTION     N (360)
  AVERAGE WIND SPEED     4.3


SKY COVER
  AVERAGE SKY COVER 0.2


WEATHER CONDITIONS
 THE FOLLOWING WEATHER WAS RECORDED YESTERDAY.
  FOG


RELATIVE HUMIDITY (PERCENT)
 HIGHEST    89           400 AM
 LOWEST     40           400 PM
 AVERAGE    65

..........................................................


THE MUNCIE IN CLIMATE NORMALS FOR TODAY
                         NORMAL
 MAXIMUM TEMPERATURE (F)   74
 MINIMUM TEMPERATURE (F)   51


SUNRISE AND SUNSET
SEPTEMBER 23 2014.....SUNRISE   730 AM EDT   SUNSET   737 PM EDT
SEPTEMBER 24 2014.....SUNRISE   731 AM EDT   SUNSET   735 PM EDT


-  INDICATES NEGATIVE NUMBERS.
R  INDICATES RECORD WAS SET OR TIED.
MM INDICATES DATA IS MISSING.
T  INDICATES TRACE AMOUNT.




$$
