000
CDUS43 KIND 180534
CLIMIE


CLIMATE REPORT
NATIONAL WEATHER SERVICE INDIANAPOLIS IN
134 AM EDT FRI APR 18 2014


...................................

...THE MUNCIE IN CLIMATE SUMMARY FOR APRIL 17 2014...

CLIMATE NORMAL PERIOD 1981 TO 2010
CLIMATE RECORD PERIOD 9999 TO 9999


WEATHER ITEM   OBSERVED TIME   NORMAL DEPARTURE LAST
                VALUE   (LST)  VALUE  FROM      YEAR
                                      NORMAL
......................................................
TEMPERATURE (F)
 YESTERDAY
  MAXIMUM         66    531 PM  62      4       74
  MINIMUM         35   1224 AM  42     -7       49
  AVERAGE         51            52     -1       62

PRECIPITATION (IN)
  YESTERDAY        0.00          0.12  -0.12     0.40
  MONTH TO DATE    4.63          2.08   2.55     3.38
  SINCE MAR 1      6.16          5.03   1.13     4.61
  SINCE JAN 1      9.12          9.57  -0.45    10.28

DEGREE DAYS
 HEATING
  YESTERDAY       14            13      1        3
  MONTH TO DATE  272           278     -6      211
  SINCE MAR 1   1224          1065    159     1116
  SINCE JUL 1   6134          5448    686     5130

 COOLING
  YESTERDAY        0             0      0        0
  MONTH TO DATE    6             0      6        6
  SINCE MAR 1      6             1      5        6
  SINCE JAN 1      6             1      5        6
......................................................


WIND (MPH)
  HIGHEST WIND SPEED    20   HIGHEST WIND DIRECTION    SW (210)
  HIGHEST GUST SPEED    27   HIGHEST GUST DIRECTION    SW (210)
  AVERAGE WIND SPEED     9.7


SKY COVER
  AVERAGE SKY COVER 0.0


WEATHER CONDITIONS
 THE FOLLOWING WEATHER WAS RECORDED YESTERDAY.
  NO SIGNIFICANT WEATHER WAS OBSERVED.


RELATIVE HUMIDITY (PERCENT)
 HIGHEST    70          1200 AM
 LOWEST     26           200 PM
 AVERAGE    48

..........................................................


THE MUNCIE IN CLIMATE NORMALS FOR TODAY
                         NORMAL
 MAXIMUM TEMPERATURE (F)   63
 MINIMUM TEMPERATURE (F)   42


SUNRISE AND SUNSET
APRIL 18 2014.........SUNRISE   659 AM EDT   SUNSET   823 PM EDT
APRIL 19 2014.........SUNRISE   658 AM EDT   SUNSET   824 PM EDT


-  INDICATES NEGATIVE NUMBERS.
R  INDICATES RECORD WAS SET OR TIED.
MM INDICATES DATA IS MISSING.
T  INDICATES TRACE AMOUNT.




$$
