000
CDUS43 KIND 300531
CLIMIE


CLIMATE REPORT
NATIONAL WEATHER SERVICE INDIANAPOLIS IN
131 AM EDT TUE JUN 30 2015


...................................

...THE MUNCIE IN CLIMATE SUMMARY FOR JUNE 29 2015...

CLIMATE NORMAL PERIOD 1981 TO 2010
CLIMATE RECORD PERIOD 9999 TO 9999


WEATHER ITEM   OBSERVED TIME   NORMAL DEPARTURE LAST
                VALUE   (LST)  VALUE  FROM      YEAR
                                      NORMAL
......................................................
TEMPERATURE (F)
 YESTERDAY
  MAXIMUM         74    533 PM  85    -11       85
  MINIMUM         62    926 AM  64     -2       72
  AVERAGE         68            74     -6       79

PRECIPITATION (IN)
  YESTERDAY        0.53          0.16   0.37     0.13
  MONTH TO DATE    7.67          4.51   3.16     5.46
  SINCE JUN 1      7.67          4.51   3.16     5.46
  SINCE JAN 1     22.47         20.08   2.39    20.23

DEGREE DAYS
 HEATING
  YESTERDAY        0             0      0        0
  MONTH TO DATE   28            21      7        8
  SINCE JUN 1     28            21      7        8
  SINCE JUL 1   6219          5780    439     6419

 COOLING
  YESTERDAY        3            10     -7       14
  MONTH TO DATE  214           205      9      234
  SINCE JUN 1    214           205      9      234
  SINCE JAN 1    358           288     70      349
......................................................


WIND (MPH)
  HIGHEST WIND SPEED    15   HIGHEST WIND DIRECTION     S (180)
  HIGHEST GUST SPEED    19   HIGHEST GUST DIRECTION     S (190)
  AVERAGE WIND SPEED     6.5


SKY COVER
  AVERAGE SKY COVER 0.9


WEATHER CONDITIONS
 THE FOLLOWING WEATHER WAS RECORDED YESTERDAY.
  HEAVY RAIN
  RAIN
  LIGHT RAIN
  FOG


RELATIVE HUMIDITY (PERCENT)
 HIGHEST    93           500 AM
 LOWEST     68          1200 AM
 AVERAGE    81

..........................................................


THE MUNCIE IN CLIMATE NORMALS FOR TODAY
                         NORMAL
 MAXIMUM TEMPERATURE (F)   85
 MINIMUM TEMPERATURE (F)   64


SUNRISE AND SUNSET
JUNE 30 2015..........SUNRISE   615 AM EDT   SUNSET   915 PM EDT
JULY  1 2015..........SUNRISE   616 AM EDT   SUNSET   915 PM EDT


-  INDICATES NEGATIVE NUMBERS.
R  INDICATES RECORD WAS SET OR TIED.
MM INDICATES DATA IS MISSING.
T  INDICATES TRACE AMOUNT.




$$
