882
CDUS43 KIND 190537
CLIMIE


CLIMATE REPORT
NATIONAL WEATHER SERVICE INDIANAPOLIS IN
134 AM EDT TUE SEP 19 2017


...................................

...THE MUNCIE IN CLIMATE SUMMARY FOR SEPTEMBER 18 2017...

CLIMATE NORMAL PERIOD 1981 TO 2010
CLIMATE RECORD PERIOD 9999 TO 9999


WEATHER ITEM   OBSERVED TIME   NORMAL DEPARTURE LAST
                VALUE   (LST)  VALUE  FROM      YEAR
                                      NORMAL
......................................................
TEMPERATURE (F)
 YESTERDAY
  MAXIMUM         84    455 PM  76      8       80
  MINIMUM         69    727 AM  53     16       61
  AVERAGE         77            65     12       71

PRECIPITATION (IN)
  YESTERDAY        0.06          0.09  -0.03      T
  MONTH TO DATE    1.17          1.86  -0.69     2.74
  SINCE SEP 1      1.17          1.86  -0.69     2.74
  SINCE JAN 1     36.06         29.77   6.29    32.02

DEGREE DAYS
 HEATING
  YESTERDAY        0             3     -3        0
  MONTH TO DATE   40            30     10        0
  SINCE SEP 1     40            30     10        0
  SINCE JUL 1     43            40      3        3

 COOLING
  YESTERDAY       12             3      9        6
  MONTH TO DATE   47            81    -34      130
  SINCE SEP 1     47            81    -34      130
  SINCE JAN 1    925           915     10     1230
......................................................


WIND (MPH)
  HIGHEST WIND SPEED     9   HIGHEST WIND DIRECTION    SE (140)
  HIGHEST GUST SPEED    12   HIGHEST GUST DIRECTION    SE (130)
  AVERAGE WIND SPEED     3.2


SKY COVER
  AVERAGE SKY COVER 0.7


WEATHER CONDITIONS
 THE FOLLOWING WEATHER WAS RECORDED YESTERDAY.
  LIGHT RAIN
  FOG
  HAZE


RELATIVE HUMIDITY (PERCENT)
 HIGHEST    90           300 AM
 LOWEST     51           500 PM
 AVERAGE    71

..........................................................


THE MUNCIE IN CLIMATE NORMALS FOR TODAY
                         NORMAL
 MAXIMUM TEMPERATURE (F)   76
 MINIMUM TEMPERATURE (F)   53


SUNRISE AND SUNSET
SEPTEMBER 19 2017.....SUNRISE   726 AM EDT   SUNSET   743 PM EDT
SEPTEMBER 20 2017.....SUNRISE   727 AM EDT   SUNSET   742 PM EDT


-  INDICATES NEGATIVE NUMBERS.
R  INDICATES RECORD WAS SET OR TIED.
MM INDICATES DATA IS MISSING.
T  INDICATES TRACE AMOUNT.




$$
