000
CDUS43 KIND 190531
CLIMIE


CLIMATE REPORT
NATIONAL WEATHER SERVICE INDIANAPOLIS IN
1231 AM EST SUN NOV 19 2017


...................................

...THE MUNCIE IN CLIMATE SUMMARY FOR NOVEMBER 18 2017...

CLIMATE NORMAL PERIOD 1981 TO 2010
CLIMATE RECORD PERIOD 9999 TO 9999


WEATHER ITEM   OBSERVED TIME   NORMAL DEPARTURE LAST
                VALUE   (LST)  VALUE  FROM      YEAR
                                      NORMAL
......................................................
TEMPERATURE (F)
 YESTERDAY
  MAXIMUM         64    118 PM  50     14       76
  MINIMUM         41   1159 PM  33      8       45
  AVERAGE         53            42     11       61

PRECIPITATION (IN)
  YESTERDAY        1.94          0.13   1.81     0.91
  MONTH TO DATE    5.77          2.04   3.73     1.03
  SINCE SEP 1     11.68          7.92   3.76     8.07
  SINCE JAN 1     46.57         35.83  10.74    37.35

DEGREE DAYS
 HEATING
  YESTERDAY       12            23    -11        4
  MONTH TO DATE  348           354     -6      221
  SINCE SEP 1    640           808   -168      418
  SINCE JUL 1    643           818   -175      421

 COOLING
  YESTERDAY        0             0      0        0
  MONTH TO DATE    0             0      0       11
  SINCE SEP 1    212           121     91      255
  SINCE JAN 1   1090           955    135     1355
......................................................


WIND (MPH)
  HIGHEST WIND SPEED    32   HIGHEST WIND DIRECTION    NW (330)
  HIGHEST GUST SPEED    40   HIGHEST GUST DIRECTION     N (340)
  AVERAGE WIND SPEED    16.1


SKY COVER
  AVERAGE SKY COVER 1.0


WEATHER CONDITIONS
 THE FOLLOWING WEATHER WAS RECORDED YESTERDAY.
  THUNDERSTORM
  HEAVY RAIN
  RAIN
  LIGHT RAIN
  FOG


RELATIVE HUMIDITY (PERCENT)
 HIGHEST    93           300 PM
 LOWEST     66           300 AM
 AVERAGE    80

..........................................................


THE MUNCIE IN CLIMATE NORMALS FOR TODAY
                         NORMAL
 MAXIMUM TEMPERATURE (F)   50
 MINIMUM TEMPERATURE (F)   33


SUNRISE AND SUNSET
NOVEMBER 19 2017......SUNRISE   732 AM EST   SUNSET   522 PM EST
NOVEMBER 20 2017......SUNRISE   733 AM EST   SUNSET   521 PM EST


-  INDICATES NEGATIVE NUMBERS.
R  INDICATES RECORD WAS SET OR TIED.
MM INDICATES DATA IS MISSING.
T  INDICATES TRACE AMOUNT.




$$
