000
CDUS43 KIND 240541
CLIMIE


CLIMATE REPORT
NATIONAL WEATHER SERVICE INDIANAPOLIS IN
1240 AM EST TUE JAN 24 2017


...................................

...THE MUNCIE IN CLIMATE SUMMARY FOR JANUARY 23 2017...

CLIMATE NORMAL PERIOD 1981 TO 2010
CLIMATE RECORD PERIOD 9999 TO 9999


WEATHER ITEM   OBSERVED TIME   NORMAL DEPARTURE LAST
                VALUE   (LST)  VALUE  FROM      YEAR
                                      NORMAL
......................................................
TEMPERATURE (F)
 YESTERDAY
  MAXIMUM         50    117 AM  34     16       31
  MINIMUM         41   1159 PM  19     22       20
  AVERAGE         46            26     20       26

PRECIPITATION (IN)
  YESTERDAY        0.05          0.07  -0.02     0.00
  MONTH TO DATE    4.72          1.63   3.09     1.20
  SINCE DEC 1      5.91          4.51   1.40     6.28
  SINCE JAN 1      4.72          1.63   3.09     1.20

DEGREE DAYS
 HEATING
  YESTERDAY       19            39    -20       39
  MONTH TO DATE  673           888   -215      890
  SINCE DEC 1   1731          1951   -220     1530
  SINCE JUL 1   2433          3086   -653     2489

 COOLING
  YESTERDAY        0             0      0        0
  MONTH TO DATE    0             0      0        0
  SINCE DEC 1      0             0      0        1
  SINCE JAN 1      0             0      0        0
......................................................


WIND (MPH)
  HIGHEST WIND SPEED    21   HIGHEST WIND DIRECTION     N (360)
  HIGHEST GUST SPEED    28   HIGHEST GUST DIRECTION    NE (40)
  AVERAGE WIND SPEED    13.4


SKY COVER
  AVERAGE SKY COVER 1.0


WEATHER CONDITIONS
 THE FOLLOWING WEATHER WAS RECORDED YESTERDAY.
  LIGHT RAIN
  FOG


RELATIVE HUMIDITY (PERCENT)
 HIGHEST   100          1000 AM
 LOWEST     86          1200 AM
 AVERAGE    93

..........................................................


THE MUNCIE IN CLIMATE NORMALS FOR TODAY
                         NORMAL
 MAXIMUM TEMPERATURE (F)   34
 MINIMUM TEMPERATURE (F)   19


SUNRISE AND SUNSET
JANUARY 24 2017.......SUNRISE   757 AM EST   SUNSET   551 PM EST
JANUARY 25 2017.......SUNRISE   756 AM EST   SUNSET   552 PM EST


-  INDICATES NEGATIVE NUMBERS.
R  INDICATES RECORD WAS SET OR TIED.
MM INDICATES DATA IS MISSING.
T  INDICATES TRACE AMOUNT.




$$
