000
CDUS43 KMKX 230641
CLIMKE


CLIMATE REPORT
NATIONAL WEATHER SERVICE IN MILWAUKEE
140 AM CDT TUE SEP 23 2014


...................................

...THE MILWAUKEE WI CLIMATE SUMMARY FOR SEPTEMBER 22 2014...

CLIMATE NORMAL PERIOD 1981 TO 2010
CLIMATE RECORD PERIOD 1871 TO 2014


WEATHER ITEM   OBSERVED TIME   RECORD YEAR NORMAL DEPARTURE LAST
                VALUE   (LST)  VALUE       VALUE  FROM      YEAR
                                                  NORMAL
..................................................................
TEMPERATURE (F)
 YESTERDAY
  MAXIMUM         68    458 PM  92    1937  69     -1       60
  MINIMUM         42    603 AM  32    1974  52    -10       45
  AVERAGE         55                        60     -5       53

PRECIPITATION (IN)
  YESTERDAY        0.00          2.40 1988   0.11  -0.11     0.00
  MONTH TO DATE    1.07                      2.34  -1.27     1.45
  SINCE SEP 1      1.07                      2.34  -1.27     1.45
  SINCE JAN 1     26.36                     26.52  -0.16    31.58

SNOWFALL (IN)
  YESTERDAY        0.0           T    1949   0.0    0.0      0.0
  MONTH TO DATE    0.0                       0.0    0.0      0.0
  SINCE SEP 1      0.0                       0.0    0.0      0.0
  SINCE JUL 1      0.0                       0.0    0.0      0.0
  SNOW DEPTH       0

DEGREE DAYS
 HEATING
  YESTERDAY       10                         6      4       12
  MONTH TO DATE  122                        67     55       65
  SINCE SEP 1    122                        67     55       65
  SINCE JUL 1    148                        93     55       87

 COOLING
  YESTERDAY        0                         1     -1        0
  MONTH TO DATE   58                        62     -4       99
  SINCE SEP 1     58                        62     -4       99
  SINCE JAN 1    459                       627   -168      676
..................................................................


WIND (MPH)
  HIGHEST WIND SPEED    14   HIGHEST WIND DIRECTION     W (290)
  HIGHEST GUST SPEED    19   HIGHEST GUST DIRECTION    NW (300)
  AVERAGE WIND SPEED     5.2


SKY COVER
  POSSIBLE SUNSHINE  MM
  AVERAGE SKY COVER 0.1


WEATHER CONDITIONS
 THE FOLLOWING WEATHER WAS RECORDED YESTERDAY.
  NO SIGNIFICANT WEATHER WAS OBSERVED.


RELATIVE HUMIDITY (PERCENT)
 HIGHEST    82           600 AM
 LOWEST     39           300 PM
 AVERAGE    61

..........................................................


THE MILWAUKEE WI CLIMATE NORMALS FOR TODAY
                         NORMAL    RECORD    YEAR
 MAXIMUM TEMPERATURE (F)   68        93      1937
 MINIMUM TEMPERATURE (F)   52        28      1974


SUNRISE AND SUNSET
SEPTEMBER 23 2014.....SUNRISE   640 AM CDT   SUNSET   647 PM CDT
SEPTEMBER 24 2014.....SUNRISE   641 AM CDT   SUNSET   645 PM CDT


-  INDICATES NEGATIVE NUMBERS.
R  INDICATES RECORD WAS SET OR TIED.
MM INDICATES DATA IS MISSING.
T  INDICATES TRACE AMOUNT.




$$
