000
CDUS43 KMKX 280645
CLIMKE


CLIMATE REPORT
NATIONAL WEATHER SERVICE IN MILWAUKEE
143 AM CDT SUN AUG 28 2016


...................................

...THE MILWAUKEE WI CLIMATE SUMMARY FOR AUGUST 27 2016...

CLIMATE NORMAL PERIOD 1981 TO 2010
CLIMATE RECORD PERIOD 1871 TO 2016


WEATHER ITEM   OBSERVED TIME   RECORD YEAR NORMAL DEPARTURE LAST
                VALUE   (LST)  VALUE       VALUE  FROM      YEAR
                                                  NORMAL
..................................................................
TEMPERATURE (F)
 YESTERDAY
  MAXIMUM         81    452 PM  99    1973  77      4       73
  MINIMUM         63    643 AM  48    1876  62      1       53
  AVERAGE         72                        70      2       63

PRECIPITATION (IN)
  YESTERDAY        0.08          1.63 1877   0.12  -0.04     0.00
  MONTH TO DATE    1.50                      3.49  -1.99     2.56
  SINCE JUN 1      6.75                     11.06  -4.31     6.65
  SINCE JAN 1     15.57                     23.70  -8.13    16.85

SNOWFALL (IN)
  YESTERDAY        0.0           0.0    MM   0.0    0.0      0.0
  MONTH TO DATE    0.0                       0.0    0.0      0.0
  SINCE JUN 1      0.0                       0.0    0.0      0.0
  SINCE JUL 1      0.0                       0.0    0.0      0.0
  SNOW DEPTH       0

DEGREE DAYS
 HEATING
  YESTERDAY        0                         1     -1        2
  MONTH TO DATE    0                         6     -6       16
  SINCE JUN 1     31                       101    -70      146
  SINCE JUL 1      2                        17    -15       44

 COOLING
  YESTERDAY        7                         5      2        0
  MONTH TO DATE  302                       174    128      173
  SINCE JUN 1    759                       516    243      454
  SINCE JAN 1    804                       546    258      480
..................................................................


WIND (MPH)
  HIGHEST WIND SPEED    14   HIGHEST WIND DIRECTION     N (10)
  HIGHEST GUST SPEED    18   HIGHEST GUST DIRECTION    NE (40)
  AVERAGE WIND SPEED     5.5


SKY COVER
  POSSIBLE SUNSHINE  MM
  AVERAGE SKY COVER 0.9


WEATHER CONDITIONS
 THE FOLLOWING WEATHER WAS RECORDED YESTERDAY.
  THUNDERSTORM
  RAIN
  LIGHT RAIN
  FOG


RELATIVE HUMIDITY (PERCENT)
 HIGHEST    93           500 AM
 LOWEST     69           500 PM
 AVERAGE    81

..........................................................


THE MILWAUKEE WI CLIMATE NORMALS FOR TODAY
                         NORMAL    RECORD    YEAR
 MAXIMUM TEMPERATURE (F)   77        97      1926
 MINIMUM TEMPERATURE (F)   62        45      1965


SUNRISE AND SUNSET
AUGUST 28 2016........SUNRISE   612 AM CDT   SUNSET   732 PM CDT
AUGUST 29 2016........SUNRISE   613 AM CDT   SUNSET   730 PM CDT


-  INDICATES NEGATIVE NUMBERS.
R  INDICATES RECORD WAS SET OR TIED.
MM INDICATES DATA IS MISSING.
T  INDICATES TRACE AMOUNT.




$$
