000
CDUS43 KGRR 232227
CLIMKG


CLIMATE REPORT
NATIONAL WEATHER SERVICE GRAND RAPIDS, MI
527 PM EST TUE JAN 23 2018


...................................

...THE MUSKEGON MI CLIMATE SUMMARY FOR JANUARY 23 2018...
VALID TODAY AS OF 0500 PM LOCAL TIME.

CLIMATE NORMAL PERIOD 1981 TO 2010
CLIMATE RECORD PERIOD 1896 TO 2018


WEATHER ITEM   OBSERVED TIME   RECORD YEAR NORMAL DEPARTURE LAST
                VALUE   (LST)  VALUE       VALUE  FROM      YEAR
                                                  NORMAL
..................................................................
TEMPERATURE (F)
 TODAY
  MAXIMUM         42   1201 AM  55    1909  30     12       46
  MINIMUM         30    404 PM -13    1948  20     10       36
  AVERAGE         36                        25     11       41

PRECIPITATION (IN)
  TODAY            0.06          1.20 1898   0.06   0.00     0.00
  MONTH TO DATE    2.92                      1.55   1.37     2.53
  SINCE DEC 1      5.69                      4.10   1.59     4.75
  SINCE JAN 1      2.92                      1.55   1.37     2.53

SNOWFALL (IN)
  TODAY            1.5          12.0  1898   0.9    0.6      0.0
  MONTH TO DATE   19.0                      20.7   -1.7     11.8
  SINCE DEC 1     70.7                      49.6   21.1     34.8
  SINCE JUL 1     70.7                      55.8   14.9     35.8
  SNOW DEPTH       0

DEGREE DAYS
 HEATING
  TODAY           29                        40    -11       24
  MONTH TO DATE  901                       907     -6      811
  SINCE DEC 1   2095                      1986    109     1871
  SINCE JUL 1   3254                      3353    -99     2776

 COOLING
  TODAY            0                         0      0        0
  MONTH TO DATE    0                         0      0        0
  SINCE DEC 1      0                         0      0        0
  SINCE JAN 1      0                         0      0        0
..................................................................


WIND (MPH)
  RESULTANT WIND SPEED  11   RESULTANT WIND DIRECTION   W (290)
  HIGHEST WIND SPEED    26   HIGHEST WIND DIRECTION    NW (320)
  HIGHEST GUST SPEED    35   HIGHEST GUST DIRECTION    NW (320)
  AVERAGE WIND SPEED    16.8


SKY COVER
  AVERAGE SKY COVER 1.0


WEATHER CONDITIONS
 THE FOLLOWING WEATHER WAS RECORDED TODAY.
  LIGHT RAIN
  SNOW
  LIGHT SNOW
  FOG
  FOG W/VISIBILITY <= 1/4 MILE
  BLOWING SNOW


RELATIVE HUMIDITY (PERCENT)
 HIGHEST    92           300 AM
 LOWEST     69           500 PM
 AVERAGE    81

..........................................................


THE MUSKEGON MI CLIMATE NORMALS FOR TOMORROW
                         NORMAL    RECORD    YEAR
 MAXIMUM TEMPERATURE (F)   30        59      1967
                                             1950
 MINIMUM TEMPERATURE (F)   20        -5      1970
                                             1948
                                             1904


SUNRISE AND SUNSET
JANUARY 23 2018.......SUNRISE   809 AM EST   SUNSET   545 PM EST
JANUARY 24 2018.......SUNRISE   808 AM EST   SUNSET   547 PM EST


-  INDICATES NEGATIVE NUMBERS.
R  INDICATES RECORD WAS SET OR TIED.
MM INDICATES DATA IS MISSING.
T  INDICATES TRACE AMOUNT.




$$
