381
CDUS43 KGRR 250520
CLIMKG


CLIMATE REPORT
NATIONAL WEATHER SERVICE GRAND RAPIDS, MI
118 AM EDT SUN JUN 25 2017


...................................

...THE MUSKEGON MI CLIMATE SUMMARY FOR JUNE 24 2017...

CLIMATE NORMAL PERIOD 1981 TO 2010
CLIMATE RECORD PERIOD 1896 TO 2017


WEATHER ITEM   OBSERVED TIME   RECORD YEAR NORMAL DEPARTURE LAST
                VALUE   (LST)  VALUE       VALUE  FROM      YEAR
                                                  NORMAL
..................................................................
TEMPERATURE (F)
 YESTERDAY
  MAXIMUM         71    528 PM  94    1901  78     -7       83
  MINIMUM         61   1017 PM  40    1936  59      2       54
  AVERAGE         66                        69     -3       69

PRECIPITATION (IN)
  YESTERDAY        0.00          1.87 1994   0.08  -0.08     0.00
  MONTH TO DATE    1.99                      2.08  -0.09     1.88
  SINCE JUN 1      1.99                      2.08  -0.09     1.88
  SINCE JAN 1     16.47                     14.35   2.12    15.81

SNOWFALL (IN)
  YESTERDAY        0.0          MM      MM   0.0    0.0      0.0
  MONTH TO DATE    0.0                       0.0    0.0      0.0
  SINCE JUN 1      0.0                       0.0    0.0      0.0
  SINCE JUL 1     49.0                      93.7  -44.7     61.8
  SNOW DEPTH       0

DEGREE DAYS
 HEATING
  YESTERDAY        0                         1     -1        0
  MONTH TO DATE   20                        60    -40       33
  SINCE JUN 1     20                        60    -40       33
  SINCE JUL 1   5491                      6554  -1063     5652

 COOLING
  YESTERDAY        1                         5     -4        4
  MONTH TO DATE  118                        74     44       91
  SINCE JUN 1    118                        74     44       91
  SINCE JAN 1    140                       103     37      135
..................................................................


WIND (MPH)
  RESULTANT WIND SPEED  10   RESULTANT WIND DIRECTION   W (280)
  HIGHEST WIND SPEED    20   HIGHEST WIND DIRECTION     W (260)
  HIGHEST GUST SPEED    26   HIGHEST GUST DIRECTION     W (260)
  AVERAGE WIND SPEED    10.7


SKY COVER
  AVERAGE SKY COVER 0.4


WEATHER CONDITIONS
 THE FOLLOWING WEATHER WAS RECORDED YESTERDAY.
  NO SIGNIFICANT WEATHER WAS OBSERVED.


RELATIVE HUMIDITY (PERCENT)
 HIGHEST    84           500 AM
 LOWEST     44           600 PM
 AVERAGE    64

..........................................................


THE MUSKEGON MI CLIMATE NORMALS FOR TODAY
                         NORMAL    RECORD    YEAR
 MAXIMUM TEMPERATURE (F)   79        93      1988
 MINIMUM TEMPERATURE (F)   59        40      1986


SUNRISE AND SUNSET
JUNE 25 2017..........SUNRISE   606 AM EDT   SUNSET   929 PM EDT
JUNE 26 2017..........SUNRISE   607 AM EDT   SUNSET   929 PM EDT


-  INDICATES NEGATIVE NUMBERS.
R  INDICATES RECORD WAS SET OR TIED.
MM INDICATES DATA IS MISSING.
T  INDICATES TRACE AMOUNT.




$$

63
