000
CDUS43 KGRR 230519
CLIMKG


CLIMATE REPORT
NATIONAL WEATHER SERVICE GRAND RAPIDS, MI
118 AM EDT MON OCT 23 2017


...................................

...THE MUSKEGON MI CLIMATE SUMMARY FOR OCTOBER 22 2017...

CLIMATE NORMAL PERIOD 1981 TO 2010
CLIMATE RECORD PERIOD 1896 TO 2017


WEATHER ITEM   OBSERVED TIME   RECORD YEAR NORMAL DEPARTURE LAST
                VALUE   (LST)  VALUE       VALUE  FROM      YEAR
                                                  NORMAL
..................................................................
TEMPERATURE (F)
 YESTERDAY
  MAXIMUM         74   1145 AM  80    1953  57     17       55
  MINIMUM         53   1058 PM  23    1944  41     12       38
  AVERAGE         64                        49     15       47

PRECIPITATION (IN)
  YESTERDAY        0.68          1.66 1972   0.11   0.57      T
  MONTH TO DATE    4.39                      2.19   2.20     2.48
  SINCE SEP 1      5.21                      6.08  -0.87     8.40
  SINCE JAN 1     26.37                     26.66  -0.29    33.55

SNOWFALL (IN)
  YESTERDAY        0.0           T    1987   0.1   -0.1      0.0
  MONTH TO DATE    0.0                       0.1   -0.1      0.0
  SINCE SEP 1      0.0                       0.1   -0.1      0.0
  SINCE JUL 1      0.0                       0.1   -0.1      0.0
  SNOW DEPTH       0

DEGREE DAYS
 HEATING
  YESTERDAY        1                        16    -15       18
  MONTH TO DATE  108                       288   -180      166
  SINCE SEP 1    200                       431   -231      191
  SINCE JUL 1    213                       461   -248      200

 COOLING
  YESTERDAY        0                         0      0        0
  MONTH TO DATE   10                         2      8        9
  SINCE SEP 1    121                        56     65      110
  SINCE JAN 1    615                       563     52      774
..................................................................


WIND (MPH)
  RESULTANT WIND SPEED  10   RESULTANT WIND DIRECTION   S (170)
  HIGHEST WIND SPEED    23   HIGHEST WIND DIRECTION     S (180)
  HIGHEST GUST SPEED    31   HIGHEST GUST DIRECTION     S (190)
  AVERAGE WIND SPEED    12.3


SKY COVER
  AVERAGE SKY COVER 0.9


WEATHER CONDITIONS
 THE FOLLOWING WEATHER WAS RECORDED YESTERDAY.
  HEAVY RAIN
  RAIN
  LIGHT RAIN
  FOG


RELATIVE HUMIDITY (PERCENT)
 HIGHEST    93           400 PM
 LOWEST     53           100 AM
 AVERAGE    73

..........................................................


THE MUSKEGON MI CLIMATE NORMALS FOR TODAY
                         NORMAL    RECORD    YEAR
 MAXIMUM TEMPERATURE (F)   56        80      1963
 MINIMUM TEMPERATURE (F)   41        25      1982


SUNRISE AND SUNSET
OCTOBER 23 2017.......SUNRISE   809 AM EDT   SUNSET   649 PM EDT
OCTOBER 24 2017.......SUNRISE   810 AM EDT   SUNSET   648 PM EDT


-  INDICATES NEGATIVE NUMBERS.
R  INDICATES RECORD WAS SET OR TIED.
MM INDICATES DATA IS MISSING.
T  INDICATES TRACE AMOUNT.




$$
