000
CDUS44 KMEG 060735
CLIMKL


CLIMATE REPORT
NATIONAL WEATHER SERVICE MEMPHIS TN
135 AM CST SAT FEB 6 2016


...................................

...THE JACKSON CLIMATE SUMMARY FOR FEBRUARY 5 2016...

CLIMATE NORMAL PERIOD 1981 TO 2010
CLIMATE RECORD PERIOD 1948 TO 2016


WEATHER ITEM   OBSERVED TIME   RECORD YEAR NORMAL DEPARTURE LAST
                VALUE   (LST)  VALUE       VALUE  FROM      YEAR
                                                  NORMAL
..................................................................
TEMPERATURE (F)
 YESTERDAY
  MAXIMUM         52    331 PM  76    2008  50      2       37
  MINIMUM         20    710 AM   3    1996  30    -10       19
  AVERAGE         36                        40     -4       28

PRECIPITATION (IN)
  YESTERDAY        0.00          2.82 2004   0.15  -0.15     0.00
  MONTH TO DATE    1.42                      0.75   0.67     0.72
  SINCE DEC 1      8.61                     10.17  -1.56     4.54
  SINCE JAN 1      3.46                      4.82  -1.36     1.46

SNOWFALL (IN)
  YESTERDAY        0.0           1.9  1980   0.1   -0.1      0.0
  MONTH TO DATE    0.0                       0.4   -0.4      0.0
  SINCE DEC 1      1.5                       2.9   -1.4       T
  SINCE JUL 1      1.5                       3.0   -1.5      0.1
  SNOW DEPTH       0

DEGREE DAYS
 HEATING
  YESTERDAY       29                        25      4       37
  MONTH TO DATE   91                       127    -36      146
  SINCE DEC 1   1381                      1709   -328     1638
  SINCE JUL 1   1856                      2376   -520     2430

 COOLING
  YESTERDAY        0                         0      0        0
  MONTH TO DATE    0                         0      0        0
  SINCE DEC 1      9                         1      8        0
  SINCE JAN 1      0                         0      0        0
..................................................................


WIND (MPH)
  HIGHEST WIND SPEED    13   HIGHEST WIND DIRECTION     W (250)
  HIGHEST GUST SPEED    17   HIGHEST GUST DIRECTION     W (250)
  AVERAGE WIND SPEED     2.0


SKY COVER
  POSSIBLE SUNSHINE  MM
  AVERAGE SKY COVER 0.0


WEATHER CONDITIONS
 THE FOLLOWING WEATHER WAS RECORDED YESTERDAY.
  NO SIGNIFICANT WEATHER WAS OBSERVED.


RELATIVE HUMIDITY (PERCENT)
 HIGHEST    96           300 AM
 LOWEST     27           300 PM
 AVERAGE    62

..........................................................


THE JACKSON CLIMATE NORMALS FOR TODAY
                         NORMAL    RECORD    YEAR
 MAXIMUM TEMPERATURE (F)   51        71      1963
 MINIMUM TEMPERATURE (F)   30         8      1978


SUNRISE AND SUNSET
FEBRUARY  6 2016......SUNRISE   652 AM CST   SUNSET   528 PM CST
FEBRUARY  7 2016......SUNRISE   651 AM CST   SUNSET   529 PM CST


-  INDICATES NEGATIVE NUMBERS.
R  INDICATES RECORD WAS SET OR TIED.
MM INDICATES DATA IS MISSING.
T  INDICATES TRACE AMOUNT.




$$
