000
CDUS44 KMEG 212248
CLIMKL


CLIMATE REPORT
NATIONAL WEATHER SERVICE MEMPHIS TN
448 PM CST TUE NOV 21 2017


...................................

...THE JACKSON CLIMATE SUMMARY FOR NOVEMBER 21 2017...
VALID TODAY AS OF 0400 PM LOCAL TIME.

CLIMATE NORMAL PERIOD 1981 TO 2010
CLIMATE RECORD PERIOD 1948 TO 2017


WEATHER ITEM   OBSERVED TIME   RECORD YEAR NORMAL DEPARTURE LAST
                VALUE   (LST)  VALUE       VALUE  FROM      YEAR
                                                  NORMAL
..................................................................
TEMPERATURE (F)
 TODAY
  MAXIMUM         61    204 PM  74    1990  59      2       59
  MINIMUM         37    707 AM  18    2008  37      0       25
                                      1964
  AVERAGE         49                        48      1       42

PRECIPITATION (IN)
  TODAY            0.00          2.13 2011   0.18  -0.18     0.00
  MONTH TO DATE    2.59                      3.26  -0.67     0.87
  SINCE SEP 1      7.72                     10.41  -2.69     3.73
  SINCE JAN 1     42.75                     46.28  -3.53    37.60

DEGREE DAYS
 HEATING
  TODAY           16                        17     -1       23
  MONTH TO DATE  247                       282    -35      198
  SINCE SEP 1    438                       496    -58      247
  SINCE JUL 1    438                       496    -58      247

 COOLING
  TODAY            0                         0      0        0
  MONTH TO DATE   21                         2     19       18
  SINCE SEP 1    332                       270     62      463
  SINCE JAN 1   1812                      1693    119     2092
..................................................................


WIND (MPH)
  HIGHEST WIND SPEED    15   HIGHEST WIND DIRECTION     S (200)
  HIGHEST GUST SPEED    19   HIGHEST GUST DIRECTION     S (200)
  AVERAGE WIND SPEED     7.2


SKY COVER
  POSSIBLE SUNSHINE  MM
  AVERAGE SKY COVER 0.1


WEATHER CONDITIONS
 THE FOLLOWING WEATHER WAS RECORDED TODAY.
  NO SIGNIFICANT WEATHER WAS OBSERVED.


RELATIVE HUMIDITY (PERCENT)
 HIGHEST    70           600 AM
 LOWEST     39           200 PM
 AVERAGE    55

..........................................................


THE JACKSON CLIMATE NORMALS FOR TOMORROW
                         NORMAL    RECORD    YEAR
 MAXIMUM TEMPERATURE (F)   59        75      2010
                                             2003
 MINIMUM TEMPERATURE (F)   37        14      1964


SUNRISE AND SUNSET
NOVEMBER 21 2017......SUNRISE   637 AM CST   SUNSET   445 PM CST
NOVEMBER 22 2017......SUNRISE   638 AM CST   SUNSET   445 PM CST


-  INDICATES NEGATIVE NUMBERS.
R  INDICATES RECORD WAS SET OR TIED.
MM INDICATES DATA IS MISSING.
T  INDICATES TRACE AMOUNT.




$$
