000
CDUS44 KMEG 292158
CLIMKL


CLIMATE REPORT
NATIONAL WEATHER SERVICE MEMPHIS TN
458 PM CDT FRI APR 29 2016


...................................

...THE JACKSON CLIMATE SUMMARY FOR APRIL 29 2016...
VALID TODAY AS OF 0400 PM LOCAL TIME.

CLIMATE NORMAL PERIOD 1981 TO 2010
CLIMATE RECORD PERIOD 1948 TO 2016


WEATHER ITEM   OBSERVED TIME   RECORD YEAR NORMAL DEPARTURE LAST
                VALUE   (LST)  VALUE       VALUE  FROM      YEAR
                                                  NORMAL
..................................................................
TEMPERATURE (F)
 TODAY
  MAXIMUM         68   1035 AM  88    1957  76     -8       73
  MINIMUM         53    523 AM  36    2008  52      1       40
  AVERAGE         61                        64     -3       57

PRECIPITATION (IN)
  TODAY            T             1.94 1953   0.17  -0.17     0.00
  MONTH TO DATE    0.73                      4.69  -3.96     4.92
  SINCE MAR 1     13.38                      9.44   3.94    10.00
  SINCE JAN 1     19.00                     17.68   1.32    15.89

SNOWFALL (IN)
  TODAY            0.0

DEGREE DAYS
 HEATING
  TODAY            4                         3      1        8
  MONTH TO DATE  134                       194    -60      141
  SINCE MAR 1    447                       638   -191      620
  SINCE JUL 1   2815                      3522   -707     3793

 COOLING
  TODAY            0                         2     -2        0
  MONTH TO DATE   35                        44     -9       59
  SINCE MAR 1     41                        54    -13       61
  SINCE JAN 1     41                        55    -14       61
..................................................................


WIND (MPH)
  HIGHEST WIND SPEED    15   HIGHEST WIND DIRECTION     E (110)
  HIGHEST GUST SPEED    20   HIGHEST GUST DIRECTION     E (100)
  AVERAGE WIND SPEED     3.2


SKY COVER
  POSSIBLE SUNSHINE  MM
  AVERAGE SKY COVER 0.3


WEATHER CONDITIONS
 THE FOLLOWING WEATHER WAS RECORDED TODAY.
  THUNDERSTORM
  HEAVY RAIN
  RAIN
  LIGHT RAIN
  FOG


RELATIVE HUMIDITY (PERCENT)
 HIGHEST    93          1200 AM
 LOWEST     68           800 AM
 AVERAGE    81

..........................................................


THE JACKSON CLIMATE NORMALS FOR TOMORROW
                         NORMAL    RECORD    YEAR
 MAXIMUM TEMPERATURE (F)   76        92      1987
 MINIMUM TEMPERATURE (F)   53        40      2005
                                             1996
                                             1969


SUNRISE AND SUNSET
APRIL 29 2016.........SUNRISE   605 AM CDT   SUNSET   741 PM CDT
APRIL 30 2016.........SUNRISE   604 AM CDT   SUNSET   742 PM CDT


-  INDICATES NEGATIVE NUMBERS.
R  INDICATES RECORD WAS SET OR TIED.
MM INDICATES DATA IS MISSING.
T  INDICATES TRACE AMOUNT.




$$
