000
CDUS44 KMEG 270636
CLIMKL


CLIMATE REPORT
NATIONAL WEATHER SERVICE MEMPHIS TN
134 AM CDT MON MAR 27 2017


...................................

...THE JACKSON CLIMATE SUMMARY FOR MARCH 26 2017...

CLIMATE NORMAL PERIOD 1981 TO 2010
CLIMATE RECORD PERIOD 1948 TO 2017


WEATHER ITEM   OBSERVED TIME   RECORD YEAR NORMAL DEPARTURE LAST
                VALUE   (LST)  VALUE       VALUE  FROM      YEAR
                                                  NORMAL
..................................................................
TEMPERATURE (F)
 YESTERDAY
  MAXIMUM         75    316 PM  84    2007  66      9       74
                                      1991
  MINIMUM         52   1155 PM  16    1955  42     10       37
  AVERAGE         64                        54     10       56

PRECIPITATION (IN)
  YESTERDAY        0.00          0.76 2002   0.17  -0.17     0.00
  MONTH TO DATE    6.66                      3.92   2.74     9.06
  SINCE MAR 1      6.66                      3.92   2.74     9.06
  SINCE JAN 1     11.49                     12.16  -0.67    14.68

DEGREE DAYS
 HEATING
  YESTERDAY        1                        12    -11        9
  MONTH TO DATE  348                       391    -43      280
  SINCE MAR 1    348                       391    -43      280
  SINCE JUL 1   2388                      3275   -887     2648

 COOLING
  YESTERDAY        0                         1     -1        0
  MONTH TO DATE    7                         2      5        6
  SINCE MAR 1      7                         2      5        6
  SINCE JAN 1      9                         3      6        6
..................................................................


WIND (MPH)
  HIGHEST WIND SPEED    18   HIGHEST WIND DIRECTION    SW (240)
  HIGHEST GUST SPEED    25   HIGHEST GUST DIRECTION     W (260)
  AVERAGE WIND SPEED     6.9


SKY COVER
  POSSIBLE SUNSHINE  MM
  AVERAGE SKY COVER 0.7


WEATHER CONDITIONS
 THE FOLLOWING WEATHER WAS RECORDED YESTERDAY.
  NO SIGNIFICANT WEATHER WAS OBSERVED.


RELATIVE HUMIDITY (PERCENT)
 HIGHEST    93          1200 AM
 LOWEST     49           200 PM
 AVERAGE    71

..........................................................


THE JACKSON CLIMATE NORMALS FOR TODAY
                         NORMAL    RECORD    YEAR
 MAXIMUM TEMPERATURE (F)   66        82      2012
 MINIMUM TEMPERATURE (F)   42        19      1955


SUNRISE AND SUNSET
MARCH 27 2017.........SUNRISE   649 AM CDT   SUNSET   713 PM CDT
MARCH 28 2017.........SUNRISE   648 AM CDT   SUNSET   714 PM CDT


-  INDICATES NEGATIVE NUMBERS.
R  INDICATES RECORD WAS SET OR TIED.
MM INDICATES DATA IS MISSING.
T  INDICATES TRACE AMOUNT.




$$
