000
CDUS44 KMEG 160734
CLIMKL


CLIMATE REPORT
NATIONAL WEATHER SERVICE MEMPHIS TN
132 AM CST MON JAN 16 2017


...................................

...THE JACKSON CLIMATE SUMMARY FOR JANUARY 15 2017...

CLIMATE NORMAL PERIOD 1981 TO 2010
CLIMATE RECORD PERIOD 1948 TO 2017


WEATHER ITEM   OBSERVED TIME   RECORD YEAR NORMAL DEPARTURE LAST
                VALUE   (LST)  VALUE       VALUE  FROM      YEAR
                                                  NORMAL
..................................................................
TEMPERATURE (F)
 YESTERDAY
  MAXIMUM         56    412 PM  73    1952  48      8       57
                                      1950
                                      1949
  MINIMUM         44    546 AM   7    1972  28     16       40
  AVERAGE         50                        38     12       49

PRECIPITATION (IN)
  YESTERDAY        0.00          2.57 1954   0.12  -0.12     0.25
  MONTH TO DATE    1.25                      1.92  -0.67     1.45
  SINCE DEC 1      8.43                      7.27   1.16     6.60
  SINCE JAN 1      1.25                      1.92  -0.67     1.45

DEGREE DAYS
 HEATING
  YESTERDAY       15                        27    -12       16
  MONTH TO DATE  338                       405    -67      401
  SINCE DEC 1   1050                      1156   -106      844
  SINCE JUL 1   1434                      1823   -389     1319

 COOLING
  YESTERDAY        0                         0      0        0
  MONTH TO DATE    0                         0      0        0
  SINCE DEC 1      2                         1      1        9
  SINCE JAN 1      0                         0      0        0
..................................................................


WIND (MPH)
  HIGHEST WIND SPEED     9   HIGHEST WIND DIRECTION     E (90)
  HIGHEST GUST SPEED    11   HIGHEST GUST DIRECTION     E (90)
  AVERAGE WIND SPEED     3.6


SKY COVER
  POSSIBLE SUNSHINE  MM
  AVERAGE SKY COVER 1.0


WEATHER CONDITIONS
 THE FOLLOWING WEATHER WAS RECORDED YESTERDAY.
  FOG


RELATIVE HUMIDITY (PERCENT)
 HIGHEST   100          1200 AM
 LOWEST     86           400 PM
 AVERAGE    93

..........................................................


THE JACKSON CLIMATE NORMALS FOR TODAY
                         NORMAL    RECORD    YEAR
 MAXIMUM TEMPERATURE (F)   48        76      1952
 MINIMUM TEMPERATURE (F)   28        -2      1982


SUNRISE AND SUNSET
JANUARY 16 2017.......SUNRISE   704 AM CST   SUNSET   507 PM CST
JANUARY 17 2017.......SUNRISE   704 AM CST   SUNSET   508 PM CST


-  INDICATES NEGATIVE NUMBERS.
R  INDICATES RECORD WAS SET OR TIED.
MM INDICATES DATA IS MISSING.
T  INDICATES TRACE AMOUNT.




$$
