000
CDUS44 KMEG 262145
CLIMKL


CLIMATE REPORT
NATIONAL WEATHER SERVICE MEMPHIS TN
445 PM CDT TUE SEP 26 2017


...................................

...THE JACKSON CLIMATE SUMMARY FOR SEPTEMBER 26 2017...
VALID TODAY AS OF 0400 PM LOCAL TIME.

CLIMATE NORMAL PERIOD 1981 TO 2010
CLIMATE RECORD PERIOD 1948 TO 2017


WEATHER ITEM   OBSERVED TIME   RECORD YEAR NORMAL DEPARTURE LAST
                VALUE   (LST)  VALUE       VALUE  FROM      YEAR
                                                  NORMAL
..................................................................
TEMPERATURE (F)
 TODAY
  MAXIMUM         92    129 PM  93    1958  80     12       73
  MINIMUM         63    554 AM  36    2001  55      8       55
  AVERAGE         78                        67     11       64

PRECIPITATION (IN)
  TODAY            0.00          7.89 2002   0.13  -0.13     0.16
  MONTH TO DATE    1.86                      2.84  -0.98     1.69
  SINCE SEP 1      1.86                      2.84  -0.98     1.69
  SINCE JAN 1     36.89                     38.71  -1.82    35.56

DEGREE DAYS
 HEATING
  TODAY            0                         2     -2        1
  MONTH TO DATE    7                        15     -8        1
  SINCE SEP 1      7                        15     -8        1
  SINCE JUL 1      7                        15     -8        1

 COOLING
  TODAY           13                         5      8        0
  MONTH TO DATE  194                       205    -11      318
  SINCE SEP 1    194                       205    -11      318
  SINCE JAN 1   1674                      1628     46     1947
..................................................................


WIND (MPH)
  HIGHEST WIND SPEED     8   HIGHEST WIND DIRECTION    NE (30)
  HIGHEST GUST SPEED    11   HIGHEST GUST DIRECTION    NE (60)
  AVERAGE WIND SPEED     1.8


SKY COVER
  POSSIBLE SUNSHINE  MM
  AVERAGE SKY COVER 0.1


WEATHER CONDITIONS
 THE FOLLOWING WEATHER WAS RECORDED TODAY.
  FOG


RELATIVE HUMIDITY (PERCENT)
 HIGHEST   100           100 AM
 LOWEST     41           200 PM
 AVERAGE    71

..........................................................


THE JACKSON CLIMATE NORMALS FOR TOMORROW
                         NORMAL    RECORD    YEAR
 MAXIMUM TEMPERATURE (F)   80        95      1954
 MINIMUM TEMPERATURE (F)   54        39      2000


SUNRISE AND SUNSET
SEPTEMBER 26 2017.....SUNRISE   647 AM CDT   SUNSET   646 PM CDT
SEPTEMBER 27 2017.....SUNRISE   648 AM CDT   SUNSET   645 PM CDT


-  INDICATES NEGATIVE NUMBERS.
R  INDICATES RECORD WAS SET OR TIED.
MM INDICATES DATA IS MISSING.
T  INDICATES TRACE AMOUNT.




$$
