000
CDUS44 KMEG 210733
CLIMKL


CLIMATE REPORT
NATIONAL WEATHER SERVICE MEMPHIS TN
132 AM CST WED FEB 21 2018


...................................

...THE JACKSON CLIMATE SUMMARY FOR FEBRUARY 20 2018...

CLIMATE NORMAL PERIOD 1981 TO 2010
CLIMATE RECORD PERIOD 1948 TO 2018


WEATHER ITEM   OBSERVED TIME   RECORD YEAR NORMAL DEPARTURE LAST
                VALUE   (LST)  VALUE       VALUE  FROM      YEAR
                                                  NORMAL
..................................................................
TEMPERATURE (F)
 YESTERDAY
  MAXIMUM         78    311 PM  80    1986  54     24       77
  MINIMUM         66    719 AM   8    1958  33     33       46
  AVERAGE         72                        44     28       62

PRECIPITATION (IN)
  YESTERDAY        0.00          2.35 1961   0.14  -0.14     0.00
  MONTH TO DATE    5.91                      2.99   2.92     1.39
  SINCE DEC 1     16.69                     12.41   4.28    11.49
  SINCE JAN 1     10.08                      7.06   3.02     4.31

DEGREE DAYS
 HEATING
  YESTERDAY        0                        21    -21        3
  MONTH TO DATE  397                       475    -78      299
  SINCE DEC 1   2078                      2057     21     1589
  SINCE JUL 1   2679                      2724    -45     1973

 COOLING
  YESTERDAY        7                         0      7        0
  MONTH TO DATE   16                         0     16        2
  SINCE DEC 1     16                         1     15        4
  SINCE JAN 1     16                         0     16        2
..................................................................


WIND (MPH)
  HIGHEST WIND SPEED    25   HIGHEST WIND DIRECTION     S (200)
  HIGHEST GUST SPEED    34   HIGHEST GUST DIRECTION     S (180)
  AVERAGE WIND SPEED    14.7


SKY COVER
  POSSIBLE SUNSHINE  MM
  AVERAGE SKY COVER 0.3


WEATHER CONDITIONS
 THE FOLLOWING WEATHER WAS RECORDED YESTERDAY.
  NO SIGNIFICANT WEATHER WAS OBSERVED.


RELATIVE HUMIDITY (PERCENT)
 HIGHEST    81           800 AM
 LOWEST     60           100 PM
 AVERAGE    71

..........................................................


THE JACKSON CLIMATE NORMALS FOR TODAY
                         NORMAL    RECORD    YEAR
 MAXIMUM TEMPERATURE (F)   55        76      1996
 MINIMUM TEMPERATURE (F)   33        10      1963


SUNRISE AND SUNSET
FEBRUARY 21 2018......SUNRISE   635 AM CST   SUNSET   543 PM CST
FEBRUARY 22 2018......SUNRISE   634 AM CST   SUNSET   544 PM CST


-  INDICATES NEGATIVE NUMBERS.
R  INDICATES RECORD WAS SET OR TIED.
MM INDICATES DATA IS MISSING.
T  INDICATES TRACE AMOUNT.




$$
