000
CDUS44 KMEG 040634
CLIMKL


CLIMATE REPORT
NATIONAL WEATHER SERVICE MEMPHIS TN
134 AM CDT TUE AUG 4 2015


...................................

...THE JACKSON CLIMATE SUMMARY FOR AUGUST 3 2015...

CLIMATE NORMAL PERIOD 1981 TO 2010
CLIMATE RECORD PERIOD 1948 TO 2015


WEATHER ITEM   OBSERVED TIME   RECORD YEAR NORMAL DEPARTURE LAST
                VALUE   (LST)  VALUE       VALUE  FROM      YEAR
                                                  NORMAL
..................................................................
TEMPERATURE (F)
 YESTERDAY
  MAXIMUM         97    315 PM 105    2011  91      6       90
  MINIMUM         68    528 AM  58    1973  68      0       63
  AVERAGE         83                        79      4       77

PRECIPITATION (IN)
  YESTERDAY        0.00          1.09 1967   0.12  -0.12     0.00
  MONTH TO DATE    0.00                      0.36  -0.36     0.00
  SINCE JUN 1      5.06                      9.69  -4.63    16.36
  SINCE JAN 1     26.84                     33.23  -6.39    38.37

SNOWFALL (IN)
  YESTERDAY        0.0          MM      MM   0.0    0.0      0.0
  MONTH TO DATE    0.0                       0.0    0.0      0.0
  SINCE JUN 1      0.0                       0.0    0.0      0.0
  SINCE JUL 1      0.0                       0.0    0.0      0.0
  SNOW DEPTH       0

DEGREE DAYS
 HEATING
  YESTERDAY        0                         0      0        0
  MONTH TO DATE    0                         0      0        0
  SINCE JUN 1      0                         2     -2        0
  SINCE JUL 1      0                         0      0        0

 COOLING
  YESTERDAY       18                        14      4       12
  MONTH TO DATE   49                        42      7       34
  SINCE JUN 1   1010                       830    180      687
  SINCE JAN 1   1241                      1045    196      937
..................................................................


WIND (MPH)
  HIGHEST WIND SPEED    13   HIGHEST WIND DIRECTION    NW (330)
  HIGHEST GUST SPEED    16   HIGHEST GUST DIRECTION    NW (320)
  AVERAGE WIND SPEED     4.1


SKY COVER
  POSSIBLE SUNSHINE  MM
  AVERAGE SKY COVER 0.0


WEATHER CONDITIONS
 THE FOLLOWING WEATHER WAS RECORDED YESTERDAY.
  FOG


RELATIVE HUMIDITY (PERCENT)
 HIGHEST    94          1000 PM
 LOWEST     39           300 PM
 AVERAGE    67

..........................................................


THE JACKSON CLIMATE NORMALS FOR TODAY
                         NORMAL    RECORD    YEAR
 MAXIMUM TEMPERATURE (F)   91       101      2010
                                             1954
 MINIMUM TEMPERATURE (F)   68        57      1950


SUNRISE AND SUNSET
AUGUST  4 2015........SUNRISE   606 AM CDT   SUNSET   757 PM CDT
AUGUST  5 2015........SUNRISE   607 AM CDT   SUNSET   756 PM CDT


-  INDICATES NEGATIVE NUMBERS.
R  INDICATES RECORD WAS SET OR TIED.
MM INDICATES DATA IS MISSING.
T  INDICATES TRACE AMOUNT.




$$
