000
CDUS44 KMEG 010733
CLIMKL


CLIMATE REPORT
NATIONAL WEATHER SERVICE MEMPHIS TN
132 AM CST SUN FEB 1 2015


...................................

...THE JACKSON CLIMATE SUMMARY FOR JANUARY 31 2015...

CLIMATE NORMAL PERIOD 1981 TO 2010
CLIMATE RECORD PERIOD 1948 TO 2015


WEATHER ITEM   OBSERVED TIME   RECORD YEAR NORMAL DEPARTURE LAST
                VALUE   (LST)  VALUE       VALUE  FROM      YEAR
                                                  NORMAL
..................................................................
TEMPERATURE (F)
 YESTERDAY
  MAXIMUM         49   1159 PM  76    2002  49      0       55
  MINIMUM         28    645 AM  -3    1966  29     -1       37
  AVERAGE         39                        39      0       46

PRECIPITATION (IN)
  YESTERDAY        0.00          2.35 1950   0.15  -0.15     0.00
  MONTH TO DATE    0.74                      4.07  -3.33     3.01
  SINCE DEC 1      3.82                      9.42  -5.60     7.81
  SINCE JAN 1      0.74                      4.07  -3.33     3.01

SNOWFALL (IN)
  YESTERDAY        0.0           3.3  1951   0.1   -0.1      0.0
  MONTH TO DATE    T                         2.3   -2.3       T
  SINCE DEC 1      T                         2.5   -2.5       T
  SINCE JUL 1      0.1                       2.6   -2.5       T
  SNOW DEPTH       0

DEGREE DAYS
 HEATING
  YESTERDAY       26                        26      0       19
  MONTH TO DATE  837                       832      5      995
  SINCE DEC 1   1492                      1582    -90     1762
  SINCE JUL 1   2284                      2249     35     2552

 COOLING
  YESTERDAY        0                         0      0        0
  MONTH TO DATE    0                         0      0        0
  SINCE DEC 1      0                         1     -1        8
  SINCE JAN 1      0                         0      0        0
..................................................................


WIND (MPH)
  HIGHEST WIND SPEED    10   HIGHEST WIND DIRECTION     S (160)
  HIGHEST GUST SPEED    17   HIGHEST GUST DIRECTION    SE (140)
  AVERAGE WIND SPEED     3.9


SKY COVER
  POSSIBLE SUNSHINE  MM
  AVERAGE SKY COVER 0.3


WEATHER CONDITIONS
 THE FOLLOWING WEATHER WAS RECORDED YESTERDAY.
  NO SIGNIFICANT WEATHER WAS OBSERVED.


RELATIVE HUMIDITY (PERCENT)
 HIGHEST    81          1200 AM
 LOWEST     34          1000 PM
 AVERAGE    58

..........................................................


THE JACKSON CLIMATE NORMALS FOR TODAY
                         NORMAL    RECORD    YEAR
 MAXIMUM TEMPERATURE (F)   50        74      1989
                                             1974
 MINIMUM TEMPERATURE (F)   29        -2      1951


SUNRISE AND SUNSET
FEBRUARY  1 2015......SUNRISE   656 AM CST   SUNSET   523 PM CST
FEBRUARY  2 2015......SUNRISE   655 AM CST   SUNSET   524 PM CST


-  INDICATES NEGATIVE NUMBERS.
R  INDICATES RECORD WAS SET OR TIED.
MM INDICATES DATA IS MISSING.
T  INDICATES TRACE AMOUNT.




$$
