000
CDUS42 KMLB 240642
CLIMLB


CLIMATE REPORT
NATIONAL WEATHER SERVICE MELBOURNE FL
231 AM EDT FRI OCT 24 2014


...................................

...THE MELBOURNE CLIMATE SUMMARY FOR OCTOBER 23 2014...

CLIMATE NORMAL PERIOD 1981 TO 2010
CLIMATE RECORD PERIOD 1939 TO 2014


WEATHER ITEM   OBSERVED TIME   RECORD YEAR NORMAL DEPARTURE LAST
                VALUE   (LST)  VALUE       VALUE  FROM      YEAR
                                                  NORMAL
..................................................................
TEMPERATURE (F)
 YESTERDAY
  MAXIMUM         82   1241 PM  92    1942  83     -1       83
  MINIMUM         72    651 PM  50    1974  66      6       69
  AVERAGE         77                        74      3       76

PRECIPITATION (IN)
  YESTERDAY        0.00          2.30 1983   0.15  -0.15      T
  MONTH TO DATE    1.78                      4.09  -2.31     0.26
  SINCE SEP 1     14.31                     11.73   2.58     4.80
  SINCE JAN 1     52.14                     45.58   6.56    35.99

SNOWFALL (IN)
  YESTERDAY        0.0
  MONTH TO DATE    0.0
  SINCE JUL 1      0.0

DEGREE DAYS
 HEATING
  YESTERDAY        0                         0      0        0
  MONTH TO DATE    0                         0      0        0
  SINCE SEP 1      0                         0      0        0
  SINCE JUL 1      0                         0      0        0

 COOLING
  YESTERDAY       12                        10      2       11
  MONTH TO DATE  299                       276     23      318
  SINCE SEP 1    778                       742     36      815
  SINCE JAN 1   3265                      2968    297     3264
..................................................................


WIND (MPH)
  HIGHEST WIND SPEED    16   HIGHEST WIND DIRECTION    NE (50)
  HIGHEST GUST SPEED    21   HIGHEST GUST DIRECTION    NE (30)
  AVERAGE WIND SPEED    10.5


SKY COVER
  AVERAGE SKY COVER 0.2


WEATHER CONDITIONS
 THE FOLLOWING WEATHER WAS RECORDED YESTERDAY.
  NO SIGNIFICANT WEATHER WAS OBSERVED.


RELATIVE HUMIDITY (PERCENT)
 HIGHEST    68           100 AM
 LOWEST     45           200 PM
 AVERAGE    57

..........................................................


THE MELBOURNE CLIMATE NORMALS FOR TODAY
                         NORMAL    RECORD    YEAR
 MAXIMUM TEMPERATURE (F)   83        89      2007
                                             1971
                                             1959
 MINIMUM TEMPERATURE (F)   66        41      1937


SUNRISE AND SUNSET
OCTOBER 24 2014.......SUNRISE   729 AM EDT   SUNSET   645 PM EDT
OCTOBER 25 2014.......SUNRISE   729 AM EDT   SUNSET   644 PM EDT


-  INDICATES NEGATIVE NUMBERS.
R  INDICATES RECORD WAS SET OR TIED.
MM INDICATES DATA IS MISSING.
T  INDICATES TRACE AMOUNT.




$$
