000
CDUS42 KMLB 260627
CLIMLB


CLIMATE REPORT
NATIONAL WEATHER SERVICE MELBOURNE FL
226 AM EDT MON SEP 26 2016


...................................

...THE MELBOURNE CLIMATE SUMMARY FOR SEPTEMBER 25 2016...

CLIMATE NORMAL PERIOD 1981 TO 2010
CLIMATE RECORD PERIOD 1939 TO 2016


WEATHER ITEM   OBSERVED TIME   RECORD YEAR NORMAL DEPARTURE LAST
                VALUE   (LST)  VALUE       VALUE  FROM      YEAR
                                                  NORMAL
..................................................................
TEMPERATURE (F)
 YESTERDAY
  MAXIMUM         87    118 PM  92    1997  88     -1       86
                                      1991
  MINIMUM         75    656 AM  62    1982  72      3       73
  AVERAGE         81                        80      1       80

PRECIPITATION (IN)
  YESTERDAY        T             7.98 1999   0.25  -0.25     0.01
  MONTH TO DATE   11.23                      6.36   4.87     5.03
  SINCE SEP 1     11.23                      6.36   4.87     5.03
  SINCE JAN 1     49.79                     40.21   9.58    44.15

SNOWFALL (IN)
  YESTERDAY        0.0
  MONTH TO DATE    0.0
  SINCE JUL 1      0.0

DEGREE DAYS
 HEATING
  YESTERDAY        0                         0      0        0
  MONTH TO DATE    0                         0      0        0
  SINCE SEP 1      0                         0      0        0
  SINCE JUL 1      0                         0      0        0

 COOLING
  YESTERDAY       16                        15      1       15
  MONTH TO DATE  432                       393     39      407
  SINCE SEP 1    432                       393     39      407
  SINCE JAN 1   3080                      2619    461     3066
..................................................................


WIND (MPH)
  HIGHEST WIND SPEED    13   HIGHEST WIND DIRECTION     E (70)
  HIGHEST GUST SPEED    15   HIGHEST GUST DIRECTION     E (70)
  AVERAGE WIND SPEED     5.1


SKY COVER
  AVERAGE SKY COVER 0.3


WEATHER CONDITIONS
 THE FOLLOWING WEATHER WAS RECORDED YESTERDAY.
  THUNDERSTORM
  LIGHT RAIN


RELATIVE HUMIDITY (PERCENT)
 HIGHEST   100           300 AM
 LOWEST     70           300 PM
 AVERAGE    85

..........................................................


THE MELBOURNE CLIMATE NORMALS FOR TODAY
                         NORMAL    RECORD    YEAR
 MAXIMUM TEMPERATURE (F)   87        93      2013
 MINIMUM TEMPERATURE (F)   72        61      1982


SUNRISE AND SUNSET
SEPTEMBER 26 2016.....SUNRISE   713 AM EDT   SUNSET   714 PM EDT
SEPTEMBER 27 2016.....SUNRISE   714 AM EDT   SUNSET   713 PM EDT


-  INDICATES NEGATIVE NUMBERS.
R  INDICATES RECORD WAS SET OR TIED.
MM INDICATES DATA IS MISSING.
T  INDICATES TRACE AMOUNT.




$$
