000
CDUS42 KMLB 180627
CLIMLB


CLIMATE REPORT
NATIONAL WEATHER SERVICE MELBOURNE FL
126 AM EST SAT NOV 18 2017


...................................

...THE MELBOURNE CLIMATE SUMMARY FOR NOVEMBER 17 2017...

CLIMATE NORMAL PERIOD 1981 TO 2010
CLIMATE RECORD PERIOD 1939 TO 2017


WEATHER ITEM   OBSERVED TIME   RECORD YEAR NORMAL DEPARTURE LAST
                VALUE   (LST)  VALUE       VALUE  FROM      YEAR
                                                  NORMAL
..................................................................
TEMPERATURE (F)
 YESTERDAY
  MAXIMUM         79    222 PM  89    2014  78      1       78
  MINIMUM         61    701 AM  32    1940  59      2       51
  AVERAGE         70                        69      1       65

PRECIPITATION (IN)
  YESTERDAY        0.00          1.33 1959   0.09  -0.09     0.00
  MONTH TO DATE    0.27                      1.84  -1.57     0.12
  SINCE SEP 1     34.65                     14.54  20.11    20.61
  SINCE JAN 1     62.34                     48.39  13.95    59.17

SNOWFALL (IN)
  YESTERDAY        0.0
  MONTH TO DATE    0.0
  SINCE JUL 1      0.0

DEGREE DAYS
 HEATING
  YESTERDAY        0                         1     -1        0
  MONTH TO DATE    0                        15    -15        0
  SINCE SEP 1     13                        19     -6        0
  SINCE JUL 1     13                        19     -6        0

 COOLING
  YESTERDAY        5                         5      0        0
  MONTH TO DATE  175                       104     71      115
  SINCE SEP 1   1123                       915    208     1024
  SINCE JAN 1   4011                      3141    870     3672
..................................................................


WIND (MPH)
  HIGHEST WIND SPEED    17   HIGHEST WIND DIRECTION     N (10)
  HIGHEST GUST SPEED    22   HIGHEST GUST DIRECTION     N (10)
  AVERAGE WIND SPEED     8.4


SKY COVER
  AVERAGE SKY COVER 0.1


WEATHER CONDITIONS
 THE FOLLOWING WEATHER WAS RECORDED YESTERDAY.
  NO SIGNIFICANT WEATHER WAS OBSERVED.


RELATIVE HUMIDITY (PERCENT)
 HIGHEST    90          1200 AM
 LOWEST     54          1200 PM
 AVERAGE    72

..........................................................


THE MELBOURNE CLIMATE NORMALS FOR TODAY
                         NORMAL    RECORD    YEAR
 MAXIMUM TEMPERATURE (F)   78        88      2013
 MINIMUM TEMPERATURE (F)   59        34      1940


SUNRISE AND SUNSET
NOVEMBER 18 2017......SUNRISE   647 AM EST   SUNSET   529 PM EST
NOVEMBER 19 2017......SUNRISE   648 AM EST   SUNSET   528 PM EST


-  INDICATES NEGATIVE NUMBERS.
R  INDICATES RECORD WAS SET OR TIED.
MM INDICATES DATA IS MISSING.
T  INDICATES TRACE AMOUNT.




$$
