000
CDUS42 KMLB 250627
CLIMLB


CLIMATE REPORT
NATIONAL WEATHER SERVICE MELBOURNE FL
225 AM EDT TUE JUL 25 2017


...................................

...THE MELBOURNE CLIMATE SUMMARY FOR JULY 24 2017...

CLIMATE NORMAL PERIOD 1981 TO 2010
CLIMATE RECORD PERIOD 1939 TO 2017


WEATHER ITEM   OBSERVED TIME   RECORD YEAR NORMAL DEPARTURE LAST
                VALUE   (LST)  VALUE       VALUE  FROM      YEAR
                                                  NORMAL
..................................................................
TEMPERATURE (F)
 YESTERDAY
  MAXIMUM         95    300 PM  98    1983  91      4       90
  MINIMUM         78    613 AM  68    1944  73      5       73
                                      1938
  AVERAGE         87                        82      5       82

PRECIPITATION (IN)
  YESTERDAY        0.14          2.27 1944   0.20  -0.06     0.00
  MONTH TO DATE    6.39                      4.51   1.88     1.09
  SINCE JUN 1     12.84                     11.22   1.62    10.00
  SINCE JAN 1     21.18                     24.72  -3.54    31.97

SNOWFALL (IN)
  YESTERDAY        0.0
  MONTH TO DATE    0.0
  SINCE JUL 1      0.0

DEGREE DAYS
 HEATING
  YESTERDAY        0                         0      0        0
  MONTH TO DATE    0                         0      0        0
  SINCE JUN 1      0                         0      0        0
  SINCE JUL 1      0                         0      0        0

 COOLING
  YESTERDAY       22                        17      5       17
  MONTH TO DATE  465                       397     68      477
  SINCE JUN 1    984                       859    125      987
  SINCE JAN 1   2131                      1585    546     1920
..................................................................


WIND (MPH)
  HIGHEST WIND SPEED    16   HIGHEST WIND DIRECTION     E (70)
  HIGHEST GUST SPEED    24   HIGHEST GUST DIRECTION     E (80)
  AVERAGE WIND SPEED     5.8


SKY COVER
  AVERAGE SKY COVER 0.2


WEATHER CONDITIONS
 THE FOLLOWING WEATHER WAS RECORDED YESTERDAY.
  THUNDERSTORM
  LIGHT RAIN
  HAZE


RELATIVE HUMIDITY (PERCENT)
 HIGHEST    91          1200 AM
 LOWEST     49           200 PM
 AVERAGE    70

..........................................................


THE MELBOURNE CLIMATE NORMALS FOR TODAY
                         NORMAL    RECORD    YEAR
 MAXIMUM TEMPERATURE (F)   91        97      1999
                                             1983
 MINIMUM TEMPERATURE (F)   73        68      1963
                                             1938


SUNRISE AND SUNSET
JULY 25 2017..........SUNRISE   641 AM EDT   SUNSET   817 PM EDT
JULY 26 2017..........SUNRISE   642 AM EDT   SUNSET   816 PM EDT


-  INDICATES NEGATIVE NUMBERS.
R  INDICATES RECORD WAS SET OR TIED.
MM INDICATES DATA IS MISSING.
T  INDICATES TRACE AMOUNT.




$$
