000
CDUS42 KMLB 270633
CLIMLB


CLIMATE REPORT
NATIONAL WEATHER SERVICE MELBOURNE FL
232 AM EDT SAT AUG 27 2016


...................................

...THE MELBOURNE CLIMATE SUMMARY FOR AUGUST 26 2016...

CLIMATE NORMAL PERIOD 1981 TO 2010
CLIMATE RECORD PERIOD 1939 TO 2016


WEATHER ITEM   OBSERVED TIME   RECORD YEAR NORMAL DEPARTURE LAST
                VALUE   (LST)  VALUE       VALUE  FROM      YEAR
                                                  NORMAL
..................................................................
TEMPERATURE (F)
 YESTERDAY
  MAXIMUM         90    107 PM  97    1998  90      0       91
  MINIMUM         80    741 AM  68    1996  73      7       72
                                      1968
  AVERAGE         85                        82      3       82

PRECIPITATION (IN)
  YESTERDAY        T             3.00 1968   0.26  -0.26     2.06
  MONTH TO DATE    3.05                      6.44  -3.39     7.51
  SINCE JUN 1     13.05                     19.11  -6.06    24.42
  SINCE JAN 1     35.02                     32.61   2.41    37.27

SNOWFALL (IN)
  YESTERDAY        0.0
  MONTH TO DATE    0.0
  SINCE JUL 1      0.0

DEGREE DAYS
 HEATING
  YESTERDAY        0                         0      0        0
  MONTH TO DATE    0                         0      0        0
  SINCE JUN 1      0                         0      0        0
  SINCE JUL 1      0                         0      0        0

 COOLING
  YESTERDAY       20                        17      3       17
  MONTH TO DATE  505                       442     63      458
  SINCE JUN 1   1626                      1420    206     1469
  SINCE JAN 1   2559                      2146    413     2581
..................................................................


WIND (MPH)
  HIGHEST WIND SPEED    24   HIGHEST WIND DIRECTION    NE (50)
  HIGHEST GUST SPEED    30   HIGHEST GUST DIRECTION     E (70)
  AVERAGE WIND SPEED    13.3


SKY COVER
  AVERAGE SKY COVER 0.6


WEATHER CONDITIONS
 THE FOLLOWING WEATHER WAS RECORDED YESTERDAY.
  THUNDERSTORM
  LIGHT RAIN
  FOG


RELATIVE HUMIDITY (PERCENT)
 HIGHEST    91           700 PM
 LOWEST     70           100 PM
 AVERAGE    81

..........................................................


THE MELBOURNE CLIMATE NORMALS FOR TODAY
                         NORMAL    RECORD    YEAR
 MAXIMUM TEMPERATURE (F)   90        98      1938
 MINIMUM TEMPERATURE (F)   73        65      1964


SUNRISE AND SUNSET
AUGUST 27 2016........SUNRISE   659 AM EDT   SUNSET   748 PM EDT
AUGUST 28 2016........SUNRISE   659 AM EDT   SUNSET   747 PM EDT


-  INDICATES NEGATIVE NUMBERS.
R  INDICATES RECORD WAS SET OR TIED.
MM INDICATES DATA IS MISSING.
T  INDICATES TRACE AMOUNT.




$$
