000
CDUS42 KMLB 300635
CLIMLB


CLIMATE REPORT
NATIONAL WEATHER SERVICE MELBOURNE FL
235 AM EDT TUE JUN 30 2015


...................................

...THE MELBOURNE CLIMATE SUMMARY FOR JUNE 29 2015...

CLIMATE NORMAL PERIOD 1981 TO 2010
CLIMATE RECORD PERIOD 1939 TO 2015


WEATHER ITEM   OBSERVED TIME   RECORD YEAR NORMAL DEPARTURE LAST
                VALUE   (LST)  VALUE       VALUE  FROM      YEAR
                                                  NORMAL
..................................................................
TEMPERATURE (F)
 YESTERDAY
  MAXIMUM         94   1222 PM  97    1980  90      4       93
  MINIMUM         72   1159 PM  64    1970  72      0       75
  AVERAGE         83                        81      2       84

PRECIPITATION (IN)
  YESTERDAY        0.16          2.48 2011   0.22  -0.06     0.13
  MONTH TO DATE    6.25                      6.47  -0.22     6.04
  SINCE JUN 1      6.25                      6.47  -0.22     6.04
  SINCE JAN 1     19.10                     19.97  -0.87    22.26

SNOWFALL (IN)
  YESTERDAY        0.0
  MONTH TO DATE    0.0
  SINCE JUL 1      0.0

DEGREE DAYS
 HEATING
  YESTERDAY        0                         0      0        0
  MONTH TO DATE    0                         0      0        0
  SINCE JUN 1      0                         0      0        0
  SINCE JUL 1    424                       577   -153      358

 COOLING
  YESTERDAY       18                        16      2       19
  MONTH TO DATE  471                       447     24      443
  SINCE JUN 1    471                       447     24      443
  SINCE JAN 1   1583                      1173    410     1336
..................................................................


WIND (MPH)
  HIGHEST WIND SPEED    29   HIGHEST WIND DIRECTION    NW (310)
  HIGHEST GUST SPEED    38   HIGHEST GUST DIRECTION    NW (330)
  AVERAGE WIND SPEED     8.3


SKY COVER
  AVERAGE SKY COVER 0.2


WEATHER CONDITIONS
 THE FOLLOWING WEATHER WAS RECORDED YESTERDAY.
  THUNDERSTORM
  RAIN
  LIGHT RAIN
  FOG
  HAZE


RELATIVE HUMIDITY (PERCENT)
 HIGHEST    93           700 PM
 LOWEST     49          1100 AM
 AVERAGE    71

..........................................................


THE MELBOURNE CLIMATE NORMALS FOR TODAY
                         NORMAL    RECORD    YEAR
 MAXIMUM TEMPERATURE (F)   90        99      1998
 MINIMUM TEMPERATURE (F)   72        69      1950
                                             1938


SUNRISE AND SUNSET
JUNE 30 2015..........SUNRISE   629 AM EDT   SUNSET   823 PM EDT
JULY  1 2015..........SUNRISE   629 AM EDT   SUNSET   823 PM EDT


-  INDICATES NEGATIVE NUMBERS.
R  INDICATES RECORD WAS SET OR TIED.
MM INDICATES DATA IS MISSING.
T  INDICATES TRACE AMOUNT.




$$
