000
CDUS43 KDVN 280913
CLIMLI


CLIMATE REPORT
NATIONAL WEATHER SERVICE QUAD CITIES IA IL
412 AM CDT SAT MAY 28 2016


...................................

...THE MOLINE IL CLIMATE SUMMARY FOR MAY 27 2016...

CLIMATE NORMAL PERIOD 1981 TO 2010
CLIMATE RECORD PERIOD 1872 TO 2016


WEATHER ITEM   OBSERVED TIME   RECORD YEAR NORMAL DEPARTURE LAST
                VALUE   (LST)  VALUE       VALUE  FROM      YEAR
                                                  NORMAL
..................................................................
TEMPERATURE (F)
 YESTERDAY
  MAXIMUM         80    533 PM  94    2012  76      4       80
  MINIMUM         64    456 AM  34    1992  54     10       59
  AVERAGE         72                        65      7       70

PRECIPITATION (IN)
  YESTERDAY        0.43          1.78 1973   0.14   0.29     0.00
  MONTH TO DATE    2.92                      3.74  -0.82     3.38
  SINCE MAR 1      8.27                     10.19  -1.92     5.75
  SINCE JAN 1      9.60                     13.28  -3.68     8.68

SNOWFALL (IN)
  YESTERDAY        0.0          MM      MM   0.0    0.0      0.0
  MONTH TO DATE    0.0                       0.0    0.0      0.0
  SINCE MAR 1      2.9                       4.9   -2.0      0.1
  SINCE JUL 1     24.1                      31.6   -7.5     39.1
  SNOW DEPTH       0

DEGREE DAYS
 HEATING
  YESTERDAY        0                         3     -3        0
  MONTH TO DATE  158                       151      7      108
  SINCE MAR 1   1174                      1376   -202     1321
  SINCE JUL 1   5163                      6174  -1011     6579

 COOLING
  YESTERDAY        7                         3      4        5
  MONTH TO DATE   50                        49      1       68
  SINCE MAR 1     61                        63     -2       68
  SINCE JAN 1     61                        63     -2       68
..................................................................


WIND (MPH)
  HIGHEST WIND SPEED    24   HIGHEST WIND DIRECTION     S (170)
  HIGHEST GUST SPEED    31   HIGHEST GUST DIRECTION     S (190)
  AVERAGE WIND SPEED    11.0


SKY COVER
  POSSIBLE SUNSHINE  MM
  AVERAGE SKY COVER 0.5


WEATHER CONDITIONS
 THE FOLLOWING WEATHER WAS RECORDED YESTERDAY.
  THUNDERSTORM
  HEAVY RAIN
  RAIN
  LIGHT RAIN
  FOG


RELATIVE HUMIDITY (PERCENT)
 HIGHEST    87           300 AM
 LOWEST     66           100 AM
 AVERAGE    77

..........................................................


THE MOLINE IL CLIMATE NORMALS FOR TODAY
                         NORMAL    RECORD    YEAR
 MAXIMUM TEMPERATURE (F)   77        95      2006
 MINIMUM TEMPERATURE (F)   55        36      1992


SUNRISE AND SUNSET
MAY 28 2016...........SUNRISE   533 AM CDT   SUNSET   827 PM CDT
MAY 29 2016...........SUNRISE   532 AM CDT   SUNSET   828 PM CDT


-  INDICATES NEGATIVE NUMBERS.
R  INDICATES RECORD WAS SET OR TIED.
MM INDICATES DATA IS MISSING.
T  INDICATES TRACE AMOUNT.




$$
