000
CDUS43 KDVN 280942
CLIMLI


CLIMATE REPORT
NATIONAL WEATHER SERVICE QUAD CITIES IA IL
442 AM CDT WED SEP 28 2016


...................................

...THE MOLINE IL CLIMATE SUMMARY FOR SEPTEMBER 27 2016...

CLIMATE NORMAL PERIOD 1981 TO 2010
CLIMATE RECORD PERIOD 1872 TO 2016


WEATHER ITEM   OBSERVED TIME   RECORD YEAR NORMAL DEPARTURE LAST
                VALUE   (LST)  VALUE       VALUE  FROM      YEAR
                                                  NORMAL
..................................................................
TEMPERATURE (F)
 YESTERDAY
  MAXIMUM         75    326 PM  90    1990  72      3       78
  MINIMUM         47    605 AM  30    1942  49     -2       56
  AVERAGE         61                        60      1       67

PRECIPITATION (IN)
  YESTERDAY        0.00          2.05 1999   0.10  -0.10     0.00
  MONTH TO DATE    1.21                      2.83  -1.62     3.01
  SINCE SEP 1      1.21                      2.83  -1.62     3.01
  SINCE JAN 1     30.63                     29.99   0.64    31.48

SNOWFALL (IN)
  YESTERDAY        0.0          MM      MM   0.0    0.0      0.0
  MONTH TO DATE    0.0                       0.0    0.0      0.0
  SINCE SEP 1      0.0                       0.0    0.0      0.0
  SINCE JUL 1      0.0                       0.0    0.0       T
  SNOW DEPTH       0

DEGREE DAYS
 HEATING
  YESTERDAY        4                         6     -2        0
  MONTH TO DATE    8                        75    -67       26
  SINCE SEP 1      8                        75    -67       26
  SINCE JUL 1      9                        83    -74       33

 COOLING
  YESTERDAY        0                         2     -2        2
  MONTH TO DATE  189                       103     86      206
  SINCE SEP 1    189                       103     86      206
  SINCE JAN 1   1262                       986    276      994
..................................................................


WIND (MPH)
  HIGHEST WIND SPEED    24   HIGHEST WIND DIRECTION     W (280)
  HIGHEST GUST SPEED    32   HIGHEST GUST DIRECTION    NW (300)
  AVERAGE WIND SPEED    10.1


SKY COVER
  POSSIBLE SUNSHINE  MM
  AVERAGE SKY COVER 0.1


WEATHER CONDITIONS
 THE FOLLOWING WEATHER WAS RECORDED YESTERDAY.
  NO SIGNIFICANT WEATHER WAS OBSERVED.


RELATIVE HUMIDITY (PERCENT)
 HIGHEST    80           600 AM
 LOWEST     23           200 PM
 AVERAGE    52

..........................................................


THE MOLINE IL CLIMATE NORMALS FOR TODAY
                         NORMAL    RECORD    YEAR
 MAXIMUM TEMPERATURE (F)   72        95      1953
 MINIMUM TEMPERATURE (F)   48        24      1942


SUNRISE AND SUNSET
SEPTEMBER 28 2016.....SUNRISE   656 AM CDT   SUNSET   648 PM CDT
SEPTEMBER 29 2016.....SUNRISE   657 AM CDT   SUNSET   646 PM CDT


-  INDICATES NEGATIVE NUMBERS.
R  INDICATES RECORD WAS SET OR TIED.
MM INDICATES DATA IS MISSING.
T  INDICATES TRACE AMOUNT.




$$
