000
CDUS43 KDVN 182125
CLIMLI


CLIMATE REPORT
NATIONAL WEATHER SERVICE QUAD CITIES IA IL
422 PM CDT WED OCT 18 2017


...................................

...THE MOLINE IL CLIMATE SUMMARY FOR OCTOBER 18 2017...
VALID TODAY AS OF 0400 PM LOCAL TIME.

CLIMATE NORMAL PERIOD 1981 TO 2010
CLIMATE RECORD PERIOD 1872 TO 2017


WEATHER ITEM   OBSERVED TIME   RECORD YEAR NORMAL DEPARTURE LAST
                VALUE   (LST)  VALUE       VALUE  FROM      YEAR
                                                  NORMAL
..................................................................
TEMPERATURE (F)
 TODAY
  MAXIMUM         74    256 PM  86    1950  63     11       77
  MINIMUM         51    703 AM  19    1952  42      9       50
  AVERAGE         63                        53     10       64

PRECIPITATION (IN)
  TODAY            0.00          2.35 1985   0.10  -0.10     0.00
  MONTH TO DATE    5.74                      1.69   4.05     1.53
  SINCE SEP 1      8.13                      4.78   3.35     2.75
  SINCE JAN 1     34.25                     31.94   2.31    32.17

SNOWFALL (IN)
  TODAY            0.0          MM      MM   0.0    0.0      0.0
  MONTH TO DATE    0.0                       0.0    0.0      0.0
  SINCE SEP 1      0.0                       0.0    0.0      0.0
  SINCE JUL 1      0.0                       0.0    0.0      0.0
  SNOW DEPTH       0

DEGREE DAYS
 HEATING
  TODAY            2                        13    -11        1
  MONTH TO DATE   62                       182   -120       81
  SINCE SEP 1    110                       278   -168       98
  SINCE JUL 1    111                       286   -175       99

 COOLING
  TODAY            0                         0      0        0
  MONTH TO DATE   25                        11     14       43
  SINCE SEP 1    174                       117     57      232
  SINCE JAN 1    985                      1000    -15     1305
..................................................................


WIND (MPH)
  HIGHEST WIND SPEED    21   HIGHEST WIND DIRECTION     S (200)
  HIGHEST GUST SPEED    26   HIGHEST GUST DIRECTION     S (190)
  AVERAGE WIND SPEED    12.0


SKY COVER
  POSSIBLE SUNSHINE  MM
  AVERAGE SKY COVER 0.0


WEATHER CONDITIONS
 THE FOLLOWING WEATHER WAS RECORDED TODAY.
  NO SIGNIFICANT WEATHER WAS OBSERVED.


RELATIVE HUMIDITY (PERCENT)
 HIGHEST    64           100 AM
 LOWEST     33           200 PM
 AVERAGE    49

..........................................................


THE MOLINE IL CLIMATE NORMALS FOR TOMORROW
                         NORMAL    RECORD    YEAR
 MAXIMUM TEMPERATURE (F)   63        84      1953
 MINIMUM TEMPERATURE (F)   42        20      1992


SUNRISE AND SUNSET
OCTOBER 18 2017.......SUNRISE   718 AM CDT   SUNSET   616 PM CDT
OCTOBER 19 2017.......SUNRISE   719 AM CDT   SUNSET   614 PM CDT


-  INDICATES NEGATIVE NUMBERS.
R  INDICATES RECORD WAS SET OR TIED.
MM INDICATES DATA IS MISSING.
T  INDICATES TRACE AMOUNT.




$$
