000
CDUS43 KDVN 122223
CLIMLI


CLIMATE REPORT
NATIONAL WEATHER SERVICE QUAD CITIES IA IL
423 PM CST TUE DEC 12 2017


...................................

...THE MOLINE IL CLIMATE SUMMARY FOR DECEMBER 12 2017...
VALID TODAY AS OF 0400 PM LOCAL TIME.

CLIMATE NORMAL PERIOD 1981 TO 2010
CLIMATE RECORD PERIOD 1872 TO 2017


WEATHER ITEM   OBSERVED TIME   RECORD YEAR NORMAL DEPARTURE LAST
                VALUE   (LST)  VALUE       VALUE  FROM      YEAR
                                                  NORMAL
..................................................................
TEMPERATURE (F)
 TODAY
  MAXIMUM         31   1205 AM  65    1991  35     -4       26
  MINIMUM         18    723 AM -11    2000  19     -1        9
  AVERAGE         25                        27     -2       18

PRECIPITATION (IN)
  TODAY            0.00          1.07 1946   0.07  -0.07     0.00
  MONTH TO DATE    0.04                      0.97  -0.93     0.95
  SINCE DEC 1      0.04                      0.97  -0.93     0.95
  SINCE JAN 1     35.63                     36.75  -1.12    35.79

SNOWFALL (IN)
  TODAY            0.0          MM      MM   0.3   -0.3      0.0
  MONTH TO DATE    T                         3.0   -3.0     11.0
  SINCE DEC 1      T                         3.0   -3.0     11.0
  SINCE JUL 1      T                         4.2   -4.2     11.0
  SNOW DEPTH       0

DEGREE DAYS
 HEATING
  TODAY           40                        38      2       47
  MONTH TO DATE  373                       427    -54      426
  SINCE DEC 1    373                       427    -54      426
  SINCE JUL 1   1446                      1658   -212     1207

 COOLING
  TODAY            0                         0      0        0
  MONTH TO DATE    0                         0      0        0
  SINCE DEC 1      0                         0      0        0
  SINCE JAN 1    993                      1004    -11     1314
..................................................................


WIND (MPH)
  HIGHEST WIND SPEED    28   HIGHEST WIND DIRECTION    NW (320)
  HIGHEST GUST SPEED    36   HIGHEST GUST DIRECTION    NW (320)
  AVERAGE WIND SPEED    15.4


SKY COVER
  POSSIBLE SUNSHINE  MM
  AVERAGE SKY COVER 0.1


WEATHER CONDITIONS
 THE FOLLOWING WEATHER WAS RECORDED TODAY.
  NO SIGNIFICANT WEATHER WAS OBSERVED.


RELATIVE HUMIDITY (PERCENT)
 HIGHEST    73           800 AM
 LOWEST     31           300 PM
 AVERAGE    52

..........................................................


THE MOLINE IL CLIMATE NORMALS FOR TOMORROW
                         NORMAL    RECORD    YEAR
 MAXIMUM TEMPERATURE (F)   35        65      2015
 MINIMUM TEMPERATURE (F)   19       -15      1903


SUNRISE AND SUNSET
DECEMBER 12 2017......SUNRISE   719 AM CST   SUNSET   433 PM CST
DECEMBER 13 2017......SUNRISE   720 AM CST   SUNSET   433 PM CST


-  INDICATES NEGATIVE NUMBERS.
R  INDICATES RECORD WAS SET OR TIED.
MM INDICATES DATA IS MISSING.
T  INDICATES TRACE AMOUNT.




$$
