000
CDUS43 KDVN 230910
CLIMLI


CLIMATE REPORT
NATIONAL WEATHER SERVICE QUAD CITIES IA IL
409 AM CDT SAT AUG 23 2014


...................................

...THE MOLINE IL CLIMATE SUMMARY FOR AUGUST 22 2014...

CLIMATE NORMAL PERIOD 1981 TO 2010
CLIMATE RECORD PERIOD 1872 TO 2014


WEATHER ITEM   OBSERVED TIME   RECORD YEAR NORMAL DEPARTURE LAST
                VALUE   (LST)  VALUE       VALUE  FROM      YEAR
                                                  NORMAL
..................................................................
TEMPERATURE (F)
 YESTERDAY
  MAXIMUM         89    325 PM 101    1936  83      6       79
  MINIMUM         71    816 AM  47    1923  63      8       65
  AVERAGE         80                        73      7       72

PRECIPITATION (IN)
  YESTERDAY        0.44          1.77 1988   0.14   0.30     0.00
  MONTH TO DATE    1.49                      3.25  -1.76     0.76
  SINCE JUN 1     14.18                     12.03   2.15     9.46
  SINCE JAN 1     25.74                     25.89  -0.15    32.61

SNOWFALL (IN)
  YESTERDAY        0.0          MM      MM   0.0    0.0      0.0
  MONTH TO DATE    0.0                       0.0    0.0      0.0
  SINCE JUN 1      0.0                       0.0    0.0      0.0
  SINCE JUL 1      0.0                       0.0    0.0      0.0
  SNOW DEPTH       0

DEGREE DAYS
 HEATING
  YESTERDAY        0                         0      0        0
  MONTH TO DATE    1                         0      1        4
  SINCE JUN 1      9                        21    -12       38
  SINCE JUL 1      5                         2      3       11

 COOLING
  YESTERDAY       15                         8      7        7
  MONTH TO DATE  161                       203    -42      128
  SINCE JUN 1    560                       741   -181      589
  SINCE JAN 1    665                       817   -152      679
..................................................................


WIND (MPH)
  HIGHEST WIND SPEED    28   HIGHEST WIND DIRECTION     W (280)
  HIGHEST GUST SPEED    35   HIGHEST GUST DIRECTION    NW (300)
  AVERAGE WIND SPEED     4.7


SKY COVER
  POSSIBLE SUNSHINE  MM
  AVERAGE SKY COVER 0.3


WEATHER CONDITIONS
 THE FOLLOWING WEATHER WAS RECORDED YESTERDAY.
  THUNDERSTORM
  HEAVY RAIN
  RAIN
  LIGHT RAIN
  FOG
  HAZE


RELATIVE HUMIDITY (PERCENT)
 HIGHEST    94           700 AM
 LOWEST     59           300 PM
 AVERAGE    77

..........................................................


THE MOLINE IL CLIMATE NORMALS FOR TODAY
                         NORMAL    RECORD    YEAR
 MAXIMUM TEMPERATURE (F)   83        99      1947
 MINIMUM TEMPERATURE (F)   63        48      1891
                                             1875


SUNRISE AND SUNSET
AUGUST 23 2014........SUNRISE   619 AM CDT   SUNSET   749 PM CDT
AUGUST 24 2014........SUNRISE   620 AM CDT   SUNSET   748 PM CDT


-  INDICATES NEGATIVE NUMBERS.
R  INDICATES RECORD WAS SET OR TIED.
MM INDICATES DATA IS MISSING.
T  INDICATES TRACE AMOUNT.




$$
