000
CDUS43 KDVN 300910
CLIMLI


CLIMATE REPORT
NATIONAL WEATHER SERVICE QUAD CITIES IA IL
410 AM CDT SUN AUG 30 2015


...................................

...THE MOLINE IL CLIMATE SUMMARY FOR AUGUST 29 2015...

CLIMATE NORMAL PERIOD 1981 TO 2010
CLIMATE RECORD PERIOD 1872 TO 2015


WEATHER ITEM   OBSERVED TIME   RECORD YEAR NORMAL DEPARTURE LAST
                VALUE   (LST)  VALUE       VALUE  FROM      YEAR
                                                  NORMAL
..................................................................
TEMPERATURE (F)
 YESTERDAY
  MAXIMUM         76    234 PM  97    1984  82     -6       87
  MINIMUM         61   1159 PM  40    1934  61      0       70
  AVERAGE         69                        72     -3       79

PRECIPITATION (IN)
  YESTERDAY        0.01          4.60 1951   0.13  -0.12     0.05
  MONTH TO DATE    3.84                      4.23  -0.39     4.02
  SINCE JUN 1     19.53                     13.01   6.52    16.71
  SINCE JAN 1     28.47                     26.87   1.60    28.27

SNOWFALL (IN)
  YESTERDAY        0.0          MM      MM   0.0    0.0      0.0
  MONTH TO DATE    T                         0.0    0.0      0.0
  SINCE JUN 1      T                         0.0    0.0      0.0
  SINCE JUL 1      T                         0.0    0.0      0.0
  SNOW DEPTH       0

DEGREE DAYS
 HEATING
  YESTERDAY        0                         0      0        0
  MONTH TO DATE    3                         0      3        1
  SINCE JUN 1     14                        21     -7        9
  SINCE JUL 1      7                         2      5        5

 COOLING
  YESTERDAY        4                         7     -3       14
  MONTH TO DATE  200                       256    -56      244
  SINCE JUN 1    693                       794   -101      643
  SINCE JAN 1    774                       870    -96      748
..................................................................


WIND (MPH)
  HIGHEST WIND SPEED    12   HIGHEST WIND DIRECTION    SE (140)
  HIGHEST GUST SPEED    15   HIGHEST GUST DIRECTION    SE (140)
  AVERAGE WIND SPEED     2.6


SKY COVER
  POSSIBLE SUNSHINE  MM
  AVERAGE SKY COVER 0.9


WEATHER CONDITIONS
 THE FOLLOWING WEATHER WAS RECORDED YESTERDAY.
  THUNDERSTORM
  LIGHT RAIN
  FOG
  FOG W/VISIBILITY <= 1/4 MILE
  HAZE


RELATIVE HUMIDITY (PERCENT)
 HIGHEST   100          1000 PM
 LOWEST     74           200 PM
 AVERAGE    87

..........................................................


THE MOLINE IL CLIMATE NORMALS FOR TODAY
                         NORMAL    RECORD    YEAR
 MAXIMUM TEMPERATURE (F)   82        98      2013
                                             1953
                                             1947
 MINIMUM TEMPERATURE (F)   61        40      1915


SUNRISE AND SUNSET
AUGUST 30 2015........SUNRISE   626 AM CDT   SUNSET   739 PM CDT
AUGUST 31 2015........SUNRISE   627 AM CDT   SUNSET   737 PM CDT


-  INDICATES NEGATIVE NUMBERS.
R  INDICATES RECORD WAS SET OR TIED.
MM INDICATES DATA IS MISSING.
T  INDICATES TRACE AMOUNT.




$$
