115
CDUS45 KBYZ 091039
CLIMLS


CLIMATE REPORT
NATIONAL WEATHER SERVICE BILLINGS MT
339 AM MST TUE FEB 9 2016


...................................

...THE MILES CITY MT CLIMATE SUMMARY FOR FEBRUARY 8 2016...

CLIMATE NORMAL PERIOD 1981 TO 2010
CLIMATE RECORD PERIOD 1937 TO 2016


WEATHER ITEM   OBSERVED TIME   RECORD YEAR NORMAL DEPARTURE LAST
                VALUE   (LST)  VALUE       VALUE  FROM      YEAR
                                                  NORMAL
..................................................................
TEMPERATURE (F)
 YESTERDAY
  MAXIMUM         50    258 PM  65    1954  33     17       58
  MINIMUM         22    623 AM -33    1939  12     10       34
  AVERAGE         36                        22     14       46

PRECIPITATION (IN)
  YESTERDAY        0.00          0.17 2002   0.00   0.00     0.00
  MONTH TO DATE    T                         0.05  -0.05     0.12
  SINCE OCT 1      1.60                      1.97  -0.37     1.35
  SINCE JAN 1      0.34                      0.37  -0.03     0.34

DEGREE DAYS
 HEATING
  YESTERDAY       29                        42    -13       19
  MONTH TO DATE  263                       345    -82      322
  SINCE DEC 1   2736                      3142   -406     2860
  SINCE JUL 1   4164                      4941   -777     4690

 COOLING
  YESTERDAY        0                         0      0        0
  MONTH TO DATE    0                         0      0        0
  SINCE DEC 1      0                         0      0        0
  SINCE JAN 1      0                         0      0        0
..................................................................


WIND (MPH)
  HIGHEST WIND SPEED    21   HIGHEST WIND DIRECTION    NW (300)
  HIGHEST GUST SPEED    24   HIGHEST GUST DIRECTION    NW (300)
  AVERAGE WIND SPEED     8.6


SKY COVER
  POSSIBLE SUNSHINE  MM
  AVERAGE SKY COVER 0.3


WEATHER CONDITIONS
 THE FOLLOWING WEATHER WAS RECORDED YESTERDAY.
  NO SIGNIFICANT WEATHER WAS OBSERVED.


RELATIVE HUMIDITY (PERCENT)
 HIGHEST    85          1100 PM
 LOWEST     31           100 PM
 AVERAGE    58

..........................................................


THE MILES CITY MT CLIMATE NORMALS FOR TODAY
                         NORMAL    RECORD    YEAR
 MAXIMUM TEMPERATURE (F)   34        59      2000
                                             1974
                                             1984
 MINIMUM TEMPERATURE (F)   12       -30      1937


SUNRISE AND SUNSET
FEBRUARY  9 2016......SUNRISE   717 AM MST   SUNSET   519 PM MST
FEBRUARY 10 2016......SUNRISE   715 AM MST   SUNSET   521 PM MST


-  INDICATES NEGATIVE NUMBERS.
R  INDICATES RECORD WAS SET OR TIED.
MM INDICATES DATA IS MISSING.
T  INDICATES TRACE AMOUNT.





&&

THIS IS AN AUTOMATED...UNATTENDED WEATHER STATION AND MAY
UNDERESTIMATE WINTER PRECIPITATION.

$$
