000
CDUS45 KBYZ 012228
CLIMLS


CLIMATE REPORT
NATIONAL WEATHER SERVICE BILLINGS MT
426 PM MDT SUN MAY 1 2016


...................................

...THE MILES CITY MT CLIMATE SUMMARY FOR MAY 1 2016...
VALID TODAY AS OF 0400 PM LOCAL TIME.

CLIMATE NORMAL PERIOD 1981 TO 2010
CLIMATE RECORD PERIOD 1937 TO 2016


WEATHER ITEM   OBSERVED TIME   RECORD YEAR NORMAL DEPARTURE LAST
                VALUE   (LST)  VALUE       VALUE  FROM      YEAR
                                                  NORMAL
..................................................................
TEMPERATURE (F)
 TODAY
  MAXIMUM         64    257 PM  89    1981  64      0       75
  MINIMUM         34    523 AM  21    2013  38     -4       39
  AVERAGE         49                        51     -2       57

PRECIPITATION (IN)
  TODAY            0.00          1.31 2008   0.06  -0.06      T
  MONTH TO DATE    0.00                      0.06  -0.06      T
  SINCE OCT 1      6.69                      4.18   2.51     1.91
  SINCE JAN 1      5.43                      2.58   2.85     0.90

DEGREE DAYS
 HEATING
  TODAY           16                        14      2        8
  MONTH TO DATE   16                        14      2        8
  SINCE MAR 1   1178                      1526   -348     1195
  SINCE JUL 1   5871                      7260  -1389     6665

 COOLING
  TODAY            0                         0      0        0
  MONTH TO DATE    0                         0      0        0
  SINCE MAR 1      2                         1      1        0
  SINCE JAN 1      2                         1      1        0
..................................................................


WIND (MPH)
  HIGHEST WIND SPEED    10   HIGHEST WIND DIRECTION     S (180)
  HIGHEST GUST SPEED    14   HIGHEST GUST DIRECTION    NW (330)
  AVERAGE WIND SPEED     3.5


SKY COVER
  POSSIBLE SUNSHINE  MM
  AVERAGE SKY COVER 0.1


WEATHER CONDITIONS
 THE FOLLOWING WEATHER WAS RECORDED TODAY.
  NO SIGNIFICANT WEATHER WAS OBSERVED.


RELATIVE HUMIDITY (PERCENT)
 HIGHEST    89           400 AM
 LOWEST     29           200 PM
 AVERAGE    59

..........................................................


THE MILES CITY MT CLIMATE NORMALS FOR TOMORROW
                         NORMAL    RECORD    YEAR
 MAXIMUM TEMPERATURE (F)   65        90      1985
 MINIMUM TEMPERATURE (F)   38        18      1954


SUNRISE AND SUNSET
MAY  1 2016...........SUNRISE   549 AM MDT   SUNSET   813 PM MDT
MAY  2 2016...........SUNRISE   547 AM MDT   SUNSET   815 PM MDT


-  INDICATES NEGATIVE NUMBERS.
R  INDICATES RECORD WAS SET OR TIED.
MM INDICATES DATA IS MISSING.
T  INDICATES TRACE AMOUNT.





&&

THIS IS AN AUTOMATED...UNATTENDED WEATHER STATION AND MAY
UNDERESTIMATE WINTER PRECIPITATION.

$$
