000
CDUS45 KBYZ 192226
CLIMLS


CLIMATE REPORT
NATIONAL WEATHER SERVICE BILLINGS MT
426 PM MDT FRI SEP 19 2014


...................................

...THE MILES CITY MT CLIMATE SUMMARY FOR SEPTEMBER 19 2014...
VALID TODAY AS OF 0400 PM LOCAL TIME.

CLIMATE NORMAL PERIOD 1981 TO 2010
CLIMATE RECORD PERIOD 1937 TO 2014


WEATHER ITEM   OBSERVED TIME   RECORD YEAR NORMAL DEPARTURE LAST
                VALUE   (LST)  VALUE       VALUE  FROM      YEAR
                                                  NORMAL
..................................................................
TEMPERATURE (F)
 TODAY
  MAXIMUM         80    141 PM  99    1937  72      8       61
  MINIMUM         57    523 AM  29    1965  44     13       42
  AVERAGE         69                        58     11       52

PRECIPITATION (IN)
  TODAY            0.00          0.96 1985   0.04  -0.04     0.01
  MONTH TO DATE    0.22                      0.66  -0.44     1.39
  SINCE OCT 1     13.89                     12.02   1.87    16.76
  SINCE JAN 1     12.21                     10.42   1.79    15.23

SNOWFALL (IN)
  TODAY           MM
  MONTH TO DATE   MM
  SINCE SEP 1     MM
  SINCE JUL 1     MM
  SNOW DEPTH      MM

DEGREE DAYS
 HEATING
  TODAY            0                         8     -8       13
  MONTH TO DATE  153                        91     62       14
  SINCE SEP 1    153                        91     62       14
  SINCE JUL 1    187                       125     62       14

 COOLING
  TODAY            4                         1      3        0
  MONTH TO DATE   13                        50    -37      142
  SINCE SEP 1     13                        50    -37      142
  SINCE JAN 1    608                       722   -114      877
..................................................................


WIND (MPH)
  HIGHEST WIND SPEED    26   HIGHEST WIND DIRECTION     W (290)
  HIGHEST GUST SPEED    32   HIGHEST GUST DIRECTION     W (280)
  AVERAGE WIND SPEED    12.8


SKY COVER
  POSSIBLE SUNSHINE  MM
  AVERAGE SKY COVER 0.2


WEATHER CONDITIONS
 THE FOLLOWING WEATHER WAS RECORDED TODAY.
  NO SIGNIFICANT WEATHER WAS OBSERVED.


RELATIVE HUMIDITY (PERCENT)
 HIGHEST    75           600 AM
 LOWEST     32          1200 PM
 AVERAGE    54

..........................................................


THE MILES CITY MT CLIMATE NORMALS FOR TOMORROW
                         NORMAL    RECORD    YEAR
 MAXIMUM TEMPERATURE (F)   72        95      1937
 MINIMUM TEMPERATURE (F)   44        28      1983


SUNRISE AND SUNSET
SEPTEMBER 19 2014.....SUNRISE   647 AM MDT   SUNSET   707 PM MDT
SEPTEMBER 20 2014.....SUNRISE   648 AM MDT   SUNSET   705 PM MDT


-  INDICATES NEGATIVE NUMBERS.
R  INDICATES RECORD WAS SET OR TIED.
MM INDICATES DATA IS MISSING.
T  INDICATES TRACE AMOUNT.





&&

THIS IS AN AUTOMATED...UNATTENDED WEATHER STATION AND MAY
UNDERESTIMATE WINTER PRECIPITATION.

$$
