000
CDUS45 KBYZ 292228
CLIMLS


CLIMATE REPORT
NATIONAL WEATHER SERVICE BILLINGS MT
427 PM MDT SAT APR 29 2017


...................................

...THE MILES CITY MT CLIMATE SUMMARY FOR APRIL 29 2017...
VALID TODAY AS OF 0400 PM LOCAL TIME.

CLIMATE NORMAL PERIOD 1981 TO 2010
CLIMATE RECORD PERIOD 1937 TO 2017


WEATHER ITEM   OBSERVED TIME   RECORD YEAR NORMAL DEPARTURE LAST
                VALUE   (LST)  VALUE       VALUE  FROM      YEAR
                                                  NORMAL
..................................................................
TEMPERATURE (F)
 TODAY
  MAXIMUM         61    236 PM  88    1939  64     -3       54
  MINIMUM         32    308 AM  19    1966  37     -5       40
  AVERAGE         47                        51     -4       47

PRECIPITATION (IN)
  TODAY            0.00          0.73 2009   0.07  -0.07     0.00
  MONTH TO DATE    0.95                      1.31  -0.36     4.36
  SINCE OCT 1      3.07                      4.06  -0.99     6.69
  SINCE JAN 1      1.98                      2.46  -0.48     5.43

DEGREE DAYS
 HEATING
  TODAY           18                        15      3       18
  MONTH TO DATE  482                       557    -75      462
  SINCE MAR 1   1284                      1498   -214     1149
  SINCE JUL 1   6836                      7232   -396     5842

 COOLING
  TODAY            0                         0      0        0
  MONTH TO DATE    0                         0      0        2
  SINCE MAR 1      0                         0      0        2
  SINCE JAN 1      0                         0      0        2
..................................................................


WIND (MPH)
  HIGHEST WIND SPEED    17   HIGHEST WIND DIRECTION    SW (240)
  HIGHEST GUST SPEED    21   HIGHEST GUST DIRECTION     W (250)
  AVERAGE WIND SPEED     5.6


SKY COVER
  POSSIBLE SUNSHINE  MM
  AVERAGE SKY COVER 0.1


WEATHER CONDITIONS
 THE FOLLOWING WEATHER WAS RECORDED TODAY.
  NO SIGNIFICANT WEATHER WAS OBSERVED.


RELATIVE HUMIDITY (PERCENT)
 HIGHEST    89           400 AM
 LOWEST     26           200 PM
 AVERAGE    58

..........................................................


THE MILES CITY MT CLIMATE NORMALS FOR TOMORROW
                         NORMAL    RECORD    YEAR
 MAXIMUM TEMPERATURE (F)   64        88      1968
 MINIMUM TEMPERATURE (F)   38        20      1966


SUNRISE AND SUNSET
APRIL 29 2017.........SUNRISE   552 AM MDT   SUNSET   810 PM MDT
APRIL 30 2017.........SUNRISE   550 AM MDT   SUNSET   812 PM MDT


-  INDICATES NEGATIVE NUMBERS.
R  INDICATES RECORD WAS SET OR TIED.
MM INDICATES DATA IS MISSING.
T  INDICATES TRACE AMOUNT.





&&

THIS IS AN AUTOMATED...UNATTENDED WEATHER STATION AND MAY
UNDERESTIMATE WINTER PRECIPITATION.

$$
