512
CDUS45 KBYZ 190723
CLIMLS


CLIMATE REPORT
NATIONAL WEATHER SERVICE BILLINGS MT
123 AM MDT THU OCT 19 2017


...................................

...THE MILES CITY MT CLIMATE SUMMARY FOR OCTOBER 18 2017...

CLIMATE NORMAL PERIOD 1981 TO 2010
CLIMATE RECORD PERIOD 1937 TO 2017


WEATHER ITEM   OBSERVED TIME   RECORD YEAR NORMAL DEPARTURE LAST
                VALUE   (LST)  VALUE       VALUE  FROM      YEAR
                                                  NORMAL
..................................................................
TEMPERATURE (F)
 YESTERDAY
  MAXIMUM         62    330 PM  82    2003  58      4       59
                                      1955
  MINIMUM         36    618 AM  21    1976  33      3       36
  AVERAGE         49                        46      3       48

PRECIPITATION (IN)
  YESTERDAY        0.00          1.88 1971   0.03  -0.03     0.00
  MONTH TO DATE    0.56                      0.61  -0.05     0.76
  SINCE OCT 1      0.56                      0.61  -0.05     0.76
  SINCE JAN 1      5.70                     11.45  -5.75    14.22

DEGREE DAYS
 HEATING
  YESTERDAY       16                        19     -3       17
  MONTH TO DATE  317                       285     32      282
  SINCE SEP 1    541                       487     54      429
  SINCE JUL 1    545                       521     24      443

 COOLING
  YESTERDAY        0                         0      0        0
  MONTH TO DATE    0                         0      0        3
  SINCE SEP 1     91                        56     35       62
  SINCE JAN 1    985                       728    257      873
..................................................................


WIND (MPH)
  HIGHEST WIND SPEED    33   HIGHEST WIND DIRECTION     N (340)
  HIGHEST GUST SPEED    42   HIGHEST GUST DIRECTION     N (350)
  AVERAGE WIND SPEED     9.0


SKY COVER
  POSSIBLE SUNSHINE  MM
  AVERAGE SKY COVER 0.1


WEATHER CONDITIONS
 THE FOLLOWING WEATHER WAS RECORDED YESTERDAY.
  NO SIGNIFICANT WEATHER WAS OBSERVED.


RELATIVE HUMIDITY (PERCENT)
 HIGHEST    70           700 AM
 LOWEST     23           100 PM
 AVERAGE    47

..........................................................


THE MILES CITY MT CLIMATE NORMALS FOR TODAY
                         NORMAL    RECORD    YEAR
 MAXIMUM TEMPERATURE (F)   58        86      1947
 MINIMUM TEMPERATURE (F)   33        15      1976


SUNRISE AND SUNSET
OCTOBER 19 2017.......SUNRISE   727 AM MDT   SUNSET   609 PM MDT
OCTOBER 20 2017.......SUNRISE   728 AM MDT   SUNSET   607 PM MDT


-  INDICATES NEGATIVE NUMBERS.
R  INDICATES RECORD WAS SET OR TIED.
MM INDICATES DATA IS MISSING.
T  INDICATES TRACE AMOUNT.




$$
