000
CDUS45 KBYZ 232223
CLIMLS


CLIMATE REPORT
NATIONAL WEATHER SERVICE BILLINGS MT
423 PM MDT WED AUG 23 2017


...................................

...THE MILES CITY MT CLIMATE SUMMARY FOR AUGUST 23 2017...
VALID TODAY AS OF 0400 PM LOCAL TIME.

CLIMATE NORMAL PERIOD 1981 TO 2010
CLIMATE RECORD PERIOD 1937 TO 2017


WEATHER ITEM   OBSERVED TIME   RECORD YEAR NORMAL DEPARTURE LAST
                VALUE   (LST)  VALUE       VALUE  FROM      YEAR
                                                  NORMAL
..................................................................
TEMPERATURE (F)
 TODAY
  MAXIMUM         94    228 PM 103    1969  86      8       80
  MINIMUM         54    513 AM  35    2015  56     -2       55
  AVERAGE         74                        71      3       68

PRECIPITATION (IN)
  TODAY            0.00          1.66 1968   0.03  -0.03     0.00
  MONTH TO DATE    0.15                      0.71  -0.56     0.77
  SINCE OCT 1      4.42                     11.16  -6.74    11.92
  SINCE JAN 1      3.33                      9.56  -6.23    10.66

DEGREE DAYS
 HEATING
  TODAY            0                         1     -1        0
  MONTH TO DATE    4                         7     -3        5
  SINCE JUN 1     23                       108    -85       16
  SINCE JUL 1      4                        19    -15        7

 COOLING
  TODAY            9                         7      2        3
  MONTH TO DATE  125                       212    -87      196
  SINCE JUN 1    768                       607    161      731
  SINCE JAN 1    789                       627    162      755
..................................................................


WIND (MPH)
  HIGHEST WIND SPEED     9   HIGHEST WIND DIRECTION     E (110)
  HIGHEST GUST SPEED    14   HIGHEST GUST DIRECTION     E (110)
  AVERAGE WIND SPEED     5.4


SKY COVER
  POSSIBLE SUNSHINE  MM
  AVERAGE SKY COVER 0.0


WEATHER CONDITIONS
 THE FOLLOWING WEATHER WAS RECORDED TODAY.
  NO SIGNIFICANT WEATHER WAS OBSERVED.


RELATIVE HUMIDITY (PERCENT)
 HIGHEST    59           500 AM
 LOWEST     13           300 PM
 AVERAGE    36

..........................................................


THE MILES CITY MT CLIMATE NORMALS FOR TOMORROW
                         NORMAL    RECORD    YEAR
 MAXIMUM TEMPERATURE (F)   85       103      1953
 MINIMUM TEMPERATURE (F)   56        43      1992


SUNRISE AND SUNSET
AUGUST 23 2017........SUNRISE   613 AM MDT   SUNSET   758 PM MDT
AUGUST 24 2017........SUNRISE   614 AM MDT   SUNSET   757 PM MDT


-  INDICATES NEGATIVE NUMBERS.
R  INDICATES RECORD WAS SET OR TIED.
MM INDICATES DATA IS MISSING.
T  INDICATES TRACE AMOUNT.




$$
