000
CDUS41 KCAR 232246
CLIMLT


CLIMATE REPORT
NATIONAL WEATHER SERVICE CARIBOU, ME
535 PM EST THU NOV 23 2017


...................................

...THE MILLINOCKET ME CLIMATE SUMMARY FOR NOVEMBER 23 2017...
VALID TODAY AS OF 0500 PM LOCAL TIME.

CLIMATE NORMAL PERIOD 1981 TO 2010
CLIMATE RECORD PERIOD 1903 TO 2017


WEATHER ITEM   OBSERVED TIME   RECORD YEAR NORMAL DEPARTURE LAST
                VALUE   (LST)  VALUE       VALUE  FROM      YEAR
                                                  NORMAL
..................................................................
TEMPERATURE (F)
 TODAY
  MAXIMUM         35    117 AM  62    1913  39     -4       35
                                      1903
  MINIMUM         23    802 AM   1    1964  25     -2       29
  AVERAGE         29                        32     -3       32

PRECIPITATION (IN)
  TODAY            T             2.43 1924   0.16  -0.16     0.00
  MONTH TO DATE    2.31                      3.28  -0.97     1.77
  SINCE SEP 1     12.93                     11.07   1.86     5.73
  SINCE JAN 1     37.57                     38.00  -0.43    28.73

SNOWFALL (IN)
  TODAY           MM            MM      MM  MM     MM       MM
  MONTH TO DATE   MM                        MM     MM       MM
  SINCE SEP 1     MM                        MM     MM       MM
  SINCE JUL 1     MM                        MM     MM       MM
  SNOW DEPTH      MM

DEGREE DAYS
 HEATING
  TODAY           36                        33      3       33
  MONTH TO DATE  716                       665     51      572
  SINCE SEP 1   1203                      1520   -317     1281
  SINCE JUL 1   1302                      1599   -297     1321

 COOLING
  TODAY            0                         0      0        0
  MONTH TO DATE    0                         0      0        0
  SINCE SEP 1     47                        17     30       43
  SINCE JAN 1    263                       268     -5      350
..................................................................


WIND (MPH)
  HIGHEST WIND SPEED    22   HIGHEST WIND DIRECTION    NW (300)
  HIGHEST GUST SPEED    33   HIGHEST GUST DIRECTION    NW (300)
  AVERAGE WIND SPEED    12.8


SKY COVER
  POSSIBLE SUNSHINE  MM
  AVERAGE SKY COVER 0.5


WEATHER CONDITIONS
 THE FOLLOWING WEATHER WAS RECORDED TODAY.
  LIGHT SNOW
  FOG


RELATIVE HUMIDITY (PERCENT)
 HIGHEST    92          1200 AM
 LOWEST     57          1200 PM
 AVERAGE    75

..........................................................


THE MILLINOCKET ME CLIMATE NORMALS FOR TOMORROW
                         NORMAL    RECORD    YEAR
 MAXIMUM TEMPERATURE (F)   38        65      1931
 MINIMUM TEMPERATURE (F)   25        -3      1989


SUNRISE AND SUNSET
NOVEMBER 23 2017......SUNRISE   645 AM EST   SUNSET   357 PM EST
NOVEMBER 24 2017......SUNRISE   647 AM EST   SUNSET   356 PM EST


-  INDICATES NEGATIVE NUMBERS.
R  INDICATES RECORD WAS SET OR TIED.
MM INDICATES DATA IS MISSING.
T  INDICATES TRACE AMOUNT.




$$
