000
CDUS41 KCAR 050528
CLIMLT


CLIMATE REPORT
NATIONAL WEATHER SERVICE CARIBOU, ME
1227 AM EST MON DEC 5 2016


...................................

...THE MILLINOCKET ME CLIMATE SUMMARY FOR DECEMBER 4 2016...

CLIMATE NORMAL PERIOD 1981 TO 2010
CLIMATE RECORD PERIOD 1903 TO 2016


WEATHER ITEM   OBSERVED TIME   RECORD YEAR NORMAL DEPARTURE LAST
                VALUE   (LST)  VALUE       VALUE  FROM      YEAR
                                                  NORMAL
..................................................................
TEMPERATURE (F)
 YESTERDAY
  MAXIMUM         31   1210 PM  57    1950  34     -3       38
  MINIMUM         19   1159 PM -18    1940  20     -1       23
  AVERAGE         25                        27     -2       31

PRECIPITATION (IN)
  YESTERDAY        0.00          1.40 1986   0.16  -0.16      T
  MONTH TO DATE    0.73                      0.59   0.14     1.04
  SINCE DEC 1      0.73                      0.59   0.14     1.04
  SINCE JAN 1     30.94                     39.74  -8.80    39.73

SNOWFALL (IN)
  YESTERDAY       MM            MM      MM  MM     MM       MM
  MONTH TO DATE   MM                        MM     MM       MM
  SINCE DEC 1     MM                        MM     MM       MM
  SINCE JUL 1     MM                        MM     MM       MM
  SNOW DEPTH      MM

DEGREE DAYS
 HEATING
  YESTERDAY       40                        38      2       34
  MONTH TO DATE  133                       149    -16      124
  SINCE DEC 1    133                       149    -16      124
  SINCE JUL 1   1683                      1992   -309     1665

 COOLING
  YESTERDAY        0                         0      0        0
  MONTH TO DATE    0                         0      0        0
  SINCE DEC 1      0                         0      0        0
  SINCE JAN 1    350                       268     82      400
..................................................................


WIND (MPH)
  HIGHEST WIND SPEED    14   HIGHEST WIND DIRECTION    NW (310)
  HIGHEST GUST SPEED    20   HIGHEST GUST DIRECTION    NW (300)
  AVERAGE WIND SPEED     7.5


SKY COVER
  POSSIBLE SUNSHINE  MM
  AVERAGE SKY COVER 0.6


WEATHER CONDITIONS
 THE FOLLOWING WEATHER WAS RECORDED YESTERDAY.
  NO SIGNIFICANT WEATHER WAS OBSERVED.


RELATIVE HUMIDITY (PERCENT)
 HIGHEST    84          1100 PM
 LOWEST     63           200 AM
 AVERAGE    74

..........................................................


THE MILLINOCKET ME CLIMATE NORMALS FOR TODAY
                         NORMAL    RECORD    YEAR
 MAXIMUM TEMPERATURE (F)   34        61      1982
 MINIMUM TEMPERATURE (F)   20       -13      1911


SUNRISE AND SUNSET
DECEMBER  5 2016......SUNRISE   700 AM EST   SUNSET   351 PM EST
DECEMBER  6 2016......SUNRISE   701 AM EST   SUNSET   351 PM EST


-  INDICATES NEGATIVE NUMBERS.
R  INDICATES RECORD WAS SET OR TIED.
MM INDICATES DATA IS MISSING.
T  INDICATES TRACE AMOUNT.




$$
