000
CDUS41 KCAR 260533
CLIMLT


CLIMATE REPORT
NATIONAL WEATHER SERVICE CARIBOU, ME
129 AM EDT THU MAR 26 2015


...................................

...THE MILLINOCKET ME CLIMATE SUMMARY FOR MARCH 25 2015...

CLIMATE NORMAL PERIOD 1981 TO 2010
CLIMATE RECORD PERIOD 1903 TO 2015


WEATHER ITEM   OBSERVED TIME   RECORD YEAR NORMAL DEPARTURE LAST
                VALUE   (LST)  VALUE       VALUE  FROM      YEAR
                                                  NORMAL
..................................................................
TEMPERATURE (F)
 YESTERDAY
  MAXIMUM         47    435 PM  69    1910  41      6       31
  MINIMUM         20    555 AM  -9    2014  21     -1       -9
  AVERAGE         34                        31      3       11

PRECIPITATION (IN)
  YESTERDAY        T             1.69 1930   0.12  -0.12     0.00
  MONTH TO DATE    1.64                      2.33  -0.69     1.66
  SINCE MAR 1      1.64                      2.33  -0.69     1.66
  SINCE JAN 1      4.87                      7.44  -2.57     6.85

SNOWFALL (IN)
  YESTERDAY       MM            MM      MM  MM     MM       MM
  MONTH TO DATE   MM                        MM     MM       MM
  SINCE MAR 1     MM                        MM     MM       MM
  SINCE JUL 1     MM                        MM     MM       MM
  SNOW DEPTH      MM

DEGREE DAYS
 HEATING
  YESTERDAY       31                        34     -3       54
  MONTH TO DATE 1067                       950    117     1167
  SINCE MAR 1   1067                       950    117     1167
  SINCE JUL 1   7112                      7002    110     7205

 COOLING
  YESTERDAY        0                         0      0        0
  MONTH TO DATE    0                         0      0        0
  SINCE MAR 1      0                         0      0        0
  SINCE JAN 1      0                         0      0        0
..................................................................


WIND (MPH)
  HIGHEST WIND SPEED    13   HIGHEST WIND DIRECTION     S (170)
  HIGHEST GUST SPEED    19   HIGHEST GUST DIRECTION    SE (150)
  AVERAGE WIND SPEED     5.4


SKY COVER
  POSSIBLE SUNSHINE  MM
  AVERAGE SKY COVER 0.1


WEATHER CONDITIONS
 THE FOLLOWING WEATHER WAS RECORDED YESTERDAY.
  LIGHT SNOW


RELATIVE HUMIDITY (PERCENT)
 HIGHEST    64          1100 PM
 LOWEST     23           200 PM
 AVERAGE    44

..........................................................


THE MILLINOCKET ME CLIMATE NORMALS FOR TODAY
                         NORMAL    RECORD    YEAR
 MAXIMUM TEMPERATURE (F)   41        69      1987
 MINIMUM TEMPERATURE (F)   22        -7      1912


SUNRISE AND SUNSET
MARCH 26 2015.........SUNRISE   627 AM EDT   SUNSET   655 PM EDT
MARCH 27 2015.........SUNRISE   625 AM EDT   SUNSET   656 PM EDT


-  INDICATES NEGATIVE NUMBERS.
R  INDICATES RECORD WAS SET OR TIED.
MM INDICATES DATA IS MISSING.
T  INDICATES TRACE AMOUNT.




$$
