000
CDUS41 KCAR 282112
CLIMLT


CLIMATE REPORT
NATIONAL WEATHER SERVICE CARIBOU, ME
512 PM EDT THU JUL 28 2016


...................................

...THE MILLINOCKET ME CLIMATE SUMMARY FOR JULY 28 2016...
VALID TODAY AS OF 0500 PM LOCAL TIME.

CLIMATE NORMAL PERIOD 1981 TO 2010
CLIMATE RECORD PERIOD 1903 TO 2016


WEATHER ITEM   OBSERVED TIME   RECORD YEAR NORMAL DEPARTURE LAST
                VALUE   (LST)  VALUE       VALUE  FROM      YEAR
                                                  NORMAL
..................................................................
TEMPERATURE (F)
 TODAY
  MAXIMUM         81   1127 AM  93    1970  79      2       86
  MINIMUM         64    310 AM  40    1920  57      7       62
  AVERAGE         73                        68      5       74

PRECIPITATION (IN)
  TODAY            0.08          1.49 2008   0.12  -0.04     0.16
  MONTH TO DATE    2.23                      3.51  -1.28     3.44
  SINCE JUN 1      5.15                      7.58  -2.43     7.96
  SINCE JAN 1     18.76                     22.65  -3.89    19.65

SNOWFALL (IN)
  TODAY           MM            MM      MM  MM     MM       MM
  MONTH TO DATE   MM                        MM     MM       MM
  SINCE JUN 1     MM                        MM     MM       MM
  SINCE JUL 1     MM                        MM     MM       MM
  SNOW DEPTH      MM

DEGREE DAYS
 HEATING
  TODAY            0                         1     -1        0
  MONTH TO DATE   33                        28      5       21
  SINCE JUN 1    149                       144      5      181
  SINCE JUL 1     33                        28      5       21

 COOLING
  TODAY            8                         4      4        9
  MONTH TO DATE  145                       109     36       81
  SINCE JUN 1    171                       158     13      101
  SINCE JAN 1    177                       164     13      135
..................................................................


WIND (MPH)
  HIGHEST WIND SPEED    13   HIGHEST WIND DIRECTION    NW (330)
  HIGHEST GUST SPEED    18   HIGHEST GUST DIRECTION     N (350)
  AVERAGE WIND SPEED     1.2


SKY COVER
  POSSIBLE SUNSHINE  MM
  AVERAGE SKY COVER 0.5


WEATHER CONDITIONS
 THE FOLLOWING WEATHER WAS RECORDED TODAY.
  THUNDERSTORM
  HEAVY RAIN
  LIGHT RAIN
  FOG


RELATIVE HUMIDITY (PERCENT)
 HIGHEST    93           200 AM
 LOWEST     58          1100 AM
 AVERAGE    76

..........................................................


THE MILLINOCKET ME CLIMATE NORMALS FOR TOMORROW
                         NORMAL    RECORD    YEAR
 MAXIMUM TEMPERATURE (F)   78        95      1959
 MINIMUM TEMPERATURE (F)   57        41      1987


SUNRISE AND SUNSET
JULY 28 2016..........SUNRISE   514 AM EDT   SUNSET   808 PM EDT
JULY 29 2016..........SUNRISE   515 AM EDT   SUNSET   806 PM EDT


-  INDICATES NEGATIVE NUMBERS.
R  INDICATES RECORD WAS SET OR TIED.
MM INDICATES DATA IS MISSING.
T  INDICATES TRACE AMOUNT.




$$
