000
CDUS41 KCAR 030545
CLIMLT


CLIMATE REPORT
NATIONAL WEATHER SERVICE CARIBOU, ME
141 AM EDT TUE MAY 3 2016


...................................

...THE MILLINOCKET ME CLIMATE SUMMARY FOR MAY 2 2016...

CLIMATE NORMAL PERIOD 1981 TO 2010
CLIMATE RECORD PERIOD 1903 TO 2016


WEATHER ITEM   OBSERVED TIME   RECORD YEAR NORMAL DEPARTURE LAST
                VALUE   (LST)  VALUE       VALUE  FROM      YEAR
                                                  NORMAL
..................................................................
TEMPERATURE (F)
 YESTERDAY
  MAXIMUM         46   1152 AM  86    2001  60    -14       71
                                      1936
  MINIMUM         38   1159 PM  21    1974  38      0       35
  AVERAGE         42                        49     -7       53

PRECIPITATION (IN)
  YESTERDAY        0.38          1.33 2006   0.11   0.27     0.00
  MONTH TO DATE    0.38                      0.22   0.16     0.00
  SINCE MAR 1      6.40                      6.84  -0.44     3.92
  SINCE JAN 1     11.71                     11.95  -0.24     7.15

SNOWFALL (IN)
  YESTERDAY       MM            MM      MM  MM     MM       MM
  MONTH TO DATE   MM                        MM     MM       MM
  SINCE MAR 1     MM                        MM     MM       MM
  SINCE JUL 1     MM                        MM     MM       MM
  SNOW DEPTH      MM

DEGREE DAYS
 HEATING
  YESTERDAY       23                        16      7       12
  MONTH TO DATE   42                        33      9       26
  SINCE MAR 1   1916                      1902     14     2033
  SINCE JUL 1   6880                      7954  -1074     8078

 COOLING
  YESTERDAY        0                         0      0        0
  MONTH TO DATE    0                         0      0        0
  SINCE MAR 1      0                         0      0        0
  SINCE JAN 1      0                         0      0        0
..................................................................


WIND (MPH)
  HIGHEST WIND SPEED    10   HIGHEST WIND DIRECTION    NE (60)
  HIGHEST GUST SPEED    15   HIGHEST GUST DIRECTION    SE (120)
  AVERAGE WIND SPEED     4.2


SKY COVER
  POSSIBLE SUNSHINE  MM
  AVERAGE SKY COVER 0.9


WEATHER CONDITIONS
 THE FOLLOWING WEATHER WAS RECORDED YESTERDAY.
  RAIN
  LIGHT RAIN
  FOG
  HAZE


RELATIVE HUMIDITY (PERCENT)
 HIGHEST   100           800 PM
 LOWEST     53          1100 AM
 AVERAGE    77

..........................................................


THE MILLINOCKET ME CLIMATE NORMALS FOR TODAY
                         NORMAL    RECORD    YEAR
 MAXIMUM TEMPERATURE (F)   60        87      2001
 MINIMUM TEMPERATURE (F)   38        23      1974


SUNRISE AND SUNSET
MAY  3 2016...........SUNRISE   519 AM EDT   SUNSET   745 PM EDT
MAY  4 2016...........SUNRISE   517 AM EDT   SUNSET   746 PM EDT


-  INDICATES NEGATIVE NUMBERS.
R  INDICATES RECORD WAS SET OR TIED.
MM INDICATES DATA IS MISSING.
T  INDICATES TRACE AMOUNT.




$$
