000
CDUS41 KCAR 280527
CLIMLT


CLIMATE REPORT
NATIONAL WEATHER SERVICE CARIBOU, ME
126 AM EDT FRI APR 28 2017


...................................

...THE MILLINOCKET ME CLIMATE SUMMARY FOR APRIL 27 2017...

CLIMATE NORMAL PERIOD 1981 TO 2010
CLIMATE RECORD PERIOD 1903 TO 2017


WEATHER ITEM   OBSERVED TIME   RECORD YEAR NORMAL DEPARTURE LAST
                VALUE   (LST)  VALUE       VALUE  FROM      YEAR
                                                  NORMAL
..................................................................
TEMPERATURE (F)
 YESTERDAY
  MAXIMUM         64    146 PM  82    1913  57      7       49
  MINIMUM         53    514 AM  19    1966  36     17       22
  AVERAGE         59                        47     12       36

PRECIPITATION (IN)
  YESTERDAY        0.03          1.46 1945   0.11  -0.08     0.00
  MONTH TO DATE    3.87                      3.24   0.63     2.80
  SINCE MAR 1      5.45                      6.30  -0.85     6.02
  SINCE JAN 1     10.64                     11.41  -0.77    11.33

SNOWFALL (IN)
  YESTERDAY       MM            MM      MM  MM     MM       MM
  MONTH TO DATE   MM                        MM     MM       MM
  SINCE MAR 1     MM                        MM     MM       MM
  SINCE JUL 1     MM                        MM     MM       MM
  SNOW DEPTH      MM

DEGREE DAYS
 HEATING
  YESTERDAY        6                        18    -12       29
  MONTH TO DATE  629                       668    -39      697
  SINCE MAR 1   1930                      1815    115     1793
  SINCE JUL 1   7425                      7867   -442     6757

 COOLING
  YESTERDAY        0                         0      0        0
  MONTH TO DATE    0                         0      0        0
  SINCE MAR 1      0                         0      0        0
  SINCE JAN 1      0                         0      0        0
..................................................................


WIND (MPH)
  HIGHEST WIND SPEED     9   HIGHEST WIND DIRECTION    SE (130)
  HIGHEST GUST SPEED    12   HIGHEST GUST DIRECTION    SE (120)
  AVERAGE WIND SPEED     4.1


SKY COVER
  POSSIBLE SUNSHINE  MM
  AVERAGE SKY COVER 0.8


WEATHER CONDITIONS
 THE FOLLOWING WEATHER WAS RECORDED YESTERDAY.
  LIGHT RAIN
  FOG
  FOG W/VISIBILITY <= 1/4 MILE


RELATIVE HUMIDITY (PERCENT)
 HIGHEST   100           500 AM
 LOWEST     90           600 PM
 AVERAGE    95

..........................................................


THE MILLINOCKET ME CLIMATE NORMALS FOR TODAY
                         NORMAL    RECORD    YEAR
 MAXIMUM TEMPERATURE (F)   58        87      1990
 MINIMUM TEMPERATURE (F)   36        17      1947


SUNRISE AND SUNSET
APRIL 28 2017.........SUNRISE   527 AM EDT   SUNSET   738 PM EDT
APRIL 29 2017.........SUNRISE   525 AM EDT   SUNSET   740 PM EDT


-  INDICATES NEGATIVE NUMBERS.
R  INDICATES RECORD WAS SET OR TIED.
MM INDICATES DATA IS MISSING.
T  INDICATES TRACE AMOUNT.




$$
