000
CDUS41 KCAR 010526
CLIMLT


CLIMATE REPORT
NATIONAL WEATHER SERVICE CARIBOU, ME
126 AM EDT SAT NOV 1 2014


...................................

...THE MILLINOCKET ME CLIMATE SUMMARY FOR OCTOBER 31 2014...

CLIMATE NORMAL PERIOD 1981 TO 2010
CLIMATE RECORD PERIOD 1903 TO 2014


WEATHER ITEM   OBSERVED TIME   RECORD YEAR NORMAL DEPARTURE LAST
                VALUE   (LST)  VALUE       VALUE  FROM      YEAR
                                                  NORMAL
..................................................................
TEMPERATURE (F)
 YESTERDAY
  MAXIMUM         47    234 PM  71    1989  49     -2       51
  MINIMUM         34   1223 AM  11    1925  32      2       24
  AVERAGE         41                        40      1       38

PRECIPITATION (IN)
  YESTERDAY        T             2.41 1939   0.10  -0.10     0.30
  MONTH TO DATE    5.79                      4.07   1.72     1.46
  SINCE SEP 1      6.39                      7.79  -1.40     6.14
  SINCE JAN 1     31.53                     34.72  -3.19    31.63

SNOWFALL (IN)
  YESTERDAY       MM            MM      MM  MM     MM       MM
  MONTH TO DATE   MM                        MM     MM       MM
  SINCE SEP 1     MM                        MM     MM       MM
  SINCE JUL 1     MM                        MM     MM       MM
  SNOW DEPTH      MM

DEGREE DAYS
 HEATING
  YESTERDAY       24                        24      0       27
  MONTH TO DATE  457                       607   -150      504
  SINCE SEP 1    693                       855   -162      705
  SINCE JUL 1    721                       934   -213      750

 COOLING
  YESTERDAY        0                         0      0        0
  MONTH TO DATE    4                         0      4        0
  SINCE SEP 1     47                        17     30       28
  SINCE JAN 1    375                       268    107      380
..................................................................


WIND (MPH)
  HIGHEST WIND SPEED     8   HIGHEST WIND DIRECTION     N (20)
  HIGHEST GUST SPEED    11   HIGHEST GUST DIRECTION    NE (30)
  AVERAGE WIND SPEED     2.2


SKY COVER
  POSSIBLE SUNSHINE  MM
  AVERAGE SKY COVER 1.0


WEATHER CONDITIONS
 THE FOLLOWING WEATHER WAS RECORDED YESTERDAY.
  NO SIGNIFICANT WEATHER WAS OBSERVED.


RELATIVE HUMIDITY (PERCENT)
 HIGHEST    92           200 AM
 LOWEST     53           100 PM
 AVERAGE    73

..........................................................


THE MILLINOCKET ME CLIMATE NORMALS FOR TODAY
                         NORMAL    RECORD    YEAR
 MAXIMUM TEMPERATURE (F)   48        71      1956
 MINIMUM TEMPERATURE (F)   32        15      1972


SUNRISE AND SUNSET
NOVEMBER  1 2014......SUNRISE   714 AM EDT   SUNSET   522 PM EDT
NOVEMBER  2 2014......SUNRISE   616 AM EST   SUNSET   420 PM EST


-  INDICATES NEGATIVE NUMBERS.
R  INDICATES RECORD WAS SET OR TIED.
MM INDICATES DATA IS MISSING.
T  INDICATES TRACE AMOUNT.




$$
