000
CDUS41 KCAR 182026
CLIMLT


CLIMATE REPORT
NATIONAL WEATHER SERVICE CARIBOU, ME
426 PM EDT FRI APR 18 2014


...................................

...THE MILLINOCKET ME CLIMATE SUMMARY FOR APRIL 18 2014...
VALID TODAY AS OF 0400 PM LOCAL TIME.

CLIMATE NORMAL PERIOD 1981 TO 2010
CLIMATE RECORD PERIOD 1903 TO 2014


WEATHER ITEM   OBSERVED TIME   RECORD YEAR NORMAL DEPARTURE LAST
                VALUE   (LST)  VALUE       VALUE  FROM      YEAR
                                                  NORMAL
..................................................................
TEMPERATURE (F)
 TODAY
  MAXIMUM         50    239 PM  75    1927  52     -2       47
  MINIMUM         22    523 AM  13    2003  32    -10       27
  AVERAGE         36                        42     -6       37

PRECIPITATION (IN)
  TODAY            0.00          2.28 1983   0.11  -0.11      T
  MONTH TO DATE    1.88                      2.26  -0.38     0.95
  SINCE MAR 1      4.48                      5.32  -0.84     2.45
  SINCE JAN 1      9.67                     10.43  -0.76     5.88

SNOWFALL (IN)
  TODAY           MM            MM      MM  MM     MM       MM
  MONTH TO DATE    0.0                      MM     MM       MM
  SINCE MAR 1      0.0                      MM     MM       MM
  SINCE JUL 1      0.0                      MM     MM       MM
  SNOW DEPTH      MM

DEGREE DAYS
 HEATING
  TODAY           29                        23      6       28
  MONTH TO DATE  473                       486    -13      510
  SINCE MAR 1   1851                      1633    218     1517
  SINCE JUL 1   7889                      7685    204     7068

 COOLING
  TODAY            0                         0      0        0
  MONTH TO DATE    0                         0      0        0
  SINCE MAR 1      0                         0      0        0
  SINCE JAN 1      0                         0      0        0
..................................................................


WIND (MPH)
  HIGHEST WIND SPEED     9   HIGHEST WIND DIRECTION     S (170)
  HIGHEST GUST SPEED    16   HIGHEST GUST DIRECTION     S (170)
  AVERAGE WIND SPEED     2.8


SKY COVER
  POSSIBLE SUNSHINE  MM
  AVERAGE SKY COVER 0.0


WEATHER CONDITIONS
 THE FOLLOWING WEATHER WAS RECORDED TODAY.
  NO SIGNIFICANT WEATHER WAS OBSERVED.


RELATIVE HUMIDITY (PERCENT)
 HIGHEST    88           300 AM
 LOWEST     31           300 PM
 AVERAGE    60

..........................................................


THE MILLINOCKET ME CLIMATE NORMALS FOR TOMORROW
                         NORMAL    RECORD    YEAR
 MAXIMUM TEMPERATURE (F)   53        81      1927
 MINIMUM TEMPERATURE (F)   33        17      1925


SUNRISE AND SUNSET
APRIL 18 2014.........SUNRISE   544 AM EDT   SUNSET   725 PM EDT
APRIL 19 2014.........SUNRISE   542 AM EDT   SUNSET   726 PM EDT


-  INDICATES NEGATIVE NUMBERS.
R  INDICATES RECORD WAS SET OR TIED.
MM INDICATES DATA IS MISSING.
T  INDICATES TRACE AMOUNT.




$$
