000
CDUS41 KCAR 310526
CLIMLT


CLIMATE REPORT
NATIONAL WEATHER SERVICE CARIBOU, ME
126 AM EDT MON AUG 31 2015


...................................

...THE MILLINOCKET ME CLIMATE SUMMARY FOR AUGUST 30 2015...

CLIMATE NORMAL PERIOD 1981 TO 2010
CLIMATE RECORD PERIOD 1903 TO 2015


WEATHER ITEM   OBSERVED TIME   RECORD YEAR NORMAL DEPARTURE LAST
                VALUE   (LST)  VALUE       VALUE  FROM      YEAR
                                                  NORMAL
..................................................................
TEMPERATURE (F)
 YESTERDAY
  MAXIMUM         77    359 PM  91    1997  74      3       76
  MINIMUM         61   1159 PM  36    1986  53      8       47
  AVERAGE         69                        63      6       62

PRECIPITATION (IN)
  YESTERDAY        0.00          2.38 2004   0.12  -0.12     0.00
  MONTH TO DATE    5.88                      3.82   2.06     2.26
  SINCE JUN 1     13.91                     11.74   2.17    11.24
  SINCE JAN 1     25.60                     26.81  -1.21    25.14

SNOWFALL (IN)
  YESTERDAY       MM            MM      MM  MM     MM       MM
  MONTH TO DATE    0.0                      MM     MM       MM
  SINCE JUN 1      0.0                      MM     MM       MM
  SINCE JUL 1      0.0                      MM     MM       MM
  SNOW DEPTH      MM

DEGREE DAYS
 HEATING
  YESTERDAY        0                         3     -3        3
  MONTH TO DATE    0                        50    -50       19
  SINCE JUN 1    181                       190     -9      104
  SINCE JUL 1     21                        74    -53       28

 COOLING
  YESTERDAY        4                         2      2        0
  MONTH TO DATE  149                        77     72       92
  SINCE JUN 1    273                       243     30      324
  SINCE JAN 1    307                       249     58      326
..................................................................


WIND (MPH)
  HIGHEST WIND SPEED    12   HIGHEST WIND DIRECTION    NW (300)
  HIGHEST GUST SPEED    18   HIGHEST GUST DIRECTION    NW (300)
  AVERAGE WIND SPEED     2.9


SKY COVER
  POSSIBLE SUNSHINE  MM
  AVERAGE SKY COVER 0.4


WEATHER CONDITIONS
 THE FOLLOWING WEATHER WAS RECORDED YESTERDAY.
  NO SIGNIFICANT WEATHER WAS OBSERVED.


RELATIVE HUMIDITY (PERCENT)
 HIGHEST    97           400 AM
 LOWEST     60          1100 AM
 AVERAGE    79

..........................................................


THE MILLINOCKET ME CLIMATE NORMALS FOR TODAY
                         NORMAL    RECORD    YEAR
 MAXIMUM TEMPERATURE (F)   74        95      2010
 MINIMUM TEMPERATURE (F)   52        32      1952


SUNRISE AND SUNSET
AUGUST 31 2015........SUNRISE   554 AM EDT   SUNSET   715 PM EDT
SEPTEMBER  1 2015.....SUNRISE   556 AM EDT   SUNSET   713 PM EDT


-  INDICATES NEGATIVE NUMBERS.
R  INDICATES RECORD WAS SET OR TIED.
MM INDICATES DATA IS MISSING.
T  INDICATES TRACE AMOUNT.




$$
