000
CDUS41 KCAR 300532
CLIMLT


CLIMATE REPORT
NATIONAL WEATHER SERVICE CARIBOU, ME
128 AM EDT SAT AUG 30 2014


...................................

...THE MILLINOCKET ME CLIMATE SUMMARY FOR AUGUST 29 2014...

CLIMATE NORMAL PERIOD 1981 TO 2010
CLIMATE RECORD PERIOD 1903 TO 2014


WEATHER ITEM   OBSERVED TIME   RECORD YEAR NORMAL DEPARTURE LAST
                VALUE   (LST)  VALUE       VALUE  FROM      YEAR
                                                  NORMAL
..................................................................
TEMPERATURE (F)
 YESTERDAY
  MAXIMUM         74    335 PM  92    2010  74      0       68
  MINIMUM         50   1159 PM  32    1986  53     -3       51
  AVERAGE         62                        64     -2       60

PRECIPITATION (IN)
  YESTERDAY        0.00          1.79 1997   0.12  -0.12     0.72
  MONTH TO DATE    2.26                      3.70  -1.44     4.93
  SINCE JUN 1     11.24                     11.62  -0.38    14.23
  SINCE JAN 1     25.14                     26.69  -1.55    25.39

SNOWFALL (IN)
  YESTERDAY       MM            MM      MM  MM     MM       MM
  MONTH TO DATE   MM                        MM     MM       MM
  SINCE JUN 1     MM                        MM     MM       MM
  SINCE JUL 1     MM                        MM     MM       MM
  SNOW DEPTH      MM

DEGREE DAYS
 HEATING
  YESTERDAY        3                         3      0        5
  MONTH TO DATE   16                        47    -31       31
  SINCE JUN 1    101                       187    -86      142
  SINCE JUL 1     25                        71    -46       41

 COOLING
  YESTERDAY        0                         2     -2        0
  MONTH TO DATE   92                        75     17       64
  SINCE JUN 1    324                       241     83      338
  SINCE JAN 1    326                       247     79      346
..................................................................


WIND (MPH)
  HIGHEST WIND SPEED    15   HIGHEST WIND DIRECTION     N (360)
  HIGHEST GUST SPEED    22   HIGHEST GUST DIRECTION     N (350)
  AVERAGE WIND SPEED     4.9


SKY COVER
  POSSIBLE SUNSHINE  MM
  AVERAGE SKY COVER 0.2


WEATHER CONDITIONS
 THE FOLLOWING WEATHER WAS RECORDED YESTERDAY.
  NO SIGNIFICANT WEATHER WAS OBSERVED.


RELATIVE HUMIDITY (PERCENT)
 HIGHEST    89          1100 PM
 LOWEST     31           100 PM
 AVERAGE    60

..........................................................


THE MILLINOCKET ME CLIMATE NORMALS FOR TODAY
                         NORMAL    RECORD    YEAR
 MAXIMUM TEMPERATURE (F)   74        91      1997
 MINIMUM TEMPERATURE (F)   53        36      1986


SUNRISE AND SUNSET
AUGUST 30 2014........SUNRISE   553 AM EDT   SUNSET   716 PM EDT
AUGUST 31 2014........SUNRISE   555 AM EDT   SUNSET   715 PM EDT


-  INDICATES NEGATIVE NUMBERS.
R  INDICATES RECORD WAS SET OR TIED.
MM INDICATES DATA IS MISSING.
T  INDICATES TRACE AMOUNT.




$$
