000
CDUS41 KCAR 160527
CLIMLT


CLIMATE REPORT
NATIONAL WEATHER SERVICE CARIBOU, ME
126 AM EDT WED AUG 16 2017


...................................

...THE MILLINOCKET ME CLIMATE SUMMARY FOR AUGUST 15 2017...

CLIMATE NORMAL PERIOD 1981 TO 2010
CLIMATE RECORD PERIOD 1903 TO 2017


WEATHER ITEM   OBSERVED TIME   RECORD YEAR NORMAL DEPARTURE LAST
                VALUE   (LST)  VALUE       VALUE  FROM      YEAR
                                                  NORMAL
..................................................................
TEMPERATURE (F)
 YESTERDAY
  MAXIMUM         82    232 PM  97    1944  77      5       74
  MINIMUM         56    520 AM  40    1972  55      1       55
                                      1961
  AVERAGE         69                        66      3       65

PRECIPITATION (IN)
  YESTERDAY        0.11          1.56 1988   0.11   0.00     0.00
  MONTH TO DATE    0.86                      1.79  -0.93     2.09
  SINCE JUN 1      8.68                      9.71  -1.03     7.24
  SINCE JAN 1     24.36                     24.78  -0.42    20.85

SNOWFALL (IN)
  YESTERDAY       MM            MM      MM  MM     MM       MM
  MONTH TO DATE   MM                        MM     MM       MM
  SINCE JUN 1     MM                        MM     MM       MM
  SINCE JUL 1     MM                        MM     MM       MM
  SNOW DEPTH      MM

DEGREE DAYS
 HEATING
  YESTERDAY        0                         1     -1        0
  MONTH TO DATE   11                        15     -4        3
  SINCE JUN 1    162                       155      7      152
  SINCE JUL 1     42                        39      3       36

 COOLING
  YESTERDAY        4                         3      1        0
  MONTH TO DATE   45                        45      0       64
  SINCE JUN 1    188                       211    -23      248
  SINCE JAN 1    197                       217    -20      254
..................................................................


WIND (MPH)
  HIGHEST WIND SPEED    13   HIGHEST WIND DIRECTION    SE (140)
  HIGHEST GUST SPEED    20   HIGHEST GUST DIRECTION     S (170)
  AVERAGE WIND SPEED     3.8


SKY COVER
  POSSIBLE SUNSHINE  MM
  AVERAGE SKY COVER 0.3


WEATHER CONDITIONS
 THE FOLLOWING WEATHER WAS RECORDED YESTERDAY.
  LIGHT RAIN
  FOG


RELATIVE HUMIDITY (PERCENT)
 HIGHEST   100           100 AM
 LOWEST     42           100 PM
 AVERAGE    71

..........................................................


THE MILLINOCKET ME CLIMATE NORMALS FOR TODAY
                         NORMAL    RECORD    YEAR
 MAXIMUM TEMPERATURE (F)   77        97      1944
 MINIMUM TEMPERATURE (F)   55        37      1934


SUNRISE AND SUNSET
AUGUST 16 2017........SUNRISE   537 AM EDT   SUNSET   740 PM EDT
AUGUST 17 2017........SUNRISE   538 AM EDT   SUNSET   739 PM EDT


-  INDICATES NEGATIVE NUMBERS.
R  INDICATES RECORD WAS SET OR TIED.
MM INDICATES DATA IS MISSING.
T  INDICATES TRACE AMOUNT.




$$
