000
CDUS41 KCAR 212031
CLIMLT


CLIMATE REPORT
NATIONAL WEATHER SERVICE CARIBOU, ME
429 PM EDT TUE OCT 21 2014


...................................

...THE MILLINOCKET ME CLIMATE SUMMARY FOR OCTOBER 21 2014...
VALID TODAY AS OF 0400 PM LOCAL TIME.

CLIMATE NORMAL PERIOD 1981 TO 2010
CLIMATE RECORD PERIOD 1903 TO 2014


WEATHER ITEM   OBSERVED TIME   RECORD YEAR NORMAL DEPARTURE LAST
                VALUE   (LST)  VALUE       VALUE  FROM      YEAR
                                                  NORMAL
..................................................................
TEMPERATURE (F)
 TODAY
  MAXIMUM         48    259 PM  77    1963  53     -5       57
  MINIMUM         34    213 AM  15    1972  35     -1       40
  AVERAGE         41                        44     -3       49

PRECIPITATION (IN)
  TODAY            T             2.13 1976   0.12  -0.12     0.00
  MONTH TO DATE    3.46                      2.87   0.59     1.01
  SINCE SEP 1      4.06                      6.59  -2.53     5.69
  SINCE JAN 1     29.20                     33.52  -4.32    31.18

SNOWFALL (IN)
  TODAY           MM            MM      MM  MM     MM       MM
  MONTH TO DATE   MM                        MM     MM       MM
  SINCE SEP 1     MM                        MM     MM       MM
  SINCE JUL 1     MM                        MM     MM       MM
  SNOW DEPTH      MM

DEGREE DAYS
 HEATING
  TODAY           24                        21      3       16
  MONTH TO DATE  268                       376   -108      245
  SINCE SEP 1    504                       625   -121      446
  SINCE JUL 1    532                       704   -172      491

 COOLING
  TODAY            0                         0      0        0
  MONTH TO DATE    4                         0      4        0
  SINCE SEP 1     47                        17     30       28
  SINCE JAN 1    375                       268    107      380
..................................................................


WIND (MPH)
  HIGHEST WIND SPEED     8   HIGHEST WIND DIRECTION    NE (60)
  HIGHEST GUST SPEED    10   HIGHEST GUST DIRECTION    NE (60)
  AVERAGE WIND SPEED     2.2


SKY COVER
  POSSIBLE SUNSHINE  MM
  AVERAGE SKY COVER 0.9


WEATHER CONDITIONS
 THE FOLLOWING WEATHER WAS RECORDED TODAY.
  LIGHT RAIN


RELATIVE HUMIDITY (PERCENT)
 HIGHEST    92           300 AM
 LOWEST     58          1100 AM
 AVERAGE    75

..........................................................


THE MILLINOCKET ME CLIMATE NORMALS FOR TOMORROW
                         NORMAL    RECORD    YEAR
 MAXIMUM TEMPERATURE (F)   52        80      2007
 MINIMUM TEMPERATURE (F)   34        15      1959


SUNRISE AND SUNSET
OCTOBER 21 2014.......SUNRISE   659 AM EDT   SUNSET   539 PM EDT
OCTOBER 22 2014.......SUNRISE   701 AM EDT   SUNSET   537 PM EDT


-  INDICATES NEGATIVE NUMBERS.
R  INDICATES RECORD WAS SET OR TIED.
MM INDICATES DATA IS MISSING.
T  INDICATES TRACE AMOUNT.




$$
