000
CDUS41 KCAR 290533
CLIMLT


CLIMATE REPORT
NATIONAL WEATHER SERVICE CARIBOU, ME
132 AM EDT THU JUN 29 2017


...................................

...THE MILLINOCKET ME CLIMATE SUMMARY FOR JUNE 28 2017...

CLIMATE NORMAL PERIOD 1981 TO 2010
CLIMATE RECORD PERIOD 1903 TO 2017


WEATHER ITEM   OBSERVED TIME   RECORD YEAR NORMAL DEPARTURE LAST
                VALUE   (LST)  VALUE       VALUE  FROM      YEAR
                                                  NORMAL
..................................................................
TEMPERATURE (F)
 YESTERDAY
  MAXIMUM         69    233 PM  94    1946  77     -8       78
                                      1944
  MINIMUM         51   1159 PM  34    1927  56     -5       62
                                      1914
  AVERAGE         60                        66     -6       70

PRECIPITATION (IN)
  YESTERDAY        0.01          1.79 2010   0.14  -0.13      T
  MONTH TO DATE    5.96                      3.80   2.16     2.40
  SINCE JUN 1      5.96                      3.80   2.16     2.40
  SINCE JAN 1     21.64                     18.87   2.77    16.01

SNOWFALL (IN)
  YESTERDAY       MM            MM      MM  MM     MM       MM
  MONTH TO DATE   MM                        MM     MM       MM
  SINCE JUN 1     MM                        MM     MM       MM
  SINCE JUL 1     MM                        MM     MM       MM
  SNOW DEPTH      MM

DEGREE DAYS
 HEATING
  YESTERDAY        5                         1      4        0
  MONTH TO DATE  115                       113      2      116
  SINCE JUN 1    115                       113      2      116
  SINCE JUL 1   7979                      8403   -424     7275

 COOLING
  YESTERDAY        0                         3     -3        5
  MONTH TO DATE   52                        44      8       23
  SINCE JUN 1     52                        44      8       23
  SINCE JAN 1     61                        50     11       29
..................................................................


WIND (MPH)
  HIGHEST WIND SPEED    14   HIGHEST WIND DIRECTION    NW (310)
  HIGHEST GUST SPEED    19   HIGHEST GUST DIRECTION    NW (300)
  AVERAGE WIND SPEED     3.9


SKY COVER
  POSSIBLE SUNSHINE  MM
  AVERAGE SKY COVER 0.5


WEATHER CONDITIONS
 THE FOLLOWING WEATHER WAS RECORDED YESTERDAY.
  LIGHT RAIN
  FOG


RELATIVE HUMIDITY (PERCENT)
 HIGHEST   100           200 AM
 LOWEST     58           200 PM
 AVERAGE    79

..........................................................


THE MILLINOCKET ME CLIMATE NORMALS FOR TODAY
                         NORMAL    RECORD    YEAR
 MAXIMUM TEMPERATURE (F)   77        95      1946
                                             1944
 MINIMUM TEMPERATURE (F)   57        42      1927


SUNRISE AND SUNSET
JUNE 29 2017..........SUNRISE   448 AM EDT   SUNSET   828 PM EDT
JUNE 30 2017..........SUNRISE   449 AM EDT   SUNSET   828 PM EDT


-  INDICATES NEGATIVE NUMBERS.
R  INDICATES RECORD WAS SET OR TIED.
MM INDICATES DATA IS MISSING.
T  INDICATES TRACE AMOUNT.




$$
