000
CDUS41 KCAR 012132
CLIMLT


CLIMATE REPORT
NATIONAL WEATHER SERVICE CARIBOU, ME
431 PM EST SUN MAR 1 2015


...................................

...THE MILLINOCKET ME CLIMATE SUMMARY FOR MARCH 1 2015...
VALID TODAY AS OF 0400 PM LOCAL TIME.

CLIMATE NORMAL PERIOD 1981 TO 2010
CLIMATE RECORD PERIOD 1903 TO 2015


WEATHER ITEM   OBSERVED TIME   RECORD YEAR NORMAL DEPARTURE LAST
                VALUE   (LST)  VALUE       VALUE  FROM      YEAR
                                                  NORMAL
..................................................................
TEMPERATURE (F)
 TODAY
  MAXIMUM         29    359 PM  60    1903  33     -4       26
  MINIMUM          3    704 AM -22    1982  13    -10      -12
  AVERAGE         16                        23     -7        7

PRECIPITATION (IN)
  TODAY            0.00          0.92 1925   0.08  -0.08      T
  MONTH TO DATE    0.00                      0.08  -0.08      T
  SINCE MAR 1      0.00                      0.08  -0.08      T
  SINCE JAN 1      3.23                      5.19  -1.96     5.19

SNOWFALL (IN)
  TODAY           MM            MM      MM  MM     MM       MM
  MONTH TO DATE   MM                        MM     MM       MM
  SINCE MAR 1     MM                        MM     MM       MM
  SINCE JUL 1     MM                        MM     MM       MM
  SNOW DEPTH      MM

DEGREE DAYS
 HEATING
  TODAY           49                        42      7       58
  MONTH TO DATE   49                        42      7       58
  SINCE MAR 1     49                        42      7       58
  SINCE JUL 1   6094                      6094      0     6096
..................................................................


WIND (MPH)
  HIGHEST WIND SPEED    12   HIGHEST WIND DIRECTION     W (250)
  HIGHEST GUST SPEED    18   HIGHEST GUST DIRECTION    SW (210)
  AVERAGE WIND SPEED     3.6


SKY COVER
  POSSIBLE SUNSHINE  MM
  AVERAGE SKY COVER 0.2


WEATHER CONDITIONS
 THE FOLLOWING WEATHER WAS RECORDED TODAY.
  NO SIGNIFICANT WEATHER WAS OBSERVED.


RELATIVE HUMIDITY (PERCENT)
 HIGHEST    86           700 AM
 LOWEST     31           100 PM
 AVERAGE    59

..........................................................


THE MILLINOCKET ME CLIMATE NORMALS FOR TOMORROW
                         NORMAL    RECORD    YEAR
 MAXIMUM TEMPERATURE (F)   34        50      1954
 MINIMUM TEMPERATURE (F)   13       -32      1920


SUNRISE AND SUNSET
MARCH  1 2015.........SUNRISE   614 AM EST   SUNSET   521 PM EST
MARCH  2 2015.........SUNRISE   612 AM EST   SUNSET   523 PM EST


-  INDICATES NEGATIVE NUMBERS.
R  INDICATES RECORD WAS SET OR TIED.
MM INDICATES DATA IS MISSING.
T  INDICATES TRACE AMOUNT.




$$
