000
CDUS44 KSHV 210740
CLIMLU


CLIMATE REPORT
NATIONAL WEATHER SERVICE SHREVEPORT, LA
237 AM CDT SAT OCT 21 2017


...................................

...THE MONROE CLIMATE SUMMARY FOR OCTOBER 20 2017...

CLIMATE NORMAL PERIOD 1981 TO 2010
CLIMATE RECORD PERIOD 1930 TO 2017


WEATHER ITEM   OBSERVED TIME   RECORD YEAR NORMAL DEPARTURE LAST
                VALUE   (LST)  VALUE       VALUE  FROM      YEAR
                                                  NORMAL
..................................................................
TEMPERATURE (F)
 YESTERDAY
  MAXIMUM         77    412 PM  90    1979  78     -1       83
                                      1962
                                      1935
  MINIMUM         54    139 AM  30    1989  52      2       58
                                      1964
  AVERAGE         66                        65      1       71

PRECIPITATION (IN)
  YESTERDAY        0.00          1.90 1898   0.17  -0.17     0.52
  MONTH TO DATE    T                         3.04  -3.04     0.54
  SINCE DEC 1     52.36                     47.44   4.92    67.36
  SINCE JAN 1     47.53                     42.15   5.38    60.97

SNOWFALL (IN)
  YESTERDAY        0.0
  MONTH TO DATE    0.0
  SINCE SEP 1      0.0
  SINCE JUL 1      0.0
  SNOW DEPTH       0

DEGREE DAYS
 HEATING
  YESTERDAY        0                         3     -3        0
  MONTH TO DATE   11                        37    -26        0
  SINCE SEP 1     11                        43    -32        0
  SINCE JUL 1     11                        43    -32        0

 COOLING
  YESTERDAY        1                         3     -2        6
  MONTH TO DATE  161                        94     67      169
  SINCE SEP 1    517                       451     66      622
  SINCE JAN 1   2544                      2458     86     2676
..................................................................


WIND (MPH)
  HIGHEST WIND SPEED     8   HIGHEST WIND DIRECTION     E (70)
  HIGHEST GUST SPEED    11   HIGHEST GUST DIRECTION     E (110)
  AVERAGE WIND SPEED     2.1


SKY COVER
  POSSIBLE SUNSHINE  MM
  AVERAGE SKY COVER 0.0


WEATHER CONDITIONS
 THE FOLLOWING WEATHER WAS RECORDED YESTERDAY.
  FOG
  HAZE


RELATIVE HUMIDITY (PERCENT)
 HIGHEST   100           500 AM
 LOWEST     56           200 PM
 AVERAGE    78

..........................................................


THE MONROE CLIMATE NORMALS FOR TODAY
                         NORMAL    RECORD    YEAR
 MAXIMUM TEMPERATURE (F)   78        94      1934
 MINIMUM TEMPERATURE (F)   51        30      1976


SUNRISE AND SUNSET
OCTOBER 21 2017.......SUNRISE   717 AM CDT   SUNSET   628 PM CDT
OCTOBER 22 2017.......SUNRISE   718 AM CDT   SUNSET   627 PM CDT


-  INDICATES NEGATIVE NUMBERS.
R  INDICATES RECORD WAS SET OR TIED.
MM INDICATES DATA IS MISSING.
T  INDICATES TRACE AMOUNT.




$$
