000
CDUS44 KSHV 281245
CLIMLU


CLIMATE REPORT
NATIONAL WEATHER SERVICE SHREVEPORT, LA
745 AM CDT SAT MAR 28 2015


...................................

...THE MONROE CLIMATE SUMMARY FOR MARCH 27 2015...

CLIMATE NORMAL PERIOD 1981 TO 2010
CLIMATE RECORD PERIOD 1930 TO 2015


WEATHER ITEM   OBSERVED TIME   RECORD YEAR NORMAL DEPARTURE LAST
                VALUE   (LST)  VALUE       VALUE  FROM      YEAR
                                                  NORMAL
..................................................................
TEMPERATURE (F)
 YESTERDAY
  MAXIMUM         68    310 PM  91    1935  73     -5       71
  MINIMUM         37    509 AM  26    2013  49    -12       51
                                      1955
  AVERAGE         53                        61     -8       61

PRECIPITATION (IN)
  YESTERDAY        0.00          2.28 1984   0.14  -0.14     1.11
  MONTH TO DATE    3.97                      4.13  -0.16     3.19
  SINCE DEC 1     18.21                     19.06  -0.85    10.88
  SINCE JAN 1     13.73                     13.77  -0.04     7.62

SNOWFALL (IN)
  YESTERDAY        0.0
  MONTH TO DATE    0.4
  SINCE MAR 1      0.4
  SINCE JUL 1      3.9
  SNOW DEPTH       0

DEGREE DAYS
 HEATING
  YESTERDAY       12                         6      6        4
  MONTH TO DATE  252                       230     22      356
  SINCE MAR 1    252                       230     22      356
  SINCE JUL 1   2456                      2124    332     2682

 COOLING
  YESTERDAY        0                         1     -1        0
  MONTH TO DATE    6                        25    -19        1
  SINCE MAR 1      6                        25    -19        1
  SINCE JAN 1      6                        36    -30        3
..................................................................


WIND (MPH)
  HIGHEST WIND SPEED    21   HIGHEST WIND DIRECTION    NE (60)
  HIGHEST GUST SPEED    27   HIGHEST GUST DIRECTION    NW (320)
  AVERAGE WIND SPEED     5.9


SKY COVER
  POSSIBLE SUNSHINE  MM
  AVERAGE SKY COVER 0.1


WEATHER CONDITIONS
 THE FOLLOWING WEATHER WAS RECORDED YESTERDAY.
  FOG
  FOG W/VISIBILITY <= 1/4 MILE


RELATIVE HUMIDITY (PERCENT)
 HIGHEST   100           100 AM
 LOWEST     37           200 PM
 AVERAGE    69

..........................................................


THE MONROE CLIMATE NORMALS FOR TODAY
                         NORMAL    RECORD    YEAR
 MAXIMUM TEMPERATURE (F)   73        87      1963
 MINIMUM TEMPERATURE (F)   49        32      2013
                                             1937


SUNRISE AND SUNSET
MARCH 28 2015.........SUNRISE   702 AM CDT   SUNSET   725 PM CDT
MARCH 29 2015.........SUNRISE   700 AM CDT   SUNSET   726 PM CDT


-  INDICATES NEGATIVE NUMBERS.
R  INDICATES RECORD WAS SET OR TIED.
MM INDICATES DATA IS MISSING.
T  INDICATES TRACE AMOUNT.




$$
