000
CDUS44 KSHV 210831
CLIMLU


CLIMATE REPORT
NATIONAL WEATHER SERVICE SHREVEPORT, LA
230 AM CST SUN DEC 21 2014


...................................

...THE MONROE CLIMATE SUMMARY FOR DECEMBER 20 2014...

CLIMATE NORMAL PERIOD 1981 TO 2010
CLIMATE RECORD PERIOD 1930 TO 2014


WEATHER ITEM   OBSERVED TIME   RECORD YEAR NORMAL DEPARTURE LAST
                VALUE   (LST)  VALUE       VALUE  FROM      YEAR
                                                  NORMAL
..................................................................
TEMPERATURE (F)
 YESTERDAY
  MAXIMUM         57    246 PM  79    1967  58     -1       71
  MINIMUM         38   1054 PM  19    1983  37      1       62
  AVERAGE         48                        47      1       67

PRECIPITATION (IN)
  YESTERDAY        0.00          4.05 1951   0.17  -0.17     0.06
  MONTH TO DATE    1.29                      3.46  -2.17     2.13
  SINCE DEC 1      1.29                      3.46  -2.17     2.13
  SINCE JAN 1     48.90                     52.19  -3.29    49.18

SNOWFALL (IN)
  YESTERDAY        0.0
  MONTH TO DATE    0.0
  SINCE DEC 1      0.0
  SINCE JUL 1      0.0
  SNOW DEPTH       0

DEGREE DAYS
 HEATING
  YESTERDAY       17                        18     -1        0
  MONTH TO DATE  269                       326    -57      346
  SINCE DEC 1    269                       326    -57      346
  SINCE JUL 1    743                       698     45      826

 COOLING
  YESTERDAY        0                         0      0        2
  MONTH TO DATE    1                         0      1       11
  SINCE DEC 1      1                         0      1       11
  SINCE JAN 1   2284                      2508   -224     2444
..................................................................


WIND (MPH)
  HIGHEST WIND SPEED    14   HIGHEST WIND DIRECTION    NE (60)
  HIGHEST GUST SPEED    18   HIGHEST GUST DIRECTION    NE (50)
  AVERAGE WIND SPEED     6.3


SKY COVER
  POSSIBLE SUNSHINE  MM
  AVERAGE SKY COVER 0.2


WEATHER CONDITIONS
 THE FOLLOWING WEATHER WAS RECORDED YESTERDAY.
  FOG


RELATIVE HUMIDITY (PERCENT)
 HIGHEST   100           500 AM
 LOWEST     61           100 PM
 AVERAGE    81

..........................................................


THE MONROE CLIMATE NORMALS FOR TODAY
                         NORMAL    RECORD    YEAR
 MAXIMUM TEMPERATURE (F)   58        82      2010
 MINIMUM TEMPERATURE (F)   36        17      1989


SUNRISE AND SUNSET
DECEMBER 21 2014......SUNRISE   706 AM CST   SUNSET   507 PM CST
DECEMBER 22 2014......SUNRISE   706 AM CST   SUNSET   507 PM CST


-  INDICATES NEGATIVE NUMBERS.
R  INDICATES RECORD WAS SET OR TIED.
MM INDICATES DATA IS MISSING.
T  INDICATES TRACE AMOUNT.




$$
