863
CDUS44 KSHV 240951
CLIMLU


CLIMATE REPORT
NATIONAL WEATHER SERVICE SHREVEPORT, LA
325 AM CST TUE JAN 24 2017


...................................

...THE MONROE CLIMATE SUMMARY FOR JANUARY 23 2017...

CLIMATE NORMAL PERIOD 1981 TO 2010
CLIMATE RECORD PERIOD 1930 TO 2017


WEATHER ITEM   OBSERVED TIME   RECORD YEAR NORMAL DEPARTURE LAST
                VALUE   (LST)  VALUE       VALUE  FROM      YEAR
                                                  NORMAL
..................................................................
TEMPERATURE (F)
 YESTERDAY
  MAXIMUM         62    412 PM  79    2002  58      4       40
                                      1933
  MINIMUM         43   1146 PM  13    1963  36      7       27
  AVERAGE         53                        47      6       34

PRECIPITATION (IN)
  YESTERDAY        0.00          1.76 1984   0.15  -0.15     0.00
  MONTH TO DATE    5.44                      3.66   1.78     3.43
  SINCE DEC 1     10.27                      8.95   1.32     9.82
  SINCE JAN 1      5.44                      3.66   1.78     3.43

SNOWFALL (IN)
  YESTERDAY        0.0
  MONTH TO DATE    0.2
  SINCE DEC 1      0.2
  SINCE JUL 1      0.2
  SNOW DEPTH       0

DEGREE DAYS
 HEATING
  YESTERDAY       12                        18     -6       31
  MONTH TO DATE  236                       436   -200      481
  SINCE DEC 1    684                       966   -282      789
  SINCE JUL 1    897                      1338   -441      977

 COOLING
  YESTERDAY        0                         0      0        0
  MONTH TO DATE   17                         0     17        0
  SINCE DEC 1     37                         7     30       53
  SINCE JAN 1     17                         0     17        0
..................................................................


WIND (MPH)
  HIGHEST WIND SPEED    24   HIGHEST WIND DIRECTION    NW (310)
  HIGHEST GUST SPEED    34   HIGHEST GUST DIRECTION    NW (310)
  AVERAGE WIND SPEED     7.9


SKY COVER
  POSSIBLE SUNSHINE  MM
  AVERAGE SKY COVER 0.1


WEATHER CONDITIONS
 THE FOLLOWING WEATHER WAS RECORDED YESTERDAY.
  FOG
  HAZE


RELATIVE HUMIDITY (PERCENT)
 HIGHEST    89          1000 PM
 LOWEST     43           300 PM
 AVERAGE    66

..........................................................


THE MONROE CLIMATE NORMALS FOR TODAY
                         NORMAL    RECORD    YEAR
 MAXIMUM TEMPERATURE (F)   58        82      1950
 MINIMUM TEMPERATURE (F)   36         7      1963


SUNRISE AND SUNSET
JANUARY 24 2017.......SUNRISE   707 AM CST   SUNSET   534 PM CST
JANUARY 25 2017.......SUNRISE   706 AM CST   SUNSET   535 PM CST


-  INDICATES NEGATIVE NUMBERS.
R  INDICATES RECORD WAS SET OR TIED.
MM INDICATES DATA IS MISSING.
T  INDICATES TRACE AMOUNT.




$$
