000
CDUS44 KSHV 280732
CLIMLU


CLIMATE REPORT
NATIONAL WEATHER SERVICE SHREVEPORT, LA
231 AM CDT WED JUN 28 2017


...................................

...THE MONROE CLIMATE SUMMARY FOR JUNE 27 2017...

CLIMATE NORMAL PERIOD 1981 TO 2010
CLIMATE RECORD PERIOD 1930 TO 2017


WEATHER ITEM   OBSERVED TIME   RECORD YEAR NORMAL DEPARTURE LAST
                VALUE   (LST)  VALUE       VALUE  FROM      YEAR
                                                  NORMAL
..................................................................
TEMPERATURE (F)
 YESTERDAY
  MAXIMUM         89    244 PM 103    2009  93     -4       92
  MINIMUM         67    539 AM  59    1974  71     -4       76
  AVERAGE         78                        82     -4       84

PRECIPITATION (IN)
  YESTERDAY        0.00          3.00 1984   0.16  -0.16     0.21
                                      1915
  MONTH TO DATE    8.50                      4.21   4.29     4.30
  SINCE DEC 1     38.96                     33.55   5.41    54.42
  SINCE JAN 1     34.13                     28.26   5.87    48.03

SNOWFALL (IN)
  YESTERDAY        0.0
  MONTH TO DATE    0.0
  SINCE JUN 1      0.0
  SINCE JUL 1      0.2
  SNOW DEPTH       0

DEGREE DAYS
 HEATING
  YESTERDAY        0                         0      0        0
  MONTH TO DATE    0                         0      0        0
  SINCE JUN 1      0                         0      0        0
  SINCE JUL 1   1400                      2230   -830     1595

 COOLING
  YESTERDAY       13                        17     -4       19
  MONTH TO DATE  361                       414    -53      438
  SINCE JUN 1    361                       414    -53      438
  SINCE JAN 1    879                       849     30      819
..................................................................


WIND (MPH)
  HIGHEST WIND SPEED    12   HIGHEST WIND DIRECTION    NE (50)
  HIGHEST GUST SPEED    15   HIGHEST GUST DIRECTION    NE (50)
  AVERAGE WIND SPEED     2.3


SKY COVER
  POSSIBLE SUNSHINE  MM
  AVERAGE SKY COVER 0.1


WEATHER CONDITIONS
 THE FOLLOWING WEATHER WAS RECORDED YESTERDAY.
  HAZE


RELATIVE HUMIDITY (PERCENT)
 HIGHEST    93           400 AM
 LOWEST     42          1200 PM
 AVERAGE    68

..........................................................


THE MONROE CLIMATE NORMALS FOR TODAY
                         NORMAL    RECORD    YEAR
 MAXIMUM TEMPERATURE (F)   93       102      2010
                                             2009
                                             1988
 MINIMUM TEMPERATURE (F)   71        60      2006


SUNRISE AND SUNSET
JUNE 28 2017..........SUNRISE   603 AM CDT   SUNSET   819 PM CDT
JUNE 29 2017..........SUNRISE   604 AM CDT   SUNSET   820 PM CDT


-  INDICATES NEGATIVE NUMBERS.
R  INDICATES RECORD WAS SET OR TIED.
MM INDICATES DATA IS MISSING.
T  INDICATES TRACE AMOUNT.




$$
