000
CDUS46 KPQR 261142
CLIMMV


CLIMATE REPORT
NATIONAL WEATHER SERVICE PORTLAND OREGON
442 AM PDT TUE MAY 26 2015


...................................

...THE MCMINNVILLE OR CLIMATE SUMMARY FOR MAY 25 2015...

CLIMATE NORMAL PERIOD 1981 TO 2010
CLIMATE RECORD PERIOD 1894 TO 2015


WEATHER ITEM   OBSERVED TIME   RECORD YEAR NORMAL DEPARTURE LAST
                VALUE   (LST)  VALUE       VALUE  FROM      YEAR
                                                  NORMAL
..................................................................
TEMPERATURE (F)
 YESTERDAY
  MAXIMUM         71    442 PM  96    1928  69      2       71
  MINIMUM         51    127 AM  31    1975  45      6       48
  AVERAGE         61                        57      4       60

PRECIPITATION (IN)
  YESTERDAY        0.00          0.88 1968   0.08  -0.08     0.00
  MONTH TO DATE    0.89                      1.81  -0.92     1.77
  SINCE OCT 1     31.77                     35.32  -3.55    25.76
  SINCE JAN 1     15.53                     19.29  -3.76    20.80

DEGREE DAYS
 HEATING
  YESTERDAY        4                         8     -4        5
  MONTH TO DATE  180                       256    -76      153
  SINCE JUL 1   3526                      4654  -1128     4472

 COOLING
  YESTERDAY        0                         0      0        0
  MONTH TO DATE    0                         0      0       16
  SINCE JAN 1      0                         0      0       20
..................................................................


WIND (MPH)
  HIGHEST WIND SPEED    12   HIGHEST WIND DIRECTION    SW (210)
  HIGHEST GUST SPEED    13   HIGHEST GUST DIRECTION    SW (220)
  AVERAGE WIND SPEED     2.8


SKY COVER
  POSSIBLE SUNSHINE  MM
  AVERAGE SKY COVER 0.7


WEATHER CONDITIONS
 THE FOLLOWING WEATHER WAS RECORDED YESTERDAY.
  NO SIGNIFICANT WEATHER WAS OBSERVED.


RELATIVE HUMIDITY (PERCENT)
 HIGHEST    89          1200 AM
 LOWEST     53           300 PM
 AVERAGE    71

..........................................................


THE MCMINNVILLE OR CLIMATE NORMALS FOR TODAY
                         NORMAL    RECORD    YEAR
 MAXIMUM TEMPERATURE (F)   69        91      2005
 MINIMUM TEMPERATURE (F)   45        32      1940


SUNRISE AND SUNSET
MAY 26 2015...........SUNRISE   432 AM PST   SUNSET   747 PM PST
MAY 27 2015...........SUNRISE   432 AM PST   SUNSET   748 PM PST


-  INDICATES NEGATIVE NUMBERS.
R  INDICATES RECORD WAS SET OR TIED.
MM INDICATES DATA IS MISSING.
T  INDICATES TRACE AMOUNT.




$$
