000
CDUS46 KPQR 281146
CLIMMV


CLIMATE REPORT
NATIONAL WEATHER SERVICE PORTLAND OREGON
345 AM PST WED JAN 28 2015


...................................

...THE MCMINNVILLE OR CLIMATE SUMMARY FOR JANUARY 27 2015...

CLIMATE NORMAL PERIOD 1981 TO 2010
CLIMATE RECORD PERIOD 1894 TO 2015


WEATHER ITEM   OBSERVED TIME   RECORD YEAR NORMAL DEPARTURE LAST
                VALUE   (LST)  VALUE       VALUE  FROM      YEAR
                                                  NORMAL
..................................................................
TEMPERATURE (F)
 YESTERDAY
  MAXIMUM         49   1159 PM  60    1958  49      0       43
  MINIMUM         42    650 AM   5    1916  35      7       29
  AVERAGE         46                        42      4       36

PRECIPITATION (IN)
  YESTERDAY        0.01          1.59 1954   0.17  -0.16     0.06
  MONTH TO DATE    3.30                      5.44  -2.14     2.15
  SINCE OCT 1     19.54                     21.47  -1.93     7.11
  SINCE JAN 1      3.30                      5.44  -2.14     2.15

DEGREE DAYS
 HEATING
  YESTERDAY       19                        23     -4       29
  MONTH TO DATE  569                       656    -87      648
  SINCE JUL 1   1959                      2661   -702     2688

 COOLING
  YESTERDAY        0                         0      0        0
  MONTH TO DATE    0                         0      0        0
  SINCE JAN 1      0                         0      0        0
..................................................................


WIND (MPH)
  HIGHEST WIND SPEED     8   HIGHEST WIND DIRECTION     E (110)
  HIGHEST GUST SPEED     9   HIGHEST GUST DIRECTION    SE (120)
  AVERAGE WIND SPEED     1.2


SKY COVER
  POSSIBLE SUNSHINE  MM
  AVERAGE SKY COVER 1.0


WEATHER CONDITIONS
 THE FOLLOWING WEATHER WAS RECORDED YESTERDAY.
  LIGHT RAIN
  FOG
  FOG W/VISIBILITY <= 1/4 MILE


RELATIVE HUMIDITY (PERCENT)
 HIGHEST   100           100 AM
 LOWEST     86           100 PM
 AVERAGE    93

..........................................................


THE MCMINNVILLE OR CLIMATE NORMALS FOR TODAY
                         NORMAL    RECORD    YEAR
 MAXIMUM TEMPERATURE (F)   49        69      1931
 MINIMUM TEMPERATURE (F)   35         6      1902


SUNRISE AND SUNSET
JANUARY 28 2015.......SUNRISE   737 AM PST   SUNSET   514 PM PST
JANUARY 29 2015.......SUNRISE   736 AM PST   SUNSET   516 PM PST


-  INDICATES NEGATIVE NUMBERS.
R  INDICATES RECORD WAS SET OR TIED.
MM INDICATES DATA IS MISSING.
T  INDICATES TRACE AMOUNT.




$$
