000
CDUS46 KPQR 221142
CLIMMV


CLIMATE REPORT
NATIONAL WEATHER SERVICE PORTLAND OREGON
441 AM PDT WED MAR 22 2017


...................................

...THE MCMINNVILLE OR CLIMATE SUMMARY FOR MARCH 21 2017...

CLIMATE NORMAL PERIOD 1981 TO 2010
CLIMATE RECORD PERIOD 1894 TO 2017


WEATHER ITEM   OBSERVED TIME   RECORD YEAR NORMAL DEPARTURE LAST
                VALUE   (LST)  VALUE       VALUE  FROM      YEAR
                                                  NORMAL
..................................................................
TEMPERATURE (F)
 YESTERDAY
  MAXIMUM         62    324 PM  82    1915  57      5       51
  MINIMUM         45    631 AM  26    1952  38      7       44
  AVERAGE         54                        47      7       48

PRECIPITATION (IN)
  YESTERDAY        0.25          1.38 1895   0.13   0.12     0.21
  MONTH TO DATE    5.35                      2.82   2.53     5.94
  SINCE OCT 1     44.34                     29.39  14.95    43.45
  SINCE JAN 1     20.53                     13.36   7.17    18.38

DEGREE DAYS
 HEATING
  YESTERDAY       11                        18     -7       17
  MONTH TO DATE  373                       402    -29      336
  SINCE JUL 1   3669                      3781   -112     3096

 COOLING
  YESTERDAY        0                         0      0        0
  MONTH TO DATE    0                         0      0        0
  SINCE JAN 1      0                         0      0        0
..................................................................


WIND (MPH)
  HIGHEST WIND SPEED    14   HIGHEST WIND DIRECTION     S (190)
  HIGHEST GUST SPEED    17   HIGHEST GUST DIRECTION     S (190)
  AVERAGE WIND SPEED     5.3


SKY COVER
  POSSIBLE SUNSHINE  MM
  AVERAGE SKY COVER 0.8


WEATHER CONDITIONS
 THE FOLLOWING WEATHER WAS RECORDED YESTERDAY.
  THUNDERSTORM
  RAIN
  LIGHT RAIN
  FOG


RELATIVE HUMIDITY (PERCENT)
 HIGHEST    92           400 AM
 LOWEST     64           300 PM
 AVERAGE    78

..........................................................


THE MCMINNVILLE OR CLIMATE NORMALS FOR TODAY
                         NORMAL    RECORD    YEAR
 MAXIMUM TEMPERATURE (F)   57        79      1915
 MINIMUM TEMPERATURE (F)   38        22      1898


SUNRISE AND SUNSET
MARCH 22 2017.........SUNRISE   611 AM PST   SUNSET   628 PM PST
MARCH 23 2017.........SUNRISE   609 AM PST   SUNSET   629 PM PST


-  INDICATES NEGATIVE NUMBERS.
R  INDICATES RECORD WAS SET OR TIED.
MM INDICATES DATA IS MISSING.
T  INDICATES TRACE AMOUNT.




$$
