000
CDUS46 KPQR 021141
CLIMMV


CLIMATE REPORT
NATIONAL WEATHER SERVICE PORTLAND OREGON
341 AM PST FRI DEC 2 2016


...................................

...THE MCMINNVILLE OR CLIMATE SUMMARY FOR DECEMBER 1 2016...

CLIMATE NORMAL PERIOD 1981 TO 2010
CLIMATE RECORD PERIOD 1894 TO 2016


WEATHER ITEM   OBSERVED TIME   RECORD YEAR NORMAL DEPARTURE LAST
                VALUE   (LST)  VALUE       VALUE  FROM      YEAR
                                                  NORMAL
..................................................................
TEMPERATURE (F)
 YESTERDAY
  MAXIMUM         47    406 PM  63    1958  48     -1       46
  MINIMUM         37    748 AM  18    1969  36      1       34
  AVERAGE         42                        42      0       40

PRECIPITATION (IN)
  YESTERDAY        0.01          1.71 1987   0.19  -0.18     0.84
  MONTH TO DATE    0.01                      0.19  -0.18     0.84
  SINCE OCT 1     18.32                     10.13   8.19    10.56
  SINCE JAN 1     43.59                     33.84   9.75    28.66

DEGREE DAYS
 HEATING
  YESTERDAY       23                        23      0       25
  MONTH TO DATE   23                        23      0       25
  SINCE JUL 1    925                      1245   -320      991

 COOLING
  YESTERDAY        0                         0      0        0
  MONTH TO DATE    0                         0      0        0
  SINCE JAN 1    363                       215    148      530
..................................................................


WIND (MPH)
  HIGHEST WIND SPEED    14   HIGHEST WIND DIRECTION     N (20)
  HIGHEST GUST SPEED    34   HIGHEST GUST DIRECTION     E (80)
  AVERAGE WIND SPEED     1.1


SKY COVER
  POSSIBLE SUNSHINE  MM
  AVERAGE SKY COVER 0.9


WEATHER CONDITIONS
 THE FOLLOWING WEATHER WAS RECORDED YESTERDAY.
  LIGHT RAIN
  FOG


RELATIVE HUMIDITY (PERCENT)
 HIGHEST   100           100 AM
 LOWEST     85          1200 AM
 AVERAGE    93

..........................................................


THE MCMINNVILLE OR CLIMATE NORMALS FOR TODAY
                         NORMAL    RECORD    YEAR
 MAXIMUM TEMPERATURE (F)   47        63      1929
 MINIMUM TEMPERATURE (F)   36        16      1969


SUNRISE AND SUNSET
DECEMBER  2 2016......SUNRISE   733 AM PST   SUNSET   431 PM PST
DECEMBER  3 2016......SUNRISE   734 AM PST   SUNSET   431 PM PST


-  INDICATES NEGATIVE NUMBERS.
R  INDICATES RECORD WAS SET OR TIED.
MM INDICATES DATA IS MISSING.
T  INDICATES TRACE AMOUNT.




$$
