971
CDUS46 KPQR 301142
CLIMMV


CLIMATE REPORT
NATIONAL WEATHER SERVICE PORTLAND OREGON
441 AM PDT FRI SEP 30 2016


...................................

...THE MCMINNVILLE OR CLIMATE SUMMARY FOR SEPTEMBER 29 2016...

CLIMATE NORMAL PERIOD 1981 TO 2010
CLIMATE RECORD PERIOD 1894 TO 2016


WEATHER ITEM   OBSERVED TIME   RECORD YEAR NORMAL DEPARTURE LAST
                VALUE   (LST)  VALUE       VALUE  FROM      YEAR
                                                  NORMAL
..................................................................
TEMPERATURE (F)
 YESTERDAY
  MAXIMUM         71    253 PM  92    2008  71      0       80
                                      1993
  MINIMUM         41    543 AM  31    1961  44     -3       42
  AVERAGE         56                        58     -2       61

PRECIPITATION (IN)
  YESTERDAY        0.00          1.67 2013   0.06  -0.06     0.00
  MONTH TO DATE    0.46                      1.31  -0.85     1.20
  SINCE OCT 1     50.33                     39.67  10.66    34.34
  SINCE JAN 1     25.26                     23.64   1.62    18.10

DEGREE DAYS
 HEATING
  YESTERDAY        9                         8      1        4
  MONTH TO DATE  111                       122    -11      111
  SINCE JUL 1    147                       207    -60      116

 COOLING
  YESTERDAY        0                         0      0        0
  MONTH TO DATE   14                        31    -17       31
  SINCE JAN 1    363                       215    148      525
..................................................................


WIND (MPH)
  HIGHEST WIND SPEED     9   HIGHEST WIND DIRECTION    SW (230)
  HIGHEST GUST SPEED    27   HIGHEST GUST DIRECTION    SW (210)
  AVERAGE WIND SPEED     1.9


SKY COVER
  POSSIBLE SUNSHINE  MM
  AVERAGE SKY COVER 0.0


WEATHER CONDITIONS
 THE FOLLOWING WEATHER WAS RECORDED YESTERDAY.
  FOG


RELATIVE HUMIDITY (PERCENT)
 HIGHEST    93           100 AM
 LOWEST     35           300 PM
 AVERAGE    64

..........................................................


THE MCMINNVILLE OR CLIMATE NORMALS FOR TODAY
                         NORMAL    RECORD    YEAR
 MAXIMUM TEMPERATURE (F)   70        90      1988
 MINIMUM TEMPERATURE (F)   44        30      1971


SUNRISE AND SUNSET
SEPTEMBER 30 2016.....SUNRISE   610 AM PST   SUNSET   554 PM PST
OCTOBER  1 2016.......SUNRISE   611 AM PST   SUNSET   552 PM PST


-  INDICATES NEGATIVE NUMBERS.
R  INDICATES RECORD WAS SET OR TIED.
MM INDICATES DATA IS MISSING.
T  INDICATES TRACE AMOUNT.




$$
