000
CDUS46 KPQR 211146
CLIMMV


CLIMATE REPORT
NATIONAL WEATHER SERVICE PORTLAND OREGON
445 AM PDT TUE OCT 21 2014


...................................

...THE MCMINNVILLE OR CLIMATE SUMMARY FOR OCTOBER 20 2014...

CLIMATE NORMAL PERIOD 1981 TO 2010
CLIMATE RECORD PERIOD 1894 TO 2014


WEATHER ITEM   OBSERVED TIME   RECORD YEAR NORMAL DEPARTURE LAST
                VALUE   (LST)  VALUE       VALUE  FROM      YEAR
                                                  NORMAL
..................................................................
TEMPERATURE (F)
 YESTERDAY
  MAXIMUM         65   1210 PM  76    1999  61      4       65
  MINIMUM         53    700 PM  26    1961  40     13       38
  AVERAGE         59                        50      9       52

PRECIPITATION (IN)
  YESTERDAY        0.39          1.61 1946   0.13   0.26     0.00
  MONTH TO DATE    1.95                      1.77   0.18     0.70
  SINCE OCT 1      1.95                      1.77   0.18     0.70
  SINCE JAN 1     25.73                     25.48   0.25    17.95

DEGREE DAYS
 HEATING
  YESTERDAY        6                        15     -9       13
  MONTH TO DATE   84                       230   -146      263
  SINCE JUL 1    124                       446   -322      398

 COOLING
  YESTERDAY        0                         0      0        0
  MONTH TO DATE   11                         0     11        0
  SINCE JAN 1    529                       214    315      405
..................................................................


WIND (MPH)
  HIGHEST WIND SPEED    18   HIGHEST WIND DIRECTION     S (170)
  HIGHEST GUST SPEED    23   HIGHEST GUST DIRECTION     S (170)
  AVERAGE WIND SPEED     6.6


SKY COVER
  POSSIBLE SUNSHINE  MM
  AVERAGE SKY COVER 0.8


WEATHER CONDITIONS
 THE FOLLOWING WEATHER WAS RECORDED YESTERDAY.
  HEAVY RAIN
  RAIN
  LIGHT RAIN
  FOG


RELATIVE HUMIDITY (PERCENT)
 HIGHEST    93           700 AM
 LOWEST     77           700 PM
 AVERAGE    85

..........................................................


THE MCMINNVILLE OR CLIMATE NORMALS FOR TODAY
                         NORMAL    RECORD    YEAR
 MAXIMUM TEMPERATURE (F)   60        80      1929
 MINIMUM TEMPERATURE (F)   40        26      1928


SUNRISE AND SUNSET
OCTOBER 21 2014.......SUNRISE   637 AM PST   SUNSET   517 PM PST
OCTOBER 22 2014.......SUNRISE   638 AM PST   SUNSET   515 PM PST


-  INDICATES NEGATIVE NUMBERS.
R  INDICATES RECORD WAS SET OR TIED.
MM INDICATES DATA IS MISSING.
T  INDICATES TRACE AMOUNT.




$$
