000
CDUS46 KPQR 301141
CLIMMV


CLIMATE REPORT
NATIONAL WEATHER SERVICE PORTLAND OREGON
440 AM PDT SAT AUG 30 2014


...................................

...THE MCMINNVILLE OR CLIMATE SUMMARY FOR AUGUST 29 2014...

CLIMATE NORMAL PERIOD 1981 TO 2010
CLIMATE RECORD PERIOD 1894 TO 2014


WEATHER ITEM   OBSERVED TIME   RECORD YEAR NORMAL DEPARTURE LAST
                VALUE   (LST)  VALUE       VALUE  FROM      YEAR
                                                  NORMAL
..................................................................
TEMPERATURE (F)
 YESTERDAY
  MAXIMUM         79    339 PM 105    1931  81     -2       79
  MINIMUM         57    609 AM  34    1969  50      7       63
  AVERAGE         68                        65      3       71

PRECIPITATION (IN)
  YESTERDAY        0.00          0.54 1920   0.02  -0.02     0.08
  MONTH TO DATE    0.01                      0.52  -0.51     0.66
  SINCE OCT 1     27.47                     38.30 -10.83    32.20
  SINCE JAN 1     22.51                     22.27   0.24    11.06

DEGREE DAYS
 HEATING
  YESTERDAY        0                         2     -2        0
  MONTH TO DATE    1                        35    -34        6
  SINCE JUL 1      5                        79    -74       17

 COOLING
  YESTERDAY        3                         2      1        6
  MONTH TO DATE  204                        77    127      139
  SINCE JAN 1    444                       177    267      325
..................................................................


WIND (MPH)
  HIGHEST WIND SPEED    12   HIGHEST WIND DIRECTION    SW (220)
  HIGHEST GUST SPEED    14   HIGHEST GUST DIRECTION    SW (220)
  AVERAGE WIND SPEED     4.0


SKY COVER
  POSSIBLE SUNSHINE  MM
  AVERAGE SKY COVER 0.2


WEATHER CONDITIONS
 THE FOLLOWING WEATHER WAS RECORDED YESTERDAY.
  NO SIGNIFICANT WEATHER WAS OBSERVED.


RELATIVE HUMIDITY (PERCENT)
 HIGHEST    93           300 AM
 LOWEST     40           400 PM
 AVERAGE    67

..........................................................


THE MCMINNVILLE OR CLIMATE NORMALS FOR TODAY
                         NORMAL    RECORD    YEAR
 MAXIMUM TEMPERATURE (F)   81        98      1987
 MINIMUM TEMPERATURE (F)   49        35      1907


SUNRISE AND SUNSET
AUGUST 30 2014........SUNRISE   532 AM PST   SUNSET   653 PM PST
AUGUST 31 2014........SUNRISE   533 AM PST   SUNSET   651 PM PST


-  INDICATES NEGATIVE NUMBERS.
R  INDICATES RECORD WAS SET OR TIED.
MM INDICATES DATA IS MISSING.
T  INDICATES TRACE AMOUNT.




$$
