000
CDUS46 KPQR 051141
CLIMMV


CLIMATE REPORT
NATIONAL WEATHER SERVICE PORTLAND OREGON
440 AM PDT SUN JUL 5 2015


...................................

...THE MCMINNVILLE OR CLIMATE SUMMARY FOR JULY 4 2015...

CLIMATE NORMAL PERIOD 1981 TO 2010
CLIMATE RECORD PERIOD 1894 TO 2015


WEATHER ITEM   OBSERVED TIME   RECORD YEAR NORMAL DEPARTURE LAST
                VALUE   (LST)  VALUE       VALUE  FROM      YEAR
                                                  NORMAL
..................................................................
TEMPERATURE (F)
 YESTERDAY
  MAXIMUM         95    520 PM 100    1922  78     17       82
  MINIMUM         56    452 AM  38    1959  50      6       55
  AVERAGE         76                        64     12       69

PRECIPITATION (IN)
  YESTERDAY        0.00          1.05 1986   0.03  -0.03     0.00
  MONTH TO DATE    0.00                      0.13  -0.13     0.00
  SINCE OCT 1     32.44                     37.41  -4.97    27.08
  SINCE JAN 1     16.20                     21.38  -5.18    22.12

DEGREE DAYS
 HEATING
  YESTERDAY        0                         3     -3        0
  MONTH TO DATE    0                        12    -12        0
  SINCE JUL 1      0                        12    -12        0

 COOLING
  YESTERDAY       11                         2      9        4
  MONTH TO DATE   52                         6     46       27
  SINCE JAN 1    182                        28    154       57
..................................................................


WIND (MPH)
  HIGHEST WIND SPEED    15   HIGHEST WIND DIRECTION    SW (220)
  HIGHEST GUST SPEED    18   HIGHEST GUST DIRECTION    SW (220)
  AVERAGE WIND SPEED     5.2


SKY COVER
  POSSIBLE SUNSHINE  MM
  AVERAGE SKY COVER 0.0


WEATHER CONDITIONS
 THE FOLLOWING WEATHER WAS RECORDED YESTERDAY.
  NO SIGNIFICANT WEATHER WAS OBSERVED.


RELATIVE HUMIDITY (PERCENT)
 HIGHEST    80           400 AM
 LOWEST     23           400 PM
 AVERAGE    52

..........................................................


THE MCMINNVILLE OR CLIMATE NORMALS FOR TODAY
                         NORMAL    RECORD    YEAR
 MAXIMUM TEMPERATURE (F)   79       100      1926
 MINIMUM TEMPERATURE (F)   50        39      1971


SUNRISE AND SUNSET
JULY  5 2015..........SUNRISE   431 AM PST   SUNSET   803 PM PST
JULY  6 2015..........SUNRISE   432 AM PST   SUNSET   802 PM PST


-  INDICATES NEGATIVE NUMBERS.
R  INDICATES RECORD WAS SET OR TIED.
MM INDICATES DATA IS MISSING.
T  INDICATES TRACE AMOUNT.




$$
