186
CDUS46 KPQR 240220
CLIMMV


CLIMATE REPORT
NATIONAL WEATHER SERVICE PORTLAND OREGON
720 PM PDT MON OCT 23 2017


...................................

...THE MCMINNVILLE OR CLIMATE SUMMARY FOR OCTOBER 23 2017...
VALID TODAY AS OF 0700 PM LOCAL TIME.

CLIMATE NORMAL PERIOD 1981 TO 2010
CLIMATE RECORD PERIOD 1894 TO 2017


WEATHER ITEM   OBSERVED TIME   RECORD YEAR NORMAL DEPARTURE LAST
                VALUE   (LST)  VALUE       VALUE  FROM      YEAR
                                                  NORMAL
..................................................................
TEMPERATURE (F)
 TODAY
  MAXIMUM         69    248 PM  86    1929  60      9       63
  MINIMUM         42    129 AM  28    1945  40      2       51
  AVERAGE         56                        50      6       57

PRECIPITATION (IN)
  TODAY            0.00                      0.12  -0.12     0.00
  MONTH TO DATE    4.11                      2.14   1.97     8.15
  SINCE OCT 1      4.11                      2.14   1.97     8.15
  SINCE JAN 1     35.85                     25.85   RRRR    33.42

DEGREE DAYS
 HEATING
  TODAY            9                                         8
  MONTH TO DATE  274                                       219
  SINCE SEP 1    365                                       341
  SINCE JUL 1    374                                       377

 COOLING
  TODAY            0                                         0
  MONTH TO DATE    0                                         0
  SINCE SEP 1    111                                        14
  SINCE JAN 1    507                                       363
..................................................................


WIND (MPH)
  HIGHEST WIND SPEED    13   HIGHEST WIND DIRECTION    NW (330)
  HIGHEST GUST SPEED    15   HIGHEST GUST DIRECTION     N (340)
  AVERAGE WIND SPEED     4.0


SKY COVER
  POSSIBLE SUNSHINE  MM
  AVERAGE SKY COVER 0.4


WEATHER CONDITIONS
 THE FOLLOWING WEATHER WAS RECORDED TODAY.
  FOG


RELATIVE HUMIDITY (PERCENT)
 HIGHEST   100           100 AM
 LOWEST     55           200 PM
 AVERAGE    78

..........................................................


THE MCMINNVILLE OR CLIMATE NORMALS FOR TOMORROW
                         NORMAL    RECORD    YEAR
 MAXIMUM TEMPERATURE (F)   59        87      1929
 MINIMUM TEMPERATURE (F)   40        25      1916


SUNRISE AND SUNSET
OCTOBER 23 2017.......SUNRISE   640 AM PST   SUNSET   513 PM PST
OCTOBER 24 2017.......SUNRISE   641 AM PST   SUNSET   512 PM PST


-  INDICATES NEGATIVE NUMBERS.
R  INDICATES RECORD WAS SET OR TIED.
MM INDICATES DATA IS MISSING.
T  INDICATES TRACE AMOUNT.




$$
