000
CDUS46 KPQR 261141
CLIMMV


CLIMATE REPORT
NATIONAL WEATHER SERVICE PORTLAND OREGON
440 AM PDT FRI AUG 26 2016


...................................

...THE MCMINNVILLE OR CLIMATE SUMMARY FOR AUGUST 25 2016...

CLIMATE NORMAL PERIOD 1981 TO 2010
CLIMATE RECORD PERIOD 1894 TO 2016


WEATHER ITEM   OBSERVED TIME   RECORD YEAR NORMAL DEPARTURE LAST
                VALUE   (LST)  VALUE       VALUE  FROM      YEAR
                                                  NORMAL
..................................................................
TEMPERATURE (F)
 YESTERDAY
  MAXIMUM         96    341 PM  98    1996  81     15       86
  MINIMUM         54    546 AM  36    1957  50      4       46
  AVERAGE         75                        66      9       66

PRECIPITATION (IN)
  YESTERDAY        0.00          0.96 1977   0.03  -0.03     0.00
  MONTH TO DATE    0.26                      0.42  -0.16      T
  SINCE OCT 1     49.80                     38.20  11.60    32.44
  SINCE JAN 1     24.73                     22.17   2.56    16.20

DEGREE DAYS
 HEATING
  YESTERDAY        0                         2     -2        0
  MONTH TO DATE   16                        27    -11        0
  SINCE JUL 1     33                        71    -38        5

 COOLING
  YESTERDAY       10                         2      8        1
  MONTH TO DATE  145                        69     76      130
  SINCE JAN 1    325                       169    156      476
..................................................................


WIND (MPH)
  HIGHEST WIND SPEED    18   HIGHEST WIND DIRECTION     N (10)
  HIGHEST GUST SPEED    24   HIGHEST GUST DIRECTION     E (80)
  AVERAGE WIND SPEED     5.2


SKY COVER
  POSSIBLE SUNSHINE  MM
  AVERAGE SKY COVER 0.0


WEATHER CONDITIONS
 THE FOLLOWING WEATHER WAS RECORDED YESTERDAY.
  HAZE


RELATIVE HUMIDITY (PERCENT)
 HIGHEST    72           600 AM
 LOWEST     13           200 PM
 AVERAGE    43

..........................................................


THE MCMINNVILLE OR CLIMATE NORMALS FOR TODAY
                         NORMAL    RECORD    YEAR
 MAXIMUM TEMPERATURE (F)   81        99      1924
 MINIMUM TEMPERATURE (F)   50        34      1957


SUNRISE AND SUNSET
AUGUST 26 2016........SUNRISE   528 AM PST   SUNSET   700 PM PST
AUGUST 27 2016........SUNRISE   529 AM PST   SUNSET   658 PM PST


-  INDICATES NEGATIVE NUMBERS.
R  INDICATES RECORD WAS SET OR TIED.
MM INDICATES DATA IS MISSING.
T  INDICATES TRACE AMOUNT.




$$
