000
CDUS46 KPQR 021142
CLIMMV


CLIMATE REPORT
NATIONAL WEATHER SERVICE PORTLAND OREGON
441 AM PDT MON MAY 2 2016


...................................

...THE MCMINNVILLE OR CLIMATE SUMMARY FOR MAY 1 2016...

CLIMATE NORMAL PERIOD 1981 TO 2010
CLIMATE RECORD PERIOD 1894 TO 2016


WEATHER ITEM   OBSERVED TIME   RECORD YEAR NORMAL DEPARTURE LAST
                VALUE   (LST)  VALUE       VALUE  FROM      YEAR
                                                  NORMAL
..................................................................
TEMPERATURE (F)
 YESTERDAY
  MAXIMUM         82    506 PM  88    2014  65     17       75
  MINIMUM         42    514 AM  24    1954  41      1       43
  AVERAGE         62                        53      9       59

PRECIPITATION (IN)
  YESTERDAY        0.00          1.24 1949   0.06  -0.06     0.00
  MONTH TO DATE    0.00                      0.06  -0.06     0.00
  SINCE OCT 1     46.76                     33.57  13.19    30.88
  SINCE JAN 1     21.69                     17.54   4.15    14.64

DEGREE DAYS
 HEATING
  YESTERDAY        3                        12     -9        6
  MONTH TO DATE    3                        12     -9        6
  SINCE JUL 1   3532                      4410   -878     3352

 COOLING
  YESTERDAY        0                         0      0        0
  MONTH TO DATE    0                         0      0        0
  SINCE JAN 1     11                         0     11        0
..................................................................


WIND (MPH)
  HIGHEST WIND SPEED    16   HIGHEST WIND DIRECTION    NE (40)
  HIGHEST GUST SPEED    21   HIGHEST GUST DIRECTION     N (20)
  AVERAGE WIND SPEED     5.6


SKY COVER
  POSSIBLE SUNSHINE  MM
  AVERAGE SKY COVER 0.0


WEATHER CONDITIONS
 THE FOLLOWING WEATHER WAS RECORDED YESTERDAY.
  NO SIGNIFICANT WEATHER WAS OBSERVED.


RELATIVE HUMIDITY (PERCENT)
 HIGHEST    92           300 AM
 LOWEST     26           300 PM
 AVERAGE    59

..........................................................


THE MCMINNVILLE OR CLIMATE NORMALS FOR TODAY
                         NORMAL    RECORD    YEAR
 MAXIMUM TEMPERATURE (F)   65        85      1998
 MINIMUM TEMPERATURE (F)   41        29      1964


SUNRISE AND SUNSET
MAY  2 2016...........SUNRISE   459 AM PST   SUNSET   721 PM PST
MAY  3 2016...........SUNRISE   458 AM PST   SUNSET   722 PM PST


-  INDICATES NEGATIVE NUMBERS.
R  INDICATES RECORD WAS SET OR TIED.
MM INDICATES DATA IS MISSING.
T  INDICATES TRACE AMOUNT.




$$
