000
CDUS44 KMOB 050724
CLIMOB


CLIMATE REPORT
NATIONAL WEATHER SERVICE MOBILE AL
224 AM CDT SUN JUL 5 2015


...................................

...THE MOBILE CLIMATE SUMMARY FOR JULY 4 2015...

CLIMATE NORMAL PERIOD 1981 TO 2010
CLIMATE RECORD PERIOD 1842 TO 2015


WEATHER ITEM   OBSERVED TIME   RECORD YEAR NORMAL DEPARTURE LAST
                VALUE   (LST)  VALUE       VALUE  FROM      YEAR
                                                  NORMAL
..................................................................
TEMPERATURE (F)
 YESTERDAY
  MAXIMUM         91    134 PM  99    1938  91      0       88
  MINIMUM         72    911 PM  65    1924  73     -1       69
  AVERAGE         82                        82      0       79

PRECIPITATION (IN)
  YESTERDAY        0.03          3.68 1874   0.23  -0.20     0.00
  MONTH TO DATE    0.08                      0.90  -0.82     0.00
  SINCE MAR 1     31.05                     23.08   7.97    39.53
  SINCE JAN 1     37.10                     33.85   3.25    46.65

DEGREE DAYS
 COOLING
  YESTERDAY       17                        17      0       14
  MONTH TO DATE   68                        66      2       67
  SINCE JUN 1    546                       510     36      477
  SINCE JAN 1   1146                       955    191      815
..................................................................


WIND (MPH)
  HIGHEST WIND SPEED    18   HIGHEST WIND DIRECTION    NW (330)
  HIGHEST GUST SPEED    28   HIGHEST GUST DIRECTION    NW (300)
  AVERAGE WIND SPEED     6.5


SKY COVER
  POSSIBLE SUNSHINE  MM
  AVERAGE SKY COVER 0.5


WEATHER CONDITIONS
 THE FOLLOWING WEATHER WAS RECORDED YESTERDAY.
  THUNDERSTORM
  LIGHT RAIN
  FOG


RELATIVE HUMIDITY (PERCENT)
 HIGHEST   100           900 PM
 LOWEST     56          1200 PM
 AVERAGE    78

..........................................................


THE MOBILE CLIMATE NORMALS FOR TODAY
                         NORMAL    RECORD    YEAR
 MAXIMUM TEMPERATURE (F)   91        98      1921
                                             1877
 MINIMUM TEMPERATURE (F)   73        64      2014


SUNRISE AND SUNSET
JULY  5 2015..........SUNRISE   555 AM CDT   SUNSET   800 PM CDT
JULY  6 2015..........SUNRISE   556 AM CDT   SUNSET   759 PM CDT


-  INDICATES NEGATIVE NUMBERS.
R  INDICATES RECORD WAS SET OR TIED.
MM INDICATES DATA IS MISSING.
T  INDICATES TRACE AMOUNT.




$$
