844
CDUS44 KMOB 130630
CLIMOB


CLIMATE REPORT
NATIONAL WEATHER SERVICE MOBILE AL
1229 AM CST SAT FEB 13 2016


...................................

...THE MOBILE CLIMATE SUMMARY FOR FEBRUARY 12 2016...

CLIMATE NORMAL PERIOD 1981 TO 2010
CLIMATE RECORD PERIOD 1842 TO 2016


WEATHER ITEM   OBSERVED TIME   RECORD YEAR NORMAL DEPARTURE LAST
                VALUE   (LST)  VALUE       VALUE  FROM      YEAR
                                                  NORMAL
..................................................................
TEMPERATURE (F)
 YESTERDAY
  MAXIMUM         75    146 PM  78    1976  64     11       62
  MINIMUM         54   1159 PM   6    1899  43     11       36
  AVERAGE         65                        53     12       49

PRECIPITATION (IN)
  YESTERDAY        0.00          2.37 1920   0.19  -0.19     0.00
  MONTH TO DATE    1.18                      2.19  -1.01     0.96
  SINCE MAR 1     82.79                     63.22  19.57    70.44
  SINCE JAN 1      7.47                      7.84  -0.37     4.85

SNOWFALL (IN)
  YESTERDAY        0.0          MM      MM   0.1   -0.1      0.0
  MONTH TO DATE    0.0                       0.1   -0.1      0.0
  SINCE MAR 1      0.0                       0.2   -0.2       T
  SINCE JUL 1      0.0                       0.1   -0.1       T
  SNOW DEPTH       0

DEGREE DAYS
 HEATING
  YESTERDAY        0                        12    -12       16
  MONTH TO DATE  157                       157      0      186
  SINCE DEC 1    820                      1020   -200     1009
  SINCE JUL 1    946                      1278   -332     1402

 COOLING
  YESTERDAY        0                         0      0        0
  MONTH TO DATE    8                         0      8        0
  SINCE DEC 1     79                        22     57        6
  SINCE JAN 1      8                         7      1        3
..................................................................


WIND (MPH)
  HIGHEST WIND SPEED    17   HIGHEST WIND DIRECTION     N (340)
  HIGHEST GUST SPEED    26   HIGHEST GUST DIRECTION     W (280)
  AVERAGE WIND SPEED     9.4


SKY COVER
  POSSIBLE SUNSHINE  MM
  AVERAGE SKY COVER 0.3


WEATHER CONDITIONS
 THE FOLLOWING WEATHER WAS RECORDED YESTERDAY.
  FOG


RELATIVE HUMIDITY (PERCENT)
 HIGHEST   100           200 AM
 LOWEST     46           400 PM
 AVERAGE    73

..........................................................


THE MOBILE CLIMATE NORMALS FOR TODAY
                         NORMAL    RECORD    YEAR
 MAXIMUM TEMPERATURE (F)   64        84      1962
 MINIMUM TEMPERATURE (F)   43        -1      1899


SUNRISE AND SUNSET
FEBRUARY 13 2016......SUNRISE   636 AM CST   SUNSET   539 PM CST
FEBRUARY 14 2016......SUNRISE   635 AM CST   SUNSET   540 PM CST


-  INDICATES NEGATIVE NUMBERS.
R  INDICATES RECORD WAS SET OR TIED.
MM INDICATES DATA IS MISSING.
T  INDICATES TRACE AMOUNT.




$$
