000
CDUS44 KMOB 162256
CLIMOB


CLIMATE REPORT
NATIONAL WEATHER SERVICE MOBILE AL
555 PM CDT WED APR 16 2014


...................................

...THE MOBILE CLIMATE SUMMARY FOR APRIL 16 2014...
VALID TODAY AS OF 0500 PM LOCAL TIME.

CLIMATE NORMAL PERIOD 1981 TO 2010
CLIMATE RECORD PERIOD 1842 TO 2014


WEATHER ITEM   OBSERVED TIME   RECORD YEAR NORMAL DEPARTURE LAST
                VALUE   (LST)  VALUE       VALUE  FROM      YEAR
                                                  NORMAL
..................................................................
TEMPERATURE (F)
 TODAY
  MAXIMUM         67    322 PM  89    1925  78    -11       84
  MINIMUM         37R   459 AM  37    2007  55    -18       66
  AVERAGE         52                        66    -14       75

PRECIPITATION (IN)
  TODAY            0.00          1.61 1874   0.15  -0.15     0.00
  MONTH TO DATE    5.40                      2.68   2.72     3.81
  SINCE MAR 1     11.90                      8.82   3.08     4.61
  SINCE JAN 1     19.02                     19.59  -0.57    18.79

DEGREE DAYS
 HEATING
  TODAY           13                         2     11        0
  MONTH TO DATE   52                        46      6       39
  SINCE MAR 1    328                       235     93      349
  SINCE JUL 1   2031                      1677    354     1525

 COOLING
  TODAY            0                         3     -3       10
  MONTH TO DATE   30                        41    -11       41
  SINCE MAR 1     31                        80    -49       58
  SINCE JAN 1     43                        96    -53       85
..................................................................


WIND (MPH)
  HIGHEST WIND SPEED    16   HIGHEST WIND DIRECTION    NE (60)
  HIGHEST GUST SPEED    24   HIGHEST GUST DIRECTION    NE (60)
  AVERAGE WIND SPEED     7.2


SKY COVER
  POSSIBLE SUNSHINE  MM
  AVERAGE SKY COVER 0.0


WEATHER CONDITIONS
 THE FOLLOWING WEATHER WAS RECORDED TODAY.
  NO SIGNIFICANT WEATHER WAS OBSERVED.


RELATIVE HUMIDITY (PERCENT)
 HIGHEST    85           400 AM
 LOWEST     27           200 PM
 AVERAGE    56

..........................................................


THE MOBILE CLIMATE NORMALS FOR TOMORROW
                         NORMAL    RECORD    YEAR
 MAXIMUM TEMPERATURE (F)   78        89      2006
 MINIMUM TEMPERATURE (F)   56        42      1983
                                             1962
                                             1949


SUNRISE AND SUNSET
APRIL 16 2014.........SUNRISE   624 AM CDT   SUNSET   722 PM CDT
APRIL 17 2014.........SUNRISE   623 AM CDT   SUNSET   722 PM CDT


-  INDICATES NEGATIVE NUMBERS.
R  INDICATES RECORD WAS SET OR TIED.
MM INDICATES DATA IS MISSING.
T  INDICATES TRACE AMOUNT.




$$
