000
CDUS44 KMOB 050645
CLIMOB


CLIMATE REPORT
NATIONAL WEATHER SERVICE MOBILE AL
145 AM CDT SAT SEP 5 2015


...................................

...THE MOBILE CLIMATE SUMMARY FOR SEPTEMBER 4 2015...

CLIMATE NORMAL PERIOD 1981 TO 2010
CLIMATE RECORD PERIOD 1842 TO 2015


WEATHER ITEM   OBSERVED TIME   RECORD YEAR NORMAL DEPARTURE LAST
                VALUE   (LST)  VALUE       VALUE  FROM      YEAR
                                                  NORMAL
..................................................................
TEMPERATURE (F)
 YESTERDAY
  MAXIMUM         93   1225 PM  99    1990  89      4       88
  MINIMUM         69    458 AM  59    1952  71     -2       71
  AVERAGE         81                        80      1       80

PRECIPITATION (IN)
  YESTERDAY        0.00          3.55 2011   0.18  -0.18      T
  MONTH TO DATE    0.00                      0.72  -0.72     0.01
  SINCE MAR 1     41.02                     37.11   3.91    50.29
  SINCE JAN 1     47.07                     47.88  -0.81    57.41

DEGREE DAYS
 HEATING
  YESTERDAY        0                         0      0        0
  MONTH TO DATE    0                         0      0        0
  SINCE SEP 1      0                         0      0        0
  SINCE JUL 1      0                         0      0        0

 COOLING
  YESTERDAY       16                        15      1       15
  MONTH TO DATE   67                        62      5       68
  SINCE SEP 1     67                        62      5       68
  SINCE JAN 1   2247                      1989    258     1816
..................................................................


WIND (MPH)
  HIGHEST WIND SPEED    15   HIGHEST WIND DIRECTION    SE (140)
  HIGHEST GUST SPEED    18   HIGHEST GUST DIRECTION    SE (140)
  AVERAGE WIND SPEED     4.0


SKY COVER
  POSSIBLE SUNSHINE  MM
  AVERAGE SKY COVER 0.4


WEATHER CONDITIONS
 THE FOLLOWING WEATHER WAS RECORDED YESTERDAY.
  THUNDERSTORM
  FOG


RELATIVE HUMIDITY (PERCENT)
 HIGHEST   100           100 AM
 LOWEST     56           100 PM
 AVERAGE    78

..........................................................


THE MOBILE CLIMATE NORMALS FOR TODAY
                         NORMAL    RECORD    YEAR
 MAXIMUM TEMPERATURE (F)   89       103      1925
 MINIMUM TEMPERATURE (F)   71        57      1891


SUNRISE AND SUNSET
SEPTEMBER  5 2015.....SUNRISE   632 AM CDT   SUNSET   711 PM CDT
SEPTEMBER  6 2015.....SUNRISE   632 AM CDT   SUNSET   710 PM CDT


-  INDICATES NEGATIVE NUMBERS.
R  INDICATES RECORD WAS SET OR TIED.
MM INDICATES DATA IS MISSING.
T  INDICATES TRACE AMOUNT.




$$
