000
CDUS44 KMOB 250645
CLIMOB


CLIMATE REPORT
NATIONAL WEATHER SERVICE MOBILE AL
145 AM CDT THU AUG 25 2016


...................................

...THE MOBILE CLIMATE SUMMARY FOR AUGUST 24 2016...

CLIMATE NORMAL PERIOD 1981 TO 2010
CLIMATE RECORD PERIOD 1842 TO 2016


WEATHER ITEM   OBSERVED TIME   RECORD YEAR NORMAL DEPARTURE LAST
                VALUE   (LST)  VALUE       VALUE  FROM      YEAR
                                                  NORMAL
..................................................................
TEMPERATURE (F)
 YESTERDAY
  MAXIMUM         94   1242 PM 100    1924  90      4       94
  MINIMUM         77   1159 PM  60    2009  73      4       75
                                      1891
  AVERAGE         86                        81      5       85

PRECIPITATION (IN)
  YESTERDAY        0.16          1.88 2011   0.21  -0.05     0.00
  MONTH TO DATE    4.45                      5.67  -1.22     3.21
  SINCE MAR 1     37.38                     35.10   2.28    41.02
  SINCE JAN 1     46.83                     45.87   0.96    47.07

DEGREE DAYS
 COOLING
  YESTERDAY       21                        16      5       20
  MONTH TO DATE  421                       407     14      433
  SINCE JUN 1   1464                      1373     91     1489
  SINCE JAN 1   1923                      1818    105     2089
..................................................................


WIND (MPH)
  HIGHEST WIND SPEED    23   HIGHEST WIND DIRECTION    SE (130)
  HIGHEST GUST SPEED    26   HIGHEST GUST DIRECTION    SE (130)
  AVERAGE WIND SPEED     4.1


SKY COVER
  POSSIBLE SUNSHINE  MM
  AVERAGE SKY COVER 0.5


WEATHER CONDITIONS
 THE FOLLOWING WEATHER WAS RECORDED YESTERDAY.
  THUNDERSTORM
  RAIN
  LIGHT RAIN
  FOG
  HAZE


RELATIVE HUMIDITY (PERCENT)
 HIGHEST    97          1200 AM
 LOWEST     60          1200 PM
 AVERAGE    79

..........................................................


THE MOBILE CLIMATE NORMALS FOR TODAY
                         NORMAL    RECORD    YEAR
 MAXIMUM TEMPERATURE (F)   90       100      1938
 MINIMUM TEMPERATURE (F)   72        57      1891


SUNRISE AND SUNSET
AUGUST 25 2016........SUNRISE   626 AM CDT   SUNSET   724 PM CDT
AUGUST 26 2016........SUNRISE   626 AM CDT   SUNSET   722 PM CDT


-  INDICATES NEGATIVE NUMBERS.
R  INDICATES RECORD WAS SET OR TIED.
MM INDICATES DATA IS MISSING.
T  INDICATES TRACE AMOUNT.




$$
