000
CDUS44 KMOB 040645
CLIMOB


CLIMATE REPORT
NATIONAL WEATHER SERVICE MOBILE AL
1245 AM CST WED MAR 4 2015


...................................

...THE MOBILE CLIMATE SUMMARY FOR MARCH 3 2015...

CLIMATE NORMAL PERIOD 1981 TO 2010
CLIMATE RECORD PERIOD 1842 TO 2015


WEATHER ITEM   OBSERVED TIME   RECORD YEAR NORMAL DEPARTURE LAST
                VALUE   (LST)  VALUE       VALUE  FROM      YEAR
                                                  NORMAL
..................................................................
TEMPERATURE (F)
 YESTERDAY
  MAXIMUM         73   1256 PM  81    1910  68      5       64
  MINIMUM         59   1254 AM  23    1980  47     12       32
  AVERAGE         66                        58      8       48

PRECIPITATION (IN)
  YESTERDAY        0.00          5.14 1979   0.20  -0.20     0.02
  MONTH TO DATE    0.49                      0.60  -0.11     0.02
  SINCE MAR 1      0.49                      0.60  -0.11     0.02
  SINCE JAN 1      6.54                     11.37  -4.83     7.14

SNOWFALL (IN)
  YESTERDAY        0.0          MM      MM   0.0    0.0      0.0
  MONTH TO DATE    0.0                       0.0    0.0      0.0
  SINCE MAR 1      0.0                       0.0    0.0      0.0
  SINCE JUL 1      T                         0.1   -0.1      1.3
  SNOW DEPTH       0

DEGREE DAYS
 HEATING
  YESTERDAY        0                         8     -8       17
  MONTH TO DATE   14                        25    -11       23
  SINCE MAR 1     14                        25    -11       23
  SINCE JUL 1   1716                      1467    249     1726

 COOLING
  YESTERDAY        1                         1      0        0
  MONTH TO DATE    1                         3     -2        0
  SINCE MAR 1      1                         3     -2        0
  SINCE JAN 1      5                        19    -14       12
..................................................................


WIND (MPH)
  HIGHEST WIND SPEED    17   HIGHEST WIND DIRECTION    SE (140)
  HIGHEST GUST SPEED    21   HIGHEST GUST DIRECTION    SE (150)
  AVERAGE WIND SPEED     8.5


SKY COVER
  POSSIBLE SUNSHINE  MM
  AVERAGE SKY COVER 0.9


WEATHER CONDITIONS
 THE FOLLOWING WEATHER WAS RECORDED YESTERDAY.
  FOG
  FOG W/VISIBILITY <= 1/4 MILE
  HAZE


RELATIVE HUMIDITY (PERCENT)
 HIGHEST   100           600 AM
 LOWEST     73           100 PM
 AVERAGE    87

..........................................................


THE MOBILE CLIMATE NORMALS FOR TODAY
                         NORMAL    RECORD    YEAR
 MAXIMUM TEMPERATURE (F)   69        83      1910
 MINIMUM TEMPERATURE (F)   47        24      1943


SUNRISE AND SUNSET
MARCH  4 2015.........SUNRISE   616 AM CST   SUNSET   554 PM CST
MARCH  5 2015.........SUNRISE   615 AM CST   SUNSET   554 PM CST


-  INDICATES NEGATIVE NUMBERS.
R  INDICATES RECORD WAS SET OR TIED.
MM INDICATES DATA IS MISSING.
T  INDICATES TRACE AMOUNT.




$$
