000
CDUS44 KMOB 040645
CLIMOB


CLIMATE REPORT
NATIONAL WEATHER SERVICE MOBILE AL
1245 AM CST SUN DEC 4 2016


...................................

...THE MOBILE CLIMATE SUMMARY FOR DECEMBER 3 2016...

CLIMATE NORMAL PERIOD 1981 TO 2010
CLIMATE RECORD PERIOD 1842 TO 2016


WEATHER ITEM   OBSERVED TIME   RECORD YEAR NORMAL DEPARTURE LAST
                VALUE   (LST)  VALUE       VALUE  FROM      YEAR
                                                  NORMAL
..................................................................
TEMPERATURE (F)
 YESTERDAY
  MAXIMUM         64    233 PM  79    1933  65     -1       50
  MINIMUM         50    428 AM  22    1929  44      6       40
  AVERAGE         57                        55      2       45

PRECIPITATION (IN)
  YESTERDAY        0.05          2.36 1955   0.16  -0.11     0.00
  MONTH TO DATE    0.05                      0.48  -0.43      T
  SINCE MAR 1     44.86                     50.80  -5.94    62.94
  SINCE JAN 1     54.31                     61.57  -7.26    68.99

SNOWFALL (IN)
  YESTERDAY        0.0           0.0  2002   0.0    0.0      0.0
                                      2001
                                      2000
  MONTH TO DATE    0.0                       0.0    0.0      0.0
  SINCE MAR 1      0.0                       0.1   -0.1      0.0
  SINCE JUL 1      0.0                       0.0    0.0      0.0
  SNOW DEPTH       0

DEGREE DAYS
 HEATING
  YESTERDAY        8                        11     -3       20
  MONTH TO DATE   32                        32      0       28
  SINCE DEC 1     32                        32      0       28
  SINCE JUL 1    166                       290   -124      154

 COOLING
  YESTERDAY        0                         1     -1        0
  MONTH TO DATE    0                         3     -3        6
  SINCE DEC 1      0                         3     -3        6
  SINCE JAN 1   2807                      2506    301     2807
..................................................................


WIND (MPH)
  HIGHEST WIND SPEED    20   HIGHEST WIND DIRECTION     E (90)
  HIGHEST GUST SPEED    25   HIGHEST GUST DIRECTION    NE (60)
  AVERAGE WIND SPEED    11.3


SKY COVER
  POSSIBLE SUNSHINE  MM
  AVERAGE SKY COVER 0.9


WEATHER CONDITIONS
 THE FOLLOWING WEATHER WAS RECORDED YESTERDAY.
  LIGHT RAIN


RELATIVE HUMIDITY (PERCENT)
 HIGHEST    71           500 AM
 LOWEST     34           200 PM
 AVERAGE    53

..........................................................


THE MOBILE CLIMATE NORMALS FOR TODAY
                         NORMAL    RECORD    YEAR
 MAXIMUM TEMPERATURE (F)   65        79      2005
 MINIMUM TEMPERATURE (F)   44        25      1989


SUNRISE AND SUNSET
DECEMBER  4 2016......SUNRISE   635 AM CST   SUNSET   451 PM CST
DECEMBER  5 2016......SUNRISE   636 AM CST   SUNSET   451 PM CST


-  INDICATES NEGATIVE NUMBERS.
R  INDICATES RECORD WAS SET OR TIED.
MM INDICATES DATA IS MISSING.
T  INDICATES TRACE AMOUNT.




$$
