000
CDUS44 KMOB 210645
CLIMOB


CLIMATE REPORT
NATIONAL WEATHER SERVICE MOBILE AL
145 AM CDT SAT OCT 21 2017


...................................

...THE MOBILE CLIMATE SUMMARY FOR OCTOBER 20 2017...

CLIMATE NORMAL PERIOD 1981 TO 2010
CLIMATE RECORD PERIOD 1842 TO 2017


WEATHER ITEM   OBSERVED TIME   RECORD YEAR NORMAL DEPARTURE LAST
                VALUE   (LST)  VALUE       VALUE  FROM      YEAR
                                                  NORMAL
..................................................................
TEMPERATURE (F)
 YESTERDAY
  MAXIMUM         81    204 PM  89    2016  78      3       89
                                      2004
  MINIMUM         60    458 AM  33    1989  56      4       64
  AVERAGE         71                        67      4       77

PRECIPITATION (IN)
  YESTERDAY        0.00          1.84 1956   0.12  -0.12     0.00
  MONTH TO DATE    9.31                      2.34   6.97     0.00
  SINCE MAR 1     62.59                     43.84  18.75    42.76
  SINCE JAN 1     74.80                     54.61  20.19    52.21

DEGREE DAYS
 HEATING
  YESTERDAY        0                         2     -2        0
  MONTH TO DATE    0                        20    -20        0
  SINCE SEP 1      0                        22    -22        0
  SINCE JUL 1      0                        22    -22        0

 COOLING
  YESTERDAY        6                         4      2       12
  MONTH TO DATE  219                       121     98      189
  SINCE SEP 1    618                       498    120      655
  SINCE JAN 1   2704                      2425    279     2705
..................................................................


WIND (MPH)
  HIGHEST WIND SPEED    15   HIGHEST WIND DIRECTION     E (80)
  HIGHEST GUST SPEED    20   HIGHEST GUST DIRECTION     E (80)
  AVERAGE WIND SPEED     7.1


SKY COVER
  POSSIBLE SUNSHINE  MM
  AVERAGE SKY COVER 0.5


WEATHER CONDITIONS
 THE FOLLOWING WEATHER WAS RECORDED YESTERDAY.
  NO SIGNIFICANT WEATHER WAS OBSERVED.


RELATIVE HUMIDITY (PERCENT)
 HIGHEST    90           400 AM
 LOWEST     51          1200 PM
 AVERAGE    71

..........................................................


THE MOBILE CLIMATE NORMALS FOR TODAY
                         NORMAL    RECORD    YEAR
 MAXIMUM TEMPERATURE (F)   78        88      1963
 MINIMUM TEMPERATURE (F)   56        35      1989


SUNRISE AND SUNSET
OCTOBER 21 2017.......SUNRISE   700 AM CDT   SUNSET   615 PM CDT
OCTOBER 22 2017.......SUNRISE   700 AM CDT   SUNSET   614 PM CDT


-  INDICATES NEGATIVE NUMBERS.
R  INDICATES RECORD WAS SET OR TIED.
MM INDICATES DATA IS MISSING.
T  INDICATES TRACE AMOUNT.




$$
