000
CDUS44 KMOB 020645
CLIMOB


CLIMATE REPORT
NATIONAL WEATHER SERVICE MOBILE AL
145 AM CDT MON MAY 2 2016


...................................

...THE MOBILE CLIMATE SUMMARY FOR MAY 1 2016...

CLIMATE NORMAL PERIOD 1981 TO 2010
CLIMATE RECORD PERIOD 1842 TO 2016


WEATHER ITEM   OBSERVED TIME   RECORD YEAR NORMAL DEPARTURE LAST
                VALUE   (LST)  VALUE       VALUE  FROM      YEAR
                                                  NORMAL
..................................................................
TEMPERATURE (F)
 YESTERDAY
  MAXIMUM         80   1033 AM  91    1987  81     -1       80
  MINIMUM         68    101 AM  46    1999  60      8       53
  AVERAGE         74                        70      4       67

PRECIPITATION (IN)
  YESTERDAY        0.05          3.42 2013   0.15  -0.10     0.00
  MONTH TO DATE    0.05                      0.15  -0.10     0.00
  SINCE MAR 1     16.10                     11.08   5.02    17.86
  SINCE JAN 1     25.55                     21.85   3.70    23.91

DEGREE DAYS
 HEATING
  YESTERDAY        0                         0      0        0
  MONTH TO DATE    0                         0      0        0
  SINCE MAR 1    117                       249   -132      118
  SINCE JUL 1   1215                      1691   -476     1820

 COOLING
  YESTERDAY        9                         6      3        2
  MONTH TO DATE    9                         6      3        2
  SINCE MAR 1    181                       149     32      277
  SINCE JAN 1    195                       165     30      281
..................................................................


WIND (MPH)
  HIGHEST WIND SPEED    26   HIGHEST WIND DIRECTION     S (160)
  HIGHEST GUST SPEED    33   HIGHEST GUST DIRECTION    SE (150)
  AVERAGE WIND SPEED     7.8


SKY COVER
  POSSIBLE SUNSHINE  MM
  AVERAGE SKY COVER 0.8


WEATHER CONDITIONS
 THE FOLLOWING WEATHER WAS RECORDED YESTERDAY.
  LIGHT RAIN
  FOG


RELATIVE HUMIDITY (PERCENT)
 HIGHEST   100          1200 AM
 LOWEST     79           100 PM
 AVERAGE    90

..........................................................


THE MOBILE CLIMATE NORMALS FOR TODAY
                         NORMAL    RECORD    YEAR
 MAXIMUM TEMPERATURE (F)   81        90      1955
 MINIMUM TEMPERATURE (F)   60        47      2015


SUNRISE AND SUNSET
MAY  2 2016...........SUNRISE   608 AM CDT   SUNSET   732 PM CDT
MAY  3 2016...........SUNRISE   607 AM CDT   SUNSET   733 PM CDT


-  INDICATES NEGATIVE NUMBERS.
R  INDICATES RECORD WAS SET OR TIED.
MM INDICATES DATA IS MISSING.
T  INDICATES TRACE AMOUNT.




$$
