293
CDUS46 KSTO 260044
CLIMOD


CLIMATE REPORT
NATIONAL WEATHER SERVICE SACRAMENTO, CA
544 PM PDT SUN SEP 25 2016


...................................

...THE MODESTO CA CLIMATE SUMMARY FOR SEPTEMBER 25 2016...
VALID TODAY AS OF 0500 PM LOCAL TIME.

CLIMATE NORMAL PERIOD 1981 TO 2010
CLIMATE RECORD PERIOD 1931 TO 2016


WEATHER ITEM   OBSERVED TIME   RECORD YEAR NORMAL DEPARTURE LAST
                VALUE   (LST)  VALUE       VALUE  FROM      YEAR
                                                  NORMAL
..................................................................
TEMPERATURE (F)
 TODAY
  MAXIMUM         94    349 PM 100    1963  87      7       97
  MINIMUM         57    610 AM  44    1949  58     -1       61
  AVERAGE         76

PRECIPITATION (IN)
  TODAY            0.00          0.65 1982   0.01  -0.01     0.00
  MONTH TO DATE    T                         0.18  -0.18      T
  SINCE OCT 1     15.61                     13.03   2.58    10.25
  SINCE JAN 1     11.20                      8.95   2.25     2.85

SNOWFALL (IN)
  TODAY            0.0          MM      MM
  MONTH TO DATE    0.0
  SINCE SEP 1      0.0
  SINCE JUL 1      0.0

DEGREE DAYS
 HEATING
  TODAY            0                         0      0        0
  MONTH TO DATE    3                         0      3        0
  SINCE SEP 1      3                         0      3        0
  SINCE JUL 1      3                         0      3        0

 COOLING
  TODAY           11                         7      4       14
  MONTH TO DATE  235                       241     -6      290
  SINCE SEP 1    235                       241     -6      290
  SINCE JAN 1   1852                      1577    275     1837
..................................................................


WIND (MPH)
  RESULTANT WIND SPEED   3   RESULTANT WIND DIRECTION  SE (130)
  HIGHEST WIND SPEED     8   HIGHEST WIND DIRECTION    SW (210)
  HIGHEST GUST SPEED    11   HIGHEST GUST DIRECTION     E (100)


SKY COVER
  POSSIBLE SUNSHINE  MM
  AVERAGE SKY COVER 0.1


WEATHER CONDITIONS
 THE FOLLOWING WEATHER WAS RECORDED TODAY.
  NO SIGNIFICANT WEATHER WAS OBSERVED.


RELATIVE HUMIDITY (PERCENT)
 HIGHEST    80           600 AM
 LOWEST     18           200 PM
 AVERAGE    49

..........................................................


THE MODESTO CA CLIMATE NORMALS FOR TOMORROW
                         NORMAL    RECORD    YEAR
 MAXIMUM TEMPERATURE (F)   87       104      1963
 MINIMUM TEMPERATURE (F)   57        40      1948


SUNRISE AND SUNSET
SEPTEMBER 25 2016.....SUNRISE   655 AM PDT   SUNSET   655 PM PDT
SEPTEMBER 26 2016.....SUNRISE   656 AM PDT   SUNSET   654 PM PDT


-  INDICATES NEGATIVE NUMBERS.
R  INDICATES RECORD WAS SET OR TIED.
MM INDICATES DATA IS MISSING.
T  INDICATES TRACE AMOUNT.




$$
