000
CDUS46 KSTO 210047
CLIMOD


CLIMATE REPORT
NATIONAL WEATHER SERVICE SACRAMENTO, CA
547 PM PDT SUN APR 20 2014


...................................

...THE MODESTO CA CLIMATE SUMMARY FOR APRIL 20 2014...
VALID TODAY AS OF 0500 PM LOCAL TIME.

CLIMATE NORMAL PERIOD 1981 TO 2010
CLIMATE RECORD PERIOD 1931 TO 2014


WEATHER ITEM   OBSERVED TIME   RECORD YEAR NORMAL DEPARTURE LAST
                VALUE   (LST)  VALUE       VALUE  FROM      YEAR
                                                  NORMAL
..................................................................
TEMPERATURE (F)
 TODAY
  MAXIMUM         83    346 PM  97    2009  76      7       85
  MINIMUM         53    603 AM  35    1967  50      3       59
  AVERAGE         68

PRECIPITATION (IN)
  TODAY            0.00          0.80 2010   0.03  -0.03     0.00
  MONTH TO DATE    0.59                      0.70  -0.11     0.34
  SINCE JUL 1      6.63                     12.09  -5.46     8.88
  SINCE JAN 1      5.14                      7.73  -2.59     3.00

SNOWFALL (IN)
  TODAY            0.0          MM      MM
  MONTH TO DATE    0.0
  SINCE MAR 1      0.0
  SINCE JUL 1      0.0

DEGREE DAYS
 HEATING
  TODAY            0                         4     -4        0
  MONTH TO DATE   65                       101    -36       57
  SINCE MAR 1    226                       338   -112      226
  SINCE JUL 1   1924                      2106   -182     2139

 COOLING
  TODAY            3                         2      1        7
  MONTH TO DATE   45                        17     28       12
  SINCE MAR 1     45                        22     23       17
  SINCE JAN 1     45                        22     23       17
..................................................................


WIND (MPH)
  RESULTANT WIND SPEED  10   RESULTANT WIND DIRECTION  NW (320)
  HIGHEST WIND SPEED    17   HIGHEST WIND DIRECTION    NW (320)
  HIGHEST GUST SPEED    29   HIGHEST GUST DIRECTION    NW (330)


SKY COVER
  POSSIBLE SUNSHINE  MM
  AVERAGE SKY COVER 0.0


WEATHER CONDITIONS
 THE FOLLOWING WEATHER WAS RECORDED TODAY.
  NO SIGNIFICANT WEATHER WAS OBSERVED.


RELATIVE HUMIDITY (PERCENT)
 HIGHEST    83           400 AM
 LOWEST     18           400 PM
 AVERAGE    51

..........................................................


THE MODESTO CA CLIMATE NORMALS FOR TOMORROW
                         NORMAL    RECORD    YEAR
 MAXIMUM TEMPERATURE (F)   76        98      2009
 MINIMUM TEMPERATURE (F)   50        33      1932


SUNRISE AND SUNSET
APRIL 20 2014.........SUNRISE   622 AM PDT   SUNSET   744 PM PDT
APRIL 21 2014.........SUNRISE   621 AM PDT   SUNSET   745 PM PDT


-  INDICATES NEGATIVE NUMBERS.
R  INDICATES RECORD WAS SET OR TIED.
MM INDICATES DATA IS MISSING.
T  INDICATES TRACE AMOUNT.




$$
