000
CDUS46 KSTO 290035
CLIMOD


CLIMATE REPORT
NATIONAL WEATHER SERVICE SACRAMENTO, CA
535 PM PDT THU MAY 28 2015


...................................

...THE MODESTO CA CLIMATE SUMMARY FOR MAY 28 2015...
VALID TODAY AS OF 0500 PM LOCAL TIME.

CLIMATE NORMAL PERIOD 1981 TO 2010
CLIMATE RECORD PERIOD 1931 TO 2015


WEATHER ITEM   OBSERVED TIME   RECORD YEAR NORMAL DEPARTURE LAST
                VALUE   (LST)  VALUE       VALUE  FROM      YEAR
                                                  NORMAL
..................................................................
TEMPERATURE (F)
 TODAY
  MAXIMUM         86    350 PM 105    1984  86      0       83
  MINIMUM         56    541 AM  43    1969  57     -1       60
  AVERAGE         71

PRECIPITATION (IN)
  TODAY            0.00          0.77 1990   0.01  -0.01     0.00
  MONTH TO DATE    0.27                      0.59  -0.32     0.01
  SINCE OCT 1     10.25                     12.67  -2.42     6.87
  SINCE JAN 1      2.85                      8.59  -5.74     5.51

SNOWFALL (IN)
  TODAY            0.0          MM      MM
  MONTH TO DATE    0.0
  SINCE MAR 1      0.0
  SINCE JUL 1      0.0

DEGREE DAYS
 HEATING
  TODAY            0                         0      0        0
  MONTH TO DATE   23                        33    -10       12
  SINCE MAR 1    200                       399   -199      271
  SINCE JUL 1   1612                      2167   -555     1969

 COOLING
  TODAY            6                         7     -1        7
  MONTH TO DATE   68                       134    -66      172
  SINCE MAR 1    151                       178    -27      233
  SINCE JAN 1    151                       178    -27      233
..................................................................


WIND (MPH)
  RESULTANT WIND SPEED   6   RESULTANT WIND DIRECTION  NW (330)
  HIGHEST WIND SPEED    12   HIGHEST WIND DIRECTION    NW (330)
  HIGHEST GUST SPEED    17   HIGHEST GUST DIRECTION     N (20)


SKY COVER
  POSSIBLE SUNSHINE  MM
  AVERAGE SKY COVER 0.0


WEATHER CONDITIONS
 THE FOLLOWING WEATHER WAS RECORDED TODAY.
  NO SIGNIFICANT WEATHER WAS OBSERVED.


RELATIVE HUMIDITY (PERCENT)
 HIGHEST    77           500 AM
 LOWEST     32           400 PM
 AVERAGE    55

..........................................................


THE MODESTO CA CLIMATE NORMALS FOR TOMORROW
                         NORMAL    RECORD    YEAR
 MAXIMUM TEMPERATURE (F)   86       104      1984
 MINIMUM TEMPERATURE (F)   57        44      1961


SUNRISE AND SUNSET
MAY 28 2015...........SUNRISE   546 AM PDT   SUNSET   817 PM PDT
MAY 29 2015...........SUNRISE   545 AM PDT   SUNSET   817 PM PDT


-  INDICATES NEGATIVE NUMBERS.
R  INDICATES RECORD WAS SET OR TIED.
MM INDICATES DATA IS MISSING.
T  INDICATES TRACE AMOUNT.




$$
