000
CDUS46 KSTO 190840
CLIMOD


CLIMATE REPORT
NATIONAL WEATHER SERVICE SACRAMENTO, CA
139 AM PDT SAT AUG 19 2017


...................................

...THE MODESTO CA CLIMATE SUMMARY FOR AUGUST 18 2017...

CLIMATE NORMAL PERIOD 1981 TO 2010
CLIMATE RECORD PERIOD 1931 TO 2017


WEATHER ITEM   OBSERVED TIME   RECORD YEAR NORMAL DEPARTURE LAST
                VALUE   (LST)  VALUE       VALUE  FROM      YEAR
                                                  NORMAL
..................................................................
TEMPERATURE (F)
 YESTERDAY
  MAXIMUM         95    521 PM 105    1967  93      2       97
  MINIMUM         67    534 AM  50    1959  62      5       67
  AVERAGE         81

PRECIPITATION (IN)
  YESTERDAY        0.00          0.58 1975   0.00   0.00     0.00
  MONTH TO DATE    T                         0.01  -0.01     0.00
  SINCE OCT 1     16.93                     12.84   4.09    15.61
  SINCE JAN 1     11.90                      8.76   3.14    11.20

SNOWFALL (IN)
  YESTERDAY        0.0          MM      MM
  MONTH TO DATE    0.0
  SINCE JUN 1      0.0
  SINCE JUL 1      0.0
  SNOW DEPTH       0

DEGREE DAYS
 HEATING
  YESTERDAY        0                         0      0        0
  MONTH TO DATE    0                         0      0        0
  SINCE JUN 1      6                         3      3        2
  SINCE JUL 1      0                         0      0        0

 COOLING
  YESTERDAY       16                        13      3       17
  MONTH TO DATE  305                       243     62      275
  SINCE JUN 1   1278                       979    299     1204
  SINCE JAN 1   1500                      1178    322     1452
..................................................................


WIND (MPH)
  RESULTANT WIND SPEED   5   RESULTANT WIND DIRECTION  NW (330)
  HIGHEST WIND SPEED    14   HIGHEST WIND DIRECTION    NW (310)
  HIGHEST GUST SPEED    17   HIGHEST GUST DIRECTION    NW (310)


SKY COVER
  POSSIBLE SUNSHINE  MM
  AVERAGE SKY COVER 0.0


WEATHER CONDITIONS
 THE FOLLOWING WEATHER WAS RECORDED YESTERDAY.
  NO SIGNIFICANT WEATHER WAS OBSERVED.


RELATIVE HUMIDITY (PERCENT)
 HIGHEST    61           700 AM
 LOWEST     30           400 PM
 AVERAGE    46

..........................................................


THE MODESTO CA CLIMATE NORMALS FOR TODAY
                         NORMAL    RECORD    YEAR
 MAXIMUM TEMPERATURE (F)   93       106      1950
 MINIMUM TEMPERATURE (F)   62        49      1959


SUNRISE AND SUNSET
AUGUST 19 2017........SUNRISE   623 AM PDT   SUNSET   751 PM PDT
AUGUST 20 2017........SUNRISE   624 AM PDT   SUNSET   749 PM PDT


-  INDICATES NEGATIVE NUMBERS.
R  INDICATES RECORD WAS SET OR TIED.
MM INDICATES DATA IS MISSING.
T  INDICATES TRACE AMOUNT.




$$
