000
CDUS46 KSTO 020836
CLIMOD


CLIMATE REPORT
NATIONAL WEATHER SERVICE SACRAMENTO, CA
1236 AM PST MON MAR 2 2015


...................................

...THE MODESTO CA CLIMATE SUMMARY FOR MARCH 1 2015...

CLIMATE NORMAL PERIOD 1981 TO 2010
CLIMATE RECORD PERIOD 1931 TO 2015


WEATHER ITEM   OBSERVED TIME   RECORD YEAR NORMAL DEPARTURE LAST
                VALUE   (LST)  VALUE       VALUE  FROM      YEAR
                                                  NORMAL
..................................................................
TEMPERATURE (F)
 YESTERDAY
  MAXIMUM         64    441 PM  77    1994  66     -2       66
  MINIMUM         41    648 AM  30    1955  45     -4       50
  AVERAGE         53

PRECIPITATION (IN)
  YESTERDAY        0.00          0.88 1991   0.08  -0.08     0.14
  MONTH TO DATE    0.00                      0.08  -0.08     0.14
  SINCE OCT 1      9.16                      9.15   0.01     4.42
  SINCE JAN 1      1.76                      5.07  -3.31     3.06

SNOWFALL (IN)
  YESTERDAY        0.0          MM      MM
  MONTH TO DATE    0.0
  SINCE MAR 1      0.0
  SINCE JUL 1      0.0
  SNOW DEPTH       0

DEGREE DAYS
 HEATING
  YESTERDAY       12                         9      3        7
  MONTH TO DATE   12                         9      3        7
  SINCE MAR 1     12                         9      3        7
  SINCE JUL 1   1424                      1777   -353     1705

 COOLING
  YESTERDAY        0                         0      0        0
  MONTH TO DATE    0                         0      0        0
  SINCE MAR 1      0                         0      0        0
  SINCE JAN 1      0                         0      0        0
..................................................................


WIND (MPH)
  RESULTANT WIND SPEED   2   RESULTANT WIND DIRECTION  NW (320)
  HIGHEST WIND SPEED    10   HIGHEST WIND DIRECTION     W (270)
  HIGHEST GUST SPEED    20   HIGHEST GUST DIRECTION    NW (300)


SKY COVER
  POSSIBLE SUNSHINE  MM
  AVERAGE SKY COVER 0.1


WEATHER CONDITIONS
 THE FOLLOWING WEATHER WAS RECORDED YESTERDAY.
  FOG


RELATIVE HUMIDITY (PERCENT)
 HIGHEST    93           500 AM
 LOWEST     39           500 PM
 AVERAGE    66

..........................................................


THE MODESTO CA CLIMATE NORMALS FOR TODAY
                         NORMAL    RECORD    YEAR
 MAXIMUM TEMPERATURE (F)   67        81      1994
 MINIMUM TEMPERATURE (F)   45        27      1971


SUNRISE AND SUNSET
MARCH  2 2015.........SUNRISE   634 AM PST   SUNSET   558 PM PST
MARCH  3 2015.........SUNRISE   633 AM PST   SUNSET   559 PM PST


-  INDICATES NEGATIVE NUMBERS.
R  INDICATES RECORD WAS SET OR TIED.
MM INDICATES DATA IS MISSING.
T  INDICATES TRACE AMOUNT.




$$
