000
CDUS46 KSTO 230838
CLIMOD


CLIMATE REPORT
NATIONAL WEATHER SERVICE SACRAMENTO, CA
1237 AM PST MON JAN 23 2017


...................................

...THE MODESTO CA CLIMATE SUMMARY FOR JANUARY 22 2017...

CLIMATE NORMAL PERIOD 1981 TO 2010
CLIMATE RECORD PERIOD 1931 TO 2017


WEATHER ITEM   OBSERVED TIME   RECORD YEAR NORMAL DEPARTURE LAST
                VALUE   (LST)  VALUE       VALUE  FROM      YEAR
                                                  NORMAL
..................................................................
TEMPERATURE (F)
 YESTERDAY
  MAXIMUM         57    201 PM  70    1970  56      1       61
  MINIMUM         47   1111 PM  22    1937  40      7       52
  AVERAGE         52

PRECIPITATION (IN)
  YESTERDAY        0.31          1.59 1983   0.09   0.22     0.17
  MONTH TO DATE    5.51                      1.83   3.68     4.54
  SINCE OCT 1     10.54                      5.91   4.63     8.95
  SINCE JAN 1      5.51                      1.83   3.68     4.54

SNOWFALL (IN)
  YESTERDAY        0.0           0.0  2002
  MONTH TO DATE    0.0
  SINCE DEC 1      0.0
  SINCE JUL 1      0.0
  SNOW DEPTH       0

DEGREE DAYS
 HEATING
  YESTERDAY       13                        17     -4        8
  MONTH TO DATE  348                       391    -43      307
  SINCE DEC 1    864                       927    -63      844
  SINCE JUL 1   1077                      1288   -211     1215

 COOLING
  YESTERDAY        0                         0      0        0
  MONTH TO DATE    0                         0      0        0
  SINCE DEC 1      0                         0      0        0
  SINCE JAN 1      0                         0      0        0
..................................................................


WIND (MPH)
  RESULTANT WIND SPEED  13   RESULTANT WIND DIRECTION  SE (140)
  HIGHEST WIND SPEED    30   HIGHEST WIND DIRECTION    SE (140)
  HIGHEST GUST SPEED    43   HIGHEST GUST DIRECTION    SE (140)


SKY COVER
  POSSIBLE SUNSHINE  MM
  AVERAGE SKY COVER 0.7


WEATHER CONDITIONS
 THE FOLLOWING WEATHER WAS RECORDED YESTERDAY.
  THUNDERSTORM
  LIGHT RAIN


RELATIVE HUMIDITY (PERCENT)
 HIGHEST    93           900 PM
 LOWEST     63           200 AM
 AVERAGE    78

..........................................................


THE MODESTO CA CLIMATE NORMALS FOR TODAY
                         NORMAL    RECORD    YEAR
 MAXIMUM TEMPERATURE (F)   57        69      1959
 MINIMUM TEMPERATURE (F)   41        21      1937


SUNRISE AND SUNSET
JANUARY 23 2017.......SUNRISE   714 AM PST   SUNSET   518 PM PST
JANUARY 24 2017.......SUNRISE   713 AM PST   SUNSET   519 PM PST


-  INDICATES NEGATIVE NUMBERS.
R  INDICATES RECORD WAS SET OR TIED.
MM INDICATES DATA IS MISSING.
T  INDICATES TRACE AMOUNT.




$$
