220
CDUS46 KSTO 050837
CLIMOD


CLIMATE REPORT
NATIONAL WEATHER SERVICE SACRAMENTO, CA
1237 AM PST FRI FEB 5 2016


...................................

...THE MODESTO CA CLIMATE SUMMARY FOR FEBRUARY 4 2016...

CLIMATE NORMAL PERIOD 1981 TO 2010
CLIMATE RECORD PERIOD 1931 TO 2016


WEATHER ITEM   OBSERVED TIME   RECORD YEAR NORMAL DEPARTURE LAST
                VALUE   (LST)  VALUE       VALUE  FROM      YEAR
                                                  NORMAL
..................................................................
TEMPERATURE (F)
 YESTERDAY
  MAXIMUM         59    325 PM  71    2015  60     -1       71
  MINIMUM         40    459 AM  27    1955  42     -2       43
  AVERAGE         50

PRECIPITATION (IN)
  YESTERDAY        0.00          0.72 1991   0.10  -0.10     0.00
  MONTH TO DATE    T                         0.37  -0.37     0.00
  SINCE OCT 1      9.44                      7.06   2.38     7.40
  SINCE JAN 1      5.03                      2.98   2.05      T

SNOWFALL (IN)
  YESTERDAY        0.0           0.0  2002
  MONTH TO DATE    0.0
  SINCE DEC 1      0.0
  SINCE JUL 1      0.0
  SNOW DEPTH       0

DEGREE DAYS
 HEATING
  YESTERDAY       15                        14      1        8
  MONTH TO DATE   72                        58     14       39
  SINCE DEC 1   1031                      1129    -98      918
  SINCE JUL 1   1402                      1490    -88     1216

 COOLING
  YESTERDAY        0                         0      0        0
  MONTH TO DATE    0                         0      0        0
  SINCE DEC 1      0                         0      0        0
  SINCE JAN 1      0                         0      0        0
..................................................................


WIND (MPH)
  RESULTANT WIND SPEED   4   RESULTANT WIND DIRECTION  NW (300)
  HIGHEST WIND SPEED    17   HIGHEST WIND DIRECTION     W (290)
  HIGHEST GUST SPEED    22   HIGHEST GUST DIRECTION    NW (300)


SKY COVER
  POSSIBLE SUNSHINE  MM
  AVERAGE SKY COVER 0.1


WEATHER CONDITIONS
 THE FOLLOWING WEATHER WAS RECORDED YESTERDAY.
  FOG
  HAZE


RELATIVE HUMIDITY (PERCENT)
 HIGHEST    96           700 AM
 LOWEST     57           300 PM
 AVERAGE    77

..........................................................


THE MODESTO CA CLIMATE NORMALS FOR TODAY
                         NORMAL    RECORD    YEAR
 MAXIMUM TEMPERATURE (F)   60        77      1996
 MINIMUM TEMPERATURE (F)   42        27      1989


SUNRISE AND SUNSET
FEBRUARY  5 2016......SUNRISE   704 AM PST   SUNSET   532 PM PST
FEBRUARY  6 2016......SUNRISE   703 AM PST   SUNSET   533 PM PST


-  INDICATES NEGATIVE NUMBERS.
R  INDICATES RECORD WAS SET OR TIED.
MM INDICATES DATA IS MISSING.
T  INDICATES TRACE AMOUNT.




$$
