000
CDUS46 KSTO 300835
CLIMOD


CLIMATE REPORT
NATIONAL WEATHER SERVICE SACRAMENTO, CA
134 AM PDT THU JUL 30 2015


...................................

...THE MODESTO CA CLIMATE SUMMARY FOR JULY 29 2015...

CLIMATE NORMAL PERIOD 1981 TO 2010
CLIMATE RECORD PERIOD 1931 TO 2015


WEATHER ITEM   OBSERVED TIME   RECORD YEAR NORMAL DEPARTURE LAST
                VALUE   (LST)  VALUE       VALUE  FROM      YEAR
                                                  NORMAL
..................................................................
TEMPERATURE (F)
 YESTERDAY
  MAXIMUM        106R   440 PM 105    2003  95     11      100
                                      1988
  MINIMUM         67    537 AM  53    1950  63      4       74
  AVERAGE         87

PRECIPITATION (IN)
  YESTERDAY        0.00          0.00 2003   0.00   0.00     0.00
  MONTH TO DATE    T                         0.00   0.00     0.00
  SINCE OCT 1     10.25                     12.83  -2.58     6.87
  SINCE JAN 1      2.85                      8.75  -5.90     5.51

SNOWFALL (IN)
  YESTERDAY        0.0          MM      MM
  MONTH TO DATE    0.0
  SINCE JUN 1      0.0
  SINCE JUL 1      0.0
  SNOW DEPTH       0

DEGREE DAYS
 HEATING
  YESTERDAY        0                         0      0        0
  MONTH TO DATE    0                         0      0        0
  SINCE JUN 1      0                         3     -3        0
  SINCE JUL 1      0                         0      0        0

 COOLING
  YESTERDAY       22                        14      8       22
  MONTH TO DATE  435                       406     29      408
  SINCE JUN 1    874                       705    169      731
  SINCE JAN 1   1052                       904    148      983
..................................................................


WIND (MPH)
  RESULTANT WIND SPEED   4   RESULTANT WIND DIRECTION  NW (330)
  HIGHEST WIND SPEED    14   HIGHEST WIND DIRECTION    NW (330)
  HIGHEST GUST SPEED    18   HIGHEST GUST DIRECTION    NW (330)


SKY COVER
  POSSIBLE SUNSHINE  MM
  AVERAGE SKY COVER 0.0


WEATHER CONDITIONS
 THE FOLLOWING WEATHER WAS RECORDED YESTERDAY.
  NO SIGNIFICANT WEATHER WAS OBSERVED.


RELATIVE HUMIDITY (PERCENT)
 HIGHEST    57           600 AM
 LOWEST     11           300 PM
 AVERAGE    34

..........................................................


THE MODESTO CA CLIMATE NORMALS FOR TODAY
                         NORMAL    RECORD    YEAR
 MAXIMUM TEMPERATURE (F)   95       106      1977
 MINIMUM TEMPERATURE (F)   63        51      1993


SUNRISE AND SUNSET
JULY 30 2015..........SUNRISE   606 AM PDT   SUNSET   814 PM PDT
JULY 31 2015..........SUNRISE   607 AM PDT   SUNSET   813 PM PDT


-  INDICATES NEGATIVE NUMBERS.
R  INDICATES RECORD WAS SET OR TIED.
MM INDICATES DATA IS MISSING.
T  INDICATES TRACE AMOUNT.




$$
