000
CDUS46 KSTO 230844
CLIMOD


CLIMATE REPORT
NATIONAL WEATHER SERVICE SACRAMENTO, CA
1244 AM PST TUE JAN 23 2018


...................................

...THE MODESTO CA CLIMATE SUMMARY FOR JANUARY 22 2018...

CLIMATE NORMAL PERIOD 1981 TO 2010
CLIMATE RECORD PERIOD 1931 TO 2018


WEATHER ITEM   OBSERVED TIME   RECORD YEAR NORMAL DEPARTURE LAST
                VALUE   (LST)  VALUE       VALUE  FROM      YEAR
                                                  NORMAL
..................................................................
TEMPERATURE (F)
 YESTERDAY
  MAXIMUM         57    219 PM  70    1970  56      1       57
  MINIMUM         44    258 AM  22    1937  40      4       47
  AVERAGE         51

PRECIPITATION (IN)
  YESTERDAY        0.03          1.59 1983   0.09  -0.06     0.31
  MONTH TO DATE    2.38                      1.83   0.55     5.51
  SINCE OCT 1      3.41                      5.91  -2.50    10.54
  SINCE JAN 1      2.38                      1.83   0.55     5.51

SNOWFALL (IN)
  YESTERDAY       MM             0.0  2002
  MONTH TO DATE    0.0
  SINCE DEC 1      0.0
  SINCE JUL 1      0.0
  SNOW DEPTH       0

DEGREE DAYS
 HEATING
  YESTERDAY       14                        17     -3       13
  MONTH TO DATE  280                       391   -111      348
  SINCE DEC 1    805                       927   -122      864
  SINCE JUL 1   1072                      1288   -216     1077

 COOLING
  YESTERDAY        0                         0      0        0
  MONTH TO DATE    0                         0      0        0
  SINCE DEC 1      0                         0      0        0
  SINCE JAN 1      0                         0      0        0
..................................................................


WIND (MPH)
  RESULTANT WIND SPEED   2   RESULTANT WIND DIRECTION   E (110)
  HIGHEST WIND SPEED    14   HIGHEST WIND DIRECTION    NW (320)
  HIGHEST GUST SPEED    18   HIGHEST GUST DIRECTION    NW (320)


SKY COVER
  POSSIBLE SUNSHINE  MM
  AVERAGE SKY COVER 1.0


WEATHER CONDITIONS
 THE FOLLOWING WEATHER WAS RECORDED YESTERDAY.
  LIGHT RAIN
  FOG


RELATIVE HUMIDITY (PERCENT)
 HIGHEST    93           900 AM
 LOWEST     57           200 PM
 AVERAGE    75

..........................................................


THE MODESTO CA CLIMATE NORMALS FOR TODAY
                         NORMAL    RECORD    YEAR
 MAXIMUM TEMPERATURE (F)   57        69      1959
 MINIMUM TEMPERATURE (F)   41        21      1937


SUNRISE AND SUNSET
JANUARY 23 2018.......SUNRISE   714 AM PST   SUNSET   518 PM PST
JANUARY 24 2018.......SUNRISE   713 AM PST   SUNSET   519 PM PST


-  INDICATES NEGATIVE NUMBERS.
R  INDICATES RECORD WAS SET OR TIED.
MM INDICATES DATA IS MISSING.
T  INDICATES TRACE AMOUNT.




$$
