000
CDUS46 KSTO 220842
CLIMOD


CLIMATE REPORT
NATIONAL WEATHER SERVICE SACRAMENTO, CA
141 AM PDT THU JUN 22 2017


...................................

...THE MODESTO CA CLIMATE SUMMARY FOR JUNE 21 2017...

CLIMATE NORMAL PERIOD 1981 TO 2010
CLIMATE RECORD PERIOD 1931 TO 2017


WEATHER ITEM   OBSERVED TIME   RECORD YEAR NORMAL DEPARTURE LAST
                VALUE   (LST)  VALUE       VALUE  FROM      YEAR
                                                  NORMAL
..................................................................
TEMPERATURE (F)
 YESTERDAY
  MAXIMUM        106    429 PM 109    1973  91     15      102
  MINIMUM         72    542 AM  48    1943  61     11       62
  AVERAGE         89

PRECIPITATION (IN)
  YESTERDAY        0.00          T    2008   0.01  -0.01     0.00
  MONTH TO DATE    T                         0.11  -0.11     0.00
  SINCE OCT 1     16.93                     12.82   4.11    15.61
  SINCE JAN 1     11.90                      8.74   3.16    11.20

SNOWFALL (IN)
  YESTERDAY        0.0          MM      MM
  MONTH TO DATE    0.0
  SINCE JUN 1      0.0
  SINCE JUL 1      0.0
  SNOW DEPTH       0

DEGREE DAYS
 HEATING
  YESTERDAY        0                         0      0        0
  MONTH TO DATE    6                         0      6        2
  SINCE JUN 1      6                         0      6        2
  SINCE JUL 1   1814                      2168   -354     1836

 COOLING
  YESTERDAY       24                        11     13       17
  MONTH TO DATE  258                       190     68      259
  SINCE JUN 1    258                       190     68      259
  SINCE JAN 1    480                       389     91      507
..................................................................


WIND (MPH)
  RESULTANT WIND SPEED   8   RESULTANT WIND DIRECTION  NW (330)
  HIGHEST WIND SPEED    15   HIGHEST WIND DIRECTION     N (360)
  HIGHEST GUST SPEED    25   HIGHEST GUST DIRECTION     W (290)


SKY COVER
  POSSIBLE SUNSHINE  MM
  AVERAGE SKY COVER 0.1


WEATHER CONDITIONS
 THE FOLLOWING WEATHER WAS RECORDED YESTERDAY.
  NO SIGNIFICANT WEATHER WAS OBSERVED.


RELATIVE HUMIDITY (PERCENT)
 HIGHEST    64           500 AM
 LOWEST     25           500 PM
 AVERAGE    45

..........................................................


THE MODESTO CA CLIMATE NORMALS FOR TODAY
                         NORMAL    RECORD    YEAR
 MAXIMUM TEMPERATURE (F)   92       106      1954
 MINIMUM TEMPERATURE (F)   61        47      1943


SUNRISE AND SUNSET
JUNE 22 2017..........SUNRISE   543 AM PDT   SUNSET   829 PM PDT
JUNE 23 2017..........SUNRISE   543 AM PDT   SUNSET   829 PM PDT


-  INDICATES NEGATIVE NUMBERS.
R  INDICATES RECORD WAS SET OR TIED.
MM INDICATES DATA IS MISSING.
T  INDICATES TRACE AMOUNT.




$$
