000
CDUS43 KBIS 200826
CLIMOT


CLIMATE REPORT
NATIONAL WEATHER SERVICE BISMARCK ND
225 AM CST SAT JAN 20 2018


...................................

...THE MINOT ND CLIMATE SUMMARY FOR JANUARY 19 2018...

CLIMATE NORMAL PERIOD 1981 TO 2010
CLIMATE RECORD PERIOD 1897 TO 2018


WEATHER ITEM   OBSERVED TIME   RECORD YEAR NORMAL DEPARTURE LAST
                VALUE   (LST)  VALUE       VALUE  FROM      YEAR
                                                  NORMAL
..................................................................
TEMPERATURE (F)
 YESTERDAY
  MAXIMUM         42    348 PM  49    1942  21     21       40
  MINIMUM         33   1159 PM -34    1996   3     30       22
  AVERAGE         38                        12     26       31

PRECIPITATION (IN)
  YESTERDAY        T             0.30 1921   0.01  -0.01     0.00
  MONTH TO DATE    0.07                      0.33  -0.26     0.06
  SINCE DEC 1      0.12                      0.71  -0.59     0.68
  SINCE JAN 1      0.07                      0.33  -0.26     0.06

DEGREE DAYS
 HEATING
  YESTERDAY       27                        53    -26       34
  MONTH TO DATE 1011                      1007      4     1116
  SINCE DEC 1   2480                      2544    -64     2760
  SINCE JUL 1   4358                      4602   -244     4275
..................................................................


WIND (MPH)
  HIGHEST WIND SPEED    26   HIGHEST WIND DIRECTION     W (260)
  HIGHEST GUST SPEED    31   HIGHEST GUST DIRECTION     W (260)
  AVERAGE WIND SPEED    14.1


SKY COVER
  POSSIBLE SUNSHINE  MM
  AVERAGE SKY COVER 0.2


WEATHER CONDITIONS
 THE FOLLOWING WEATHER WAS RECORDED YESTERDAY.
  NO SIGNIFICANT WEATHER WAS OBSERVED.


RELATIVE HUMIDITY (PERCENT)
 HIGHEST    76           300 AM
 LOWEST     57           800 AM
 AVERAGE    67

..........................................................


THE MINOT ND CLIMATE NORMALS FOR TODAY
                         NORMAL    RECORD    YEAR
 MAXIMUM TEMPERATURE (F)   21        50      1899
 MINIMUM TEMPERATURE (F)    3       -34      1954


SUNRISE AND SUNSET
JANUARY 20 2018.......SUNRISE   827 AM CST   SUNSET   526 PM CST
JANUARY 21 2018.......SUNRISE   826 AM CST   SUNSET   527 PM CST


-  INDICATES NEGATIVE NUMBERS.
R  INDICATES RECORD WAS SET OR TIED.
MM INDICATES DATA IS MISSING.
T  INDICATES TRACE AMOUNT.




$$
