000
CDUS43 KBIS 290908
CLIMOT


CLIMATE REPORT
NATIONAL WEATHER SERVICE BISMARCK ND
408 AM CDT FRI MAY 29 2015


...................................

...THE MINOT ND CLIMATE SUMMARY FOR MAY 28 2015...

CLIMATE NORMAL PERIOD 1981 TO 2010
CLIMATE RECORD PERIOD 1897 TO 2015


WEATHER ITEM   OBSERVED TIME   RECORD YEAR NORMAL DEPARTURE LAST
                VALUE   (LST)  VALUE       VALUE  FROM      YEAR
                                                  NORMAL
..................................................................
TEMPERATURE (F)
 YESTERDAY
  MAXIMUM         72    313 PM  99    1919  70      2       84
  MINIMUM         50   1159 PM  20    1947  47      3       51
  AVERAGE         61                        59      2       68

PRECIPITATION (IN)
  YESTERDAY        0.12          2.69 1953   0.09   0.03      T
  MONTH TO DATE    2.70                      2.20   0.50     1.60
  SINCE MAR 1      3.66                      4.18  -0.52     3.45
  SINCE JAN 1      4.13                      5.09  -0.96     3.81

DEGREE DAYS
 COOLING
  YESTERDAY        0                         1     -1        3
  MONTH TO DATE    7                         6      1       27
  SINCE MAR 1      7                         7      0       27
  SINCE JAN 1      7                         7      0       27
..................................................................


WIND (MPH)
  HIGHEST WIND SPEED    28   HIGHEST WIND DIRECTION    NW (330)
  HIGHEST GUST SPEED    36   HIGHEST GUST DIRECTION    NW (320)
  AVERAGE WIND SPEED    10.7


SKY COVER
  POSSIBLE SUNSHINE  MM
  AVERAGE SKY COVER 0.7


WEATHER CONDITIONS
 THE FOLLOWING WEATHER WAS RECORDED YESTERDAY.
  LIGHT RAIN
  FOG


RELATIVE HUMIDITY (PERCENT)
 HIGHEST    93           500 AM
 LOWEST     59           700 PM
 AVERAGE    76

..........................................................


THE MINOT ND CLIMATE NORMALS FOR TODAY
                         NORMAL    RECORD    YEAR
 MAXIMUM TEMPERATURE (F)   70        97      1988
 MINIMUM TEMPERATURE (F)   47        24      1930


SUNRISE AND SUNSET
MAY 29 2015...........SUNRISE   551 AM CDT   SUNSET   934 PM CDT
MAY 30 2015...........SUNRISE   550 AM CDT   SUNSET   936 PM CDT


-  INDICATES NEGATIVE NUMBERS.
R  INDICATES RECORD WAS SET OR TIED.
MM INDICATES DATA IS MISSING.
T  INDICATES TRACE AMOUNT.




$$
