000
CDUS43 KBIS 180029
CLIMOT


CLIMATE REPORT
NATIONAL WEATHER SERVICE BISMARCK ND
628 PM CST WED DEC 17 2014


...................................

...THE MINOT ND CLIMATE SUMMARY FOR DECEMBER 17 2014...
VALID TODAY AS OF 0600 PM LOCAL TIME.

CLIMATE NORMAL PERIOD 1981 TO 2010
CLIMATE RECORD PERIOD 1905 TO 2014


WEATHER ITEM   OBSERVED TIME   RECORD YEAR NORMAL DEPARTURE LAST
                VALUE   (LST)  VALUE       VALUE  FROM      YEAR
                                                  NORMAL
..................................................................
TEMPERATURE (F)
 TODAY
  MAXIMUM         17    406 PM  56    1997  23     -6       26
  MINIMUM          5    641 AM -32    1906   7     -2       15
  AVERAGE         11                        15     -4       21

PRECIPITATION (IN)
  TODAY            T             1.11 1967   0.01  -0.01      T
  MONTH TO DATE    T                         0.20  -0.20     0.15
  SINCE DEC 1      T                         0.20  -0.20     0.15
  SINCE JAN 1     15.95                     17.01  -1.06    24.96

DEGREE DAYS
 HEATING
  TODAY           54                        50      4       44
  MONTH TO DATE  766                       813    -47     1043
  SINCE DEC 1    766                       813    -47     1043
  SINCE JUL 1   2945                      2871     74     3098

 COOLING
  TODAY            0                         0      0        0
  MONTH TO DATE    0                         0      0        0
  SINCE DEC 1      0                         0      0        0
  SINCE JAN 1    341                       445   -104      421
..................................................................


WIND (MPH)
  RESULTANT WIND SPEED   6   RESULTANT WIND DIRECTION  SE (130)
  HIGHEST WIND SPEED    13   HIGHEST WIND DIRECTION    SE (130)
  HIGHEST GUST SPEED    17   HIGHEST GUST DIRECTION    SE (150)
  AVERAGE WIND SPEED     6.1


SKY COVER
  POSSIBLE SUNSHINE  MM
  AVERAGE SKY COVER 0.6


WEATHER CONDITIONS
 THE FOLLOWING WEATHER WAS RECORDED TODAY.
  LIGHT SNOW
  FOG
  HAZE


RELATIVE HUMIDITY (PERCENT)
 HIGHEST    88          1200 AM
 LOWEST     67           300 PM
 AVERAGE    78

..........................................................


THE MINOT ND CLIMATE NORMALS FOR TOMORROW
                         NORMAL    RECORD    YEAR
 MAXIMUM TEMPERATURE (F)   23        53      1923
 MINIMUM TEMPERATURE (F)    6       -31      1922


SUNRISE AND SUNSET
DECEMBER 17 2014......SUNRISE   831 AM CST   SUNSET   452 PM CST
DECEMBER 18 2014......SUNRISE   831 AM CST   SUNSET   452 PM CST


-  INDICATES NEGATIVE NUMBERS.
R  INDICATES RECORD WAS SET OR TIED.
MM INDICATES DATA IS MISSING.
T  INDICATES TRACE AMOUNT.




$$
