000
CDUS43 KBIS 300731
CLIMOT


CLIMATE REPORT
NATIONAL WEATHER SERVICE BISMARCK ND
230 AM CDT SAT APR 30 2016


...................................

...THE MINOT ND CLIMATE SUMMARY FOR APRIL 29 2016...

CLIMATE NORMAL PERIOD 1981 TO 2010
CLIMATE RECORD PERIOD 1897 TO 2016


WEATHER ITEM   OBSERVED TIME   RECORD YEAR NORMAL DEPARTURE LAST
                VALUE   (LST)  VALUE       VALUE  FROM      YEAR
                                                  NORMAL
..................................................................
TEMPERATURE (F)
 YESTERDAY
  MAXIMUM         66    403 PM  87    1949  61      5       74
  MINIMUM         34    615 AM  16    1966  37     -3       40
                                      1936
  AVERAGE         50                        49      1       57

PRECIPITATION (IN)
  YESTERDAY        0.00          0.80 2009   0.05  -0.05     0.00
  MONTH TO DATE    2.17                      1.08   1.09     0.58
  SINCE MAR 1      2.58                      1.92   0.66     0.95
  SINCE JAN 1      3.16                      2.83   0.33     1.42

DEGREE DAYS
 HEATING
  YESTERDAY       15                        16     -1        8
  MONTH TO DATE  575                       637    -62      616
  SINCE MAR 1   1371                      1776   -405     1577
  SINCE JUL 1   6803                      8352  -1549     8265

 COOLING
  YESTERDAY        0                         0      0        0
  MONTH TO DATE    0                         0      0        0
  SINCE MAR 1      0                         0      0        0
  SINCE JAN 1      0                         0      0        0
..................................................................


WIND (MPH)
  HIGHEST WIND SPEED    21   HIGHEST WIND DIRECTION     E (90)
  HIGHEST GUST SPEED    25   HIGHEST GUST DIRECTION     E (100)
  AVERAGE WIND SPEED     7.8


SKY COVER
  POSSIBLE SUNSHINE  MM
  AVERAGE SKY COVER 0.0


WEATHER CONDITIONS
 THE FOLLOWING WEATHER WAS RECORDED YESTERDAY.
  NO SIGNIFICANT WEATHER WAS OBSERVED.


RELATIVE HUMIDITY (PERCENT)
 HIGHEST    61           600 AM
 LOWEST     18           200 PM
 AVERAGE    40

..........................................................


THE MINOT ND CLIMATE NORMALS FOR TODAY
                         NORMAL    RECORD    YEAR
 MAXIMUM TEMPERATURE (F)   62        89      1939
                                             1926
 MINIMUM TEMPERATURE (F)   37        14      1909


SUNRISE AND SUNSET
APRIL 30 2016.........SUNRISE   627 AM CDT   SUNSET   858 PM CDT
MAY  1 2016...........SUNRISE   625 AM CDT   SUNSET   900 PM CDT


-  INDICATES NEGATIVE NUMBERS.
R  INDICATES RECORD WAS SET OR TIED.
MM INDICATES DATA IS MISSING.
T  INDICATES TRACE AMOUNT.




$$
