000
CDUS43 KBIS 030735
CLIMOT


CLIMATE REPORT
NATIONAL WEATHER SERVICE BISMARCK ND
134 AM CST TUE MAR 3 2015


...................................

...THE MINOT ND CLIMATE SUMMARY FOR MARCH 2 2015...

CLIMATE NORMAL PERIOD 1981 TO 2010
CLIMATE RECORD PERIOD 1905 TO 2015


WEATHER ITEM   OBSERVED TIME   RECORD YEAR NORMAL DEPARTURE LAST
                VALUE   (LST)  VALUE       VALUE  FROM      YEAR
                                                  NORMAL
..................................................................
TEMPERATURE (F)
 YESTERDAY
  MAXIMUM         34    529 PM  52    1934  30      4        0
  MINIMUM          5    718 AM -24    1919  14     -9      -19
  AVERAGE         20                        22     -2       -9

PRECIPITATION (IN)
  YESTERDAY        T             0.50 1953   0.01  -0.01     0.00
  MONTH TO DATE    T                         0.03  -0.03     0.00
  SINCE MAR 1      T                         0.03  -0.03     0.00
  SINCE JAN 1      0.47                      0.94  -0.47     0.36

DEGREE DAYS
 HEATING
  YESTERDAY       45                        43      2       74
  MONTH TO DATE   97                        86     11      156
  SINCE MAR 1     97                        86     11      156
  SINCE JUL 1   6785                      6662    123     7389

 COOLING
  YESTERDAY        0                         0      0        0
  MONTH TO DATE    0                         0      0        0
  SINCE MAR 1      0                         0      0        0
  SINCE JAN 1      0                         0      0        0
..................................................................


WIND (MPH)
  HIGHEST WIND SPEED    33   HIGHEST WIND DIRECTION    NW (300)
  HIGHEST GUST SPEED    39   HIGHEST GUST DIRECTION    NW (300)
  AVERAGE WIND SPEED    15.4


SKY COVER
  POSSIBLE SUNSHINE  MM
  AVERAGE SKY COVER 0.0


WEATHER CONDITIONS
 THE FOLLOWING WEATHER WAS RECORDED YESTERDAY.
  LIGHT SNOW


RELATIVE HUMIDITY (PERCENT)
 HIGHEST    80          1200 AM
 LOWEST     53           200 PM
 AVERAGE    67

..........................................................


THE MINOT ND CLIMATE NORMALS FOR TODAY
                         NORMAL    RECORD    YEAR
 MAXIMUM TEMPERATURE (F)   30        57      2000
 MINIMUM TEMPERATURE (F)   14       -23      1917


SUNRISE AND SUNSET
MARCH  3 2015.........SUNRISE   723 AM CST   SUNSET   632 PM CST
MARCH  4 2015.........SUNRISE   721 AM CST   SUNSET   634 PM CST


-  INDICATES NEGATIVE NUMBERS.
R  INDICATES RECORD WAS SET OR TIED.
MM INDICATES DATA IS MISSING.
T  INDICATES TRACE AMOUNT.




$$
