000
CDUS43 KBIS 280723
CLIMOT


CLIMATE REPORT
NATIONAL WEATHER SERVICE BISMARCK ND
222 AM CDT SAT MAY 28 2016


...................................

...THE MINOT ND CLIMATE SUMMARY FOR MAY 27 2016...

CLIMATE NORMAL PERIOD 1981 TO 2010
CLIMATE RECORD PERIOD 1897 TO 2016


WEATHER ITEM   OBSERVED TIME   RECORD YEAR NORMAL DEPARTURE LAST
                VALUE   (LST)  VALUE       VALUE  FROM      YEAR
                                                  NORMAL
..................................................................
TEMPERATURE (F)
 YESTERDAY
  MAXIMUM         72    600 PM 100    1900  70      2       79
  MINIMUM         55    550 AM  22    1907  47      8       55
  AVERAGE         64                        58      6       67

PRECIPITATION (IN)
  YESTERDAY        0.01          1.96 2010   0.09  -0.08     0.06
  MONTH TO DATE    0.91                      2.11  -1.20     2.58
  SINCE MAR 1      3.49                      4.09  -0.60     3.54
  SINCE JAN 1      4.07                      5.00  -0.93     4.01

DEGREE DAYS
 COOLING
  YESTERDAY        0                         1     -1        2
  MONTH TO DATE   39                         5     34        7
  SINCE MAR 1     39                         6     33        7
  SINCE JAN 1     39                         6     33        7
..................................................................


WIND (MPH)
  HIGHEST WIND SPEED    18   HIGHEST WIND DIRECTION    NE (30)
  HIGHEST GUST SPEED    24   HIGHEST GUST DIRECTION     N (20)
  AVERAGE WIND SPEED     6.7


SKY COVER
  POSSIBLE SUNSHINE  MM
  AVERAGE SKY COVER 0.7


WEATHER CONDITIONS
 THE FOLLOWING WEATHER WAS RECORDED YESTERDAY.
  LIGHT RAIN
  FOG


RELATIVE HUMIDITY (PERCENT)
 HIGHEST    93           400 AM
 LOWEST     44           600 PM
 AVERAGE    69

..........................................................


THE MINOT ND CLIMATE NORMALS FOR TODAY
                         NORMAL    RECORD    YEAR
 MAXIMUM TEMPERATURE (F)   70        99      1919
 MINIMUM TEMPERATURE (F)   47        20      1947


SUNRISE AND SUNSET
MAY 28 2016...........SUNRISE   551 AM CDT   SUNSET   934 PM CDT
MAY 29 2016...........SUNRISE   550 AM CDT   SUNSET   935 PM CDT


-  INDICATES NEGATIVE NUMBERS.
R  INDICATES RECORD WAS SET OR TIED.
MM INDICATES DATA IS MISSING.
T  INDICATES TRACE AMOUNT.




$$
