000
CDUS43 KBIS 130738
CLIMOT


CLIMATE REPORT
NATIONAL WEATHER SERVICE BISMARCK ND
237 AM CDT SUN JUL 13 2014


...................................

...THE MINOT ND CLIMATE SUMMARY FOR JULY 12 2014...

CLIMATE NORMAL PERIOD 1981 TO 2010
CLIMATE RECORD PERIOD 1905 TO 2014


WEATHER ITEM   OBSERVED TIME   RECORD YEAR NORMAL DEPARTURE LAST
                VALUE   (LST)  VALUE       VALUE  FROM      YEAR
                                                  NORMAL
..................................................................
TEMPERATURE (F)
 YESTERDAY
  MAXIMUM         80    515 PM 103    1925  81     -1       85
  MINIMUM         54    505 AM  40    1922  58     -4       67
  AVERAGE         67                        70     -3       76

PRECIPITATION (IN)
  YESTERDAY        T             1.14 2006   0.09  -0.09     0.01
  MONTH TO DATE    0.47                      1.11  -0.64     2.82
  SINCE JUN 1      5.81                      4.69   1.12     7.42
  SINCE JAN 1      9.62                     10.08  -0.46    15.79

DEGREE DAYS
 COOLING
  YESTERDAY        2                         5     -3       11
  MONTH TO DATE   45                        57    -12       80
  SINCE JUN 1     67                       130    -63      144
  SINCE JAN 1    108                       146    -38      154
..................................................................


WIND (MPH)
  HIGHEST WIND SPEED    28   HIGHEST WIND DIRECTION     W (270)
  HIGHEST GUST SPEED    35   HIGHEST GUST DIRECTION     W (270)
  AVERAGE WIND SPEED    12.6


SKY COVER
  POSSIBLE SUNSHINE  MM
  AVERAGE SKY COVER 0.1


WEATHER CONDITIONS
 THE FOLLOWING WEATHER WAS RECORDED YESTERDAY.
  LIGHT RAIN


RELATIVE HUMIDITY (PERCENT)
 HIGHEST    93           300 AM
 LOWEST     33           500 PM
 AVERAGE    63

..........................................................


THE MINOT ND CLIMATE NORMALS FOR TODAY
                         NORMAL    RECORD    YEAR
 MAXIMUM TEMPERATURE (F)   81        99      1936
 MINIMUM TEMPERATURE (F)   58        43      1967


SUNRISE AND SUNSET
JULY 13 2014..........SUNRISE   558 AM CDT   SUNSET   943 PM CDT
JULY 14 2014..........SUNRISE   559 AM CDT   SUNSET   942 PM CDT


-  INDICATES NEGATIVE NUMBERS.
R  INDICATES RECORD WAS SET OR TIED.
MM INDICATES DATA IS MISSING.
T  INDICATES TRACE AMOUNT.




$$
