000
CDUS43 KBIS 200727
CLIMOT


CLIMATE REPORT
NATIONAL WEATHER SERVICE BISMARCK ND
227 AM CDT SAT SEP 20 2014


...................................

...THE MINOT ND CLIMATE SUMMARY FOR SEPTEMBER 19 2014...

CLIMATE NORMAL PERIOD 1981 TO 2010
CLIMATE RECORD PERIOD 1905 TO 2014


WEATHER ITEM   OBSERVED TIME   RECORD YEAR NORMAL DEPARTURE LAST
                VALUE   (LST)  VALUE       VALUE  FROM      YEAR
                                                  NORMAL
..................................................................
TEMPERATURE (F)
 YESTERDAY
  MAXIMUM         82    143 PM  90    1960  68     14       60
  MINIMUM         55   1159 PM  21    1918  45     10       49
  AVERAGE         69                        56     13       55

PRECIPITATION (IN)
  YESTERDAY        T             0.51 1985   0.05  -0.05     0.01
  MONTH TO DATE    0.29                      0.94  -0.65     1.10
  SINCE SEP 1      0.29                      0.94  -0.65     1.10
  SINCE JAN 1     14.93                     14.38   0.55    21.28

DEGREE DAYS
 HEATING
  YESTERDAY        0                         9     -9       10
  MONTH TO DATE  155                       121     34       42
  SINCE SEP 1    155                       121     34       42
  SINCE JUL 1    223                       192     31      111

 COOLING
  YESTERDAY        4                         1      3        0
  MONTH TO DATE    4                        28    -24       50
  SINCE SEP 1      4                        28    -24       50
  SINCE JAN 1    309                       439   -130      421
..................................................................


WIND (MPH)
  HIGHEST WIND SPEED    31   HIGHEST WIND DIRECTION     W (290)
  HIGHEST GUST SPEED    40   HIGHEST GUST DIRECTION     W (290)
  AVERAGE WIND SPEED    14.7


SKY COVER
  POSSIBLE SUNSHINE  MM
  AVERAGE SKY COVER 0.1


WEATHER CONDITIONS
 THE FOLLOWING WEATHER WAS RECORDED YESTERDAY.
  LIGHT RAIN
  HAZE


RELATIVE HUMIDITY (PERCENT)
 HIGHEST    80          1100 PM
 LOWEST     30           100 PM
 AVERAGE    55

..........................................................


THE MINOT ND CLIMATE NORMALS FOR TODAY
                         NORMAL    RECORD    YEAR
 MAXIMUM TEMPERATURE (F)   68        94      1960
 MINIMUM TEMPERATURE (F)   44        24      1918


SUNRISE AND SUNSET
SEPTEMBER 20 2014.....SUNRISE   729 AM CDT   SUNSET   747 PM CDT
SEPTEMBER 21 2014.....SUNRISE   730 AM CDT   SUNSET   745 PM CDT


-  INDICATES NEGATIVE NUMBERS.
R  INDICATES RECORD WAS SET OR TIED.
MM INDICATES DATA IS MISSING.
T  INDICATES TRACE AMOUNT.




$$
