000
CDUS43 KBIS 270745
CLIMOT


CLIMATE REPORT
NATIONAL WEATHER SERVICE BISMARCK ND
242 AM CDT TUE SEP 27 2016


...................................

...THE MINOT ND CLIMATE SUMMARY FOR SEPTEMBER 26 2016...

CLIMATE NORMAL PERIOD 1981 TO 2010
CLIMATE RECORD PERIOD 1897 TO 2016


WEATHER ITEM   OBSERVED TIME   RECORD YEAR NORMAL DEPARTURE LAST
                VALUE   (LST)  VALUE       VALUE  FROM      YEAR
                                                  NORMAL
..................................................................
TEMPERATURE (F)
 YESTERDAY
  MAXIMUM         67    410 PM  92    2014  65      2       87
  MINIMUM         44    450 AM  12    1947  42      2       62
  AVERAGE         56                        53      3       75

PRECIPITATION (IN)
  YESTERDAY        0.00          0.79 1964   0.05  -0.05     0.00
  MONTH TO DATE    2.98                      1.28   1.70     1.59
  SINCE SEP 1      2.98                      1.28   1.70     1.59
  SINCE JAN 1     14.84                     14.72   0.12    13.09

DEGREE DAYS
 HEATING
  YESTERDAY        9                        12     -3        0
  MONTH TO DATE  156                       198    -42      123
  SINCE SEP 1    156                       198    -42      123
  SINCE JUL 1    167                       269   -102      173

 COOLING
  YESTERDAY        0                         0      0       10
  MONTH TO DATE   29                        30     -1       58
  SINCE SEP 1     29                        30     -1       58
  SINCE JAN 1    682                       441    241      502
..................................................................


WIND (MPH)
  HIGHEST WIND SPEED    26   HIGHEST WIND DIRECTION    NW (300)
  HIGHEST GUST SPEED    33   HIGHEST GUST DIRECTION    NW (300)
  AVERAGE WIND SPEED    13.9


SKY COVER
  POSSIBLE SUNSHINE  MM
  AVERAGE SKY COVER 0.0


WEATHER CONDITIONS
 THE FOLLOWING WEATHER WAS RECORDED YESTERDAY.
  NO SIGNIFICANT WEATHER WAS OBSERVED.


RELATIVE HUMIDITY (PERCENT)
 HIGHEST    71          1000 PM
 LOWEST     29           200 PM
 AVERAGE    50

..........................................................


THE MINOT ND CLIMATE NORMALS FOR TODAY
                         NORMAL    RECORD    YEAR
 MAXIMUM TEMPERATURE (F)   64        90      1909
 MINIMUM TEMPERATURE (F)   41        16      1942


SUNRISE AND SUNSET
SEPTEMBER 27 2016.....SUNRISE   739 AM CDT   SUNSET   731 PM CDT
SEPTEMBER 28 2016.....SUNRISE   741 AM CDT   SUNSET   729 PM CDT


-  INDICATES NEGATIVE NUMBERS.
R  INDICATES RECORD WAS SET OR TIED.
MM INDICATES DATA IS MISSING.
T  INDICATES TRACE AMOUNT.




$$
