000
CDUS43 KBIS 180751
CLIMOT


CLIMATE REPORT
NATIONAL WEATHER SERVICE BISMARCK ND
150 AM CST WED JAN 18 2017


...................................

...THE MINOT ND CLIMATE SUMMARY FOR JANUARY 17 2017...

CLIMATE NORMAL PERIOD 1981 TO 2010
CLIMATE RECORD PERIOD 1897 TO 2017


WEATHER ITEM   OBSERVED TIME   RECORD YEAR NORMAL DEPARTURE LAST
                VALUE   (LST)  VALUE       VALUE  FROM      YEAR
                                                  NORMAL
..................................................................
TEMPERATURE (F)
 YESTERDAY
  MAXIMUM         40   1132 PM  49    1944  21     19        4
  MINIMUM         14    323 AM -31    1943   3     11       -9
  AVERAGE         27                        12     15       -2

PRECIPITATION (IN)
  YESTERDAY        0.00          0.50 1995   0.02  -0.02      T
  MONTH TO DATE    0.05                      0.30  -0.25     0.12
  SINCE DEC 1      0.67                      0.68  -0.01     0.43
  SINCE JAN 1      0.05                      0.30  -0.25     0.12

DEGREE DAYS
 HEATING
  YESTERDAY       38                        53    -15       67
  MONTH TO DATE 1054                       901    153      893
  SINCE DEC 1   2698                      2438    260     2138
  SINCE JUL 1   4213                      4496   -283     3839
..................................................................


WIND (MPH)
  HIGHEST WIND SPEED    26   HIGHEST WIND DIRECTION     W (250)
  HIGHEST GUST SPEED    32   HIGHEST GUST DIRECTION    SW (240)
  AVERAGE WIND SPEED    15.5


SKY COVER
  POSSIBLE SUNSHINE  MM
  AVERAGE SKY COVER 0.0


WEATHER CONDITIONS
 THE FOLLOWING WEATHER WAS RECORDED YESTERDAY.
  HAZE


RELATIVE HUMIDITY (PERCENT)
 HIGHEST    80          1200 AM
 LOWEST     54           300 PM
 AVERAGE    67

..........................................................


THE MINOT ND CLIMATE NORMALS FOR TODAY
                         NORMAL    RECORD    YEAR
 MAXIMUM TEMPERATURE (F)   21        55      1914
 MINIMUM TEMPERATURE (F)    3       -34      1950


SUNRISE AND SUNSET
JANUARY 18 2017.......SUNRISE   828 AM CST   SUNSET   523 PM CST
JANUARY 19 2017.......SUNRISE   828 AM CST   SUNSET   525 PM CST


-  INDICATES NEGATIVE NUMBERS.
R  INDICATES RECORD WAS SET OR TIED.
MM INDICATES DATA IS MISSING.
T  INDICATES TRACE AMOUNT.




$$
