000
CDUS41 KPHI 290729
CLIMPO


CLIMATE REPORT
NATIONAL WEATHER SERVICE MOUNT HOLLY NJ
328 AM EDT FRI MAY 29 2015


...................................

...THE MOUNT POCONO PA CLIMATE SUMMARY FOR MAY 28 2015...

CLIMATE NORMAL PERIOD 1981 TO 2010
CLIMATE RECORD PERIOD 1901 TO 2015


WEATHER ITEM   OBSERVED TIME   RECORD YEAR NORMAL DEPARTURE LAST
                VALUE   (LST)  VALUE       VALUE  FROM      YEAR
                                                  NORMAL
..................................................................
TEMPERATURE (F)
 YESTERDAY
  MAXIMUM         79    325 PM  86    2012  68     11       76
  MINIMUM         53   1040 PM  30    1983  49      4       49
  AVERAGE         66                        58      8       63

PRECIPITATION (IN)
  YESTERDAY        0.00          1.53 2002   0.16  -0.16     0.00
  MONTH TO DATE    0.72                      3.89  -3.17     4.31
  SINCE MAR 1      5.95                     11.74  -5.79    12.37
  SINCE JAN 1      9.30                     17.00  -7.70    18.76

SNOWFALL (IN)
  YESTERDAY       MM            MM      MM  MM     MM       MM
  MONTH TO DATE   MM                        MM     MM       MM
  SINCE MAR 1     MM                        MM     MM       MM
  SINCE JUL 1     MM                        MM     MM       MM
  SNOW DEPTH      MM

DEGREE DAYS
 HEATING
  YESTERDAY        0                         7     -7        2
  MONTH TO DATE  168                       300   -132      226
  SINCE MAR 1   1859                      1871    -12     2000
  SINCE JUL 1   7294                      6994    300     7427

 COOLING
  YESTERDAY        1                         1      0        0
  MONTH TO DATE   46                        10     36        7
  SINCE MAR 1     46                        14     32        7
  SINCE JAN 1     46                        14     32        7
..................................................................


WIND (MPH)
  HIGHEST WIND SPEED    18   HIGHEST WIND DIRECTION    NW (330)
  HIGHEST GUST SPEED    27   HIGHEST GUST DIRECTION    NW (320)
  AVERAGE WIND SPEED     8.6


SKY COVER
  POSSIBLE SUNSHINE  MM
  AVERAGE SKY COVER 0.2


WEATHER CONDITIONS
 THE FOLLOWING WEATHER WAS RECORDED YESTERDAY.
  FOG
  HAZE


RELATIVE HUMIDITY (PERCENT)
 HIGHEST    93           400 AM
 LOWEST     35           300 PM
 AVERAGE    64

..........................................................


THE MOUNT POCONO PA CLIMATE NORMALS FOR TODAY
                         NORMAL    RECORD    YEAR
 MAXIMUM TEMPERATURE (F)   69        89      1911
 MINIMUM TEMPERATURE (F)   49        28      1936


SUNRISE AND SUNSET
MAY 29 2015...........SUNRISE   533 AM EDT   SUNSET   825 PM EDT
MAY 30 2015...........SUNRISE   532 AM EDT   SUNSET   826 PM EDT


-  INDICATES NEGATIVE NUMBERS.
R  INDICATES RECORD WAS SET OR TIED.
MM INDICATES DATA IS MISSING.
T  INDICATES TRACE AMOUNT.




$$
