000
CDUS41 KPHI 310639
CLIMPO


CLIMATE REPORT
NATIONAL WEATHER SERVICE MOUNT HOLLY NJ
239 AM EDT FRI JUL 31 2015


...................................

...THE MOUNT POCONO PA CLIMATE SUMMARY FOR JULY 30 2015...

CLIMATE NORMAL PERIOD 1981 TO 2010
CLIMATE RECORD PERIOD 1901 TO 2015


WEATHER ITEM   OBSERVED TIME   RECORD YEAR NORMAL DEPARTURE LAST
                VALUE   (LST)  VALUE       VALUE  FROM      YEAR
                                                  NORMAL
..................................................................
TEMPERATURE (F)
 YESTERDAY
  MAXIMUM         81    400 PM  90    1954  78      3       72
  MINIMUM         62   1159 PM  42    1968  58      4       45
  AVERAGE         72                        68      4       59

PRECIPITATION (IN)
  YESTERDAY        0.21          1.80 1971   0.21   0.00     0.00
  MONTH TO DATE    3.06                      4.44  -1.38     3.69
  SINCE JUN 1     11.83                      8.82   3.01     7.14
  SINCE JAN 1     22.83                     26.32  -3.49    25.90

SNOWFALL (IN)
  YESTERDAY       MM            MM      MM  MM     MM       MM
  MONTH TO DATE   MM                        MM     MM       MM
  SINCE JUN 1     MM                        MM     MM       MM
  SINCE JUL 1     MM                        MM     MM       MM
  SNOW DEPTH      MM

DEGREE DAYS
 HEATING
  YESTERDAY        0                         1     -1        6
  MONTH TO DATE   13                        30    -17       24
  SINCE JUN 1     97                       130    -33       79
  SINCE JUL 1     13                        30    -17       24

 COOLING
  YESTERDAY        7                         4      3        0
  MONTH TO DATE  124                       119      5      107
  SINCE JUN 1    190                       181      9      167
  SINCE JAN 1    247                       200     47      174
..................................................................


WIND (MPH)
  HIGHEST WIND SPEED    16   HIGHEST WIND DIRECTION     W (290)
  HIGHEST GUST SPEED    20   HIGHEST GUST DIRECTION    NW (300)
  AVERAGE WIND SPEED     6.2


SKY COVER
  POSSIBLE SUNSHINE  MM
  AVERAGE SKY COVER 0.1


WEATHER CONDITIONS
 THE FOLLOWING WEATHER WAS RECORDED YESTERDAY.
  RAIN
  LIGHT RAIN


RELATIVE HUMIDITY (PERCENT)
 HIGHEST    87           900 PM
 LOWEST     54           500 PM
 AVERAGE    71

..........................................................


THE MOUNT POCONO PA CLIMATE NORMALS FOR TODAY
                         NORMAL    RECORD    YEAR
 MAXIMUM TEMPERATURE (F)   78        95      1954
 MINIMUM TEMPERATURE (F)   58        43      1932


SUNRISE AND SUNSET
JULY 31 2015..........SUNRISE   556 AM EDT   SUNSET   819 PM EDT
AUGUST  1 2015........SUNRISE   557 AM EDT   SUNSET   818 PM EDT


-  INDICATES NEGATIVE NUMBERS.
R  INDICATES RECORD WAS SET OR TIED.
MM INDICATES DATA IS MISSING.
T  INDICATES TRACE AMOUNT.




$$
