757
CDUS41 KPHI 230555
CLIMPO


CLIMATE REPORT
NATIONAL WEATHER SERVICE MOUNT HOLLY NJ
1253 AM EST FRI FEB 23 2018


...................................

...THE MOUNT POCONO PA CLIMATE SUMMARY FOR FEBRUARY 22 2018...

CLIMATE NORMAL PERIOD 1981 TO 2010
CLIMATE RECORD PERIOD 1901 TO 2018


WEATHER ITEM   OBSERVED TIME   RECORD YEAR NORMAL DEPARTURE LAST
                VALUE   (LST)  VALUE       VALUE  FROM      YEAR
                                                  NORMAL
..................................................................
TEMPERATURE (F)
 YESTERDAY
  MAXIMUM         39   1233 AM  56    1997  36      3       55
  MINIMUM         29   1148 PM -14    1907  19     10       36
  AVERAGE         34                        27      7       46

PRECIPITATION (IN)
  YESTERDAY        0.40          1.37 1951   0.09   0.31      T
  MONTH TO DATE    3.25                      1.83   1.42     1.27
  SINCE DEC 1      9.41                      8.55   0.86     6.39
  SINCE JAN 1      8.17                      4.68   3.49     4.20

DEGREE DAYS
 HEATING
  YESTERDAY       31                        38     -7       19
  MONTH TO DATE  759                       871   -112      783
  SINCE DEC 1   3359                      3323     36     3084
  SINCE JUL 1   4797                      4902   -105     4477

 COOLING
  YESTERDAY        0                         0      0        0
  MONTH TO DATE    0                         0      0        0
  SINCE DEC 1      0                         0      0        0
  SINCE JAN 1      0                         0      0        0
..................................................................


WIND (MPH)
  HIGHEST WIND SPEED    16   HIGHEST WIND DIRECTION    NW (320)
  HIGHEST GUST SPEED    22   HIGHEST GUST DIRECTION    NW (320)
  AVERAGE WIND SPEED     7.6


SKY COVER
  POSSIBLE SUNSHINE  MM
  AVERAGE SKY COVER 1.0


WEATHER CONDITIONS
 THE FOLLOWING WEATHER WAS RECORDED YESTERDAY.
  RAIN
  LIGHT RAIN
  FOG
  FOG W/VISIBILITY <= 1/4 MILE


RELATIVE HUMIDITY (PERCENT)
 HIGHEST   100           800 AM
 LOWEST     76           400 AM
 AVERAGE    88

..........................................................


THE MOUNT POCONO PA CLIMATE NORMALS FOR TODAY
                         NORMAL    RECORD    YEAR
 MAXIMUM TEMPERATURE (F)   36        63      2017
 MINIMUM TEMPERATURE (F)   19       -13      1908


SUNRISE AND SUNSET
FEBRUARY 23 2018......SUNRISE   645 AM EST   SUNSET   545 PM EST
FEBRUARY 24 2018......SUNRISE   643 AM EST   SUNSET   547 PM EST


-  INDICATES NEGATIVE NUMBERS.
R  INDICATES RECORD WAS SET OR TIED.
MM INDICATES DATA IS MISSING.
T  INDICATES TRACE AMOUNT.




$$
