000
CDUS41 KPHI 232132
CLIMPO


CLIMATE REPORT
NATIONAL WEATHER SERVICE MOUNT HOLLY NJ
530 PM EDT WED JUL 23 2014


...................................

...THE MOUNT POCONO PA CLIMATE SUMMARY FOR JULY 23 2014...
VALID TODAY AS OF 0500 PM LOCAL TIME.

CLIMATE NORMAL PERIOD 1981 TO 2010
CLIMATE RECORD PERIOD 1901 TO 2014


WEATHER ITEM   OBSERVED TIME   RECORD YEAR NORMAL DEPARTURE LAST
                VALUE   (LST)  VALUE       VALUE  FROM      YEAR
                                                  NORMAL
..................................................................
TEMPERATURE (F)
 TODAY
  MAXIMUM         84   1223 PM  91    1955  78      6       79
  MINIMUM         66    521 AM  40    1939  59      7       65
  AVERAGE         75                        68      7       72

PRECIPITATION (IN)
  TODAY            0.15          3.08 2002   0.16  -0.01     0.31
  MONTH TO DATE    2.98                      3.21  -0.23     5.56
  SINCE JUN 1      6.43                      7.59  -1.16    14.75
  SINCE JAN 1     25.19                     25.09   0.10    28.76

SNOWFALL (IN)
  TODAY           MM            MM      MM  MM     MM       MM
  MONTH TO DATE   MM                        MM     MM       MM
  SINCE JUN 1     MM                        MM     MM       MM
  SINCE JUL 1     MM                        MM     MM       MM
  SNOW DEPTH      MM

DEGREE DAYS
 HEATING
  TODAY            0                         1     -1        0
  MONTH TO DATE   10                        23    -13        0
  SINCE JUN 1     65                       123    -58       76
  SINCE JUL 1     10                        23    -13        0

 COOLING
  TODAY           10                         4      6        7
  MONTH TO DATE  100                        91      9      225
  SINCE JUN 1    160                       153      7      306
  SINCE JAN 1    167                       172     -5      338
..................................................................


WIND (MPH)
  HIGHEST WIND SPEED    15   HIGHEST WIND DIRECTION     W (260)
  HIGHEST GUST SPEED    27   HIGHEST GUST DIRECTION     W (270)
  AVERAGE WIND SPEED     9.1


SKY COVER
  POSSIBLE SUNSHINE  MM
  AVERAGE SKY COVER 0.4


WEATHER CONDITIONS
 THE FOLLOWING WEATHER WAS RECORDED TODAY.
  THUNDERSTORM
  RAIN
  FOG
  HAZE


RELATIVE HUMIDITY (PERCENT)
 HIGHEST    93           300 AM
 LOWEST     58          1100 AM
 AVERAGE    76

..........................................................


THE MOUNT POCONO PA CLIMATE NORMALS FOR TOMORROW
                         NORMAL    RECORD    YEAR
 MAXIMUM TEMPERATURE (F)   78        91      1914
 MINIMUM TEMPERATURE (F)   59        40      1953


SUNRISE AND SUNSET
JULY 23 2014..........SUNRISE   549 AM EDT   SUNSET   827 PM EDT
JULY 24 2014..........SUNRISE   550 AM EDT   SUNSET   826 PM EDT


-  INDICATES NEGATIVE NUMBERS.
R  INDICATES RECORD WAS SET OR TIED.
MM INDICATES DATA IS MISSING.
T  INDICATES TRACE AMOUNT.




$$
