000
CDUS41 KPHI 240544
CLIMPO


CLIMATE REPORT
NATIONAL WEATHER SERVICE MOUNT HOLLY NJ
144 AM EDT SUN SEP 24 2017


...................................

...THE MOUNT POCONO PA CLIMATE SUMMARY FOR SEPTEMBER 23 2017...

CLIMATE NORMAL PERIOD 1981 TO 2010
CLIMATE RECORD PERIOD 1901 TO 2017


WEATHER ITEM   OBSERVED TIME   RECORD YEAR NORMAL DEPARTURE LAST
                VALUE   (LST)  VALUE       VALUE  FROM      YEAR
                                                  NORMAL
..................................................................
TEMPERATURE (F)
 YESTERDAY
  MAXIMUM         82    303 PM  88    1908  65     17       80
  MINIMUM         51    605 AM  26    1904  47      4       47
  AVERAGE         67                        56     11       64

PRECIPITATION (IN)
  YESTERDAY        0.00          3.06 2011   0.19  -0.19      T
  MONTH TO DATE    2.76                      3.92  -1.16     1.23
  SINCE SEP 1      2.76                      3.92  -1.16     1.23
  SINCE JAN 1     33.37                     34.90  -1.53    30.82

DEGREE DAYS
 HEATING
  YESTERDAY        0                         9     -9        1
  MONTH TO DATE  112                       129    -17       57
  SINCE SEP 1    112                       129    -17       57
  SINCE JUL 1    210                       192     18       89

 COOLING
  YESTERDAY        2                         0      2        0
  MONTH TO DATE   23                        13     10       51
  SINCE SEP 1     23                        13     10       51
  SINCE JAN 1    252                       309    -57      397
..................................................................


WIND (MPH)
  HIGHEST WIND SPEED    13   HIGHEST WIND DIRECTION    NW (330)
  HIGHEST GUST SPEED    18   HIGHEST GUST DIRECTION    NW (320)
  AVERAGE WIND SPEED     5.5


SKY COVER
  POSSIBLE SUNSHINE  MM
  AVERAGE SKY COVER 0.0


WEATHER CONDITIONS
 THE FOLLOWING WEATHER WAS RECORDED YESTERDAY.
  NO SIGNIFICANT WEATHER WAS OBSERVED.


RELATIVE HUMIDITY (PERCENT)
 HIGHEST   100          1000 PM
 LOWEST     36           100 PM
 AVERAGE    68

..........................................................


THE MOUNT POCONO PA CLIMATE NORMALS FOR TODAY
                         NORMAL    RECORD    YEAR
 MAXIMUM TEMPERATURE (F)   64        85      2010
 MINIMUM TEMPERATURE (F)   47        22      1963


SUNRISE AND SUNSET
SEPTEMBER 24 2017.....SUNRISE   651 AM EDT   SUNSET   655 PM EDT
SEPTEMBER 25 2017.....SUNRISE   652 AM EDT   SUNSET   653 PM EDT


-  INDICATES NEGATIVE NUMBERS.
R  INDICATES RECORD WAS SET OR TIED.
MM INDICATES DATA IS MISSING.
T  INDICATES TRACE AMOUNT.




$$
