000
CDUS41 KPHI 010629
CLIMPO


CLIMATE REPORT
NATIONAL WEATHER SERVICE MOUNT HOLLY NJ
229 AM EDT SUN MAY 1 2016


...................................

...THE MOUNT POCONO PA CLIMATE SUMMARY FOR APRIL 30 2016...

CLIMATE NORMAL PERIOD 1981 TO 2010
CLIMATE RECORD PERIOD 1901 TO 2016


WEATHER ITEM   OBSERVED TIME   RECORD YEAR NORMAL DEPARTURE LAST
                VALUE   (LST)  VALUE       VALUE  FROM      YEAR
                                                  NORMAL
..................................................................
TEMPERATURE (F)
 YESTERDAY
  MAXIMUM         51    227 PM  82    1942  61    -10       64
  MINIMUM         34    418 AM  24    1914  40     -6       43
  AVERAGE         43                        51     -8       54

PRECIPITATION (IN)
  YESTERDAY        0.00          2.60 2014   0.12  -0.12     0.00
  MONTH TO DATE    2.55                      4.02  -1.47     3.14
  SINCE MAR 1      3.54                      7.85  -4.31     5.23
  SINCE JAN 1     11.52                     13.11  -1.59     8.58

SNOWFALL (IN)
  YESTERDAY       MM            MM      MM  MM     MM       MM
  MONTH TO DATE   MM                        MM     MM       MM
  SINCE MAR 1     MM                        MM     MM       MM
  SINCE JUL 1     MM                        MM     MM       MM
  SNOW DEPTH      MM

DEGREE DAYS
 HEATING
  YESTERDAY       22                        15      7       11
  MONTH TO DATE  627                       596     31      565
  SINCE MAR 1   1373                      1571   -198     1691
  SINCE JUL 1   5658                      6694  -1036     7126

 COOLING
  YESTERDAY        0                         0      0        0
  MONTH TO DATE    0                         4     -4        0
  SINCE MAR 1      0                         4     -4        0
  SINCE JAN 1      0                         4     -4        0
..................................................................


WIND (MPH)
  HIGHEST WIND SPEED    13   HIGHEST WIND DIRECTION     S (160)
  HIGHEST GUST SPEED    16   HIGHEST GUST DIRECTION     S (180)
  AVERAGE WIND SPEED     3.7


SKY COVER
  POSSIBLE SUNSHINE  MM
  AVERAGE SKY COVER 0.9


WEATHER CONDITIONS
 THE FOLLOWING WEATHER WAS RECORDED YESTERDAY.
  FOG


RELATIVE HUMIDITY (PERCENT)
 HIGHEST    92           200 AM
 LOWEST     61           200 PM
 AVERAGE    77

..........................................................


THE MOUNT POCONO PA CLIMATE NORMALS FOR TODAY
                         NORMAL    RECORD    YEAR
 MAXIMUM TEMPERATURE (F)   61        85      2010
 MINIMUM TEMPERATURE (F)   41        18      1914


SUNRISE AND SUNSET
MAY  1 2016...........SUNRISE   559 AM EDT   SUNSET   759 PM EDT
MAY  2 2016...........SUNRISE   557 AM EDT   SUNSET   800 PM EDT


-  INDICATES NEGATIVE NUMBERS.
R  INDICATES RECORD WAS SET OR TIED.
MM INDICATES DATA IS MISSING.
T  INDICATES TRACE AMOUNT.




$$
