454
CDUS41 KPHI 010632
CLIMPO


CLIMATE REPORT
NATIONAL WEATHER SERVICE MOUNT HOLLY NJ
130 AM EST WED MAR 1 2017


...................................

...THE MOUNT POCONO PA CLIMATE SUMMARY FOR FEBRUARY 28 2017...

CLIMATE NORMAL PERIOD 1981 TO 2010
CLIMATE RECORD PERIOD 1901 TO 2017


WEATHER ITEM   OBSERVED TIME   RECORD YEAR NORMAL DEPARTURE LAST
                VALUE   (LST)  VALUE       VALUE  FROM      YEAR
                                                  NORMAL
..................................................................
TEMPERATURE (F)
 YESTERDAY
  MAXIMUM         57   1246 PM  64    1997  37     20       53
  MINIMUM         36   1250 AM -15    1907  20     16       30
  AVERAGE         47                        29     18       42

PRECIPITATION (IN)
  YESTERDAY        0.00          2.10 1902   0.11  -0.11     0.00
  MONTH TO DATE    2.03                      2.41  -0.38     4.70
  SINCE DEC 1      7.15                      9.13  -1.98    11.76
  SINCE JAN 1      4.96                      5.26  -0.30     7.93

DEGREE DAYS
 HEATING
  YESTERDAY       18                        36    -18       23
  MONTH TO DATE  909                      1092   -183     1032
  SINCE DEC 1   3210                      3544   -334     2996
  SINCE JUL 1   4603                      5123   -520     4263

 COOLING
  YESTERDAY        0                         0      0        0
  MONTH TO DATE    0                         0      0        0
  SINCE DEC 1      0                         0      0        0
  SINCE JAN 1      0                         0      0        0
..................................................................


WIND (MPH)
  HIGHEST WIND SPEED    17   HIGHEST WIND DIRECTION     S (180)
  HIGHEST GUST SPEED    22   HIGHEST GUST DIRECTION     S (180)
  AVERAGE WIND SPEED     7.7


SKY COVER
  POSSIBLE SUNSHINE  MM
  AVERAGE SKY COVER 0.7


WEATHER CONDITIONS
 THE FOLLOWING WEATHER WAS RECORDED YESTERDAY.
  NO SIGNIFICANT WEATHER WAS OBSERVED.


RELATIVE HUMIDITY (PERCENT)
 HIGHEST    86          1100 PM
 LOWEST     41           200 PM
 AVERAGE    64

..........................................................


THE MOUNT POCONO PA CLIMATE NORMALS FOR TODAY
                         NORMAL    RECORD    YEAR
 MAXIMUM TEMPERATURE (F)   37        67      1972
 MINIMUM TEMPERATURE (F)   21        -5      1980


SUNRISE AND SUNSET
MARCH  1 2017.........SUNRISE   635 AM EST   SUNSET   553 PM EST
MARCH  2 2017.........SUNRISE   634 AM EST   SUNSET   554 PM EST


-  INDICATES NEGATIVE NUMBERS.
R  INDICATES RECORD WAS SET OR TIED.
MM INDICATES DATA IS MISSING.
T  INDICATES TRACE AMOUNT.




$$
