000
CDUS41 KPHI 230630
CLIMPO


CLIMATE REPORT
NATIONAL WEATHER SERVICE MOUNT HOLLY NJ
128 AM EST SUN NOV 23 2014


...................................

...THE MOUNT POCONO PA CLIMATE SUMMARY FOR NOVEMBER 22 2014...

CLIMATE NORMAL PERIOD 1981 TO 2010
CLIMATE RECORD PERIOD 1901 TO 2014


WEATHER ITEM   OBSERVED TIME   RECORD YEAR NORMAL DEPARTURE LAST
                VALUE   (LST)  VALUE       VALUE  FROM      YEAR
                                                  NORMAL
..................................................................
TEMPERATURE (F)
 YESTERDAY
  MAXIMUM         40   1159 PM  66    1931  43     -3       48
  MINIMUM         14    537 AM   5    1969  30    -16       40
  AVERAGE         27                        36     -9       44

PRECIPITATION (IN)
  YESTERDAY        T             2.83 1952   0.15  -0.15     0.02
  MONTH TO DATE    0.72                      3.19  -2.47     1.15
  SINCE SEP 1      7.22                     12.51  -5.29     4.30
  SINCE JAN 1     35.64                     43.49  -7.85    39.95

SNOWFALL (IN)
  YESTERDAY       MM            MM      MM  MM     MM       MM
  MONTH TO DATE   MM                        MM     MM       MM
  SINCE SEP 1     MM                        MM     MM       MM
  SINCE JUL 1     MM                        MM     MM       MM
  SNOW DEPTH      MM

DEGREE DAYS
 HEATING
  YESTERDAY       38                        29      9       21
  MONTH TO DATE  652                       546    106      553
  SINCE SEP 1   1251                      1271    -20     1220
  SINCE JUL 1   1327                      1334     -7     1284

 COOLING
  YESTERDAY        0                         0      0        0
  MONTH TO DATE    0                         0      0        0
  SINCE SEP 1     35                        18     17       48
  SINCE JAN 1    253                       314    -61      467
..................................................................


WIND (MPH)
  HIGHEST WIND SPEED    17   HIGHEST WIND DIRECTION     W (250)
  HIGHEST GUST SPEED    25   HIGHEST GUST DIRECTION     W (270)
  AVERAGE WIND SPEED    10.3


SKY COVER
  POSSIBLE SUNSHINE  MM
  AVERAGE SKY COVER 0.3


WEATHER CONDITIONS
 THE FOLLOWING WEATHER WAS RECORDED YESTERDAY.
  LIGHT RAIN


RELATIVE HUMIDITY (PERCENT)
 HIGHEST    73           100 AM
 LOWEST     27          1200 PM
 AVERAGE    50

..........................................................


THE MOUNT POCONO PA CLIMATE NORMALS FOR TODAY
                         NORMAL    RECORD    YEAR
 MAXIMUM TEMPERATURE (F)   43        70      1931
 MINIMUM TEMPERATURE (F)   29         6      2000
                                             1964


SUNRISE AND SUNSET
NOVEMBER 23 2014......SUNRISE   659 AM EST   SUNSET   437 PM EST
NOVEMBER 24 2014......SUNRISE   700 AM EST   SUNSET   436 PM EST


-  INDICATES NEGATIVE NUMBERS.
R  INDICATES RECORD WAS SET OR TIED.
MM INDICATES DATA IS MISSING.
T  INDICATES TRACE AMOUNT.




$$
