000
CDUS41 KBTV 240603
CLIMPV


CLIMATE REPORT
NATIONAL WEATHER SERVICE BURLINGTON VT
201 AM EDT SUN MAY 24 2015


...................................

...THE MONTPELIER VT CLIMATE SUMMARY FOR MAY 23 2015...

CLIMATE NORMAL PERIOD 1981 TO 2010
CLIMATE RECORD PERIOD 1948 TO 2015


WEATHER ITEM   OBSERVED TIME   RECORD YEAR NORMAL DEPARTURE LAST
                VALUE   (LST)  VALUE       VALUE  FROM      YEAR
                                                  NORMAL
..................................................................
TEMPERATURE (F)
 YESTERDAY
  MAXIMUM         58        MM  88    1975  68    -10       59
  MINIMUM         33        MM  28    1990  44    -11       51
  AVERAGE         46                        56    -10       55

PRECIPITATION (IN)
  YESTERDAY        T             0.62        0.11  -0.11     0.39
  MONTH TO DATE    2.01                      2.43  -0.42     2.62
  SINCE MAR 1      4.91                      7.48  -2.57     7.77
  SINCE JAN 1      7.78                     11.97  -4.19    12.08

DEGREE DAYS
 HEATING
  YESTERDAY       19                         9     10       10
  MONTH TO DATE  201                       290    -89      264
  SINCE MAR 1   2275                      2086    189     2443
  SINCE JUL 1   8613                      7994    619     8608

 COOLING
  YESTERDAY        0                         0      0        0
  MONTH TO DATE    9                         0      9        1
  SINCE MAR 1      9                         1      8        1
  SINCE JAN 1      9                         1      8        1
..................................................................


WIND (MPH)
  HIGHEST WIND SPEED    20   HIGHEST WIND DIRECTION    NW (300)
  HIGHEST GUST SPEED    31   HIGHEST GUST DIRECTION    NW (300)
  AVERAGE WIND SPEED    10.2


SKY COVER
  AVERAGE SKY COVER 0.2


WEATHER CONDITIONS
 THE FOLLOWING WEATHER WAS RECORDED YESTERDAY.
  NO SIGNIFICANT WEATHER WAS OBSERVED.


RELATIVE HUMIDITY (PERCENT)
 HIGHEST    61           500 AM
 LOWEST     24           500 PM
 AVERAGE    43

..........................................................


THE MONTPELIER VT CLIMATE NORMALS FOR TODAY
                         NORMAL    RECORD    YEAR
 MAXIMUM TEMPERATURE (F)   68        86      2007
                                             1964
 MINIMUM TEMPERATURE (F)   45        27      1956


SUNRISE AND SUNSET
MAY 24 2015...........SUNRISE   515 AM EDT   SUNSET   819 PM EDT
MAY 25 2015...........SUNRISE   515 AM EDT   SUNSET   820 PM EDT


-  INDICATES NEGATIVE NUMBERS.
R  INDICATES RECORD WAS SET OR TIED.
MM INDICATES DATA IS MISSING.
T  INDICATES TRACE AMOUNT.




$$
