000
CDUS41 KBTV 220613
CLIMPV


CLIMATE REPORT
NATIONAL WEATHER SERVICE BURLINGTON VT
211 AM EDT FRI SEP 22 2017


...................................

...THE MONTPELIER VT CLIMATE SUMMARY FOR SEPTEMBER 21 2017...

CLIMATE NORMAL PERIOD 1981 TO 2010
CLIMATE RECORD PERIOD 1948 TO 2017


WEATHER ITEM   OBSERVED TIME   RECORD YEAR NORMAL DEPARTURE LAST
                VALUE   (LST)  VALUE       VALUE  FROM      YEAR
                                                  NORMAL
..................................................................
TEMPERATURE (F)
 YESTERDAY
  MAXIMUM         78    158 PM  84    1978  67     11       75
  MINIMUM         50   1158 PM  28    1966  44      6       50
  AVERAGE         64                        55      9       63

PRECIPITATION (IN)
  YESTERDAY        0.00          1.04        0.12  -0.12     0.00
  MONTH TO DATE    2.47                      2.06   0.41     1.44
  SINCE SEP 1      2.47                      2.06   0.41     1.44
  SINCE JAN 1     34.09                     26.86   7.23    26.00

DEGREE DAYS
 HEATING
  YESTERDAY        1                        10     -9        2
  MONTH TO DATE  111                       139    -28       59
  SINCE SEP 1    111                       139    -28       59
  SINCE JUL 1    257                       247     10      113

 COOLING
  YESTERDAY        0                         0      0        0
  MONTH TO DATE   18                        16      2       28
  SINCE SEP 1     18                        16      2       28
  SINCE JAN 1    214                       260    -46      300
..................................................................


WIND (MPH)
  HIGHEST WIND SPEED    13   HIGHEST WIND DIRECTION    NE (40)
  HIGHEST GUST SPEED    18   HIGHEST GUST DIRECTION     N (10)
  AVERAGE WIND SPEED     1.6


SKY COVER
  AVERAGE SKY COVER 0.3


WEATHER CONDITIONS
 THE FOLLOWING WEATHER WAS RECORDED YESTERDAY.
  FOG
  FOG W/VISIBILITY <= 1/4 MILE


RELATIVE HUMIDITY (PERCENT)
 HIGHEST   100          1200 AM
 LOWEST     46           300 PM
 AVERAGE    73

..........................................................


THE MONTPELIER VT CLIMATE NORMALS FOR TODAY
                         NORMAL    RECORD    YEAR
 MAXIMUM TEMPERATURE (F)   66        87      1965
 MINIMUM TEMPERATURE (F)   44        29      1973


SUNRISE AND SUNSET
SEPTEMBER 22 2017.....SUNRISE   638 AM EDT   SUNSET   647 PM EDT
SEPTEMBER 23 2017.....SUNRISE   639 AM EDT   SUNSET   645 PM EDT


-  INDICATES NEGATIVE NUMBERS.
R  INDICATES RECORD WAS SET OR TIED.
MM INDICATES DATA IS MISSING.
T  INDICATES TRACE AMOUNT.




$$
