000
CDUS41 KBTV 100540
CLIMPV


CLIMATE REPORT
NATIONAL WEATHER SERVICE BURLINGTON VT
139 AM EDT THU JUL 10 2014


...................................

...THE MONTPELIER VT CLIMATE SUMMARY FOR JULY 9 2014...

CLIMATE NORMAL PERIOD 1981 TO 2010
CLIMATE RECORD PERIOD 1948 TO 2014


WEATHER ITEM   OBSERVED TIME   RECORD YEAR NORMAL DEPARTURE LAST
                VALUE   (LST)  VALUE       VALUE  FROM      YEAR
                                                  NORMAL
..................................................................
TEMPERATURE (F)
 YESTERDAY
  MAXIMUM         78    225 PM  94    1988  79     -1       82
  MINIMUM         62   1052 PM  42    1969  56      6       66
  AVERAGE         70                        67      3       74

PRECIPITATION (IN)
  YESTERDAY        0.03          2.19        0.13  -0.10     0.00
  MONTH TO DATE    0.70                      1.07  -0.37     3.22
  SINCE JUN 1      4.72                      4.87  -0.15    11.57
  SINCE JAN 1     17.32                     17.78  -0.46    20.84

DEGREE DAYS
 COOLING
  YESTERDAY        5                         3      2        9
  MONTH TO DATE   58                        27     31       64
  SINCE JUN 1     88                        80      8      132
  SINCE JAN 1     89                        90     -1      143
..................................................................


WIND (MPH)
  HIGHEST WIND SPEED    20   HIGHEST WIND DIRECTION    SW (220)
  HIGHEST GUST SPEED    27   HIGHEST GUST DIRECTION    SW (210)
  AVERAGE WIND SPEED     8.9


SKY COVER
  AVERAGE SKY COVER 0.4


WEATHER CONDITIONS
 THE FOLLOWING WEATHER WAS RECORDED YESTERDAY.
  THUNDERSTORM
  LIGHT RAIN
  FOG


RELATIVE HUMIDITY (PERCENT)
 HIGHEST    93          1200 AM
 LOWEST     47           200 PM
 AVERAGE    70

..........................................................


THE MONTPELIER VT CLIMATE NORMALS FOR TODAY
                         NORMAL    RECORD    YEAR
 MAXIMUM TEMPERATURE (F)   79        92      1955
 MINIMUM TEMPERATURE (F)   56        41      1954


SUNRISE AND SUNSET
JULY 10 2014..........SUNRISE   516 AM EDT   SUNSET   834 PM EDT
JULY 11 2014..........SUNRISE   517 AM EDT   SUNSET   834 PM EDT


-  INDICATES NEGATIVE NUMBERS.
R  INDICATES RECORD WAS SET OR TIED.
MM INDICATES DATA IS MISSING.
T  INDICATES TRACE AMOUNT.




$$
