000
CDUS41 KBTV 270545
CLIMPV


CLIMATE REPORT
NATIONAL WEATHER SERVICE BURLINGTON VT
135 AM EDT FRI MAY 27 2016


...................................

...THE MONTPELIER VT CLIMATE SUMMARY FOR MAY 26 2016...

CLIMATE NORMAL PERIOD 1981 TO 2010
CLIMATE RECORD PERIOD 1948 TO 2016


WEATHER ITEM   OBSERVED TIME   RECORD YEAR NORMAL DEPARTURE LAST
                VALUE   (LST)  VALUE       VALUE  FROM      YEAR
                                                  NORMAL
..................................................................
TEMPERATURE (F)
 YESTERDAY
  MAXIMUM         80    425 PM  87    2010  69     11       83
  MINIMUM         51    448 AM  27    1956  45      6       59
  AVERAGE         66                        57      9       71

PRECIPITATION (IN)
  YESTERDAY        0.00          3.83        0.12  -0.12      T
  MONTH TO DATE    2.18                      2.79  -0.61     2.09
  SINCE MAR 1      6.95                      7.84  -0.89     4.99
  SINCE JAN 1     12.12                     12.33  -0.21     7.86

DEGREE DAYS
 HEATING
  YESTERDAY        0                         9     -9        0
  MONTH TO DATE  347                       317     30      204
  SINCE MAR 1   2108                      2113     -5     2278
  SINCE JUL 1   7262                      8021   -759     8616

 COOLING
  YESTERDAY        1                         1      0        6
  MONTH TO DATE    1                         2     -1       15
  SINCE MAR 1      1                         3     -2       15
  SINCE JAN 1      1                         3     -2       15
..................................................................


WIND (MPH)
  HIGHEST WIND SPEED     7   HIGHEST WIND DIRECTION    NE (60)
  HIGHEST GUST SPEED    11   HIGHEST GUST DIRECTION     E (70)
  AVERAGE WIND SPEED     2.5


SKY COVER
  AVERAGE SKY COVER 0.2


WEATHER CONDITIONS
 THE FOLLOWING WEATHER WAS RECORDED YESTERDAY.
  FOG
  HAZE


RELATIVE HUMIDITY (PERCENT)
 HIGHEST    96           500 AM
 LOWEST     39           200 PM
 AVERAGE    68

..........................................................


THE MONTPELIER VT CLIMATE NORMALS FOR TODAY
                         NORMAL    RECORD    YEAR
 MAXIMUM TEMPERATURE (F)   69        88      1960
 MINIMUM TEMPERATURE (F)   45        27      1969


SUNRISE AND SUNSET
MAY 27 2016...........SUNRISE   512 AM EDT   SUNSET   823 PM EDT
MAY 28 2016...........SUNRISE   512 AM EDT   SUNSET   824 PM EDT


-  INDICATES NEGATIVE NUMBERS.
R  INDICATES RECORD WAS SET OR TIED.
MM INDICATES DATA IS MISSING.
T  INDICATES TRACE AMOUNT.




$$
