000
CDUS41 KBTV 030534
CLIMPV


CLIMATE REPORT
NATIONAL WEATHER SERVICE BURLINGTON VT
129 AM EDT TUE MAY 3 2016


...................................

...THE MONTPELIER VT CLIMATE SUMMARY FOR MAY 2 2016...

CLIMATE NORMAL PERIOD 1981 TO 2010
CLIMATE RECORD PERIOD 1948 TO 2016


WEATHER ITEM   OBSERVED TIME   RECORD YEAR NORMAL DEPARTURE LAST
                VALUE   (LST)  VALUE       VALUE  FROM      YEAR
                                                  NORMAL
..................................................................
TEMPERATURE (F)
 YESTERDAY
  MAXIMUM         45    552 PM  85    2001  61    -16       70
  MINIMUM         38    549 AM  25    1956  37      1       35
  AVERAGE         42                        49     -7       53

PRECIPITATION (IN)
  YESTERDAY        0.52          1.17        0.10   0.42     0.00
  MONTH TO DATE    0.88                      0.20   0.68     0.00
  SINCE MAR 1      5.65                      5.25   0.40     2.90
  SINCE JAN 1     10.82                      9.74   1.08     5.77

DEGREE DAYS
 HEATING
  YESTERDAY       23                        16      7       12
  MONTH TO DATE   43                        32     11       27
  SINCE MAR 1   1804                      1828    -24     2101
  SINCE JUL 1   6958                      7736   -778     8439

 COOLING
  YESTERDAY        0                         0      0        0
  MONTH TO DATE    0                         0      0        0
  SINCE MAR 1      0                         1     -1        0
  SINCE JAN 1      0                         1     -1        0
..................................................................


WIND (MPH)
  HIGHEST WIND SPEED    12   HIGHEST WIND DIRECTION     W (290)
  HIGHEST GUST SPEED    16   HIGHEST GUST DIRECTION    NW (300)
  AVERAGE WIND SPEED     4.9


SKY COVER
  AVERAGE SKY COVER 1.0


WEATHER CONDITIONS
 THE FOLLOWING WEATHER WAS RECORDED YESTERDAY.
  HEAVY RAIN
  RAIN
  LIGHT RAIN
  FOG


RELATIVE HUMIDITY (PERCENT)
 HIGHEST   100           300 PM
 LOWEST     85           200 AM
 AVERAGE    93

..........................................................


THE MONTPELIER VT CLIMATE NORMALS FOR TODAY
                         NORMAL    RECORD    YEAR
 MAXIMUM TEMPERATURE (F)   62        85      2001
 MINIMUM TEMPERATURE (F)   38        20      1966


SUNRISE AND SUNSET
MAY  3 2016...........SUNRISE   538 AM EDT   SUNSET   757 PM EDT
MAY  4 2016...........SUNRISE   537 AM EDT   SUNSET   758 PM EDT


-  INDICATES NEGATIVE NUMBERS.
R  INDICATES RECORD WAS SET OR TIED.
MM INDICATES DATA IS MISSING.
T  INDICATES TRACE AMOUNT.




$$
