000
CDUS41 KBTV 210526
CLIMPV


CLIMATE REPORT
NATIONAL WEATHER SERVICE BURLINGTON VT
125 AM EDT SUN SEP 21 2014


...................................

...THE MONTPELIER VT CLIMATE SUMMARY FOR SEPTEMBER 20 2014...

CLIMATE NORMAL PERIOD 1981 TO 2010
CLIMATE RECORD PERIOD 1948 TO 2014


WEATHER ITEM   OBSERVED TIME   RECORD YEAR NORMAL DEPARTURE LAST
                VALUE   (LST)  VALUE       VALUE  FROM      YEAR
                                                  NORMAL
..................................................................
TEMPERATURE (F)
 YESTERDAY
  MAXIMUM         60   1159 PM  85    1983  67     -7       76
  MINIMUM         41    414 AM  29    1964  45     -4       44
  AVERAGE         51                        56     -5       60

PRECIPITATION (IN)
  YESTERDAY        0.00          1.19        0.11  -0.11     0.00
  MONTH TO DATE    1.47                      1.94  -0.47     3.64
  SINCE SEP 1      1.47                      1.94  -0.47     3.64
  SINCE JAN 1     26.56                     26.74  -0.18    28.93

DEGREE DAYS
 HEATING
  YESTERDAY       14                        10      4        5
  MONTH TO DATE  201                       129     72      170
  SINCE SEP 1    201                       129     72      170
  SINCE JUL 1    314                       237     77      263

 COOLING
  YESTERDAY        0                         0      0        0
  MONTH TO DATE   20                        16      4       29
  SINCE SEP 1     20                        16      4       29
  SINCE JAN 1    186                       260    -74      323
..................................................................


WIND (MPH)
  HIGHEST WIND SPEED    18   HIGHEST WIND DIRECTION     S (180)
  HIGHEST GUST SPEED    24   HIGHEST GUST DIRECTION     S (180)
  AVERAGE WIND SPEED     8.5


SKY COVER
  AVERAGE SKY COVER 0.8


WEATHER CONDITIONS
 THE FOLLOWING WEATHER WAS RECORDED YESTERDAY.
  NO SIGNIFICANT WEATHER WAS OBSERVED.


RELATIVE HUMIDITY (PERCENT)
 HIGHEST    93           800 PM
 LOWEST     76          1200 AM
 AVERAGE    85

..........................................................


THE MONTPELIER VT CLIMATE NORMALS FOR TODAY
                         NORMAL    RECORD    YEAR
 MAXIMUM TEMPERATURE (F)   67        84      1978
 MINIMUM TEMPERATURE (F)   44        28      1966


SUNRISE AND SUNSET
SEPTEMBER 21 2014.....SUNRISE   636 AM EDT   SUNSET   650 PM EDT
SEPTEMBER 22 2014.....SUNRISE   637 AM EDT   SUNSET   648 PM EDT


-  INDICATES NEGATIVE NUMBERS.
R  INDICATES RECORD WAS SET OR TIED.
MM INDICATES DATA IS MISSING.
T  INDICATES TRACE AMOUNT.




$$
