622
CDUS41 KBTV 230615
CLIMPV


CLIMATE REPORT
NATIONAL WEATHER SERVICE BURLINGTON VT
103 AM EST THU FEB 23 2017


...................................

...THE MONTPELIER VT CLIMATE SUMMARY FOR FEBRUARY 22 2017...

CLIMATE NORMAL PERIOD 1981 TO 2010
CLIMATE RECORD PERIOD 1948 TO 2017


WEATHER ITEM   OBSERVED TIME   RECORD YEAR NORMAL DEPARTURE LAST
                VALUE   (LST)  VALUE       VALUE  FROM      YEAR
                                                  NORMAL
..................................................................
TEMPERATURE (F)
 YESTERDAY
  MAXIMUM         53        MM  61    1997  32     21       24
  MINIMUM         32        MM -11    1963  11     21        9
  AVERAGE         43                        22     21       17

PRECIPITATION (IN)
  YESTERDAY        0.00          1.79        0.07  -0.07     0.00
  MONTH TO DATE    1.47                      1.61  -0.14     1.48
  SINCE DEC 1      5.83                      6.80  -0.97     6.43
  SINCE JAN 1      3.24                      4.06  -0.82     2.74

DEGREE DAYS
 HEATING
  YESTERDAY       22                        43    -21       48
  MONTH TO DATE  933                      1007    -74      960
  SINCE DEC 1   3480                      3806   -326     3264
  SINCE JUL 1   5069                      5652   -583     4907

 COOLING
  YESTERDAY        0                         0      0        0
  MONTH TO DATE    0                         0      0        0
  SINCE DEC 1      0                         0      0        0
  SINCE JAN 1      0                         0      0        0
..................................................................


WIND (MPH)
  HIGHEST WIND SPEED     7   HIGHEST WIND DIRECTION     E (110)
  HIGHEST GUST SPEED    MM   HIGHEST GUST DIRECTION    MM
  AVERAGE WIND SPEED     2.2


SKY COVER
  AVERAGE SKY COVER 0.5


WEATHER CONDITIONS
 THE FOLLOWING WEATHER WAS RECORDED YESTERDAY.
  NO SIGNIFICANT WEATHER WAS OBSERVED.


RELATIVE HUMIDITY (PERCENT)
 HIGHEST    96          1000 PM
 LOWEST     50           300 PM
 AVERAGE    73

..........................................................


THE MONTPELIER VT CLIMATE NORMALS FOR TODAY
                         NORMAL    RECORD    YEAR
 MAXIMUM TEMPERATURE (F)   32        58      1990
 MINIMUM TEMPERATURE (F)   11       -18      2015


SUNRISE AND SUNSET
FEBRUARY 23 2017......SUNRISE   637 AM EST   SUNSET   531 PM EST
FEBRUARY 24 2017......SUNRISE   635 AM EST   SUNSET   532 PM EST


-  INDICATES NEGATIVE NUMBERS.
R  INDICATES RECORD WAS SET OR TIED.
MM INDICATES DATA IS MISSING.
T  INDICATES TRACE AMOUNT.




$$
