000
CDUS41 KBTV 230523
CLIMPV


CLIMATE REPORT
NATIONAL WEATHER SERVICE BURLINGTON VT
120 AM EDT SUN JUL 23 2017


...................................

...THE MONTPELIER VT CLIMATE SUMMARY FOR JULY 22 2017...

CLIMATE NORMAL PERIOD 1981 TO 2010
CLIMATE RECORD PERIOD 1948 TO 2017


WEATHER ITEM   OBSERVED TIME   RECORD YEAR NORMAL DEPARTURE LAST
                VALUE   (LST)  VALUE       VALUE  FROM      YEAR
                                                  NORMAL
..................................................................
TEMPERATURE (F)
 YESTERDAY
  MAXIMUM         79    213 PM  95    1955  79      0       87
  MINIMUM         57    455 AM  42    1992  56      1       65
  AVERAGE         68                        67      1       76

PRECIPITATION (IN)
  YESTERDAY        0.00          1.13        0.15  -0.15     0.35
  MONTH TO DATE    3.73                      2.77   0.96     3.63
  SINCE JUN 1     12.33                      6.57   5.76     6.31
  SINCE JAN 1     27.53                     19.48   8.05    18.59

DEGREE DAYS
 HEATING
  YESTERDAY        0                         1     -1        0
  MONTH TO DATE   16                        28    -12       29
  SINCE JUN 1    162                       149     13      161
  SINCE JUL 1     16                        28    -12       29

 COOLING
  YESTERDAY        3                         3      0       11
  MONTH TO DATE   65                        70     -5       72
  SINCE JUN 1    130                       123      7      104
  SINCE JAN 1    147                       133     14      133
..................................................................


WIND (MPH)
  HIGHEST WIND SPEED    12   HIGHEST WIND DIRECTION     N (340)
  HIGHEST GUST SPEED    15   HIGHEST GUST DIRECTION     N (350)
  AVERAGE WIND SPEED     4.3


SKY COVER
  AVERAGE SKY COVER 0.3


WEATHER CONDITIONS
 THE FOLLOWING WEATHER WAS RECORDED YESTERDAY.
  FOG


RELATIVE HUMIDITY (PERCENT)
 HIGHEST   100           200 AM
 LOWEST     58           200 PM
 AVERAGE    79

..........................................................


THE MONTPELIER VT CLIMATE NORMALS FOR TODAY
                         NORMAL    RECORD    YEAR
 MAXIMUM TEMPERATURE (F)   79        92      1952
 MINIMUM TEMPERATURE (F)   56        41      1981


SUNRISE AND SUNSET
JULY 23 2017..........SUNRISE   529 AM EDT   SUNSET   824 PM EDT
JULY 24 2017..........SUNRISE   530 AM EDT   SUNSET   823 PM EDT


-  INDICATES NEGATIVE NUMBERS.
R  INDICATES RECORD WAS SET OR TIED.
MM INDICATES DATA IS MISSING.
T  INDICATES TRACE AMOUNT.




$$
