000
CDUS41 KBTV 240548
CLIMPV


CLIMATE REPORT
NATIONAL WEATHER SERVICE BURLINGTON VT
147 AM EDT THU JUL 24 2014


...................................

...THE MONTPELIER VT CLIMATE SUMMARY FOR JULY 23 2014...

CLIMATE NORMAL PERIOD 1981 TO 2010
CLIMATE RECORD PERIOD 1948 TO 2014


WEATHER ITEM   OBSERVED TIME   RECORD YEAR NORMAL DEPARTURE LAST
                VALUE   (LST)  VALUE       VALUE  FROM      YEAR
                                                  NORMAL
..................................................................
TEMPERATURE (F)
 YESTERDAY
  MAXIMUM         86        MM  92    1952  79      7       75
  MINIMUM         63        MM  41    1981  56      7       62
  AVERAGE         75                        67      8       69

PRECIPITATION (IN)
  YESTERDAY        0.00          1.57        0.15  -0.15     1.23
  MONTH TO DATE    1.58                      2.92  -1.34     4.90
  SINCE JUN 1      5.60                      6.72  -1.12    13.25
  SINCE JAN 1     18.20                     19.63  -1.43    22.52

DEGREE DAYS
 HEATING
  YESTERDAY        0                         1     -1        0
  MONTH TO DATE   18                        29    -11        0
  SINCE JUN 1    118                       150    -32      148
  SINCE JUL 1     18                        29    -11        0

 COOLING
  YESTERDAY       10                         3      7        4
  MONTH TO DATE   98                        73     25      153
  SINCE JUN 1    128                       126      2      221
  SINCE JAN 1    129                       136     -7      232
..................................................................


WIND (MPH)
  HIGHEST WIND SPEED    12   HIGHEST WIND DIRECTION    NW (320)
  HIGHEST GUST SPEED    21   HIGHEST GUST DIRECTION    NW (320)
  AVERAGE WIND SPEED     7.5


SKY COVER
  AVERAGE SKY COVER 0.5


WEATHER CONDITIONS
 THE FOLLOWING WEATHER WAS RECORDED YESTERDAY.
  THUNDERSTORM
  HEAVY RAIN
  RAIN
  LIGHT RAIN
  FOG
  HAZE


RELATIVE HUMIDITY (PERCENT)
 HIGHEST   100           800 PM
 LOWEST     55           100 PM
 AVERAGE    78

..........................................................


THE MONTPELIER VT CLIMATE NORMALS FOR TODAY
                         NORMAL    RECORD    YEAR
 MAXIMUM TEMPERATURE (F)   79        89      1987
 MINIMUM TEMPERATURE (F)   56        42      1985


SUNRISE AND SUNSET
JULY 24 2014..........SUNRISE   529 AM EDT   SUNSET   824 PM EDT
JULY 25 2014..........SUNRISE   530 AM EDT   SUNSET   823 PM EDT


-  INDICATES NEGATIVE NUMBERS.
R  INDICATES RECORD WAS SET OR TIED.
MM INDICATES DATA IS MISSING.
T  INDICATES TRACE AMOUNT.




$$
