000
CDUS41 KBTV 250600
CLIMPV


CLIMATE REPORT
NATIONAL WEATHER SERVICE BURLINGTON VT
135 AM EDT THU MAY 25 2017


...................................

...THE MONTPELIER VT CLIMATE SUMMARY FOR MAY 24 2017...

CLIMATE NORMAL PERIOD 1981 TO 2010
CLIMATE RECORD PERIOD 1948 TO 2017


WEATHER ITEM   OBSERVED TIME   RECORD YEAR NORMAL DEPARTURE LAST
                VALUE   (LST)  VALUE       VALUE  FROM      YEAR
                                                  NORMAL
..................................................................
TEMPERATURE (F)
 YESTERDAY
  MAXIMUM         72    138 PM  86    2007  68      4       69
                                      1964
  MINIMUM         45    454 AM  27    1956  45      0       45
  AVERAGE         59                        56      3       57

PRECIPITATION (IN)
  YESTERDAY        0.00          1.34        0.12  -0.12     0.04
  MONTH TO DATE    3.96                      2.55   1.41     2.18
  SINCE MAR 1      9.77                      7.60   2.17     6.95
  SINCE JAN 1     13.69                     12.09   1.60    12.12

DEGREE DAYS
 HEATING
  YESTERDAY        6                         9     -3        8
  MONTH TO DATE  337                       299     38      347
  SINCE MAR 1   2172                      2095     77     2108
  SINCE JUL 1   7393                      8003   -610     7262

 COOLING
  YESTERDAY        0                         0      0        0
  MONTH TO DATE   14                         0     14        0
  SINCE MAR 1     17                         1     16        0
  SINCE JAN 1     17                         1     16        0
..................................................................


WIND (MPH)
  HIGHEST WIND SPEED    15   HIGHEST WIND DIRECTION     S (180)
  HIGHEST GUST SPEED    22   HIGHEST GUST DIRECTION    SW (210)
  AVERAGE WIND SPEED     3.8


SKY COVER
  AVERAGE SKY COVER 0.4


WEATHER CONDITIONS
 THE FOLLOWING WEATHER WAS RECORDED YESTERDAY.
  FOG
  FOG W/VISIBILITY <= 1/4 MILE


RELATIVE HUMIDITY (PERCENT)
 HIGHEST   100           200 AM
 LOWEST     47           200 PM
 AVERAGE    74

..........................................................


THE MONTPELIER VT CLIMATE NORMALS FOR TODAY
                         NORMAL    RECORD    YEAR
 MAXIMUM TEMPERATURE (F)   68        87      2007
 MINIMUM TEMPERATURE (F)   45        23      1956


SUNRISE AND SUNSET
MAY 25 2017...........SUNRISE   514 AM EDT   SUNSET   821 PM EDT
MAY 26 2017...........SUNRISE   513 AM EDT   SUNSET   822 PM EDT


-  INDICATES NEGATIVE NUMBERS.
R  INDICATES RECORD WAS SET OR TIED.
MM INDICATES DATA IS MISSING.
T  INDICATES TRACE AMOUNT.




$$
