000
CDUS41 KBTV 010538
CLIMPV


CLIMATE REPORT
NATIONAL WEATHER SERVICE BURLINGTON VT
137 AM EDT TUE SEP 1 2015


...................................

...THE MONTPELIER VT CLIMATE SUMMARY FOR AUGUST 31 2015...

CLIMATE NORMAL PERIOD 1981 TO 2010
CLIMATE RECORD PERIOD 1948 TO 2015


WEATHER ITEM   OBSERVED TIME   RECORD YEAR NORMAL DEPARTURE LAST
                VALUE   (LST)  VALUE       VALUE  FROM      YEAR
                                                  NORMAL
..................................................................
TEMPERATURE (F)
 YESTERDAY
  MAXIMUM         80    204 PM  89    1993  74      6       74
  MINIMUM         57    544 AM  31    1965  51      6       62
  AVERAGE         69                        63      6       68

PRECIPITATION (IN)
  YESTERDAY        0.00          2.39        0.10  -0.10     0.06
  MONTH TO DATE    1.82                      4.01  -2.19     2.79
  SINCE JUN 1     15.24                     11.89   3.35    12.49
  SINCE JAN 1     25.94                     24.80   1.14    25.09

DEGREE DAYS
 HEATING
  YESTERDAY        0                         4     -4        0
  MONTH TO DATE   26                        69    -43       70
  SINCE JUN 1    239                       229     10      213
  SINCE JUL 1     77                       108    -31      113

 COOLING
  YESTERDAY        4                         2      2        3
  MONTH TO DATE   96                        76     20       34
  SINCE JUN 1    207                       234    -27      165
  SINCE JAN 1    241                       244     -3      166
..................................................................


WIND (MPH)
  HIGHEST WIND SPEED    18   HIGHEST WIND DIRECTION    NW (300)
  HIGHEST GUST SPEED    27   HIGHEST GUST DIRECTION    NW (310)
  AVERAGE WIND SPEED     5.8


SKY COVER
  AVERAGE SKY COVER 0.3


WEATHER CONDITIONS
 THE FOLLOWING WEATHER WAS RECORDED YESTERDAY.
  FOG
  FOG W/VISIBILITY <= 1/4 MILE


RELATIVE HUMIDITY (PERCENT)
 HIGHEST    93           100 AM
 LOWEST     52           300 PM
 AVERAGE    73

..........................................................


THE MONTPELIER VT CLIMATE NORMALS FOR TODAY
                         NORMAL    RECORD    YEAR
 MAXIMUM TEMPERATURE (F)   74        89      2010
 MINIMUM TEMPERATURE (F)   51        33      1967


SUNRISE AND SUNSET
SEPTEMBER  1 2015.....SUNRISE   613 AM EDT   SUNSET   727 PM EDT
SEPTEMBER  2 2015.....SUNRISE   614 AM EDT   SUNSET   725 PM EDT


-  INDICATES NEGATIVE NUMBERS.
R  INDICATES RECORD WAS SET OR TIED.
MM INDICATES DATA IS MISSING.
T  INDICATES TRACE AMOUNT.




$$
