000
CDUS43 KMPX 260833
CLIMPX


CLIMATE REPORT
NATIONAL WEATHER SERVICE CHANHASSEN MN
232 AM CST WED NOV 26 2014


...................................

...THE CHANHASSEN MN CLIMATE SUMMARY FOR NOVEMBER 25 2014...

CLIMATE NORMAL PERIOD 1981 TO 2010
CLIMATE RECORD PERIOD 1995 TO 2014


WEATHER ITEM   OBSERVED NORMAL DEPARTURE LAST
                VALUE   VALUE  FROM      YEAR
                               NORMAL
...............................................
TEMPERATURE (F)
 YESTERDAY
  MAXIMUM         24     34    -10       37
  MINIMUM          8     20    -12       26
  AVERAGE         16     27    -11       32

PRECIPITATION (IN)
  YESTERDAY        0.00   0.06  -0.06      T
  MONTH TO DATE    0.49   1.67  -1.18     0.51
  SINCE SEP 1      2.71   7.61  -4.90     5.61
  SINCE JAN 1     35.22  29.61   5.61    33.82

SNOWFALL (IN)
  YESTERDAY        0.0    0.3   -0.3       T
  MONTH TO DATE    5.0    3.9    1.1      1.8
  SINCE SEP 1      5.0    4.3    0.7      1.8
  SINCE JUL 1      5.0    4.3    0.7      1.8
  SNOW DEPTH       T

DEGREE DAYS
 HEATING
  YESTERDAY       49     38     11       33
  MONTH TO DATE  968    771    197      799
  SINCE SEP 1   1669   1484    185     1478
  SINCE JUL 1   1685   1507    178     1499

 COOLING
  YESTERDAY        0      0      0        0
  MONTH TO DATE    0      0      0        0
  SINCE SEP 1     35     52    -17       88
  SINCE JAN 1    514    605    -91      667
...............................................







THE CHANHASSEN MN CLIMATE NORMALS FOR TODAY
                         NORMAL
 MAXIMUM TEMPERATURE (F)   34
 MINIMUM TEMPERATURE (F)   19



-  INDICATES NEGATIVE NUMBERS.
R  INDICATES RECORD WAS SET OR TIED.
MM INDICATES DATA IS MISSING.
T  INDICATES TRACE AMOUNT.




$$
