000
CDUS43 KMQT 260505
CLIMQT

CLIMATE REPORT
NATIONAL WEATHER SERVICE MARQUETTE MI
104 AM EDT SUN OCT 26 2014


...................................

...THE MARQUETTE MI CLIMATE SUMMARY FOR OCTOBER 25 2014...

CLIMATE NORMAL PERIOD 1981 TO 2010
CLIMATE RECORD PERIOD 1961 TO 2014


WEATHER ITEM   OBSERVED RECORD YEAR NORMAL DEPARTURE LAST
                VALUE   VALUE       VALUE  FROM      YEAR
                                           NORMAL
...........................................................
TEMPERATURE (F)
 YESTERDAY
  MAXIMUM         55     75    1989  48      7       40
  MINIMUM         45     20    2006  31     14       27
                               1987
  AVERAGE         50                 40     10       34

PRECIPITATION (IN)
  YESTERDAY        0.00   2.21 2012   0.11  -0.11      T
  MONTH TO DATE    5.32               3.19   2.13     3.55
  SINCE SEP 1      9.42               6.91   2.51     5.57
  SINCE JAN 1     36.16              29.28   6.88    33.32

SNOWFALL (IN)
  YESTERDAY        0.0    3.1  1976   0.3   -0.3       T
  MONTH TO DATE    T                  4.0   -4.0      2.4
  SINCE SEP 1      T                  4.1   -4.1      2.4
  SINCE JUL 1      T                  4.1   -4.1      2.4
  SNOW DEPTH       0

DEGREE DAYS
 HEATING
  YESTERDAY       15                 25    -10       31
  MONTH TO DATE  545                518     27      460
  SINCE SEP 1    825                815     10      711
  SINCE JUL 1   1072               1000     72      925

 COOLING
  YESTERDAY        0                  0      0        0
  MONTH TO DATE    0                  0      0        0
  SINCE SEP 1      5                 21    -16       10
  SINCE JAN 1    152                241    -89      280
...........................................................


WIND (MPH)
  RESULTANT WIND SPEED  MM   RESULTANT WIND DIRECTION  MM
  HIGHEST WIND SPEED    MM   HIGHEST WIND DIRECTION    MM
  HIGHEST GUST SPEED    41   HIGHEST GUST DIRECTION    NW (315)
  AVERAGE WIND SPEED    MM


SKY COVER
  POSSIBLE SUNSHINE  MM
  AVERAGE SKY COVER  MM


WEATHER CONDITIONS
 THE FOLLOWING WEATHER WAS RECORDED YESTERDAY.
  NO SIGNIFICANT WEATHER WAS OBSERVED.


RELATIVE HUMIDITY (PERCENT)
 HIGHEST    MM
 LOWEST     MM
 AVERAGE    MM

..........................................................


THE MARQUETTE MI CLIMATE NORMALS FOR TODAY
                         NORMAL    RECORD    YEAR
 MAXIMUM TEMPERATURE (F)   48        76      1989
 MINIMUM TEMPERATURE (F)   31        16      1981


SUNRISE AND SUNSET
OCTOBER 26 2014.......SUNRISE   823 AM EDT   SUNSET   644 PM EDT
OCTOBER 27 2014.......SUNRISE   825 AM EDT   SUNSET   643 PM EDT


-  INDICATES NEGATIVE NUMBERS.
R  INDICATES RECORD WAS SET OR TIED.
MM INDICATES DATA IS MISSING.
T  INDICATES TRACE AMOUNT.




$$
