000
CDUS41 KLWX 010522
CLIMRB


CLIMATE REPORT
NATIONAL WEATHER SERVICE BALTIMORE MD/WASHINGTON DC
121 AM EDT SAT NOV 1 2014


...................................

...THE MARTINSBURG WV CLIMATE SUMMARY FOR OCTOBER 31 2014...

CLIMATE NORMAL PERIOD 1981 TO 2010
CLIMATE RECORD PERIOD 1926 TO 2014


WEATHER ITEM   OBSERVED TIME   RECORD YEAR NORMAL DEPARTURE LAST
                VALUE   (LST)  VALUE       VALUE  FROM      YEAR
                                                  NORMAL
..................................................................
TEMPERATURE (F)
 YESTERDAY
  MAXIMUM         54    303 PM  83    1950  61     -7       68
  MINIMUM         42    743 AM  22    1988  38      4       52
  AVERAGE         48                        49     -1       60

PRECIPITATION (IN)
  YESTERDAY        0.00          0.62 1960   0.10  -0.10     0.04
  MONTH TO DATE    3.28                      3.05   0.23     5.48
  SINCE SEP 1      5.73                      6.62  -0.89     6.72
  SINCE JAN 1     30.20                     32.86  -2.66    29.10

DEGREE DAYS
 HEATING
  YESTERDAY       17                        16      1        5
  MONTH TO DATE  234                       354   -120      297
  SINCE SEP 1    285                       439   -154      393
  SINCE JUL 1    288                       446   -158      397

 COOLING
  YESTERDAY        0                         0      0        0
  MONTH TO DATE    3                        10     -7       40
  SINCE SEP 1    130                       103     27      139
  SINCE JAN 1    958                       895     63     1057
..................................................................


WIND (MPH)
  HIGHEST WIND SPEED     9   HIGHEST WIND DIRECTION     E (70)
  HIGHEST GUST SPEED    11   HIGHEST GUST DIRECTION    NE (60)
  AVERAGE WIND SPEED     3.1


SKY COVER
  POSSIBLE SUNSHINE  MM
  AVERAGE SKY COVER 1.0


WEATHER CONDITIONS
 THE FOLLOWING WEATHER WAS RECORDED YESTERDAY.
  NO SIGNIFICANT WEATHER WAS OBSERVED.


RELATIVE HUMIDITY (PERCENT)
 HIGHEST    83           300 AM
 LOWEST     46           300 PM
 AVERAGE    65

..........................................................


THE MARTINSBURG WV CLIMATE NORMALS FOR TODAY
                         NORMAL    RECORD    YEAR
 MAXIMUM TEMPERATURE (F)   60        86      1974
 MINIMUM TEMPERATURE (F)   38        25      1954


SUNRISE AND SUNSET
NOVEMBER  1 2014......SUNRISE   740 AM EDT   SUNSET   611 PM EDT
NOVEMBER  2 2014......SUNRISE   641 AM EST   SUNSET   509 PM EST


-  INDICATES NEGATIVE NUMBERS.
R  INDICATES RECORD WAS SET OR TIED.
MM INDICATES DATA IS MISSING.
T  INDICATES TRACE AMOUNT.




$$
