000
CDUS41 KLWX 280528
CLIMRB


CLIMATE REPORT
NATIONAL WEATHER SERVICE BALTIMORE MD/WASHINGTON DC
126 AM EDT TUE JUL 28 2015


...................................

...THE MARTINSBURG WV CLIMATE SUMMARY FOR JULY 27 2015...

CLIMATE NORMAL PERIOD 1981 TO 2010
CLIMATE RECORD PERIOD 1926 TO 2015


WEATHER ITEM   OBSERVED TIME   RECORD YEAR NORMAL DEPARTURE LAST
                VALUE   (LST)  VALUE       VALUE  FROM      YEAR
                                                  NORMAL
..................................................................
TEMPERATURE (F)
 YESTERDAY
  MAXIMUM         87    321 PM 105    1930  86      1       85
  MINIMUM         68    549 AM  49    1962  64      4       68
  AVERAGE         78                        75      3       77

PRECIPITATION (IN)
  YESTERDAY        0.00          1.07 1957   0.12  -0.12     0.29
  MONTH TO DATE    2.20                      3.18  -0.98     4.69
  SINCE JUN 1      6.46                      6.94  -0.48     7.37
  SINCE JAN 1     17.40                     22.67  -5.27    22.24

DEGREE DAYS
 HEATING
  YESTERDAY        0                         0      0        0
  MONTH TO DATE    0                         0      0        0
  SINCE JUN 1     15                        24     -9        2
  SINCE JUL 1      0                         0      0        0

 COOLING
  YESTERDAY       13                        10      3       12
  MONTH TO DATE  262                       266     -4      286
  SINCE JUN 1    511                       449     62      522
  SINCE JAN 1    659                       506    153      603
..................................................................


WIND (MPH)
  HIGHEST WIND SPEED    10   HIGHEST WIND DIRECTION     N (20)
  HIGHEST GUST SPEED    14   HIGHEST GUST DIRECTION    NE (40)
  AVERAGE WIND SPEED     3.4


SKY COVER
  POSSIBLE SUNSHINE  MM
  AVERAGE SKY COVER 0.5


WEATHER CONDITIONS
 THE FOLLOWING WEATHER WAS RECORDED YESTERDAY.
  FOG
  HAZE


RELATIVE HUMIDITY (PERCENT)
 HIGHEST   100           400 AM
 LOWEST     61           200 PM
 AVERAGE    81

..........................................................


THE MARTINSBURG WV CLIMATE NORMALS FOR TODAY
                         NORMAL    RECORD    YEAR
 MAXIMUM TEMPERATURE (F)   85       101      1952
 MINIMUM TEMPERATURE (F)   64        48      1962


SUNRISE AND SUNSET
JULY 28 2015..........SUNRISE   608 AM EDT   SUNSET   828 PM EDT
JULY 29 2015..........SUNRISE   609 AM EDT   SUNSET   827 PM EDT


-  INDICATES NEGATIVE NUMBERS.
R  INDICATES RECORD WAS SET OR TIED.
MM INDICATES DATA IS MISSING.
T  INDICATES TRACE AMOUNT.




$$
