000
CDUS41 KLWX 300527
CLIMRB


CLIMATE REPORT
NATIONAL WEATHER SERVICE BALTIMORE MD/WASHINGTON DC
126 AM EDT SAT JUL 30 2016


...................................

...THE MARTINSBURG WV CLIMATE SUMMARY FOR JULY 29 2016...

CLIMATE NORMAL PERIOD 1981 TO 2010
CLIMATE RECORD PERIOD 1926 TO 2016


WEATHER ITEM   OBSERVED TIME   RECORD YEAR NORMAL DEPARTURE LAST
                VALUE   (LST)  VALUE       VALUE  FROM      YEAR
                                                  NORMAL
..................................................................
TEMPERATURE (F)
 YESTERDAY
  MAXIMUM         89    412 PM 103    1941  85      4       88
  MINIMUM         69    142 AM  53    2014  64      5       67
                                      1989
  AVERAGE         79                        74      5       78

PRECIPITATION (IN)
  YESTERDAY        0.13          1.75 1940   0.12   0.01     0.00
  MONTH TO DATE    0.97                      3.42  -2.45     2.20
  SINCE JUN 1      3.07                      7.18  -4.11     6.46
  SINCE JAN 1     14.66                     22.91  -8.25    17.40

DEGREE DAYS
 HEATING
  YESTERDAY        0                         0      0        0
  MONTH TO DATE    0                         0      0        0
  SINCE JUN 1      5                        24    -19       15
  SINCE JUL 1      0                         0      0        0

 COOLING
  YESTERDAY       14                        10      4       13
  MONTH TO DATE  376                       286     90      289
  SINCE JUN 1    592                       469    123      538
  SINCE JAN 1    665                       526    139      686
..................................................................


WIND (MPH)
  HIGHEST WIND SPEED    12   HIGHEST WIND DIRECTION     N (350)
  HIGHEST GUST SPEED    16   HIGHEST GUST DIRECTION     N (350)
  AVERAGE WIND SPEED     4.8


SKY COVER
  POSSIBLE SUNSHINE  MM
  AVERAGE SKY COVER 0.4


WEATHER CONDITIONS
 THE FOLLOWING WEATHER WAS RECORDED YESTERDAY.
  HEAVY RAIN
  RAIN
  LIGHT RAIN
  FOG


RELATIVE HUMIDITY (PERCENT)
 HIGHEST    97           100 AM
 LOWEST     46           500 PM
 AVERAGE    72

..........................................................


THE MARTINSBURG WV CLIMATE NORMALS FOR TODAY
                         NORMAL    RECORD    YEAR
 MAXIMUM TEMPERATURE (F)   85       104      1930
 MINIMUM TEMPERATURE (F)   64        49      2014


SUNRISE AND SUNSET
JULY 30 2016..........SUNRISE   610 AM EDT   SUNSET   826 PM EDT
JULY 31 2016..........SUNRISE   611 AM EDT   SUNSET   825 PM EDT


-  INDICATES NEGATIVE NUMBERS.
R  INDICATES RECORD WAS SET OR TIED.
MM INDICATES DATA IS MISSING.
T  INDICATES TRACE AMOUNT.




$$
