000
CDUS41 KLWX 140533
CLIMRB


CLIMATE REPORT
NATIONAL WEATHER SERVICE BALTIMORE MD/WASHINGTON DC
1231 AM EST SUN FEB 14 2016


...................................

...THE MARTINSBURG WV CLIMATE SUMMARY FOR FEBRUARY 13 2016...

CLIMATE NORMAL PERIOD 1981 TO 2010
CLIMATE RECORD PERIOD 1926 TO 2016


WEATHER ITEM   OBSERVED TIME   RECORD YEAR NORMAL DEPARTURE LAST
                VALUE   (LST)  VALUE       VALUE  FROM      YEAR
                                                  NORMAL
..................................................................
TEMPERATURE (F)
 YESTERDAY
  MAXIMUM         24    135 AM  68    1974  43    -19       28
  MINIMUM         11   1159 PM  -5    1983  24    -13       11
  AVERAGE         18                        33    -15       20

PRECIPITATION (IN)
  YESTERDAY        T             1.66 1972   0.08  -0.08     0.00
  MONTH TO DATE    0.84                      1.07  -0.23     0.23
  SINCE DEC 1      4.86                      6.22  -1.36     5.06
  SINCE JAN 1      2.20                      3.51  -1.31     2.29

DEGREE DAYS
 HEATING
  YESTERDAY       47                        32     15       45
  MONTH TO DATE  435                       424     11      425
  SINCE DEC 1   2119                      2437   -318     2304
  SINCE JUL 1   2977                      3507   -530     3263

 COOLING
  YESTERDAY        0                         0      0        0
  MONTH TO DATE    0                         0      0        0
  SINCE DEC 1      0                         0      0        0
  SINCE JAN 1      0                         0      0        0
..................................................................


WIND (MPH)
  HIGHEST WIND SPEED    28   HIGHEST WIND DIRECTION    NW (300)
  HIGHEST GUST SPEED    36   HIGHEST GUST DIRECTION    NW (320)
  AVERAGE WIND SPEED    16.4


SKY COVER
  POSSIBLE SUNSHINE  MM
  AVERAGE SKY COVER 0.9


WEATHER CONDITIONS
 THE FOLLOWING WEATHER WAS RECORDED YESTERDAY.
  LIGHT SNOW
  HAZE


RELATIVE HUMIDITY (PERCENT)
 HIGHEST    56           600 AM
 LOWEST     36           500 PM
 AVERAGE    46

..........................................................


THE MARTINSBURG WV CLIMATE NORMALS FOR TODAY
                         NORMAL    RECORD    YEAR
 MAXIMUM TEMPERATURE (F)   43        67      1949
 MINIMUM TEMPERATURE (F)   24         4      1986


SUNRISE AND SUNSET
FEBRUARY 14 2016......SUNRISE   706 AM EST   SUNSET   547 PM EST
FEBRUARY 15 2016......SUNRISE   704 AM EST   SUNSET   548 PM EST


-  INDICATES NEGATIVE NUMBERS.
R  INDICATES RECORD WAS SET OR TIED.
MM INDICATES DATA IS MISSING.
T  INDICATES TRACE AMOUNT.




$$
