865
CDUS41 KLWX 240524
CLIMRB


CLIMATE REPORT
NATIONAL WEATHER SERVICE BALTIMORE MD/WASHINGTON DC
1223 AM EST FRI FEB 24 2017


...................................

...THE MARTINSBURG WV CLIMATE SUMMARY FOR FEBRUARY 23 2017...

CLIMATE NORMAL PERIOD 1981 TO 2010
CLIMATE RECORD PERIOD 1926 TO 2017


WEATHER ITEM   OBSERVED TIME   RECORD YEAR NORMAL DEPARTURE LAST
                VALUE   (LST)  VALUE       VALUE  FROM      YEAR
                                                  NORMAL
..................................................................
TEMPERATURE (F)
 YESTERDAY
  MAXIMUM         77R   137 PM  72    1985  45     32       38
  MINIMUM         45    718 AM  -1    1964  26     19       35
  AVERAGE         61                        35     26       37

PRECIPITATION (IN)
  YESTERDAY        0.00          1.16 1994   0.09  -0.09     0.12
  MONTH TO DATE    0.66                      1.90  -1.24     1.98
  SINCE DEC 1      5.92                      7.05  -1.13     6.00
  SINCE JAN 1      4.13                      4.34  -0.21     3.34

DEGREE DAYS
 HEATING
  YESTERDAY        4                        30    -26       28
  MONTH TO DATE  501                       730   -229      732
  SINCE DEC 1   2192                      2743   -551     2416
  SINCE JUL 1   2996                      3813   -817     3274

 COOLING
  YESTERDAY        0                         0      0        0
  MONTH TO DATE    0                         0      0        0
  SINCE DEC 1      0                         0      0        0
  SINCE JAN 1      0                         0      0        0
..................................................................


WIND (MPH)
  HIGHEST WIND SPEED    13   HIGHEST WIND DIRECTION     S (190)
  HIGHEST GUST SPEED    18   HIGHEST GUST DIRECTION     S (200)
  AVERAGE WIND SPEED     3.7


SKY COVER
  POSSIBLE SUNSHINE  MM
  AVERAGE SKY COVER 0.5


WEATHER CONDITIONS
 THE FOLLOWING WEATHER WAS RECORDED YESTERDAY.
  FOG
  HAZE


RELATIVE HUMIDITY (PERCENT)
 HIGHEST    86           400 AM
 LOWEST     38           200 PM
 AVERAGE    62

..........................................................


THE MARTINSBURG WV CLIMATE NORMALS FOR TODAY
                         NORMAL    RECORD    YEAR
 MAXIMUM TEMPERATURE (F)   46        79      1985
 MINIMUM TEMPERATURE (F)   26         0      2015


SUNRISE AND SUNSET
FEBRUARY 24 2017......SUNRISE   652 AM EST   SUNSET   559 PM EST
FEBRUARY 25 2017......SUNRISE   650 AM EST   SUNSET   600 PM EST


-  INDICATES NEGATIVE NUMBERS.
R  INDICATES RECORD WAS SET OR TIED.
MM INDICATES DATA IS MISSING.
T  INDICATES TRACE AMOUNT.




$$
