000
CDUS41 KLWX 240527
CLIMRB


CLIMATE REPORT
NATIONAL WEATHER SERVICE BALTIMORE MD/WASHINGTON DC
126 AM EDT SAT JUN 24 2017


...................................

...THE MARTINSBURG WV CLIMATE SUMMARY FOR JUNE 23 2017...

CLIMATE NORMAL PERIOD 1981 TO 2010
CLIMATE RECORD PERIOD 1926 TO 2017


WEATHER ITEM   OBSERVED TIME   RECORD YEAR NORMAL DEPARTURE LAST
                VALUE   (LST)  VALUE       VALUE  FROM      YEAR
                                                  NORMAL
..................................................................
TEMPERATURE (F)
 YESTERDAY
  MAXIMUM         89    150 PM 100    1934  84      5       80
  MINIMUM         70    643 AM  45    1972  61      9       64
  AVERAGE         80                        72      8       72

PRECIPITATION (IN)
  YESTERDAY        0.24          1.46 1998   0.12   0.12    MM
  MONTH TO DATE    0.55                      2.92  -2.37     2.08
  SINCE JUN 1      0.55                      2.92  -2.37     2.08
  SINCE JAN 1     17.77                     18.65  -0.88    13.67

DEGREE DAYS
 HEATING
  YESTERDAY        0                         0      0        0
  MONTH TO DATE   10                        22    -12        5
  SINCE JUN 1     10                        22    -12        5
  SINCE JUL 1   4136                      5247  -1111     4478

 COOLING
  YESTERDAY       15                         8      7        7
  MONTH TO DATE  181                       124     57      164
  SINCE JUN 1    181                       124     57      164
  SINCE JAN 1    288                       181    107      237
..................................................................


WIND (MPH)
  HIGHEST WIND SPEED    17   HIGHEST WIND DIRECTION     S (190)
  HIGHEST GUST SPEED    28   HIGHEST GUST DIRECTION    SW (230)
  AVERAGE WIND SPEED     7.8


SKY COVER
  POSSIBLE SUNSHINE  MM
  AVERAGE SKY COVER 0.5


WEATHER CONDITIONS
 THE FOLLOWING WEATHER WAS RECORDED YESTERDAY.
  RAIN
  LIGHT RAIN
  FOG


RELATIVE HUMIDITY (PERCENT)
 HIGHEST    93          1200 AM
 LOWEST     55           200 PM
 AVERAGE    74

..........................................................


THE MARTINSBURG WV CLIMATE NORMALS FOR TODAY
                         NORMAL    RECORD    YEAR
 MAXIMUM TEMPERATURE (F)   84        97      1943
 MINIMUM TEMPERATURE (F)   61        47      1993


SUNRISE AND SUNSET
JUNE 24 2017..........SUNRISE   546 AM EDT   SUNSET   843 PM EDT
JUNE 25 2017..........SUNRISE   546 AM EDT   SUNSET   843 PM EDT


-  INDICATES NEGATIVE NUMBERS.
R  INDICATES RECORD WAS SET OR TIED.
MM INDICATES DATA IS MISSING.
T  INDICATES TRACE AMOUNT.




$$
