000
CDUS41 KLWX 190524
CLIMRB


CLIMATE REPORT
NATIONAL WEATHER SERVICE BALTIMORE MD/WASHINGTON DC
123 AM EDT SAT AUG 19 2017


...................................

...THE MARTINSBURG WV CLIMATE SUMMARY FOR AUGUST 18 2017...

CLIMATE NORMAL PERIOD 1981 TO 2010
CLIMATE RECORD PERIOD 1926 TO 2017


WEATHER ITEM   OBSERVED TIME   RECORD YEAR NORMAL DEPARTURE LAST
                VALUE   (LST)  VALUE       VALUE  FROM      YEAR
                                                  NORMAL
..................................................................
TEMPERATURE (F)
 YESTERDAY
  MAXIMUM         91   1229 PM  98    1937  84      7       89
  MINIMUM         71   1146 PM  43    1981  62      9       69
  AVERAGE         81                        73      8       79

PRECIPITATION (IN)
  YESTERDAY        0.07          1.87 1926   0.09  -0.02     0.01
  MONTH TO DATE    1.76                      1.83  -0.07     2.17
  SINCE JUN 1      9.26                      9.26   0.00     5.24
  SINCE JAN 1     26.48                     24.99   1.49    16.83

DEGREE DAYS
 HEATING
  YESTERDAY        0                         0      0        0
  MONTH TO DATE    0                         0      0        0
  SINCE JUN 1     10                        25    -15        5
  SINCE JUL 1      0                         1     -1        0

 COOLING
  YESTERDAY       16                         8      8       14
  MONTH TO DATE  139                       157    -18      239
  SINCE JUN 1    720                       643     77      858
  SINCE JAN 1    827                       700    127      931
..................................................................


WIND (MPH)
  HIGHEST WIND SPEED    14   HIGHEST WIND DIRECTION     W (260)
  HIGHEST GUST SPEED    21   HIGHEST GUST DIRECTION    SW (240)
  AVERAGE WIND SPEED     5.8


SKY COVER
  POSSIBLE SUNSHINE  MM
  AVERAGE SKY COVER 0.2


WEATHER CONDITIONS
 THE FOLLOWING WEATHER WAS RECORDED YESTERDAY.
  THUNDERSTORM
  HEAVY RAIN
  LIGHT RAIN
  FOG


RELATIVE HUMIDITY (PERCENT)
 HIGHEST   100           600 AM
 LOWEST     56           100 PM
 AVERAGE    78

..........................................................


THE MARTINSBURG WV CLIMATE NORMALS FOR TODAY
                         NORMAL    RECORD    YEAR
 MAXIMUM TEMPERATURE (F)   84        98      1983
 MINIMUM TEMPERATURE (F)   62        47      1981


SUNRISE AND SUNSET
AUGUST 19 2017........SUNRISE   629 AM EDT   SUNSET   802 PM EDT
AUGUST 20 2017........SUNRISE   629 AM EDT   SUNSET   800 PM EDT


-  INDICATES NEGATIVE NUMBERS.
R  INDICATES RECORD WAS SET OR TIED.
MM INDICATES DATA IS MISSING.
T  INDICATES TRACE AMOUNT.




$$
