373
CDUS44 KHUN 220704
CLIMSL


CLIMATE REPORT
NATIONAL WEATHER SERVICE HUNTSVILLE AL
203 AM CDT FRI MAY 22 2015


...................................

...THE MUSCLE SHOALS CLIMATE SUMMARY FOR MAY 21 2015...

CLIMATE NORMAL PERIOD 1981 TO 2010
CLIMATE RECORD PERIOD 1893 TO 2015


WEATHER ITEM   OBSERVED TIME   RECORD YEAR NORMAL DEPARTURE LAST
                VALUE   (LST)  VALUE       VALUE  FROM      YEAR
                                                  NORMAL
..................................................................
TEMPERATURE (F)
 YESTERDAY
  MAXIMUM         66    116 AM  96    1902  82    -16       86
  MINIMUM         50   1159 PM  42    1981  60    -10       63
  AVERAGE         58                        71    -13       75

PRECIPITATION (IN)
  YESTERDAY        0.00          2.25 1955   0.17  -0.17     0.00
  MONTH TO DATE    1.50                      3.47  -1.97     1.76
  SINCE MAR 1     13.10                     12.58   0.52    10.98
  SINCE JAN 1     20.38                     21.85  -1.47    16.67

SNOWFALL (IN)
  YESTERDAY        0.0
  MONTH TO DATE    0.0
  SINCE MAR 1      0.7
  SINCE JUL 1      4.2
  SNOW DEPTH       0

DEGREE DAYS
 HEATING
  YESTERDAY        7                         1      6        0
  MONTH TO DATE   17                        28    -11       42
  SINCE MAR 1    460                       566   -106      624
  SINCE JUL 1   3231                      3101    130     3395

 COOLING
  YESTERDAY        0                         7     -7       10
  MONTH TO DATE  123                       101     22      100
  SINCE MAR 1    179                       165     14      145
  SINCE JAN 1    179                       166     13      145
..................................................................


WIND (MPH)
  HIGHEST WIND SPEED    14   HIGHEST WIND DIRECTION     N (350)
  HIGHEST GUST SPEED    21   HIGHEST GUST DIRECTION     N (340)
  AVERAGE WIND SPEED     7.3


SKY COVER
  POSSIBLE SUNSHINE  MM
  AVERAGE SKY COVER 0.8


WEATHER CONDITIONS
 THE FOLLOWING WEATHER WAS RECORDED YESTERDAY.
  NO SIGNIFICANT WEATHER WAS OBSERVED.


RELATIVE HUMIDITY (PERCENT)
 HIGHEST    84           200 AM
 LOWEST     67          1200 PM
 AVERAGE    76

..........................................................


THE MUSCLE SHOALS CLIMATE NORMALS FOR TODAY
                         NORMAL    RECORD    YEAR
 MAXIMUM TEMPERATURE (F)   82        95      1925
 MINIMUM TEMPERATURE (F)   60        43      2002


SUNRISE AND SUNSET
MAY 22 2015...........SUNRISE   543 AM CDT   SUNSET   752 PM CDT
MAY 23 2015...........SUNRISE   542 AM CDT   SUNSET   752 PM CDT


-  INDICATES NEGATIVE NUMBERS.
R  INDICATES RECORD WAS SET OR TIED.
MM INDICATES DATA IS MISSING.
T  INDICATES TRACE AMOUNT.




$$
