000
CDUS44 KHUN 210711
CLIMSL


CLIMATE REPORT
NATIONAL WEATHER SERVICE HUNTSVILLE AL
211 AM CDT THU AUG 21 2014


...................................

...THE MUSCLE SHOALS CLIMATE SUMMARY FOR AUGUST 20 2014...

CLIMATE NORMAL PERIOD 1981 TO 2010
CLIMATE RECORD PERIOD 1893 TO 2014


WEATHER ITEM   OBSERVED TIME   RECORD YEAR NORMAL DEPARTURE LAST
                VALUE   (LST)  VALUE       VALUE  FROM      YEAR
                                                  NORMAL
..................................................................
TEMPERATURE (F)
 YESTERDAY
  MAXIMUM         93    148 PM 104    1925  91      2       90
  MINIMUM         72    244 AM  54    1940  69      3       69
  AVERAGE         83                        80      3       80

PRECIPITATION (IN)
  YESTERDAY        0.00          2.49 1981   0.11  -0.11     0.27
  MONTH TO DATE    3.62                      2.06   1.56     4.72
  SINCE JUN 1     16.11                     11.12   4.99    17.00
  SINCE JAN 1     32.90                     34.62  -1.72    41.91

SNOWFALL (IN)
  YESTERDAY        0.0
  MONTH TO DATE    0.0
  SINCE JUN 1      0.0
  SINCE JUL 1      0.0
  SNOW DEPTH       0

DEGREE DAYS
 HEATING
  YESTERDAY        0                         0      0        0
  MONTH TO DATE    0                         0      0        0
  SINCE JUN 1      0                         1     -1        0
  SINCE JUL 1      0                         0      0        0

 COOLING
  YESTERDAY       18                        15      3       15
  MONTH TO DATE  258                       307    -49      254
  SINCE JUN 1   1026                      1146   -120     1080
  SINCE JAN 1   1283                      1390   -107     1320
..................................................................


WIND (MPH)
  HIGHEST WIND SPEED    16   HIGHEST WIND DIRECTION     W (270)
  HIGHEST GUST SPEED    24   HIGHEST GUST DIRECTION     W (260)
  AVERAGE WIND SPEED     5.7


SKY COVER
  POSSIBLE SUNSHINE  MM
  AVERAGE SKY COVER 0.0


WEATHER CONDITIONS
 THE FOLLOWING WEATHER WAS RECORDED YESTERDAY.
  FOG


RELATIVE HUMIDITY (PERCENT)
 HIGHEST    93           400 AM
 LOWEST     52           200 PM
 AVERAGE    73

..........................................................


THE MUSCLE SHOALS CLIMATE NORMALS FOR TODAY
                         NORMAL    RECORD    YEAR
 MAXIMUM TEMPERATURE (F)   91       104      1980
 MINIMUM TEMPERATURE (F)   69        53      1927


SUNRISE AND SUNSET
AUGUST 21 2014........SUNRISE   615 AM CDT   SUNSET   731 PM CDT
AUGUST 22 2014........SUNRISE   616 AM CDT   SUNSET   730 PM CDT


-  INDICATES NEGATIVE NUMBERS.
R  INDICATES RECORD WAS SET OR TIED.
MM INDICATES DATA IS MISSING.
T  INDICATES TRACE AMOUNT.




$$
