000
CDUS44 KHUN 280801
CLIMSL


CLIMATE REPORT
NATIONAL WEATHER SERVICE HUNTSVILLE AL
201 AM CST SAT FEB 28 2015


...................................

...THE MUSCLE SHOALS CLIMATE SUMMARY FOR FEBRUARY 27 2015...

CLIMATE NORMAL PERIOD 1981 TO 2010
CLIMATE RECORD PERIOD 1893 TO 2015


WEATHER ITEM   OBSERVED TIME   RECORD YEAR NORMAL DEPARTURE LAST
                VALUE   (LST)  VALUE       VALUE  FROM      YEAR
                                                  NORMAL
..................................................................
TEMPERATURE (F)
 YESTERDAY
  MAXIMUM         39    359 PM  82    1917  59    -20       49
  MINIMUM         23    708 AM  10    1934  38    -15       18
  AVERAGE         31                        48    -17       34

PRECIPITATION (IN)
  YESTERDAY       MM             3.30 1913   0.17  MM        0.00
  MONTH TO DATE    3.11                      4.49  -1.38     3.89
  SINCE DEC 1     12.41                     14.78  -2.37    10.36
  SINCE JAN 1      7.28                      9.10  -1.82     5.59

SNOWFALL (IN)
  YESTERDAY       MM
  MONTH TO DATE    3.5
  SINCE DEC 1      3.5
  SINCE JUL 1      3.5
  SNOW DEPTH       0

DEGREE DAYS
 HEATING
  YESTERDAY       34                        17     17       31
  MONTH TO DATE  772                       539    233      575
  SINCE DEC 1   2095                      1957    138     2131
  SINCE JUL 1   2747                      2519    228     2748

 COOLING
  YESTERDAY        0                         0      0        0
  MONTH TO DATE    0                         0      0        0
  SINCE DEC 1      0                         1     -1        8
  SINCE JAN 1      0                         0      0        0
..................................................................


WIND (MPH)
  HIGHEST WIND SPEED    15   HIGHEST WIND DIRECTION     N (340)
  HIGHEST GUST SPEED    21   HIGHEST GUST DIRECTION     N (340)
  AVERAGE WIND SPEED     7.9


SKY COVER
  POSSIBLE SUNSHINE  MM
  AVERAGE SKY COVER 0.4


WEATHER CONDITIONS
 THE FOLLOWING WEATHER WAS RECORDED YESTERDAY.
  NO SIGNIFICANT WEATHER WAS OBSERVED.


RELATIVE HUMIDITY (PERCENT)
 HIGHEST    69           100 AM
 LOWEST     37           400 PM
 AVERAGE    53

..........................................................


THE MUSCLE SHOALS CLIMATE NORMALS FOR TODAY
                         NORMAL    RECORD    YEAR
 MAXIMUM TEMPERATURE (F)   59        77      1904
 MINIMUM TEMPERATURE (F)   38        15      1935
                                             1920


SUNRISE AND SUNSET
FEBRUARY 28 2015......SUNRISE   621 AM CST   SUNSET   545 PM CST
MARCH  1 2015.........SUNRISE   620 AM CST   SUNSET   546 PM CST


-  INDICATES NEGATIVE NUMBERS.
R  INDICATES RECORD WAS SET OR TIED.
MM INDICATES DATA IS MISSING.
T  INDICATES TRACE AMOUNT.




$$
