000
CDUS44 KHUN 160707
CLIMSL


CLIMATE REPORT
NATIONAL WEATHER SERVICE HUNTSVILLE AL
207 AM CDT WED AUG 16 2017


...................................

...THE MUSCLE SHOALS CLIMATE SUMMARY FOR AUGUST 15 2017...

CLIMATE NORMAL PERIOD 1981 TO 2010
CLIMATE RECORD PERIOD 1893 TO 2017


WEATHER ITEM   OBSERVED TIME   RECORD YEAR NORMAL DEPARTURE LAST
                VALUE   (LST)  VALUE       VALUE  FROM      YEAR
                                                  NORMAL
..................................................................
TEMPERATURE (F)
 YESTERDAY
  MAXIMUM         89    123 PM 107    2007  91     -2       91
  MINIMUM         73   1159 PM  52    2004  69      4       71
  AVERAGE         81                        80      1       81

PRECIPITATION (IN)
  YESTERDAY        0.28          1.50 1961   0.10   0.18     0.00
  MONTH TO DATE    2.93                      1.55   1.38     3.76
  SINCE JUN 1     10.11                     10.61  -0.50    13.50
  SINCE JAN 1     31.08                     34.11  -3.03    29.98

SNOWFALL (IN)
  YESTERDAY        0.0
  MONTH TO DATE    0.0
  SINCE JUN 1      0.0
  SINCE JUL 1      0.0
  SNOW DEPTH       0

DEGREE DAYS
 HEATING
  YESTERDAY        0                         0      0        0
  MONTH TO DATE    0                         0      0        0
  SINCE JUN 1      0                         1     -1        0
  SINCE JUL 1      0                         0      0        0

 COOLING
  YESTERDAY       16                        15      1       16
  MONTH TO DATE  206                       232    -26      262
  SINCE JUN 1   1090                      1071     19     1270
  SINCE JAN 1   1419                      1315    104     1537
..................................................................


WIND (MPH)
  HIGHEST WIND SPEED    25   HIGHEST WIND DIRECTION    NW (310)
  HIGHEST GUST SPEED    34   HIGHEST GUST DIRECTION    NW (300)
  AVERAGE WIND SPEED     2.5


SKY COVER
  POSSIBLE SUNSHINE  MM
  AVERAGE SKY COVER 0.4


WEATHER CONDITIONS
 THE FOLLOWING WEATHER WAS RECORDED YESTERDAY.
  THUNDERSTORM
  HEAVY RAIN
  RAIN
  LIGHT RAIN


RELATIVE HUMIDITY (PERCENT)
 HIGHEST    94           800 PM
 LOWEST     68           100 PM
 AVERAGE    81

..........................................................


THE MUSCLE SHOALS CLIMATE NORMALS FOR TODAY
                         NORMAL    RECORD    YEAR
 MAXIMUM TEMPERATURE (F)   91       106      2007
 MINIMUM TEMPERATURE (F)   69        53      2004


SUNRISE AND SUNSET
AUGUST 16 2017........SUNRISE   612 AM CDT   SUNSET   737 PM CDT
AUGUST 17 2017........SUNRISE   613 AM CDT   SUNSET   736 PM CDT


-  INDICATES NEGATIVE NUMBERS.
R  INDICATES RECORD WAS SET OR TIED.
MM INDICATES DATA IS MISSING.
T  INDICATES TRACE AMOUNT.




$$
