000
CDUS43 KMKX 062148
CLIMSN


CLIMATE REPORT
NATIONAL WEATHER SERVICE IN MILWAUKEE
447 PM CDT FRI MAY 6 2016


...................................

...THE MADISON WI CLIMATE SUMMARY FOR MAY 6 2016...
VALID TODAY AS OF 0400 PM LOCAL TIME.

CLIMATE NORMAL PERIOD 1981 TO 2010
CLIMATE RECORD PERIOD 1871 TO 2016


WEATHER ITEM   OBSERVED TIME   RECORD YEAR NORMAL DEPARTURE LAST
                VALUE   (LST)  VALUE       VALUE  FROM      YEAR
                                                  NORMAL
..................................................................
TEMPERATURE (F)
 TODAY
  MAXIMUM         85    259 PM  92    1934  65     20       77
  MINIMUM         44    200 AM  25    1992  43      1       49
                                      1970
  AVERAGE         65                        54     11       63

PRECIPITATION (IN)
  TODAY            T             2.55 1960   0.11  -0.11     0.09
  MONTH TO DATE    0.07                      0.65  -0.58     0.86
  SINCE MAR 1      6.14                      6.25  -0.11     6.00
  SINCE JAN 1      7.64                      8.93  -1.29     7.20

SNOWFALL (IN)
  TODAY            0.0           0.5  1989   0.0    0.0      0.0
  MONTH TO DATE    0.0                       0.1   -0.1      0.0
  SINCE MAR 1      8.2                       9.7   -1.5      4.2
  SINCE JUL 1     32.7                      50.8  -18.1     33.7
  SNOW DEPTH       0

DEGREE DAYS
 HEATING
  TODAY            0                        11    -11        2
  MONTH TO DATE   70                        71     -1       27
  SINCE MAR 1   1408                      1592   -184     1456
  SINCE JUL 1   6008                      7078  -1070     7167

 COOLING
  TODAY            0                         0      0        0
  MONTH TO DATE    0                         0      0        3
  SINCE MAR 1      0                         4     -4        3
  SINCE JAN 1      0                         4     -4        3
..................................................................


WIND (MPH)
  HIGHEST WIND SPEED    12   HIGHEST WIND DIRECTION     W (290)
  HIGHEST GUST SPEED    16   HIGHEST GUST DIRECTION    SW (220)
  AVERAGE WIND SPEED     4.6


SKY COVER
  POSSIBLE SUNSHINE  MM
  AVERAGE SKY COVER 0.4


WEATHER CONDITIONS
 THE FOLLOWING WEATHER WAS RECORDED TODAY.
  NO SIGNIFICANT WEATHER WAS OBSERVED.


RELATIVE HUMIDITY (PERCENT)
 HIGHEST    76           200 AM
 LOWEST     27           300 PM
 AVERAGE    52

..........................................................


THE MADISON WI CLIMATE NORMALS FOR TOMORROW
                         NORMAL    RECORD    YEAR
 MAXIMUM TEMPERATURE (F)   66        86      1880
 MINIMUM TEMPERATURE (F)   43        24      1989


SUNRISE AND SUNSET
MAY  6 2016...........SUNRISE   544 AM CDT   SUNSET   805 PM CDT
MAY  7 2016...........SUNRISE   542 AM CDT   SUNSET   806 PM CDT


-  INDICATES NEGATIVE NUMBERS.
R  INDICATES RECORD WAS SET OR TIED.
MM INDICATES DATA IS MISSING.
T  INDICATES TRACE AMOUNT.




$$
