000
CDUS43 KMKX 260730
CLIMSN


CLIMATE REPORT
NATIONAL WEATHER SERVICE IN MILWAUKEE
229 AM CDT WED JUL 26 2017


...................................

...THE MADISON WI CLIMATE SUMMARY FOR JULY 25 2017...

CLIMATE NORMAL PERIOD 1981 TO 2010
CLIMATE RECORD PERIOD 1871 TO 2017


WEATHER ITEM   OBSERVED TIME   RECORD YEAR NORMAL DEPARTURE LAST
                VALUE   (LST)  VALUE       VALUE  FROM      YEAR
                                                  NORMAL
..................................................................
TEMPERATURE (F)
 YESTERDAY
  MAXIMUM         78    442 PM  98    2012  81     -3       85
                                      1934
  MINIMUM         52    440 AM  50    1991  61     -9       67
                                      1962
  AVERAGE         65                        71     -6       76

PRECIPITATION (IN)
  YESTERDAY        0.00          2.67 1985   0.14  -0.14     0.00
  MONTH TO DATE    6.33                      3.43   2.90     5.09
  SINCE JUN 1     13.06                      7.97   5.09    10.44
  SINCE JAN 1     28.72                     19.80   8.92    20.23

SNOWFALL (IN)
  YESTERDAY        0.0           0.0    MM   0.0    0.0      0.0
  MONTH TO DATE    0.0                       0.0    0.0      0.0
  SINCE JUN 1      0.0                       0.0    0.0      0.0
  SINCE JUL 1      0.0                       0.0    0.0      0.0
  SNOW DEPTH       0

DEGREE DAYS
 HEATING
  YESTERDAY        0                         0      0        0
  MONTH TO DATE    0                         0      0        4
  SINCE JUN 1     30                        60    -30       18
  SINCE JUL 1      0                         0      0        4

 COOLING
  YESTERDAY        0                         6     -6       11
  MONTH TO DATE  169                       172     -3      211
  SINCE JUN 1    326                       292     34      360
  SINCE JAN 1    341                       322     19      412
..................................................................


WIND (MPH)
  HIGHEST WIND SPEED    21   HIGHEST WIND DIRECTION     S (170)
  HIGHEST GUST SPEED    27   HIGHEST GUST DIRECTION     S (170)
  AVERAGE WIND SPEED     9.1


SKY COVER
  POSSIBLE SUNSHINE  MM
  AVERAGE SKY COVER 0.5


WEATHER CONDITIONS
 THE FOLLOWING WEATHER WAS RECORDED YESTERDAY.
  NO SIGNIFICANT WEATHER WAS OBSERVED.


RELATIVE HUMIDITY (PERCENT)
 HIGHEST   100           200 AM
 LOWEST     56           400 PM
 AVERAGE    78

..........................................................


THE MADISON WI CLIMATE NORMALS FOR TODAY
                         NORMAL    RECORD    YEAR
 MAXIMUM TEMPERATURE (F)   81       100      1955
 MINIMUM TEMPERATURE (F)   61        46      1977


SUNRISE AND SUNSET
JULY 26 2017..........SUNRISE   542 AM CDT   SUNSET   825 PM CDT
JULY 27 2017..........SUNRISE   543 AM CDT   SUNSET   824 PM CDT


-  INDICATES NEGATIVE NUMBERS.
R  INDICATES RECORD WAS SET OR TIED.
MM INDICATES DATA IS MISSING.
T  INDICATES TRACE AMOUNT.




$$
