000
CDUS43 KMKX 220654
CLIMSN


CLIMATE REPORT
NATIONAL WEATHER SERVICE IN MILWAUKEE
1253 AM CST SUN JAN 22 2017


...................................

...THE MADISON WI CLIMATE SUMMARY FOR JANUARY 21 2017...

CLIMATE NORMAL PERIOD 1981 TO 2010
CLIMATE RECORD PERIOD 1871 TO 2017


WEATHER ITEM   OBSERVED TIME   RECORD YEAR NORMAL DEPARTURE LAST
                VALUE   (LST)  VALUE       VALUE  FROM      YEAR
                                                  NORMAL
..................................................................
TEMPERATURE (F)
 YESTERDAY
  MAXIMUM         45    333 PM  52    1964  26     19       23
  MINIMUM         35    242 AM -29    1888  11     24       12
  AVERAGE         40                        18     22       18

PRECIPITATION (IN)
  YESTERDAY        T             0.57 1895   0.04  -0.04      T
  MONTH TO DATE    1.83                      0.84   0.99     0.56
  SINCE DEC 1      3.86                      2.58   1.28     3.89
  SINCE JAN 1      1.83                      0.84   0.99     0.56

SNOWFALL (IN)
  YESTERDAY        0.0           7.2  2008   0.4   -0.4       T
  MONTH TO DATE    2.1                       8.7   -6.6      2.1
  SINCE DEC 1     24.8                      22.2    2.6      9.5
  SINCE JUL 1     24.8                      26.3   -1.5     13.6
  SNOW DEPTH       0

DEGREE DAYS
 HEATING
  YESTERDAY       25                        46    -21       47
  MONTH TO DATE  917                       975    -58     1012
  SINCE DEC 1   2226                      2275    -49     1933
  SINCE JUL 1   3248                      3854   -606     3124

 COOLING
  YESTERDAY        0                         0      0        0
  MONTH TO DATE    0                         0      0        0
  SINCE DEC 1      0                         0      0        0
  SINCE JAN 1      0                         0      0        0
..................................................................


WIND (MPH)
  HIGHEST WIND SPEED    12   HIGHEST WIND DIRECTION    SE (150)
  HIGHEST GUST SPEED    14   HIGHEST GUST DIRECTION    SW (220)
  AVERAGE WIND SPEED     4.6


SKY COVER
  POSSIBLE SUNSHINE  MM
  AVERAGE SKY COVER 1.0


WEATHER CONDITIONS
 THE FOLLOWING WEATHER WAS RECORDED YESTERDAY.
  LIGHT RAIN
  FOG
  FOG W/VISIBILITY <= 1/4 MILE


RELATIVE HUMIDITY (PERCENT)
 HIGHEST   100          1200 AM
 LOWEST     92           400 PM
 AVERAGE    96

..........................................................


THE MADISON WI CLIMATE NORMALS FOR TODAY
                         NORMAL    RECORD    YEAR
 MAXIMUM TEMPERATURE (F)   26        53      1964
 MINIMUM TEMPERATURE (F)   11       -26      1936


SUNRISE AND SUNSET
JANUARY 22 2017.......SUNRISE   722 AM CST   SUNSET   457 PM CST
JANUARY 23 2017.......SUNRISE   721 AM CST   SUNSET   458 PM CST


-  INDICATES NEGATIVE NUMBERS.
R  INDICATES RECORD WAS SET OR TIED.
MM INDICATES DATA IS MISSING.
T  INDICATES TRACE AMOUNT.




$$
