000
CDUS43 KMKX 270659
CLIMSN


CLIMATE REPORT
NATIONAL WEATHER SERVICE IN MILWAUKEE
158 AM CDT MON MAR 27 2017


...................................

...THE MADISON WI CLIMATE SUMMARY FOR MARCH 26 2017...

CLIMATE NORMAL PERIOD 1981 TO 2010
CLIMATE RECORD PERIOD 1871 TO 2017


WEATHER ITEM   OBSERVED TIME   RECORD YEAR NORMAL DEPARTURE LAST
                VALUE   (LST)  VALUE       VALUE  FROM      YEAR
                                                  NORMAL
..................................................................
TEMPERATURE (F)
 YESTERDAY
  MAXIMUM         46    347 PM  79    2007  48     -2       53
  MINIMUM         39    213 AM  -9    1960  28     11       29
  AVERAGE         43                        38      5       41

PRECIPITATION (IN)
  YESTERDAY        0.21          1.12 1928   0.09   0.12     0.00
  MONTH TO DATE    2.10                      1.75   0.35     2.94
  SINCE MAR 1      2.10                      1.75   0.35     2.94
  SINCE JAN 1      6.80                      4.43   2.37     4.44

SNOWFALL (IN)
  YESTERDAY        0.0           5.0  1928   0.1   -0.1      0.0
  MONTH TO DATE    8.3                       6.1    2.2      4.0
  SINCE MAR 1      8.3                       6.1    2.2      4.0
  SINCE JUL 1     44.0                      47.2   -3.2     28.5
  SNOW DEPTH       0

DEGREE DAYS
 HEATING
  YESTERDAY       22                        27     -5       24
  MONTH TO DATE  831                       833     -2      669
  SINCE MAR 1    831                       833     -2      669
  SINCE JUL 1   5343                      6319   -976     5269

 COOLING
  YESTERDAY        0                         0      0        0
  MONTH TO DATE    0                         0      0        0
  SINCE MAR 1      0                         0      0        0
  SINCE JAN 1      0                         0      0        0
..................................................................


WIND (MPH)
  HIGHEST WIND SPEED    13   HIGHEST WIND DIRECTION    NE (60)
  HIGHEST GUST SPEED    29   HIGHEST GUST DIRECTION    SE (130)
  AVERAGE WIND SPEED     5.6


SKY COVER
  POSSIBLE SUNSHINE  MM
  AVERAGE SKY COVER 1.0


WEATHER CONDITIONS
 THE FOLLOWING WEATHER WAS RECORDED YESTERDAY.
  LIGHT RAIN
  FOG
  FOG W/VISIBILITY <= 1/4 MILE


RELATIVE HUMIDITY (PERCENT)
 HIGHEST   100           200 AM
 LOWEST     92           100 AM
 AVERAGE    96

..........................................................


THE MADISON WI CLIMATE NORMALS FOR TODAY
                         NORMAL    RECORD    YEAR
 MAXIMUM TEMPERATURE (F)   48        78      1945
                                             1910
 MINIMUM TEMPERATURE (F)   29         2      1965


SUNRISE AND SUNSET
MARCH 27 2017.........SUNRISE   648 AM CDT   SUNSET   718 PM CDT
MARCH 28 2017.........SUNRISE   646 AM CDT   SUNSET   719 PM CDT


-  INDICATES NEGATIVE NUMBERS.
R  INDICATES RECORD WAS SET OR TIED.
MM INDICATES DATA IS MISSING.
T  INDICATES TRACE AMOUNT.




$$
