000
CDUS45 KMSO 300743
CLIMSO


CLIMATE REPORT
NATIONAL WEATHER SERVICE MISSOULA, MT
137 AM MDT MON MAY 30 2016


...................................

...THE MISSOULA MT CLIMATE SUMMARY FOR MAY 29 2016...

CLIMATE NORMAL PERIOD 1981 TO 2010
CLIMATE RECORD PERIOD 1893 TO 2016


WEATHER ITEM   OBSERVED TIME   RECORD YEAR NORMAL DEPARTURE LAST
                VALUE   (LST)  VALUE       VALUE  FROM      YEAR
                                                  NORMAL
..................................................................
TEMPERATURE (F)
 YESTERDAY
  MAXIMUM         70    353 PM  95    1936  71     -1       76
  MINIMUM         35    453 AM  27    1951  43     -8       51
  AVERAGE         53                        57     -4       64

PRECIPITATION (IN)
  YESTERDAY        0.11          1.50 1917   0.09   0.02      T
                                      1898
  MONTH TO DATE    1.82                      1.84  -0.02     0.44
  SINCE OCT 1      8.49                      8.54  -0.05     8.91
  SINCE JAN 1      5.10                      5.61  -0.51     3.60

SNOWFALL (IN)
  YESTERDAY        0.0
  MONTH TO DATE    0.0
  SINCE JAN 1     13.1
  SINCE JUL 1     30.2
  SNOW DEPTH       0

DEGREE DAYS
 HEATING
  YESTERDAY       12                         8      4        1
  MONTH TO DATE  313                       343    -30      310
  SINCE MAR 1   1527                      1737   -210     1651
  SINCE JUL 1   6711                      7106   -395     6643

 COOLING
  YESTERDAY        0                         0      0        0
  MONTH TO DATE    0                         0      0        0
  SINCE MAR 1      0                         0      0        0
  SINCE JAN 1      0                         0      0        0
..................................................................


WIND (MPH)
  HIGHEST WIND SPEED    24   HIGHEST WIND DIRECTION    SW (220)
  HIGHEST GUST SPEED    30   HIGHEST GUST DIRECTION    SW (240)
  AVERAGE WIND SPEED     4.0


SKY COVER
  POSSIBLE SUNSHINE  MM
  AVERAGE SKY COVER 0.3


WEATHER CONDITIONS
 THE FOLLOWING WEATHER WAS RECORDED YESTERDAY.
  LIGHT RAIN


RELATIVE HUMIDITY (PERCENT)
 HIGHEST    92           500 AM
 LOWEST     37           200 PM
 AVERAGE    65

..........................................................


THE MISSOULA MT CLIMATE NORMALS FOR TODAY
                         NORMAL    RECORD    YEAR
 MAXIMUM TEMPERATURE (F)   71        95      1986
                                             1936
 MINIMUM TEMPERATURE (F)   44        28      1914


SUNRISE AND SUNSET
MAY 30 2016...........SUNRISE   546 AM MDT   SUNSET   922 PM MDT
MAY 31 2016...........SUNRISE   546 AM MDT   SUNSET   923 PM MDT


-  INDICATES NEGATIVE NUMBERS.
R  INDICATES RECORD WAS SET OR TIED.
MM INDICATES DATA IS MISSING.
T  INDICATES TRACE AMOUNT.




$$
