000
CDUS45 KMSO 142331
CLIMSO


CLIMATE REPORT
NATIONAL WEATHER SERVICE MISSOULA, MT
430 PM MST THU DEC 14 2017


...................................

...THE MISSOULA MT CLIMATE SUMMARY FOR DECEMBER 14 2017...
VALID TODAY AS OF 0400 PM LOCAL TIME.

CLIMATE NORMAL PERIOD 1981 TO 2010
CLIMATE RECORD PERIOD 1893 TO 2017


WEATHER ITEM   OBSERVED TIME   RECORD YEAR NORMAL DEPARTURE LAST
                VALUE   (LST)  VALUE       VALUE  FROM      YEAR
                                                  NORMAL
..................................................................
TEMPERATURE (F)
 TODAY
  MAXIMUM         35    244 PM  60    1924  30      5       18
  MINIMUM         25    134 AM -23    1919  16      9        1
  AVERAGE         30                        23      7       10

PRECIPITATION (IN)
  TODAY            0.00          0.40 1901   0.03  -0.03     0.03
  MONTH TO DATE    0.12                      0.47  -0.35     0.52
  SINCE OCT 1      2.32                      2.36  -0.04     3.69
  SINCE JAN 1     13.74                     13.56   0.18    13.02

SNOWFALL (IN)
  TODAY            0.0
  MONTH TO DATE    1.5
  SINCE JAN 1     45.8
  SINCE JUL 1      7.6
  SNOW DEPTH       0

DEGREE DAYS
 HEATING
  TODAY           35                        42     -7       55
  MONTH TO DATE  546                       562    -16      594
  SINCE DEC 1    546                       562    -16      594
  SINCE JUL 1   2436                      2458    -22     2348

 COOLING
  TODAY            0                         0      0        0
  MONTH TO DATE    0                         0      0        0
  SINCE DEC 1      0                         0      0        0
  SINCE JAN 1    509                       332    177      287
..................................................................


WIND (MPH)
  HIGHEST WIND SPEED     9   HIGHEST WIND DIRECTION    NW (310)
  HIGHEST GUST SPEED    11   HIGHEST GUST DIRECTION    NW (320)
  AVERAGE WIND SPEED     3.0


SKY COVER
  POSSIBLE SUNSHINE  MM
  AVERAGE SKY COVER 0.8


WEATHER CONDITIONS
 THE FOLLOWING WEATHER WAS RECORDED TODAY.
  NO SIGNIFICANT WEATHER WAS OBSERVED.


RELATIVE HUMIDITY (PERCENT)
 HIGHEST    92           100 AM
 LOWEST     75           100 PM
 AVERAGE    84

..........................................................


THE MISSOULA MT CLIMATE NORMALS FOR TOMORROW
                         NORMAL    RECORD    YEAR
 MAXIMUM TEMPERATURE (F)   30        56      1924
 MINIMUM TEMPERATURE (F)   16       -12      1972


SUNRISE AND SUNSET
DECEMBER 14 2017......SUNRISE   814 AM MST   SUNSET   448 PM MST
DECEMBER 15 2017......SUNRISE   815 AM MST   SUNSET   448 PM MST


-  INDICATES NEGATIVE NUMBERS.
R  INDICATES RECORD WAS SET OR TIED.
MM INDICATES DATA IS MISSING.
T  INDICATES TRACE AMOUNT.




$$
