000
CDUS45 KMSO 200737
CLIMSO


CLIMATE REPORT
NATIONAL WEATHER SERVICE MISSOULA, MT
137 AM MDT SUN AUG 20 2017


...................................

...THE MISSOULA MT CLIMATE SUMMARY FOR AUGUST 19 2017...

CLIMATE NORMAL PERIOD 1981 TO 2010
CLIMATE RECORD PERIOD 1893 TO 2017


WEATHER ITEM   OBSERVED TIME   RECORD YEAR NORMAL DEPARTURE LAST
                VALUE   (LST)  VALUE       VALUE  FROM      YEAR
                                                  NORMAL
..................................................................
TEMPERATURE (F)
 YESTERDAY
  MAXIMUM         82    138 PM 100    1961  84     -2       77
  MINIMUM         51    610 AM  25    1901  50      1       49
  AVERAGE         67                        67      0       63

PRECIPITATION (IN)
  YESTERDAY        0.00          0.42 1906   0.04  -0.04     0.00
  MONTH TO DATE    0.14                      0.69  -0.55     0.25
  SINCE OCT 1     14.85                     12.46   2.39    11.56
  SINCE JAN 1     10.19                      9.53   0.66     8.17

SNOWFALL (IN)
  YESTERDAY        0.0
  MONTH TO DATE    0.0
  SINCE JAN 1     38.2
  SINCE JUL 1      0.0
  SNOW DEPTH       0

DEGREE DAYS
 HEATING
  YESTERDAY        0                         1     -1        2
  MONTH TO DATE    0                        19    -19       19
  SINCE JUN 1    115                       217   -102      195
  SINCE JUL 1      0                        57    -57       76

 COOLING
  YESTERDAY        2                         4     -2        0
  MONTH TO DATE  105                        95     10       65
  SINCE JUN 1    420                       283    137      253
  SINCE JAN 1    429                       289    140      253
..................................................................


WIND (MPH)
  HIGHEST WIND SPEED    22   HIGHEST WIND DIRECTION    NW (310)
  HIGHEST GUST SPEED    33   HIGHEST GUST DIRECTION     W (270)
  AVERAGE WIND SPEED     9.2


SKY COVER
  POSSIBLE SUNSHINE  MM
  AVERAGE SKY COVER 0.0


WEATHER CONDITIONS
 THE FOLLOWING WEATHER WAS RECORDED YESTERDAY.
  NO SIGNIFICANT WEATHER WAS OBSERVED.


RELATIVE HUMIDITY (PERCENT)
 HIGHEST    59           600 AM
 LOWEST     21           100 PM
 AVERAGE    40

..........................................................


THE MISSOULA MT CLIMATE NORMALS FOR TODAY
                         NORMAL    RECORD    YEAR
 MAXIMUM TEMPERATURE (F)   84        99      1940
 MINIMUM TEMPERATURE (F)   50        36      1916


SUNRISE AND SUNSET
AUGUST 20 2017........SUNRISE   641 AM MDT   SUNSET   838 PM MDT
AUGUST 21 2017........SUNRISE   642 AM MDT   SUNSET   836 PM MDT


-  INDICATES NEGATIVE NUMBERS.
R  INDICATES RECORD WAS SET OR TIED.
MM INDICATES DATA IS MISSING.
T  INDICATES TRACE AMOUNT.




$$
