000
CDUS45 KMSO 302231
CLIMSO


CLIMATE REPORT
NATIONAL WEATHER SERVICE MISSOULA, MT
431 PM MDT SUN APR 30 2017


...................................

...THE MISSOULA MT CLIMATE SUMMARY FOR APRIL 30 2017...
VALID TODAY AS OF 0400 PM LOCAL TIME.

CLIMATE NORMAL PERIOD 1981 TO 2010
CLIMATE RECORD PERIOD 1893 TO 2017


WEATHER ITEM   OBSERVED TIME   RECORD YEAR NORMAL DEPARTURE LAST
                VALUE   (LST)  VALUE       VALUE  FROM      YEAR
                                                  NORMAL
..................................................................
TEMPERATURE (F)
 TODAY
  MAXIMUM         57    259 PM  82    1941  63     -6       56
  MINIMUM         45    543 AM  20    1909  35     10       41
  AVERAGE         51                        49      2       49

PRECIPITATION (IN)
  TODAY            T             1.60 1951   0.04  -0.04     0.16
  MONTH TO DATE    1.36                      1.22   0.14     1.34
  SINCE OCT 1     11.30                      6.70   4.60     6.67
  SINCE JAN 1      6.64                      3.77   2.87     3.28

SNOWFALL (IN)
  TODAY            0.0
  MONTH TO DATE    0.9
  SINCE JAN 1     35.5
  SINCE JUL 1     64.6
  SNOW DEPTH       0

DEGREE DAYS
 HEATING
  TODAY           14                        16     -2       16
  MONTH TO DATE  614                       581     33      436
  SINCE MAR 1   1371                      1394    -23     1214
  SINCE JUL 1   7147                      6763    384     6398

 COOLING
  TODAY            0                         0      0        0
  MONTH TO DATE    0                         0      0        0
  SINCE MAR 1      0                         0      0        0
  SINCE JAN 1      0                         0      0        0
..................................................................


WIND (MPH)
  HIGHEST WIND SPEED    28   HIGHEST WIND DIRECTION     W (260)
  HIGHEST GUST SPEED    33   HIGHEST GUST DIRECTION     W (270)
  AVERAGE WIND SPEED     8.7


SKY COVER
  POSSIBLE SUNSHINE  MM
  AVERAGE SKY COVER 1.0


WEATHER CONDITIONS
 THE FOLLOWING WEATHER WAS RECORDED TODAY.
  LIGHT RAIN


RELATIVE HUMIDITY (PERCENT)
 HIGHEST    70           500 AM
 LOWEST     47           200 PM
 AVERAGE    59

..........................................................


THE MISSOULA MT CLIMATE NORMALS FOR TOMORROW
                         NORMAL    RECORD    YEAR
 MAXIMUM TEMPERATURE (F)   63        82      1901
 MINIMUM TEMPERATURE (F)   36        21      1954


SUNRISE AND SUNSET
APRIL 30 2017.........SUNRISE   622 AM MDT   SUNSET   846 PM MDT
MAY  1 2017...........SUNRISE   620 AM MDT   SUNSET   847 PM MDT


-  INDICATES NEGATIVE NUMBERS.
R  INDICATES RECORD WAS SET OR TIED.
MM INDICATES DATA IS MISSING.
T  INDICATES TRACE AMOUNT.




$$
