000
CDUS45 KMSO 260739
CLIMSO


CLIMATE REPORT
NATIONAL WEATHER SERVICE MISSOULA, MT
139 AM MDT SUN MAR 26 2017


...................................

...THE MISSOULA MT CLIMATE SUMMARY FOR MARCH 25 2017...

CLIMATE NORMAL PERIOD 1981 TO 2010
CLIMATE RECORD PERIOD 1893 TO 2017


WEATHER ITEM   OBSERVED TIME   RECORD YEAR NORMAL DEPARTURE LAST
                VALUE   (LST)  VALUE       VALUE  FROM      YEAR
                                                  NORMAL
..................................................................
TEMPERATURE (F)
 YESTERDAY
  MAXIMUM         51    452 PM  70    1960  53     -2       46
  MINIMUM         38   1147 PM   3    1965  30      8       30
  AVERAGE         45                        42      3       38

PRECIPITATION (IN)
  YESTERDAY        0.01          0.96 1905   0.04  -0.03      T
  MONTH TO DATE    1.76                      0.78   0.98     0.83
  SINCE OCT 1      9.68                      5.26   4.42     5.30
  SINCE JAN 1      5.02                      2.33   2.69     1.91

SNOWFALL (IN)
  YESTERDAY        T
  MONTH TO DATE    9.5
  SINCE JAN 1     34.6
  SINCE JUL 1     63.7
  SNOW DEPTH       0

DEGREE DAYS
 HEATING
  YESTERDAY       20                        23     -3       27
  MONTH TO DATE  631                       676    -45      627
  SINCE MAR 1    631                       676    -45      627
  SINCE JUL 1   6407                      6045    362     5811

 COOLING
  YESTERDAY        0                         0      0        0
  MONTH TO DATE    0                         0      0        0
  SINCE MAR 1      0                         0      0        0
  SINCE JAN 1      0                         0      0        0
..................................................................


WIND (MPH)
  HIGHEST WIND SPEED    20   HIGHEST WIND DIRECTION     W (290)
  HIGHEST GUST SPEED    27   HIGHEST GUST DIRECTION     N (20)
  AVERAGE WIND SPEED     6.4


SKY COVER
  POSSIBLE SUNSHINE  MM
  AVERAGE SKY COVER 0.9


WEATHER CONDITIONS
 THE FOLLOWING WEATHER WAS RECORDED YESTERDAY.
  LIGHT RAIN


RELATIVE HUMIDITY (PERCENT)
 HIGHEST    79          1200 AM
 LOWEST     42           500 PM
 AVERAGE    61

..........................................................


THE MISSOULA MT CLIMATE NORMALS FOR TODAY
                         NORMAL    RECORD    YEAR
 MAXIMUM TEMPERATURE (F)   53        72      1946
 MINIMUM TEMPERATURE (F)   30        -3      1955


SUNRISE AND SUNSET
MARCH 26 2017.........SUNRISE   727 AM MDT   SUNSET   758 PM MDT
MARCH 27 2017.........SUNRISE   725 AM MDT   SUNSET   759 PM MDT


-  INDICATES NEGATIVE NUMBERS.
R  INDICATES RECORD WAS SET OR TIED.
MM INDICATES DATA IS MISSING.
T  INDICATES TRACE AMOUNT.




$$
