000
CDUS45 KMSO 280821
CLIMSO


CLIMATE REPORT
NATIONAL WEATHER SERVICE MISSOULA, MT
221 AM MDT TUE JUL 28 2015


...................................

...THE MISSOULA MT CLIMATE SUMMARY FOR JULY 27 2015...

CLIMATE NORMAL PERIOD 1981 TO 2010
CLIMATE RECORD PERIOD 1893 TO 2015


WEATHER ITEM   OBSERVED TIME   RECORD YEAR NORMAL DEPARTURE LAST
                VALUE   (LST)  VALUE       VALUE  FROM      YEAR
                                                  NORMAL
..................................................................
TEMPERATURE (F)
 YESTERDAY
  MAXIMUM         62   1229 AM 103    1939  88    -26       94
  MINIMUM         47    208 PM  43    1983  53     -6       46
                                      1969
                                      1964
  AVERAGE         55                        70    -15       70

PRECIPITATION (IN)
  YESTERDAY        0.43          1.31 1909   0.02   0.41     0.00
  MONTH TO DATE    1.52                      0.87   0.65     0.24
  SINCE OCT 1     11.26                     11.65  -0.39    10.79
  SINCE JAN 1      5.95                      8.72  -2.77     9.08

SNOWFALL (IN)
  YESTERDAY        T
  MONTH TO DATE    T
  SINCE JAN 1     13.3
  SINCE JUL 1      T
  SNOW DEPTH       0

DEGREE DAYS
 HEATING
  YESTERDAY       10                         1      9        0
  MONTH TO DATE   18                        38    -20        6
  SINCE JUN 1     65                       198   -133      183
  SINCE JUL 1     18                        38    -20        6

 COOLING
  YESTERDAY        0                         6     -6        5
  MONTH TO DATE  130                       128      2      190
  SINCE JUN 1    272                       165    107      198
  SINCE JAN 1    272                       171    101      198
..................................................................


WIND (MPH)
  HIGHEST WIND SPEED    22   HIGHEST WIND DIRECTION    NW (320)
  HIGHEST GUST SPEED    29   HIGHEST GUST DIRECTION    NW (320)
  AVERAGE WIND SPEED     5.7


SKY COVER
  POSSIBLE SUNSHINE  MM
  AVERAGE SKY COVER 0.9


WEATHER CONDITIONS
 THE FOLLOWING WEATHER WAS RECORDED YESTERDAY.
  HEAVY RAIN
  RAIN
  LIGHT RAIN
  FOG


RELATIVE HUMIDITY (PERCENT)
 HIGHEST    96           500 AM
 LOWEST     49           100 AM
 AVERAGE    73

..........................................................


THE MISSOULA MT CLIMATE NORMALS FOR TODAY
                         NORMAL    RECORD    YEAR
 MAXIMUM TEMPERATURE (F)   89       101      1968
 MINIMUM TEMPERATURE (F)   53        37      1949


SUNRISE AND SUNSET
JULY 28 2015..........SUNRISE   611 AM MDT   SUNSET   914 PM MDT
JULY 29 2015..........SUNRISE   612 AM MDT   SUNSET   913 PM MDT


-  INDICATES NEGATIVE NUMBERS.
R  INDICATES RECORD WAS SET OR TIED.
MM INDICATES DATA IS MISSING.
T  INDICATES TRACE AMOUNT.




$$
