000
CDUS45 KMSO 260839
CLIMSO


CLIMATE REPORT
NATIONAL WEATHER SERVICE MISSOULA, MT
139 AM MST SUN FEB 26 2017


...................................

...THE MISSOULA MT CLIMATE SUMMARY FOR FEBRUARY 25 2017...

CLIMATE NORMAL PERIOD 1981 TO 2010
CLIMATE RECORD PERIOD 1893 TO 2017


WEATHER ITEM   OBSERVED TIME   RECORD YEAR NORMAL DEPARTURE LAST
                VALUE   (LST)  VALUE       VALUE  FROM      YEAR
                                                  NORMAL
..................................................................
TEMPERATURE (F)
 YESTERDAY
  MAXIMUM         32    302 PM  63    1905  42    -10       54
  MINIMUM         17    816 AM -11    1993  23     -6       21
  AVERAGE         25                        32     -7       38

PRECIPITATION (IN)
  YESTERDAY        0.00          0.48 1917   0.03  -0.03     0.00
  MONTH TO DATE    2.16                      0.62   1.54     0.42
  SINCE OCT 1      7.80                      4.40   3.40     4.41
  SINCE JAN 1      3.14                      1.47   1.67     1.02

SNOWFALL (IN)
  YESTERDAY        0.0
  MONTH TO DATE    9.3
  SINCE JAN 1     23.1
  SINCE JUL 1     52.2
  SNOW DEPTH       T

DEGREE DAYS
 HEATING
  YESTERDAY       40                        33      7       27
  MONTH TO DATE  914                       884     30      759
  SINCE DEC 1   3911                      3377    534     3233
  SINCE JUL 1   5665                      5273    392     5086

 COOLING
  YESTERDAY        0                         0      0        0
  MONTH TO DATE    0                         0      0        0
  SINCE DEC 1      0                         0      0        0
  SINCE JAN 1      0                         0      0        0
..................................................................


WIND (MPH)
  HIGHEST WIND SPEED    24   HIGHEST WIND DIRECTION     W (270)
  HIGHEST GUST SPEED    29   HIGHEST GUST DIRECTION    NW (300)
  AVERAGE WIND SPEED     6.4


SKY COVER
  POSSIBLE SUNSHINE  MM
  AVERAGE SKY COVER 0.9


WEATHER CONDITIONS
 THE FOLLOWING WEATHER WAS RECORDED YESTERDAY.
  NO SIGNIFICANT WEATHER WAS OBSERVED.


RELATIVE HUMIDITY (PERCENT)
 HIGHEST    84           500 AM
 LOWEST     45           300 PM
 AVERAGE    65

..........................................................


THE MISSOULA MT CLIMATE NORMALS FOR TODAY
                         NORMAL    RECORD    YEAR
 MAXIMUM TEMPERATURE (F)   43        60      1896
 MINIMUM TEMPERATURE (F)   23       -10      1962


SUNRISE AND SUNSET
FEBRUARY 26 2017......SUNRISE   721 AM MST   SUNSET   618 PM MST
FEBRUARY 27 2017......SUNRISE   719 AM MST   SUNSET   619 PM MST


-  INDICATES NEGATIVE NUMBERS.
R  INDICATES RECORD WAS SET OR TIED.
MM INDICATES DATA IS MISSING.
T  INDICATES TRACE AMOUNT.




$$
