000
CDUS45 KMSO 022334
CLIMSO


CLIMATE REPORT
NATIONAL WEATHER SERVICE MISSOULA, MT
433 PM MST FRI DEC 2 2016


...................................

...THE MISSOULA MT CLIMATE SUMMARY FOR DECEMBER 2 2016...
VALID TODAY AS OF 0400 PM LOCAL TIME.

CLIMATE NORMAL PERIOD 1981 TO 2010
CLIMATE RECORD PERIOD 1893 TO 2016


WEATHER ITEM   OBSERVED TIME   RECORD YEAR NORMAL DEPARTURE LAST
                VALUE   (LST)  VALUE       VALUE  FROM      YEAR
                                                  NORMAL
..................................................................
TEMPERATURE (F)
 TODAY
  MAXIMUM         34    229 PM  58    1941  34      0       23
  MINIMUM         25    836 AM  -4    1931  20      5        5
  AVERAGE         30                        26      4       14

PRECIPITATION (IN)
  TODAY            T             0.46 1972   0.03  -0.03      T
  MONTH TO DATE    0.09                      0.07   0.02      T
  SINCE OCT 1      3.26                      1.96   1.30     2.01
  SINCE JAN 1     12.59                     13.16  -0.57     8.68

SNOWFALL (IN)
  TODAY            T
  MONTH TO DATE    1.3
  SINCE JAN 1     15.7
  SINCE JUL 1      2.6
  SNOW DEPTH       T

DEGREE DAYS
 HEATING
  TODAY           35                        39     -4       51
  MONTH TO DATE   68                        77     -9      107
  SINCE DEC 1     68                        77     -9      107
  SINCE JUL 1   1822                      1973   -151     1960

 COOLING
  TODAY            0                         0      0        0
  MONTH TO DATE    0                         0      0        0
  SINCE DEC 1      0                         0      0        0
  SINCE JAN 1    287                       332    -45      401
..................................................................


WIND (MPH)
  HIGHEST WIND SPEED     6   HIGHEST WIND DIRECTION     S (160)
  HIGHEST GUST SPEED     7   HIGHEST GUST DIRECTION     W (260)
  AVERAGE WIND SPEED     1.8


SKY COVER
  POSSIBLE SUNSHINE  MM
  AVERAGE SKY COVER 1.0


WEATHER CONDITIONS
 THE FOLLOWING WEATHER WAS RECORDED TODAY.
  LIGHT SNOW


RELATIVE HUMIDITY (PERCENT)
 HIGHEST   100          1200 AM
 LOWEST     81           800 AM
 AVERAGE    91

..........................................................


THE MISSOULA MT CLIMATE NORMALS FOR TOMORROW
                         NORMAL    RECORD    YEAR
 MAXIMUM TEMPERATURE (F)   33        60      1956
 MINIMUM TEMPERATURE (F)   19       -12      1919


SUNRISE AND SUNSET
DECEMBER  2 2016......SUNRISE   803 AM MST   SUNSET   449 PM MST
DECEMBER  3 2016......SUNRISE   804 AM MST   SUNSET   449 PM MST


-  INDICATES NEGATIVE NUMBERS.
R  INDICATES RECORD WAS SET OR TIED.
MM INDICATES DATA IS MISSING.
T  INDICATES TRACE AMOUNT.




$$
