000
CDUS43 KMPX 210720
CLIMSP


CLIMATE REPORT
NATIONAL WEATHER SERVICE CHANHASSEN MN
220 AM CDT SUN SEP 21 2014


...................................

...THE TWIN CITIES MN CLIMATE SUMMARY FOR SEPTEMBER 20 2014...

CLIMATE NORMAL PERIOD 1981 TO 2010
CLIMATE RECORD PERIOD 1871 TO 2014


WEATHER ITEM   OBSERVED TIME   RECORD YEAR NORMAL DEPARTURE LAST
                VALUE   (LST)  VALUE       VALUE  FROM      YEAR
                                                  NORMAL
..................................................................
TEMPERATURE (F)
 YESTERDAY
  MAXIMUM         77    310 PM  91    1931  70      7       66
                                      1908
                                      1895
  MINIMUM         57   1159 PM  28    1962  50      7       51
  AVERAGE         67                        60      7       59

PRECIPITATION (IN)
  YESTERDAY        0.24          1.82 1902   0.10   0.14     0.04
  MONTH TO DATE    0.81                      2.08  -1.27     1.21
  SINCE SEP 1      0.81                      2.08  -1.27     1.21
  SINCE JAN 1     31.81                     24.25   7.56    27.65

SNOWFALL (IN)
  YESTERDAY        0.0           T    1927   0.0    0.0      0.0
  MONTH TO DATE    0.0                       0.0    0.0      0.0
  SINCE SEP 1      0.0                       0.0    0.0      0.0
  SINCE JUL 1      0.0                       0.0    0.0       T
  SNOW DEPTH       0

DEGREE DAYS
 HEATING
  YESTERDAY        0                         6     -6        6
  MONTH TO DATE   85                        72     13       39
  SINCE SEP 1     85                        72     13       39
  SINCE JUL 1     92                        91      1       47

 COOLING
  YESTERDAY        2                         1      1        0
  MONTH TO DATE   41                        57    -16      113
  SINCE SEP 1     41                        57    -16      113
  SINCE JAN 1    737                       738     -1      962
..................................................................


WIND (MPH)
  HIGHEST WIND SPEED    31   HIGHEST WIND DIRECTION    NW (300)
  HIGHEST GUST SPEED    40   HIGHEST GUST DIRECTION    NW (300)
  AVERAGE WIND SPEED    12.3


SKY COVER
  POSSIBLE SUNSHINE  MM
  AVERAGE SKY COVER 0.5


WEATHER CONDITIONS
 THE FOLLOWING WEATHER WAS RECORDED YESTERDAY.
  THUNDERSTORM
  HEAVY RAIN
  RAIN
  LIGHT RAIN
  FOG


RELATIVE HUMIDITY (PERCENT)
 HIGHEST    93           500 AM
 LOWEST     43           300 PM
 AVERAGE    68

..........................................................


THE TWIN CITIES MN CLIMATE NORMALS FOR TODAY
                         NORMAL    RECORD    YEAR
 MAXIMUM TEMPERATURE (F)   70        94      1937
 MINIMUM TEMPERATURE (F)   50        32      1974


SUNRISE AND SUNSET
SEPTEMBER 21 2014.....SUNRISE   659 AM CDT   SUNSET   712 PM CDT
SEPTEMBER 22 2014.....SUNRISE   700 AM CDT   SUNSET   710 PM CDT


-  INDICATES NEGATIVE NUMBERS.
R  INDICATES RECORD WAS SET OR TIED.
MM INDICATES DATA IS MISSING.
T  INDICATES TRACE AMOUNT.




$$
