000
CDUS43 KMPX 300630
CLIMSP


CLIMATE REPORT
NATIONAL WEATHER SERVICE CHANHASSEN MN
129 AM CDT TUE SEP 30 2014


...................................

...THE TWIN CITIES MN CLIMATE SUMMARY FOR SEPTEMBER 29 2014...

CLIMATE NORMAL PERIOD 1981 TO 2010
CLIMATE RECORD PERIOD 1871 TO 2014


WEATHER ITEM   OBSERVED TIME   RECORD YEAR NORMAL DEPARTURE LAST
                VALUE   (LST)  VALUE       VALUE  FROM      YEAR
                                                  NORMAL
..................................................................
TEMPERATURE (F)
 YESTERDAY
  MAXIMUM         67   1223 AM  89    1897  66      1       77
  MINIMUM         44   1159 PM  27    1945  46     -2       48
  AVERAGE         56                        56      0       63

PRECIPITATION (IN)
  YESTERDAY        0.07          2.68 1881   0.09  -0.02     0.00
  MONTH TO DATE    0.92                      2.99  -2.07     1.35
  SINCE SEP 1      0.92                      2.99  -2.07     1.35
  SINCE JAN 1     31.92                     25.16   6.76    27.79

SNOWFALL (IN)
  YESTERDAY        0.0           T    1907   0.0    0.0      0.0
  MONTH TO DATE    0.0                       0.0    0.0      0.0
  SINCE SEP 1      0.0                       0.0    0.0      0.0
  SINCE JUL 1      0.0                       0.0    0.0       T
  SNOW DEPTH       0

DEGREE DAYS
 HEATING
  YESTERDAY        9                        10     -1        2
  MONTH TO DATE  110                       145    -35       58
  SINCE SEP 1    110                       145    -35       58
  SINCE JUL 1    117                       164    -47       66

 COOLING
  YESTERDAY        0                         1     -1        0
  MONTH TO DATE   63                        66     -3      128
  SINCE SEP 1     63                        66     -3      128
  SINCE JAN 1    759                       747     12      977
..................................................................


WIND (MPH)
  HIGHEST WIND SPEED    16   HIGHEST WIND DIRECTION     N (10)
  HIGHEST GUST SPEED    35   HIGHEST GUST DIRECTION     N (10)
  AVERAGE WIND SPEED    11.5


SKY COVER
  POSSIBLE SUNSHINE  MM
  AVERAGE SKY COVER 0.7


WEATHER CONDITIONS
 THE FOLLOWING WEATHER WAS RECORDED YESTERDAY.
  RAIN
  LIGHT RAIN
  FOG


RELATIVE HUMIDITY (PERCENT)
 HIGHEST    90           200 AM
 LOWEST     63          1200 AM
 AVERAGE    77

..........................................................


THE TWIN CITIES MN CLIMATE NORMALS FOR TODAY
                         NORMAL    RECORD    YEAR
 MAXIMUM TEMPERATURE (F)   65        87      1897
 MINIMUM TEMPERATURE (F)   46        26      1939


SUNRISE AND SUNSET
SEPTEMBER 30 2014.....SUNRISE   710 AM CDT   SUNSET   655 PM CDT
OCTOBER  1 2014.......SUNRISE   711 AM CDT   SUNSET   653 PM CDT


-  INDICATES NEGATIVE NUMBERS.
R  INDICATES RECORD WAS SET OR TIED.
MM INDICATES DATA IS MISSING.
T  INDICATES TRACE AMOUNT.




$$
