000
CDUS41 KBTV 270540
CLIMSS


CLIMATE REPORT
NATIONAL WEATHER SERVICE BURLINGTON VT
140 AM EDT THU APR 27 2017


...................................

...THE MASSENA NY CLIMATE SUMMARY FOR APRIL 26 2017...

CLIMATE NORMAL PERIOD 1981 TO 2010
CLIMATE RECORD PERIOD 1948 TO 2017


WEATHER ITEM   OBSERVED TIME   RECORD YEAR NORMAL DEPARTURE LAST
                VALUE   (LST)  VALUE       VALUE  FROM      YEAR
                                                  NORMAL
..................................................................
TEMPERATURE (F)
 YESTERDAY
  MAXIMUM         66    502 PM  85    1990  60      6       49
  MINIMUM         49    210 AM  22    1972  37     12       28
  AVERAGE         58                        48     10       39

PRECIPITATION (IN)
  YESTERDAY        0.02          0.55        0.10  -0.08     0.03
  MONTH TO DATE    3.44                      2.43   1.01     1.66
  SINCE MAR 1      5.56                      4.52   1.04     3.89
  SINCE JAN 1      8.99                      8.47   0.52     8.55

DEGREE DAYS
 HEATING
  YESTERDAY        7                        17    -10       26
  MONTH TO DATE  479                       587   -108      659
  SINCE MAR 1   1735                      1731      4     1665
  SINCE JUL 1   6661                      7718  -1057     6711

 COOLING
  YESTERDAY        0                         0      0        0
  MONTH TO DATE    0                         0      0        0
  SINCE MAR 1      0                         0      0        0
  SINCE JAN 1      0                         0      0        0
..................................................................


WIND (MPH)
  HIGHEST WIND SPEED    15   HIGHEST WIND DIRECTION    NE (60)
  HIGHEST GUST SPEED    20   HIGHEST GUST DIRECTION    NE (50)
  AVERAGE WIND SPEED     9.0


SKY COVER
  AVERAGE SKY COVER 0.8


WEATHER CONDITIONS
 THE FOLLOWING WEATHER WAS RECORDED YESTERDAY.
  LIGHT RAIN
  FOG


RELATIVE HUMIDITY (PERCENT)
 HIGHEST   100          1200 AM
 LOWEST     72           100 PM
 AVERAGE    86

..........................................................


THE MASSENA NY CLIMATE NORMALS FOR TODAY
                         NORMAL    RECORD    YEAR
 MAXIMUM TEMPERATURE (F)   60        89      1990
 MINIMUM TEMPERATURE (F)   37        21      1972


SUNRISE AND SUNSET
APRIL 27 2017.........SUNRISE   555 AM EDT   SUNSET   800 PM EDT
APRIL 28 2017.........SUNRISE   553 AM EDT   SUNSET   801 PM EDT


-  INDICATES NEGATIVE NUMBERS.
R  INDICATES RECORD WAS SET OR TIED.
MM INDICATES DATA IS MISSING.
T  INDICATES TRACE AMOUNT.




$$
