000
CDUS41 KBTV 210636
CLIMSS


CLIMATE REPORT
NATIONAL WEATHER SERVICE BURLINGTON VT
134 AM EST TUE NOV 21 2017


...................................

...THE MASSENA NY CLIMATE SUMMARY FOR NOVEMBER 20 2017...

CLIMATE NORMAL PERIOD 1981 TO 2010
CLIMATE RECORD PERIOD 1948 TO 2017


WEATHER ITEM   OBSERVED TIME   RECORD YEAR NORMAL DEPARTURE LAST
                VALUE   (LST)  VALUE       VALUE  FROM      YEAR
                                                  NORMAL
..................................................................
TEMPERATURE (F)
 YESTERDAY
  MAXIMUM         28   1141 PM  69    1991  42    -14       41
  MINIMUM         19    633 AM   6    1967  26     -7       28
  AVERAGE         24                        34    -10       35

PRECIPITATION (IN)
  YESTERDAY        T             0.82        0.10  -0.10     0.37
  MONTH TO DATE    2.45                      2.08   0.37     0.37
  SINCE SEP 1      8.05                      9.04  -0.99     6.49
  SINCE JAN 1     37.42                     31.58   5.84    27.60

DEGREE DAYS
 HEATING
  YESTERDAY       41                        31     10       30
  MONTH TO DATE  587                       552     35      446
  SINCE SEP 1   1028                      1358   -330     1066
  SINCE JUL 1   1080                      1433   -353     1077

 COOLING
  YESTERDAY        0                         0      0        0
  MONTH TO DATE    0                         0      0        0
  SINCE SEP 1     73                        27     46       47
  SINCE JAN 1    399                       363     36      527
..................................................................


WIND (MPH)
  HIGHEST WIND SPEED    22   HIGHEST WIND DIRECTION     W (280)
  HIGHEST GUST SPEED    29   HIGHEST GUST DIRECTION     W (280)
  AVERAGE WIND SPEED     8.2


SKY COVER
  AVERAGE SKY COVER 1.0


WEATHER CONDITIONS
 THE FOLLOWING WEATHER WAS RECORDED YESTERDAY.
  LIGHT SNOW
  FOG


RELATIVE HUMIDITY (PERCENT)
 HIGHEST    96           700 PM
 LOWEST     73           600 AM
 AVERAGE    85

..........................................................


THE MASSENA NY CLIMATE NORMALS FOR TODAY
                         NORMAL    RECORD    YEAR
 MAXIMUM TEMPERATURE (F)   41        59      1992
 MINIMUM TEMPERATURE (F)   26         2      1967


SUNRISE AND SUNSET
NOVEMBER 21 2017......SUNRISE   705 AM EST   SUNSET   425 PM EST
NOVEMBER 22 2017......SUNRISE   706 AM EST   SUNSET   424 PM EST


-  INDICATES NEGATIVE NUMBERS.
R  INDICATES RECORD WAS SET OR TIED.
MM INDICATES DATA IS MISSING.
T  INDICATES TRACE AMOUNT.




$$
