000
CDUS41 KBTV 280539
CLIMSS


CLIMATE REPORT
NATIONAL WEATHER SERVICE BURLINGTON VT
137 AM EDT TUE JUL 28 2015


...................................

...THE MASSENA NY CLIMATE SUMMARY FOR JULY 27 2015...

CLIMATE NORMAL PERIOD 1981 TO 2010
CLIMATE RECORD PERIOD 1948 TO 2015


WEATHER ITEM   OBSERVED TIME   RECORD YEAR NORMAL DEPARTURE LAST
                VALUE   (LST)  VALUE       VALUE  FROM      YEAR
                                                  NORMAL
..................................................................
TEMPERATURE (F)
 YESTERDAY
  MAXIMUM         87    303 PM  96    1949  80      7       78
  MINIMUM         59    428 AM  40    2001  58      1       61
  AVERAGE         73                        69      4       70

PRECIPITATION (IN)
  YESTERDAY        0.00          0.64        0.12  -0.12     0.46
  MONTH TO DATE    3.11                      3.10   0.01     4.21
  SINCE JUN 1      8.23                      6.62   1.61     9.14
  SINCE JAN 1     14.22                     18.55  -4.33    19.07

DEGREE DAYS
 HEATING
  YESTERDAY        0                         1     -1        0
  MONTH TO DATE   22                        27     -5        9
  SINCE JUN 1    123                       123      0       47
  SINCE JUL 1     22                        27     -5        9

 COOLING
  YESTERDAY        8                         5      3        5
  MONTH TO DATE  115                       132    -17      107
  SINCE JUN 1    162                       207    -45      191
  SINCE JAN 1    207                       221    -14      206
..................................................................


WIND (MPH)
  HIGHEST WIND SPEED    14   HIGHEST WIND DIRECTION    SW (220)
  HIGHEST GUST SPEED    17   HIGHEST GUST DIRECTION     W (250)
  AVERAGE WIND SPEED     5.3


SKY COVER
  AVERAGE SKY COVER 0.3


WEATHER CONDITIONS
 THE FOLLOWING WEATHER WAS RECORDED YESTERDAY.
  FOG
  FOG W/VISIBILITY <= 1/4 MILE
  HAZE


RELATIVE HUMIDITY (PERCENT)
 HIGHEST   100           300 AM
 LOWEST     44           400 PM
 AVERAGE    72

..........................................................


THE MASSENA NY CLIMATE NORMALS FOR TODAY
                         NORMAL    RECORD    YEAR
 MAXIMUM TEMPERATURE (F)   80        95      1949
 MINIMUM TEMPERATURE (F)   58        42      2001


SUNRISE AND SUNSET
JULY 28 2015..........SUNRISE   540 AM EDT   SUNSET   831 PM EDT
JULY 29 2015..........SUNRISE   541 AM EDT   SUNSET   830 PM EDT


-  INDICATES NEGATIVE NUMBERS.
R  INDICATES RECORD WAS SET OR TIED.
MM INDICATES DATA IS MISSING.
T  INDICATES TRACE AMOUNT.




$$
