000
CDUS41 KBTV 300532
CLIMSS


CLIMATE REPORT
NATIONAL WEATHER SERVICE BURLINGTON VT
130 AM EDT SAT MAY 30 2015


...................................

...THE MASSENA NY CLIMATE SUMMARY FOR MAY 29 2015...

CLIMATE NORMAL PERIOD 1981 TO 2010
CLIMATE RECORD PERIOD 1948 TO 2015


WEATHER ITEM   OBSERVED TIME   RECORD YEAR NORMAL DEPARTURE LAST
                VALUE   (LST)  VALUE       VALUE  FROM      YEAR
                                                  NORMAL
..................................................................
TEMPERATURE (F)
 YESTERDAY
  MAXIMUM         80    409 PM  90    1978  71      9       68
  MINIMUM         45    453 AM  33    1977  48     -3       47
  AVERAGE         63                        59      4       58

PRECIPITATION (IN)
  YESTERDAY        0.00          0.72        0.10  -0.10     0.00
  MONTH TO DATE    0.96                      2.86  -1.90     2.10
  SINCE MAR 1      3.98                      7.77  -3.79     7.18
  SINCE JAN 1      5.40                     11.72  -6.32     9.92

DEGREE DAYS
 HEATING
  YESTERDAY        2                         7     -5        7
  MONTH TO DATE  166                       306   -140      253
  SINCE MAR 1   2101                      2101      0     2380
  SINCE JUL 1   8267                      8088    179     8549

 COOLING
  YESTERDAY        0                         1     -1        0
  MONTH TO DATE   40                        10     30       15
  SINCE MAR 1     40                        11     29       15
  SINCE JAN 1     40                        11     29       15
..................................................................


WIND (MPH)
  HIGHEST WIND SPEED    13   HIGHEST WIND DIRECTION    SW (220)
  HIGHEST GUST SPEED    19   HIGHEST GUST DIRECTION     S (190)
  AVERAGE WIND SPEED     1.7


SKY COVER
  AVERAGE SKY COVER 0.2


WEATHER CONDITIONS
 THE FOLLOWING WEATHER WAS RECORDED YESTERDAY.
  FOG
  FOG W/VISIBILITY <= 1/4 MILE


RELATIVE HUMIDITY (PERCENT)
 HIGHEST   100           500 AM
 LOWEST     42           400 PM
 AVERAGE    71

..........................................................


THE MASSENA NY CLIMATE NORMALS FOR TODAY
                         NORMAL    RECORD    YEAR
 MAXIMUM TEMPERATURE (F)   71        91      1987
 MINIMUM TEMPERATURE (F)   48        32      1967


SUNRISE AND SUNSET
MAY 30 2015...........SUNRISE   518 AM EDT   SUNSET   837 PM EDT
MAY 31 2015...........SUNRISE   517 AM EDT   SUNSET   838 PM EDT


-  INDICATES NEGATIVE NUMBERS.
R  INDICATES RECORD WAS SET OR TIED.
MM INDICATES DATA IS MISSING.
T  INDICATES TRACE AMOUNT.




$$
