059
CDUS41 KBTV 260538
CLIMSS


CLIMATE REPORT
NATIONAL WEATHER SERVICE BURLINGTON VT
136 AM EDT MON JUN 26 2017


...................................

...THE MASSENA NY CLIMATE SUMMARY FOR JUNE 25 2017...

CLIMATE NORMAL PERIOD 1981 TO 2010
CLIMATE RECORD PERIOD 1948 TO 2017


WEATHER ITEM   OBSERVED TIME   RECORD YEAR NORMAL DEPARTURE LAST
                VALUE   (LST)  VALUE       VALUE  FROM      YEAR
                                                  NORMAL
..................................................................
TEMPERATURE (F)
 YESTERDAY
  MAXIMUM         71   1121 AM  92    1995  78     -7       87
                                      1993
  MINIMUM         54   1159 PM  38    1979  56     -2       50
  AVERAGE         63                        67     -4       69

PRECIPITATION (IN)
  YESTERDAY        1.43R         0.97        0.12   1.31     0.00
  MONTH TO DATE    3.65                      2.92   0.73     2.80
  SINCE JUN 1      3.65                      2.92   0.73     2.80
  SINCE JAN 1     18.30                     14.85   3.45    12.14

DEGREE DAYS
 HEATING
  YESTERDAY        2                         2      0        0
  MONTH TO DATE   79                        89    -10       65
  SINCE JUN 1     79                        89    -10       65
  SINCE JUL 1   7096                      8190  -1094     7163

 COOLING
  YESTERDAY        0                         4     -4        4
  MONTH TO DATE   74                        54     20       41
  SINCE JUN 1     74                        54     20       41
  SINCE JAN 1     90                        68     22       87
..................................................................


WIND (MPH)
  HIGHEST WIND SPEED    26   HIGHEST WIND DIRECTION    NW (310)
  HIGHEST GUST SPEED    33   HIGHEST GUST DIRECTION    SW (230)
  AVERAGE WIND SPEED     5.8


SKY COVER
  AVERAGE SKY COVER 0.4


WEATHER CONDITIONS
 THE FOLLOWING WEATHER WAS RECORDED YESTERDAY.
  THUNDERSTORM
  HEAVY RAIN
  RAIN
  LIGHT RAIN
  FOG


RELATIVE HUMIDITY (PERCENT)
 HIGHEST   100           200 AM
 LOWEST     61          1100 AM
 AVERAGE    81

..........................................................


THE MASSENA NY CLIMATE NORMALS FOR TODAY
                         NORMAL    RECORD    YEAR
 MAXIMUM TEMPERATURE (F)   78        91      2016
                                             1973
 MINIMUM TEMPERATURE (F)   56        38      1970


SUNRISE AND SUNSET
JUNE 26 2017..........SUNRISE   515 AM EDT   SUNSET   850 PM EDT
JUNE 27 2017..........SUNRISE   515 AM EDT   SUNSET   850 PM EDT


-  INDICATES NEGATIVE NUMBERS.
R  INDICATES RECORD WAS SET OR TIED.
MM INDICATES DATA IS MISSING.
T  INDICATES TRACE AMOUNT.




$$
