000
CDUS41 KBTV 230539
CLIMSS


CLIMATE REPORT
NATIONAL WEATHER SERVICE BURLINGTON VT
137 AM EDT TUE AUG 23 2016


...................................

...THE MASSENA NY CLIMATE SUMMARY FOR AUGUST 22 2016...

CLIMATE NORMAL PERIOD 1981 TO 2010
CLIMATE RECORD PERIOD 1948 TO 2016


WEATHER ITEM   OBSERVED TIME   RECORD YEAR NORMAL DEPARTURE LAST
                VALUE   (LST)  VALUE       VALUE  FROM      YEAR
                                                  NORMAL
..................................................................
TEMPERATURE (F)
 YESTERDAY
  MAXIMUM         73    354 PM  87    2008  77     -4       78
                                      1974
  MINIMUM         53   1149 PM  36    1957  55     -2       56
  AVERAGE         63                        66     -3       67

PRECIPITATION (IN)
  YESTERDAY        0.00          1.43        0.10  -0.10     0.00
  MONTH TO DATE    2.20                      2.55  -0.35     3.24
  SINCE JUN 1      9.86                      9.64   0.22    11.78
  SINCE JAN 1     19.20                     21.57  -2.37    17.77

DEGREE DAYS
 HEATING
  YESTERDAY        2                         2      0        0
  MONTH TO DATE    2                        28    -26        7
  SINCE JUN 1     76                       147    -71      130
  SINCE JUL 1     11                        51    -40       29

 COOLING
  YESTERDAY        0                         3     -3        2
  MONTH TO DATE  155                        80     75      109
  SINCE JUN 1    383                       300     83      312
  SINCE JAN 1    429                       314    115      357
..................................................................


WIND (MPH)
  HIGHEST WIND SPEED    17   HIGHEST WIND DIRECTION     W (260)
  HIGHEST GUST SPEED    22   HIGHEST GUST DIRECTION     W (280)
  AVERAGE WIND SPEED     9.3


SKY COVER
  AVERAGE SKY COVER 0.3


WEATHER CONDITIONS
 THE FOLLOWING WEATHER WAS RECORDED YESTERDAY.
  NO SIGNIFICANT WEATHER WAS OBSERVED.


RELATIVE HUMIDITY (PERCENT)
 HIGHEST    89          1100 PM
 LOWEST     35           400 PM
 AVERAGE    62

..........................................................


THE MASSENA NY CLIMATE NORMALS FOR TODAY
                         NORMAL    RECORD    YEAR
 MAXIMUM TEMPERATURE (F)   77        88      1949
 MINIMUM TEMPERATURE (F)   54        37      1957


SUNRISE AND SUNSET
AUGUST 23 2016........SUNRISE   611 AM EDT   SUNSET   752 PM EDT
AUGUST 24 2016........SUNRISE   613 AM EDT   SUNSET   750 PM EDT


-  INDICATES NEGATIVE NUMBERS.
R  INDICATES RECORD WAS SET OR TIED.
MM INDICATES DATA IS MISSING.
T  INDICATES TRACE AMOUNT.




$$
