987
CDUS41 KBTV 070553
CLIMSS


CLIMATE REPORT
NATIONAL WEATHER SERVICE BURLINGTON VT
1250 AM EST WED DEC 7 2016


...................................

...THE MASSENA NY CLIMATE SUMMARY FOR DECEMBER 6 2016...

CLIMATE NORMAL PERIOD 1981 TO 2010
CLIMATE RECORD PERIOD 1948 TO 2016


WEATHER ITEM   OBSERVED TIME   RECORD YEAR NORMAL DEPARTURE LAST
                VALUE   (LST)  VALUE       VALUE  FROM      YEAR
                                                  NORMAL
..................................................................
TEMPERATURE (F)
 YESTERDAY
  MAXIMUM         38   1233 PM  68    2001  34      4       44
  MINIMUM         30   1159 PM  -2    1969  19     11       32
  AVERAGE         34                        26      8       38

PRECIPITATION (IN)
  YESTERDAY        0.00          0.71        0.09  -0.09     0.00
  MONTH TO DATE    0.61                      0.52   0.09     0.37
  SINCE DEC 1      0.61                      0.52   0.09     0.37
  SINCE JAN 1     28.49                     33.05  -4.56    27.11

DEGREE DAYS
 HEATING
  YESTERDAY       31                        39     -8       27
  MONTH TO DATE  181                       225    -44      168
  SINCE DEC 1    181                       225    -44      168
  SINCE JUL 1   1587                      1994   -407     1642

 COOLING
  YESTERDAY        0                         0      0        0
  MONTH TO DATE    0                         0      0        0
  SINCE DEC 1      0                         0      0        0
  SINCE JAN 1    527                       363    164      453
..................................................................


WIND (MPH)
  HIGHEST WIND SPEED    20   HIGHEST WIND DIRECTION    NE (60)
  HIGHEST GUST SPEED    24   HIGHEST GUST DIRECTION    NE (50)
  AVERAGE WIND SPEED     6.7


SKY COVER
  AVERAGE SKY COVER 0.6


WEATHER CONDITIONS
 THE FOLLOWING WEATHER WAS RECORDED YESTERDAY.
  FOG


RELATIVE HUMIDITY (PERCENT)
 HIGHEST    92          1200 AM
 LOWEST     70           100 PM
 AVERAGE    81

..........................................................


THE MASSENA NY CLIMATE NORMALS FOR TODAY
                         NORMAL    RECORD    YEAR
 MAXIMUM TEMPERATURE (F)   34        65      1998
 MINIMUM TEMPERATURE (F)   18        -7      2000


SUNRISE AND SUNSET
DECEMBER  7 2016......SUNRISE   724 AM EST   SUNSET   418 PM EST
DECEMBER  8 2016......SUNRISE   725 AM EST   SUNSET   418 PM EST


-  INDICATES NEGATIVE NUMBERS.
R  INDICATES RECORD WAS SET OR TIED.
MM INDICATES DATA IS MISSING.
T  INDICATES TRACE AMOUNT.




$$
