000
CDUS41 KBTV 030602
CLIMSS


CLIMATE REPORT
NATIONAL WEATHER SERVICE BURLINGTON VT
200 AM EDT THU SEP 3 2015


...................................

...THE MASSENA NY CLIMATE SUMMARY FOR SEPTEMBER 2 2015...

CLIMATE NORMAL PERIOD 1981 TO 2010
CLIMATE RECORD PERIOD 1948 TO 2015


WEATHER ITEM   OBSERVED TIME   RECORD YEAR NORMAL DEPARTURE LAST
                VALUE   (LST)  VALUE       VALUE  FROM      YEAR
                                                  NORMAL
..................................................................
TEMPERATURE (F)
 YESTERDAY
  MAXIMUM         80    440 PM  95    1973  75      5       83
  MINIMUM         65    438 AM  36    1992  52     13       64
  AVERAGE         73                        63     10       74

PRECIPITATION (IN)
  YESTERDAY        0.00          0.98        0.11  -0.11     0.10
  MONTH TO DATE    0.00                      0.23  -0.23     0.10
  SINCE SEP 1      0.00                      0.23  -0.23     0.10
  SINCE JAN 1     17.77                     22.77  -5.00    25.56

DEGREE DAYS
 HEATING
  YESTERDAY        0                         4     -4        0
  MONTH TO DATE    0                         7     -7        0
  SINCE SEP 1      0                         7     -7        0
  SINCE JUL 1     34                        82    -48       60

 COOLING
  YESTERDAY        8                         2      6        9
  MONTH TO DATE   11                         4      7       18
  SINCE SEP 1     11                         4      7       18
  SINCE JAN 1    384                       340     44      306
..................................................................


WIND (MPH)
  HIGHEST WIND SPEED    13   HIGHEST WIND DIRECTION     S (200)
  HIGHEST GUST SPEED    16   HIGHEST GUST DIRECTION    SW (230)
  AVERAGE WIND SPEED     6.6


SKY COVER
  AVERAGE SKY COVER 0.4


WEATHER CONDITIONS
 THE FOLLOWING WEATHER WAS RECORDED YESTERDAY.
  FOG
  HAZE


RELATIVE HUMIDITY (PERCENT)
 HIGHEST    93          1200 AM
 LOWEST     69           300 PM
 AVERAGE    81

..........................................................


THE MASSENA NY CLIMATE NORMALS FOR TODAY
                         NORMAL    RECORD    YEAR
 MAXIMUM TEMPERATURE (F)   74        92      1973
 MINIMUM TEMPERATURE (F)   52        34      1976


SUNRISE AND SUNSET
SEPTEMBER  3 2015.....SUNRISE   623 AM EDT   SUNSET   733 PM EDT
SEPTEMBER  4 2015.....SUNRISE   625 AM EDT   SUNSET   731 PM EDT


-  INDICATES NEGATIVE NUMBERS.
R  INDICATES RECORD WAS SET OR TIED.
MM INDICATES DATA IS MISSING.
T  INDICATES TRACE AMOUNT.




$$
