308
CDUS41 KBTV 270545
CLIMSS


CLIMATE REPORT
NATIONAL WEATHER SERVICE BURLINGTON VT
135 AM EDT FRI MAY 27 2016


...................................

...THE MASSENA NY CLIMATE SUMMARY FOR MAY 26 2016...

CLIMATE NORMAL PERIOD 1981 TO 2010
CLIMATE RECORD PERIOD 1948 TO 2016


WEATHER ITEM   OBSERVED TIME   RECORD YEAR NORMAL DEPARTURE LAST
                VALUE   (LST)  VALUE       VALUE  FROM      YEAR
                                                  NORMAL
..................................................................
TEMPERATURE (F)
 YESTERDAY
  MAXIMUM         79    337 PM  96    2010  70      9       85
  MINIMUM         52    345 AM  32    1972  47      5       67
  AVERAGE         66                        58      8       76

PRECIPITATION (IN)
  YESTERDAY        T             1.43        0.10  -0.10     0.01
  MONTH TO DATE    0.79                      2.56  -1.77     0.90
  SINCE MAR 1      4.68                      7.47  -2.79     3.92
  SINCE JAN 1      9.34                     11.42  -2.08     5.34

DEGREE DAYS
 HEATING
  YESTERDAY        0                         7     -7        0
  MONTH TO DATE  286                       285      1      160
  SINCE MAR 1   2052                      2080    -28     2095
  SINCE JUL 1   7098                      8067   -969     8261

 COOLING
  YESTERDAY        1                         1      0       11
  MONTH TO DATE    6                         7     -1       33
  SINCE MAR 1      6                         8     -2       33
  SINCE JAN 1      6                         8     -2       33
..................................................................


WIND (MPH)
  HIGHEST WIND SPEED    16   HIGHEST WIND DIRECTION    NE (30)
  HIGHEST GUST SPEED    20   HIGHEST GUST DIRECTION    NE (30)
  AVERAGE WIND SPEED     7.1


SKY COVER
  AVERAGE SKY COVER 0.3


WEATHER CONDITIONS
 THE FOLLOWING WEATHER WAS RECORDED YESTERDAY.
  LIGHT RAIN


RELATIVE HUMIDITY (PERCENT)
 HIGHEST    93           300 AM
 LOWEST     33           400 PM
 AVERAGE    63

..........................................................


THE MASSENA NY CLIMATE NORMALS FOR TODAY
                         NORMAL    RECORD    YEAR
 MAXIMUM TEMPERATURE (F)   70        89      1978
 MINIMUM TEMPERATURE (F)   47        30      1954


SUNRISE AND SUNSET
MAY 27 2016...........SUNRISE   519 AM EDT   SUNSET   835 PM EDT
MAY 28 2016...........SUNRISE   518 AM EDT   SUNSET   836 PM EDT


-  INDICATES NEGATIVE NUMBERS.
R  INDICATES RECORD WAS SET OR TIED.
MM INDICATES DATA IS MISSING.
T  INDICATES TRACE AMOUNT.




$$
