000
CDUS41 KBTV 270535
CLIMSS


CLIMATE REPORT
NATIONAL WEATHER SERVICE BURLINGTON VT
1233 AM EST FRI FEB 27 2015


...................................

...THE MASSENA NY CLIMATE SUMMARY FOR FEBRUARY 26 2015...

CLIMATE NORMAL PERIOD 1981 TO 2010
CLIMATE RECORD PERIOD 1948 TO 2015


WEATHER ITEM   OBSERVED TIME   RECORD YEAR NORMAL DEPARTURE LAST
                VALUE   (LST)  VALUE       VALUE  FROM      YEAR
                                                  NORMAL
..................................................................
TEMPERATURE (F)
 YESTERDAY
  MAXIMUM         10    321 PM  55    2002  31    -21       15
  MINIMUM        -18    713 AM -24    2003  10    -28        0
  AVERAGE         -4                        21    -25        8

PRECIPITATION (IN)
  YESTERDAY        0.00          1.14        0.07  -0.07      T
  MONTH TO DATE    0.14                      1.63  -1.49     1.28
  SINCE DEC 1      2.40                      6.24  -3.84     4.37
  SINCE JAN 1      1.42                      3.81  -2.39     2.74

DEGREE DAYS
 HEATING
  YESTERDAY       69                        44     25       57
  MONTH TO DATE 1627                      1237    390     1271
  SINCE DEC 1   4486                      4131    355     4302
  SINCE JUL 1   6047                      5900    147     6053

 COOLING
  YESTERDAY        0                         0      0        0
  MONTH TO DATE    0                         0      0        0
  SINCE DEC 1      0                         0      0        0
  SINCE JAN 1      0                         0      0        0
..................................................................


WIND (MPH)
  HIGHEST WIND SPEED     9   HIGHEST WIND DIRECTION    NW (310)
  HIGHEST GUST SPEED    12   HIGHEST GUST DIRECTION     N (340)
  AVERAGE WIND SPEED     2.2


SKY COVER
  AVERAGE SKY COVER 0.2


WEATHER CONDITIONS
 THE FOLLOWING WEATHER WAS RECORDED YESTERDAY.
  FOG
  HAZE


RELATIVE HUMIDITY (PERCENT)
 HIGHEST    81           500 AM
 LOWEST     38           200 PM
 AVERAGE    60

..........................................................


THE MASSENA NY CLIMATE NORMALS FOR TODAY
                         NORMAL    RECORD    YEAR
 MAXIMUM TEMPERATURE (F)   31        62      2000
 MINIMUM TEMPERATURE (F)   11       -16      2003


SUNRISE AND SUNSET
FEBRUARY 27 2015......SUNRISE   641 AM EST   SUNSET   544 PM EST
FEBRUARY 28 2015......SUNRISE   639 AM EST   SUNSET   545 PM EST


-  INDICATES NEGATIVE NUMBERS.
R  INDICATES RECORD WAS SET OR TIED.
MM INDICATES DATA IS MISSING.
T  INDICATES TRACE AMOUNT.




$$
