000
CDUS42 KKEY 202022
CLIMTH

CLIMATE REPORT
NATIONAL WEATHER SERVICE KEY WEST, FL
419 PM EDT FRI OCT 20 2017

...................................

...THE MARATHON CLIMATE SUMMARY FOR OCTOBER 20 2017...
VALID TODAY AS OF 0400 PM LOCAL TIME.

CLIMATE NORMAL PERIOD 1981 TO 2010

WEATHER ITEM   OBSERVED TIME   NORMAL DEPARTURE LAST
                VALUE   (LST)  VALUE  FROM      YEAR
                                      NORMAL
......................................................

TEMPERATURE (F)
 TODAY
  MAXIMUM         88    227 PM  85      3       84
  MINIMUM         77   1258 AM  75      2       75
  AVERAGE         83            80      3       80

PRECIPITATION (IN)
  TODAY            0.17          0.12   0.05     0.00
  MONTH TO DATE    6.33          3.21   3.12     1.04
  SINCE SEP 1      9.86         10.94  -1.08     4.82
  SINCE JAN 1     28.53         39.76 -11.23    34.01

SNOWFALL (IN)
  TODAY            0.0
  MONTH TO DATE    0.0
  SINCE SEP 1      0.0
  SINCE JUL 1      0.0
  SNOW DEPTH       0

DEGREE DAYS
 HEATING
  TODAY            0             0      0        0
  MONTH TO DATE    0             0      0        0
  SINCE SEP 1      0             0      0        0
  SINCE JUL 1      0             0      0        0

 COOLING
  TODAY           18            15      3       15
  MONTH TO DATE  372           333     39      357
  SINCE SEP 1    931           901     30      954
  SINCE JAN 1   4878          4287    591     4434

......................................................

WIND (MPH)
  HIGHEST WIND SPEED    20   HIGHEST WIND DIRECTION     E (70)
  HIGHEST GUST SPEED    25   HIGHEST GUST DIRECTION     E (80)
  AVERAGE WIND SPEED    12.0

SKY COVER
  POSSIBLE SUNSHINE  MM
  AVERAGE SKY COVER 0.3

WEATHER CONDITIONS
 THE FOLLOWING WEATHER WAS RECORDED TODAY.
  RAIN
  LIGHT RAIN
  FOG
  HAZE

RELATIVE HUMIDITY (PERCENT)
 HIGHEST    85
 LOWEST     63
 AVERAGE    74

..........................................................

THE MARATHON CLIMATE NORMALS FOR TOMORROW
                         NORMAL
 MAXIMUM TEMPERATURE (F)   85
 MINIMUM TEMPERATURE (F)   75


SUNRISE AND SUNSET

OCTOBER 20 2017.......SUNRISE   725 AM EDT   SUNSET   653 PM EDT
OCTOBER 21 2017.......SUNRISE   725 AM EDT   SUNSET   652 PM EDT

-  INDICATES NEGATIVE NUMBERS.
R  INDICATES RECORD WAS SET OR TIED.
MM INDICATES DATA IS MISSING.
T  INDICATES TRACE AMOUNT.

$$

SC
