000
CDUS43 KILX 250635
CLIMTO


CLIMATE REPORT
NATIONAL WEATHER SERVICE LINCOLN IL
134 AM CDT SUN SEP 25 2016


...................................

...THE MATTOON IL AIRPORT CLIMATE SUMMARY FOR SEPTEMBER 24 2016...

CLIMATE NORMAL PERIOD 1981 TO 2010
CLIMATE RECORD PERIOD 9999 TO 9999


WEATHER ITEM   OBSERVED TIME   RECORD YEAR NORMAL DEPARTURE LAST
                VALUE   (LST)  VALUE       VALUE  FROM      YEAR
                                                  NORMAL
..................................................................
TEMPERATURE (F)
 YESTERDAY
  MAXIMUM         88    253 PM  MM      MM  75     13       83
  MINIMUM         64    616 AM  MM      MM  52     12       54
  AVERAGE         76                        63     13       69

PRECIPITATION (IN)
  YESTERDAY        0.00         MM      MM   0.09  -0.09     0.00
  MONTH TO DATE    1.59                      2.41  -0.82     2.74
  SINCE SEP 1      1.59                      2.41  -0.82     2.74
  SINCE JAN 1     25.06                     28.31  -3.25    26.89

DEGREE DAYS
 HEATING
  YESTERDAY        0                         4     -4        0
  MONTH TO DATE    0                        35    -35       22
  SINCE SEP 1      0                        35    -35       22
  SINCE JUL 1      5                        40    -35       22

 COOLING
  YESTERDAY       11                         2      9        4
  MONTH TO DATE  180                       106     74      171
  SINCE SEP 1    180                       106     74      171
  SINCE JAN 1   1243                      1026    217     1075
..................................................................


WIND (MPH)
  HIGHEST WIND SPEED     9   HIGHEST WIND DIRECTION     S (160)
  HIGHEST GUST SPEED    12   HIGHEST GUST DIRECTION     E (80)
  AVERAGE WIND SPEED     3.1


SKY COVER
  POSSIBLE SUNSHINE  MM
  AVERAGE SKY COVER 0.0


WEATHER CONDITIONS
 THE FOLLOWING WEATHER WAS RECORDED YESTERDAY.
  FOG


RELATIVE HUMIDITY (PERCENT)
 HIGHEST    93           300 AM
 LOWEST     39           300 PM
 AVERAGE    66

..........................................................


THE MATTOON IL AIRPORT CLIMATE NORMALS FOR TODAY
                         NORMAL    RECORD    YEAR
 MAXIMUM TEMPERATURE (F)   75        MM        MM
 MINIMUM TEMPERATURE (F)   51        MM        MM


SUNRISE AND SUNSET
SEPTEMBER 25 2016.....SUNRISE   644 AM CDT   SUNSET   644 PM CDT
SEPTEMBER 26 2016.....SUNRISE   645 AM CDT   SUNSET   643 PM CDT


-  INDICATES NEGATIVE NUMBERS.
R  INDICATES RECORD WAS SET OR TIED.
MM INDICATES DATA IS MISSING.
T  INDICATES TRACE AMOUNT.




$$
