000
CDUS43 KILX 190647
CLIMTO


CLIMATE REPORT
NATIONAL WEATHER SERVICE LINCOLN IL
146 AM CDT TUE SEP 19 2017


...................................

...THE MATTOON IL AIRPORT CLIMATE SUMMARY FOR SEPTEMBER 18 2017...

CLIMATE NORMAL PERIOD 1981 TO 2010
CLIMATE RECORD PERIOD 9999 TO 9999


WEATHER ITEM   OBSERVED TIME   RECORD YEAR NORMAL DEPARTURE LAST
                VALUE   (LST)  VALUE       VALUE  FROM      YEAR
                                                  NORMAL
..................................................................
TEMPERATURE (F)
 YESTERDAY
  MAXIMUM         87    254 PM  MM      MM  78      9       81
  MINIMUM         65    633 AM  MM      MM  54     11       61
  AVERAGE         76                        66     10       71

PRECIPITATION (IN)
  YESTERDAY        0.09         MM      MM   0.08   0.01     0.00
  MONTH TO DATE    0.24                      1.89  -1.65     1.59
  SINCE SEP 1      0.24                      1.89  -1.65     1.59
  SINCE JAN 1     27.39                     27.79  -0.40    25.06

DEGREE DAYS
 HEATING
  YESTERDAY        0                         2     -2        0
  MONTH TO DATE   35                        16     19        0
  SINCE SEP 1     35                        16     19        0
  SINCE JUL 1     36                        21     15        5

 COOLING
  YESTERDAY       11                         3      8        6
  MONTH TO DATE   63                        91    -28      124
  SINCE SEP 1     63                        91    -28      124
  SINCE JAN 1    988                      1011    -23     1187
..................................................................


WIND (MPH)
  HIGHEST WIND SPEED    15   HIGHEST WIND DIRECTION     S (160)
  HIGHEST GUST SPEED    20   HIGHEST GUST DIRECTION    SE (150)
  AVERAGE WIND SPEED     3.9


SKY COVER
  POSSIBLE SUNSHINE  MM
  AVERAGE SKY COVER 0.5


WEATHER CONDITIONS
 THE FOLLOWING WEATHER WAS RECORDED YESTERDAY.
  THUNDERSTORM
  LIGHT RAIN
  FOG


RELATIVE HUMIDITY (PERCENT)
 HIGHEST   100           100 AM
 LOWEST     53           300 PM
 AVERAGE    77

..........................................................


THE MATTOON IL AIRPORT CLIMATE NORMALS FOR TODAY
                         NORMAL    RECORD    YEAR
 MAXIMUM TEMPERATURE (F)   77        MM        MM
 MINIMUM TEMPERATURE (F)   54        MM        MM


SUNRISE AND SUNSET
SEPTEMBER 19 2017.....SUNRISE   638 AM CDT   SUNSET   655 PM CDT
SEPTEMBER 20 2017.....SUNRISE   639 AM CDT   SUNSET   653 PM CDT


-  INDICATES NEGATIVE NUMBERS.
R  INDICATES RECORD WAS SET OR TIED.
MM INDICATES DATA IS MISSING.
T  INDICATES TRACE AMOUNT.




$$
