000
CDUS43 KILX 200632
CLIMTO


CLIMATE REPORT
NATIONAL WEATHER SERVICE LINCOLN IL
131 AM CDT THU JUL 20 2017


...................................

...THE MATTOON IL AIRPORT CLIMATE SUMMARY FOR JULY 19 2017...

CLIMATE NORMAL PERIOD 1981 TO 2010
CLIMATE RECORD PERIOD 9999 TO 9999


WEATHER ITEM   OBSERVED TIME   RECORD YEAR NORMAL DEPARTURE LAST
                VALUE   (LST)  VALUE       VALUE  FROM      YEAR
                                                  NORMAL
..................................................................
TEMPERATURE (F)
 YESTERDAY
  MAXIMUM         93    348 PM  MM      MM  86      7       89
  MINIMUM         68   1255 AM  MM      MM  66      2       70
  AVERAGE         81                        76      5       80

PRECIPITATION (IN)
  YESTERDAY        0.14         MM      MM   0.16  -0.02     0.61
  MONTH TO DATE    0.61                      2.74  -2.13     3.60
  SINCE JUN 1      4.84                      6.98  -2.14     5.74
  SINCE JAN 1     21.22                     21.33  -0.11    17.48

DEGREE DAYS
 HEATING
  YESTERDAY        0                         0      0        0
  MONTH TO DATE    0                         0      0        5
  SINCE JUN 1      1                        17    -16        5
  SINCE JUL 1      0                         0      0        5

 COOLING
  YESTERDAY       16                        11      5       15
  MONTH TO DATE  233                       207     26      184
  SINCE JUN 1    493                       430     63      497
  SINCE JAN 1    599                       518     81      572
..................................................................


WIND (MPH)
  HIGHEST WIND SPEED    16   HIGHEST WIND DIRECTION     N (20)
  HIGHEST GUST SPEED    21   HIGHEST GUST DIRECTION    NE (30)
  AVERAGE WIND SPEED     3.5


SKY COVER
  POSSIBLE SUNSHINE  MM
  AVERAGE SKY COVER 0.2


WEATHER CONDITIONS
 THE FOLLOWING WEATHER WAS RECORDED YESTERDAY.
  THUNDERSTORM
  RAIN
  LIGHT RAIN
  FOG


RELATIVE HUMIDITY (PERCENT)
 HIGHEST   100           100 AM
 LOWEST     52           400 PM
 AVERAGE    76

..........................................................


THE MATTOON IL AIRPORT CLIMATE NORMALS FOR TODAY
                         NORMAL    RECORD    YEAR
 MAXIMUM TEMPERATURE (F)   86        MM        MM
 MINIMUM TEMPERATURE (F)   66        MM        MM


SUNRISE AND SUNSET
JULY 20 2017..........SUNRISE   543 AM CDT   SUNSET   816 PM CDT
JULY 21 2017..........SUNRISE   543 AM CDT   SUNSET   815 PM CDT


-  INDICATES NEGATIVE NUMBERS.
R  INDICATES RECORD WAS SET OR TIED.
MM INDICATES DATA IS MISSING.
T  INDICATES TRACE AMOUNT.




$$
