000
CDUS43 KILX 290632
CLIMTO


CLIMATE REPORT
NATIONAL WEATHER SERVICE LINCOLN IL
131 AM CDT SUN MAR 29 2015


...................................

...THE MATTOON IL AIRPORT CLIMATE SUMMARY FOR MARCH 28 2015...

CLIMATE NORMAL PERIOD 1981 TO 2010
CLIMATE RECORD PERIOD 9999 TO 9999


WEATHER ITEM   OBSERVED TIME   RECORD YEAR NORMAL DEPARTURE LAST
                VALUE   (LST)  VALUE       VALUE  FROM      YEAR
                                                  NORMAL
..................................................................
TEMPERATURE (F)
 YESTERDAY
  MAXIMUM         40    428 PM  MM      MM  57    -17       53
  MINIMUM         20    606 AM  MM      MM  37    -17       40
  AVERAGE         30                        47    -17       47

PRECIPITATION (IN)
  YESTERDAY        0.00         MM      MM   0.10  -0.10      T
  MONTH TO DATE    2.48                      2.23   0.25     1.00
  SINCE MAR 1      2.48                      2.23   0.25     1.00
  SINCE JAN 1      3.83                      6.21  -2.38     2.93

DEGREE DAYS
 HEATING
  YESTERDAY       35                        18     17       18
  MONTH TO DATE  759                       646    113      825
  SINCE MAR 1    759                       646    113      825
  SINCE JUL 1   5452                      4850    602     5672

 COOLING
  YESTERDAY        0                         0      0        0
  MONTH TO DATE    0                         0      0        0
  SINCE MAR 1      0                         0      0        0
  SINCE JAN 1      0                         0      0        0
..................................................................


WIND (MPH)
  HIGHEST WIND SPEED    14   HIGHEST WIND DIRECTION     E (80)
  HIGHEST GUST SPEED    17   HIGHEST GUST DIRECTION    NE (50)
  AVERAGE WIND SPEED     5.4


SKY COVER
  POSSIBLE SUNSHINE  MM
  AVERAGE SKY COVER 0.0


WEATHER CONDITIONS
 THE FOLLOWING WEATHER WAS RECORDED YESTERDAY.
  NO SIGNIFICANT WEATHER WAS OBSERVED.


RELATIVE HUMIDITY (PERCENT)
 HIGHEST    77           200 AM
 LOWEST     37           400 PM
 AVERAGE    57

..........................................................


THE MATTOON IL AIRPORT CLIMATE NORMALS FOR TODAY
                         NORMAL    RECORD    YEAR
 MAXIMUM TEMPERATURE (F)   58        MM        MM
 MINIMUM TEMPERATURE (F)   37        MM        MM


SUNRISE AND SUNSET
MARCH 29 2015.........SUNRISE   643 AM CDT   SUNSET   714 PM CDT
MARCH 30 2015.........SUNRISE   641 AM CDT   SUNSET   715 PM CDT


-  INDICATES NEGATIVE NUMBERS.
R  INDICATES RECORD WAS SET OR TIED.
MM INDICATES DATA IS MISSING.
T  INDICATES TRACE AMOUNT.




$$
