000
CDUS43 KILX 280632
CLIMTO


CLIMATE REPORT
NATIONAL WEATHER SERVICE LINCOLN IL
130 AM CDT TUE JUL 28 2015


...................................

...THE MATTOON IL AIRPORT CLIMATE SUMMARY FOR JULY 27 2015...

CLIMATE NORMAL PERIOD 1981 TO 2010
CLIMATE RECORD PERIOD 9999 TO 9999


WEATHER ITEM   OBSERVED TIME   RECORD YEAR NORMAL DEPARTURE LAST
                VALUE   (LST)  VALUE       VALUE  FROM      YEAR
                                                  NORMAL
..................................................................
TEMPERATURE (F)
 YESTERDAY
  MAXIMUM         89    249 PM  MM      MM  86      3       86
  MINIMUM         69    459 AM  MM      MM  65      4       63
  AVERAGE         79                        75      4       75

PRECIPITATION (IN)
  YESTERDAY        0.00         MM      MM   0.10  -0.10     0.00
  MONTH TO DATE    3.00                      3.83  -0.83     3.10
  SINCE JUN 1     12.30                      8.07   4.23     8.54
  SINCE JAN 1     22.85                     22.42   0.43    18.71

DEGREE DAYS
 HEATING
  YESTERDAY        0                         0      0        0
  MONTH TO DATE    0                         0      0        4
  SINCE JUN 1      8                        17     -9        7
  SINCE JUL 1      0                         0      0        4

 COOLING
  YESTERDAY       14                        10      4       10
  MONTH TO DATE  243                       292    -49      154
  SINCE JUN 1    481                       515    -34      418
  SINCE JAN 1    608                       603      5      548
..................................................................


WIND (MPH)
  HIGHEST WIND SPEED    10   HIGHEST WIND DIRECTION    NE (40)
  HIGHEST GUST SPEED    13   HIGHEST GUST DIRECTION    NE (50)
  AVERAGE WIND SPEED     4.1


SKY COVER
  POSSIBLE SUNSHINE  MM
  AVERAGE SKY COVER 0.5


WEATHER CONDITIONS
 THE FOLLOWING WEATHER WAS RECORDED YESTERDAY.
  FOG
  FOG W/VISIBILITY <= 1/4 MILE
  HAZE


RELATIVE HUMIDITY (PERCENT)
 HIGHEST    93           100 AM
 LOWEST     61           200 PM
 AVERAGE    77

..........................................................


THE MATTOON IL AIRPORT CLIMATE NORMALS FOR TODAY
                         NORMAL    RECORD    YEAR
 MAXIMUM TEMPERATURE (F)   86        MM        MM
 MINIMUM TEMPERATURE (F)   65        MM        MM


SUNRISE AND SUNSET
JULY 28 2015..........SUNRISE   549 AM CDT   SUNSET   810 PM CDT
JULY 29 2015..........SUNRISE   550 AM CDT   SUNSET   809 PM CDT


-  INDICATES NEGATIVE NUMBERS.
R  INDICATES RECORD WAS SET OR TIED.
MM INDICATES DATA IS MISSING.
T  INDICATES TRACE AMOUNT.




$$
