000
CDUS43 KILX 250706
CLIMTO


CLIMATE REPORT
NATIONAL WEATHER SERVICE LINCOLN IL
105 AM CST SAT FEB 25 2017


...................................

...THE MATTOON IL AIRPORT CLIMATE SUMMARY FOR FEBRUARY 24 2017...

CLIMATE NORMAL PERIOD 1981 TO 2010
CLIMATE RECORD PERIOD 9999 TO 9999


WEATHER ITEM   OBSERVED TIME   RECORD YEAR NORMAL DEPARTURE LAST
                VALUE   (LST)  VALUE       VALUE  FROM      YEAR
                                                  NORMAL
..................................................................
TEMPERATURE (F)
 YESTERDAY
  MAXIMUM         68   1228 PM  MM      MM  43     25       38
  MINIMUM         38   1159 PM  MM      MM  27     11       32
  AVERAGE         53                        35     18       35

PRECIPITATION (IN)
  YESTERDAY        0.02         MM      MM   0.06  -0.04    MM
  MONTH TO DATE    0.06                      1.56  -1.50     0.28
  SINCE DEC 1      2.31                      6.54  -4.23     6.96
  SINCE JAN 1      1.78                      3.77  -1.99     0.68

DEGREE DAYS
 HEATING
  YESTERDAY       12                        30    -18       30
  MONTH TO DATE  532                       812   -280      763
  SINCE DEC 1   2580                      3029   -449     2603
  SINCE JUL 1   3291                      4088   -797     3395

 COOLING
  YESTERDAY        0                         0      0        0
  MONTH TO DATE    0                         0      0        0
  SINCE DEC 1      0                         0      0        0
  SINCE JAN 1      0                         0      0        0
..................................................................


WIND (MPH)
  HIGHEST WIND SPEED    26   HIGHEST WIND DIRECTION     W (280)
  HIGHEST GUST SPEED    36   HIGHEST GUST DIRECTION     W (270)
  AVERAGE WIND SPEED    16.5


SKY COVER
  POSSIBLE SUNSHINE  MM
  AVERAGE SKY COVER 0.4


WEATHER CONDITIONS
 THE FOLLOWING WEATHER WAS RECORDED YESTERDAY.
  LIGHT RAIN
  FOG


RELATIVE HUMIDITY (PERCENT)
 HIGHEST    90           800 AM
 LOWEST     65          1000 PM
 AVERAGE    78

..........................................................


THE MATTOON IL AIRPORT CLIMATE NORMALS FOR TODAY
                         NORMAL    RECORD    YEAR
 MAXIMUM TEMPERATURE (F)   44        MM        MM
 MINIMUM TEMPERATURE (F)   27        MM        MM


SUNRISE AND SUNSET
FEBRUARY 25 2017......SUNRISE   631 AM CST   SUNSET   541 PM CST
FEBRUARY 26 2017......SUNRISE   630 AM CST   SUNSET   542 PM CST


-  INDICATES NEGATIVE NUMBERS.
R  INDICATES RECORD WAS SET OR TIED.
MM INDICATES DATA IS MISSING.
T  INDICATES TRACE AMOUNT.




$$
