000
CDUS43 KILX 282228
CLIMTO


CLIMATE REPORT
NATIONAL WEATHER SERVICE LINCOLN IL
428 PM CST SUN DEC 28 2014


...................................

...THE MATTOON IL AIRPORT CLIMATE SUMMARY FOR DECEMBER 28 2014...
VALID TODAY AS OF 0400 PM LOCAL TIME.

CLIMATE NORMAL PERIOD 1981 TO 2010
CLIMATE RECORD PERIOD 9999 TO 9999


WEATHER ITEM   OBSERVED TIME   RECORD YEAR NORMAL DEPARTURE LAST
                VALUE   (LST)  VALUE       VALUE  FROM      YEAR
                                                  NORMAL
..................................................................
TEMPERATURE (F)
 TODAY
  MAXIMUM         32    113 AM  MM      MM  36     -4       50
  MINIMUM         27    740 AM  MM      MM  21      6       34
  AVERAGE         30                        28      2       42

PRECIPITATION (IN)
  TODAY            0.00         MM      MM   0.10  -0.10     0.00
  MONTH TO DATE    1.08                      2.46  -1.38     1.59
  SINCE DEC 1      1.08                      2.46  -1.38     1.59
  SINCE JAN 1     31.71                     37.74  -6.03    42.35

DEGREE DAYS
 HEATING
  TODAY           35                        37     -2       23
  MONTH TO DATE  831                       935   -104      997
  SINCE DEC 1    831                       935   -104      997
  SINCE JUL 1   2127                      1994    133     2114

 COOLING
  TODAY            0                         0      0        0
  MONTH TO DATE    0                         0      0        0
  SINCE DEC 1      0                         0      0        0
  SINCE JAN 1    932                      1057   -125     1007
..................................................................


WIND (MPH)
  HIGHEST WIND SPEED    16   HIGHEST WIND DIRECTION    NW (330)
  HIGHEST GUST SPEED    19   HIGHEST GUST DIRECTION    NW (310)
  AVERAGE WIND SPEED    10.7


SKY COVER
  POSSIBLE SUNSHINE  MM
  AVERAGE SKY COVER 0.6


WEATHER CONDITIONS
 THE FOLLOWING WEATHER WAS RECORDED TODAY.
  NO SIGNIFICANT WEATHER WAS OBSERVED.


RELATIVE HUMIDITY (PERCENT)
 HIGHEST    85          1200 AM
 LOWEST     69           300 PM
 AVERAGE    77

..........................................................


THE MATTOON IL AIRPORT CLIMATE NORMALS FOR TOMORROW
                         NORMAL    RECORD    YEAR
 MAXIMUM TEMPERATURE (F)   36        MM        MM
 MINIMUM TEMPERATURE (F)   21        MM        MM


SUNRISE AND SUNSET
DECEMBER 28 2014......SUNRISE   713 AM CST   SUNSET   437 PM CST
DECEMBER 29 2014......SUNRISE   713 AM CST   SUNSET   438 PM CST


-  INDICATES NEGATIVE NUMBERS.
R  INDICATES RECORD WAS SET OR TIED.
MM INDICATES DATA IS MISSING.
T  INDICATES TRACE AMOUNT.




$$
