000
CDUS43 KILX 230635
CLIMTO


CLIMATE REPORT
NATIONAL WEATHER SERVICE LINCOLN IL
135 AM CDT SUN APR 23 2017


...................................

...THE MATTOON IL AIRPORT CLIMATE SUMMARY FOR APRIL 22 2017...

CLIMATE NORMAL PERIOD 1981 TO 2010
CLIMATE RECORD PERIOD 9999 TO 9999


WEATHER ITEM   OBSERVED TIME   RECORD YEAR NORMAL DEPARTURE LAST
                VALUE   (LST)  VALUE       VALUE  FROM      YEAR
                                                  NORMAL
..................................................................
TEMPERATURE (F)
 YESTERDAY
  MAXIMUM         58    509 PM  MM      MM  66     -8       70
  MINIMUM         41   1116 PM  MM      MM  46     -5       44
  AVERAGE         50                        56     -6       57

PRECIPITATION (IN)
  YESTERDAY        0.00         MM      MM   0.11  -0.11     0.03
  MONTH TO DATE    1.50                      2.24  -0.74     2.85
  SINCE MAR 1      2.91                      4.81  -1.90     6.66
  SINCE JAN 1      4.74                      8.79  -4.05     7.39

DEGREE DAYS
 HEATING
  YESTERDAY       15                        10      5        8
  MONTH TO DATE  184                       295   -111      307
  SINCE MAR 1    832                       994   -162      815
  SINCE JUL 1   4213                      5198   -985     4337

 COOLING
  YESTERDAY        0                         1     -1        0
  MONTH TO DATE   17                         3     14        1
  SINCE MAR 1     17                         4     13        1
  SINCE JAN 1     17                         4     13        1
..................................................................


WIND (MPH)
  HIGHEST WIND SPEED    28   HIGHEST WIND DIRECTION    NE (50)
  HIGHEST GUST SPEED    34   HIGHEST GUST DIRECTION    NE (50)
  AVERAGE WIND SPEED    14.6


SKY COVER
  POSSIBLE SUNSHINE  MM
  AVERAGE SKY COVER 0.2


WEATHER CONDITIONS
 THE FOLLOWING WEATHER WAS RECORDED YESTERDAY.
  NO SIGNIFICANT WEATHER WAS OBSERVED.


RELATIVE HUMIDITY (PERCENT)
 HIGHEST    76           500 AM
 LOWEST     43           400 PM
 AVERAGE    60

..........................................................


THE MATTOON IL AIRPORT CLIMATE NORMALS FOR TODAY
                         NORMAL    RECORD    YEAR
 MAXIMUM TEMPERATURE (F)   66        MM        MM
 MINIMUM TEMPERATURE (F)   46        MM        MM


SUNRISE AND SUNSET
APRIL 23 2017.........SUNRISE   604 AM CDT   SUNSET   739 PM CDT
APRIL 24 2017.........SUNRISE   603 AM CDT   SUNSET   740 PM CDT


-  INDICATES NEGATIVE NUMBERS.
R  INDICATES RECORD WAS SET OR TIED.
MM INDICATES DATA IS MISSING.
T  INDICATES TRACE AMOUNT.




$$
