818
CDUS41 KBTV 280527
CLIMVL


CLIMATE REPORT
NATIONAL WEATHER SERVICE BURLINGTON VT
125 AM EDT SUN AUG 28 2016


...................................

...THE MORRISVILLE VT CLIMATE SUMMARY FOR AUGUST 27 2016...

CLIMATE NORMAL PERIOD 1981 TO 2010
CLIMATE RECORD PERIOD 9999 TO 9999


WEATHER ITEM   OBSERVED TIME   NORMAL DEPARTURE LAST
                VALUE   (LST)  VALUE  FROM      YEAR
                                      NORMAL
......................................................
TEMPERATURE (F)
 YESTERDAY
  MAXIMUM         81    246 PM  76      5       73
  MINIMUM         57    547 AM  52      5       55
  AVERAGE         69            64      5       64

PRECIPITATION (IN)
  YESTERDAY        0.00          0.10  -0.10      T
  MONTH TO DATE    2.58          3.60  -1.02     1.15
  SINCE JUN 1      8.16         11.71  -3.55    10.68
  SINCE JAN 1     15.21         23.33  -8.12    15.93

DEGREE DAYS
 HEATING
  YESTERDAY        0             3     -3        1
  MONTH TO DATE   21            53    -32        6
  SINCE JUN 1    185           206    -21      134
  SINCE JUL 1     54            83    -29       29

 COOLING
  YESTERDAY        4             2      2        0
  MONTH TO DATE  109            70     39      152
  SINCE JUN 1    249           230     19      349
  SINCE JAN 1    278           238     40      402
......................................................


WIND (MPH)
  HIGHEST WIND SPEED    13   HIGHEST WIND DIRECTION     N (360)
  HIGHEST GUST SPEED    18   HIGHEST GUST DIRECTION     N (360)
  AVERAGE WIND SPEED     2.9


SKY COVER
  AVERAGE SKY COVER 0.4


WEATHER CONDITIONS
 THE FOLLOWING WEATHER WAS RECORDED YESTERDAY.
  NO SIGNIFICANT WEATHER WAS OBSERVED.


RELATIVE HUMIDITY (PERCENT)
 HIGHEST    93           400 AM
 LOWEST     45           100 PM
 AVERAGE    69

..........................................................


THE MORRISVILLE VT CLIMATE NORMALS FOR TODAY
                         NORMAL    RECORD    YEAR
 MAXIMUM TEMPERATURE (F)   76        86      1999
 MINIMUM TEMPERATURE (F)   52        40      1987


SUNRISE AND SUNSET
AUGUST 28 2016........SUNRISE   609 AM EDT   SUNSET   733 PM EDT
AUGUST 29 2016........SUNRISE   610 AM EDT   SUNSET   731 PM EDT


-  INDICATES NEGATIVE NUMBERS.
R  INDICATES RECORD WAS SET OR TIED.
MM INDICATES DATA IS MISSING.
T  INDICATES TRACE AMOUNT.




$$
