000
CDUS41 KBTV 050535
CLIMVL


CLIMATE REPORT
NATIONAL WEATHER SERVICE BURLINGTON VT
134 AM EDT SUN JUL 5 2015


...................................

...THE MORRISVILLE VT CLIMATE SUMMARY FOR JULY 4 2015...

CLIMATE NORMAL PERIOD 1981 TO 2010
CLIMATE RECORD PERIOD 9999 TO 9999


WEATHER ITEM   OBSERVED TIME   NORMAL DEPARTURE LAST
                VALUE   (LST)  VALUE  FROM      YEAR
                                      NORMAL
......................................................
TEMPERATURE (F)
 YESTERDAY
  MAXIMUM         76    404 PM  79     -3       67
  MINIMUM         50    307 AM  55     -5       57
  AVERAGE         63            67     -4       62

PRECIPITATION (IN)
  YESTERDAY        0.18          0.15   0.03     0.37
  MONTH TO DATE    0.69          0.58   0.11     2.29
  SINCE JUN 1      7.60          4.56   3.04     6.18
  SINCE JAN 1     12.85         16.18  -3.33    19.78

DEGREE DAYS
 HEATING
  YESTERDAY        2             1      1        3
  MONTH TO DATE    9             5      4        3
  SINCE JUN 1    114           128    -14       75
  SINCE JUL 1      9             5      4        3

 COOLING
  YESTERDAY        0             3     -3        0
  MONTH TO DATE    3            12     -9       37
  SINCE JUN 1     43            60    -17       77
  SINCE JAN 1     96            68     28       82
......................................................


WIND (MPH)
  HIGHEST WIND SPEED     9   HIGHEST WIND DIRECTION     S (190)
  HIGHEST GUST SPEED    12   HIGHEST GUST DIRECTION     S (200)
  AVERAGE WIND SPEED     2.1


SKY COVER
  AVERAGE SKY COVER 0.4


WEATHER CONDITIONS
 THE FOLLOWING WEATHER WAS RECORDED YESTERDAY.
  HEAVY RAIN
  LIGHT RAIN
  FOG
  FOG W/VISIBILITY <= 1/4 MILE


RELATIVE HUMIDITY (PERCENT)
 HIGHEST    93           100 AM
 LOWEST     50           100 PM
 AVERAGE    72

..........................................................


THE MORRISVILLE VT CLIMATE NORMALS FOR TODAY
                         NORMAL    RECORD    YEAR
 MAXIMUM TEMPERATURE (F)   79        90      2010
 MINIMUM TEMPERATURE (F)   55        46      2008


SUNRISE AND SUNSET
JULY  5 2015..........SUNRISE   512 AM EDT   SUNSET   838 PM EDT
JULY  6 2015..........SUNRISE   512 AM EDT   SUNSET   838 PM EDT


-  INDICATES NEGATIVE NUMBERS.
R  INDICATES RECORD WAS SET OR TIED.
MM INDICATES DATA IS MISSING.
T  INDICATES TRACE AMOUNT.




$$
