000
CDUS41 KBTV 200552
CLIMVL


CLIMATE REPORT
NATIONAL WEATHER SERVICE BURLINGTON VT
150 AM EDT SAT SEP 20 2014


...................................

...THE MORRISVILLE VT CLIMATE SUMMARY FOR SEPTEMBER 19 2014...

CLIMATE NORMAL PERIOD 1981 TO 2010
CLIMATE RECORD PERIOD 9999 TO 9999


WEATHER ITEM   OBSERVED TIME   NORMAL DEPARTURE LAST
                VALUE   (LST)  VALUE  FROM      YEAR
                                      NORMAL
......................................................
TEMPERATURE (F)
 YESTERDAY
  MAXIMUM         57    345 PM  69    -12       76
  MINIMUM         30    651 AM  44    -14       40
  AVERAGE         44            56    -12       58

PRECIPITATION (IN)
  YESTERDAY        0.00          0.13  -0.13     0.00
  MONTH TO DATE    2.21          2.03   0.18     2.19
  SINCE SEP 1      2.21          2.03   0.18     2.19
  SINCE JAN 1     28.62         25.79   2.83    32.45

DEGREE DAYS
 HEATING
  YESTERDAY       21             9     12        7
  MONTH TO DATE  159           114     45      146
  SINCE SEP 1    159           114     45      146
  SINCE JUL 1    230           209     21      215

 COOLING
  YESTERDAY        0             0      0        0
  MONTH TO DATE   29            13     16       38
  SINCE SEP 1     29            13     16       38
  SINCE JAN 1    243           260    -17      401
......................................................


WIND (MPH)
  HIGHEST WIND SPEED     8   HIGHEST WIND DIRECTION    SW (210)
  HIGHEST GUST SPEED    12   HIGHEST GUST DIRECTION     E (110)
  AVERAGE WIND SPEED     0.9


SKY COVER
  AVERAGE SKY COVER 0.2


WEATHER CONDITIONS
 THE FOLLOWING WEATHER WAS RECORDED YESTERDAY.
  FOG
  FOG W/VISIBILITY <= 1/4 MILE


RELATIVE HUMIDITY (PERCENT)
 HIGHEST   100           700 AM
 LOWEST     32           100 PM
 AVERAGE    66

..........................................................


THE MORRISVILLE VT CLIMATE NORMALS FOR TODAY
                         NORMAL    RECORD    YEAR
 MAXIMUM TEMPERATURE (F)   68        MM        MM
 MINIMUM TEMPERATURE (F)   44        MM        MM


SUNRISE AND SUNSET
SEPTEMBER 20 2014.....SUNRISE   635 AM EDT   SUNSET   652 PM EDT
SEPTEMBER 21 2014.....SUNRISE   636 AM EDT   SUNSET   650 PM EDT


-  INDICATES NEGATIVE NUMBERS.
R  INDICATES RECORD WAS SET OR TIED.
MM INDICATES DATA IS MISSING.
T  INDICATES TRACE AMOUNT.




$$
