000
CDUS41 KBTV 090605
CLIMVL


CLIMATE REPORT
NATIONAL WEATHER SERVICE BURLINGTON VT
105 AM EST FRI DEC 9 2016


...................................

...THE MORRISVILLE VT CLIMATE SUMMARY FOR DECEMBER 8 2016...

CLIMATE NORMAL PERIOD 1981 TO 2010
CLIMATE RECORD PERIOD 9999 TO 9999


WEATHER ITEM   OBSERVED TIME   NORMAL DEPARTURE LAST
                VALUE   (LST)  VALUE  FROM      YEAR
                                      NORMAL
......................................................
TEMPERATURE (F)
 YESTERDAY
  MAXIMUM         36   1058 AM  34      2       38
  MINIMUM         27    635 PM  17     10       23
  AVERAGE         32            26      6       31

PRECIPITATION (IN)
  YESTERDAY        0.03          0.09  -0.06     0.00
  MONTH TO DATE    1.12          0.78   0.34     0.49
  SINCE DEC 1      1.12          0.78   0.34     0.49
  SINCE JAN 1     19.55         34.14 -14.59    20.99

DEGREE DAYS
 HEATING
  YESTERDAY       33            39     -6       34
  MONTH TO DATE  265           303    -38      221
  SINCE DEC 1    265           303    -38      221
  SINCE JUL 1   1856          2131   -275     1636

 COOLING
  YESTERDAY        0             0      0        0
  MONTH TO DATE    0             0      0        0
  SINCE DEC 1      0             0      0        0
  SINCE JAN 1    322           265     57      503
......................................................


WIND (MPH)
  HIGHEST WIND SPEED    14   HIGHEST WIND DIRECTION    SW (220)
  HIGHEST GUST SPEED    23   HIGHEST GUST DIRECTION    SW (240)
  AVERAGE WIND SPEED     4.1


SKY COVER
  AVERAGE SKY COVER 1.0


WEATHER CONDITIONS
 THE FOLLOWING WEATHER WAS RECORDED YESTERDAY.
  HEAVY SNOW
  SNOW
  LIGHT SNOW
  FOG
  FOG W/VISIBILITY <= 1/4 MILE
  HAZE


RELATIVE HUMIDITY (PERCENT)
 HIGHEST    92          1200 AM
 LOWEST     53          1000 PM
 AVERAGE    73

..........................................................


THE MORRISVILLE VT CLIMATE NORMALS FOR TODAY
                         NORMAL    RECORD    YEAR
 MAXIMUM TEMPERATURE (F)   34        47      2015
                                             2008
 MINIMUM TEMPERATURE (F)   16       -24      1989


SUNRISE AND SUNSET
DECEMBER  9 2016......SUNRISE   716 AM EST   SUNSET   410 PM EST
DECEMBER 10 2016......SUNRISE   716 AM EST   SUNSET   410 PM EST


-  INDICATES NEGATIVE NUMBERS.
R  INDICATES RECORD WAS SET OR TIED.
MM INDICATES DATA IS MISSING.
T  INDICATES TRACE AMOUNT.




$$
