000
CDUS41 KBTV 120529
CLIMVL


CLIMATE REPORT
NATIONAL WEATHER SERVICE BURLINGTON VT
124 AM EDT SAT JUL 12 2014


...................................

...THE MORRISVILLE VT CLIMATE SUMMARY FOR JULY 11 2014...

CLIMATE NORMAL PERIOD 1981 TO 2010
CLIMATE RECORD PERIOD 9999 TO 9999


WEATHER ITEM   OBSERVED TIME   NORMAL DEPARTURE LAST
                VALUE   (LST)  VALUE  FROM      YEAR
                                      NORMAL
......................................................
TEMPERATURE (F)
 YESTERDAY
  MAXIMUM         78    310 PM  80     -2       79
  MINIMUM         46    512 AM  56    -10       58
  AVERAGE         62            68     -6       69

PRECIPITATION (IN)
  YESTERDAY        0.00          0.14  -0.14     0.51
  MONTH TO DATE    2.84          1.59   1.25     2.62
  SINCE JUN 1      6.73          5.57   1.16    11.24
  SINCE JAN 1     20.33         17.19   3.14    23.25

DEGREE DAYS
 HEATING
  YESTERDAY        3             1      2        0
  MONTH TO DATE    8            12     -4        0
  SINCE JUN 1     80           135    -55      130
  SINCE JUL 1      8            12     -4        0

 COOLING
  YESTERDAY        0             4     -4        4
  MONTH TO DATE   60            37     23       79
  SINCE JUN 1    100            85     15      155
  SINCE JAN 1    105            93     12      175
......................................................


WIND (MPH)
  HIGHEST WIND SPEED     9   HIGHEST WIND DIRECTION     N (10)
  HIGHEST GUST SPEED    13   HIGHEST GUST DIRECTION     N (20)
  AVERAGE WIND SPEED     1.5


SKY COVER
  AVERAGE SKY COVER 0.1


WEATHER CONDITIONS
 THE FOLLOWING WEATHER WAS RECORDED YESTERDAY.
  FOG
  FOG W/VISIBILITY <= 1/4 MILE
  HAZE


RELATIVE HUMIDITY (PERCENT)
 HIGHEST   100           600 AM
 LOWEST     38           100 PM
 AVERAGE    69

..........................................................


THE MORRISVILLE VT CLIMATE NORMALS FOR TODAY
                         NORMAL    RECORD    YEAR
 MAXIMUM TEMPERATURE (F)   80        MM        MM
 MINIMUM TEMPERATURE (F)   56        MM        MM


SUNRISE AND SUNSET
JULY 12 2014..........SUNRISE   517 AM EDT   SUNSET   835 PM EDT
JULY 13 2014..........SUNRISE   518 AM EDT   SUNSET   834 PM EDT


-  INDICATES NEGATIVE NUMBERS.
R  INDICATES RECORD WAS SET OR TIED.
MM INDICATES DATA IS MISSING.
T  INDICATES TRACE AMOUNT.




$$
