195
CDUS41 KBTV 200523
CLIMVL


CLIMATE REPORT
NATIONAL WEATHER SERVICE BURLINGTON VT
120 AM EDT SUN AUG 20 2017


...................................

...THE MORRISVILLE VT CLIMATE SUMMARY FOR AUGUST 19 2017...

CLIMATE NORMAL PERIOD 1981 TO 2010
CLIMATE RECORD PERIOD 9999 TO 9999


WEATHER ITEM   OBSERVED TIME   NORMAL DEPARTURE LAST
                VALUE   (LST)  VALUE  FROM      YEAR
                                      NORMAL
......................................................
TEMPERATURE (F)
 YESTERDAY
  MAXIMUM         79    314 PM  77      2       80
  MINIMUM         60   1159 PM  53      7       53
  AVERAGE         70            65      5       67

PRECIPITATION (IN)
  YESTERDAY        0.05          0.13  -0.08     0.00
  MONTH TO DATE    2.96          2.64   0.32     2.37
  SINCE JUN 1     13.85         10.75   3.10     7.95
  SINCE JAN 1     26.60         22.37   4.23    15.00

DEGREE DAYS
 HEATING
  YESTERDAY        0             2     -2        0
  MONTH TO DATE   31            33     -2        8
  SINCE JUN 1    236           186     50      172
  SINCE JUL 1     85            63     22       41

 COOLING
  YESTERDAY        5             2      3        2
  MONTH TO DATE   28            54    -26       82
  SINCE JUN 1    127           214    -87      222
  SINCE JAN 1    136           222    -86      251
......................................................


WIND (MPH)
  HIGHEST WIND SPEED    12   HIGHEST WIND DIRECTION     S (200)
  HIGHEST GUST SPEED    16   HIGHEST GUST DIRECTION     S (200)
  AVERAGE WIND SPEED     2.2


SKY COVER
  AVERAGE SKY COVER 0.8


WEATHER CONDITIONS
 THE FOLLOWING WEATHER WAS RECORDED YESTERDAY.
  HEAVY RAIN
  LIGHT RAIN
  FOG


RELATIVE HUMIDITY (PERCENT)
 HIGHEST   100           200 AM
 LOWEST     58           200 PM
 AVERAGE    79

..........................................................


THE MORRISVILLE VT CLIMATE NORMALS FOR TODAY
                         NORMAL    RECORD    YEAR
 MAXIMUM TEMPERATURE (F)   77        91      1987
 MINIMUM TEMPERATURE (F)   53        39      2007


SUNRISE AND SUNSET
AUGUST 20 2017........SUNRISE   559 AM EDT   SUNSET   747 PM EDT
AUGUST 21 2017........SUNRISE   600 AM EDT   SUNSET   746 PM EDT


-  INDICATES NEGATIVE NUMBERS.
R  INDICATES RECORD WAS SET OR TIED.
MM INDICATES DATA IS MISSING.
T  INDICATES TRACE AMOUNT.




$$
