000
CDUS41 KBTV 020529
CLIMVL


CLIMATE REPORT
NATIONAL WEATHER SERVICE BURLINGTON VT
128 AM EDT SAT AUG 2 2014


...................................

...THE MORRISVILLE VT CLIMATE SUMMARY FOR AUGUST 1 2014...

CLIMATE NORMAL PERIOD 1981 TO 2010
CLIMATE RECORD PERIOD 9999 TO 9999


WEATHER ITEM   OBSERVED TIME   NORMAL DEPARTURE LAST
                VALUE   (LST)  VALUE  FROM      YEAR
                                      NORMAL
......................................................
TEMPERATURE (F)
 YESTERDAY
  MAXIMUM         82    231 PM  79      3       80
  MINIMUM         50    440 AM  55     -5       54
  AVERAGE         66            67     -1       67

PRECIPITATION (IN)
  YESTERDAY        0.00          0.15  -0.15     0.34
  MONTH TO DATE    0.00          0.15  -0.15     0.34
  SINCE JUN 1     10.05          8.26   1.79    15.56
  SINCE JAN 1     23.65         19.88   3.77    27.57

DEGREE DAYS
 HEATING
  YESTERDAY        0             1     -1        0
  MONTH TO DATE    0             1     -1        0
  SINCE JUN 1    101           154    -53      143
  SINCE JUL 1     29            31     -2       13

 COOLING
  YESTERDAY        1             3     -2        2
  MONTH TO DATE    1             3     -2        2
  SINCE JUN 1    150           163    -13      264
  SINCE JAN 1    155           171    -16      284
......................................................


WIND (MPH)
  HIGHEST WIND SPEED    12   HIGHEST WIND DIRECTION     S (190)
  HIGHEST GUST SPEED    15   HIGHEST GUST DIRECTION     S (200)
  AVERAGE WIND SPEED     1.9


SKY COVER
  AVERAGE SKY COVER 0.0


WEATHER CONDITIONS
 THE FOLLOWING WEATHER WAS RECORDED YESTERDAY.
  FOG
  FOG W/VISIBILITY <= 1/4 MILE
  HAZE


RELATIVE HUMIDITY (PERCENT)
 HIGHEST    97          1100 PM
 LOWEST     73           700 PM
 AVERAGE    85

..........................................................


THE MORRISVILLE VT CLIMATE NORMALS FOR TODAY
                         NORMAL    RECORD    YEAR
 MAXIMUM TEMPERATURE (F)   79        MM        MM
 MINIMUM TEMPERATURE (F)   55        MM        MM


SUNRISE AND SUNSET
AUGUST  2 2014........SUNRISE   538 AM EDT   SUNSET   815 PM EDT
AUGUST  3 2014........SUNRISE   539 AM EDT   SUNSET   813 PM EDT


-  INDICATES NEGATIVE NUMBERS.
R  INDICATES RECORD WAS SET OR TIED.
MM INDICATES DATA IS MISSING.
T  INDICATES TRACE AMOUNT.




$$
