000
CDUS41 KBTV 290523
CLIMVL


CLIMATE REPORT
NATIONAL WEATHER SERVICE BURLINGTON VT
121 AM EDT THU SEP 29 2016


...................................

...THE MORRISVILLE VT CLIMATE SUMMARY FOR SEPTEMBER 28 2016...

CLIMATE NORMAL PERIOD 1981 TO 2010
CLIMATE RECORD PERIOD 9999 TO 9999


WEATHER ITEM   OBSERVED TIME   NORMAL DEPARTURE LAST
                VALUE   (LST)  VALUE  FROM      YEAR
                                      NORMAL
......................................................
TEMPERATURE (F)
 YESTERDAY
  MAXIMUM         71    345 PM  65      6       76
  MINIMUM         42    142 AM  41      1       42
  AVERAGE         57            53      4       59

PRECIPITATION (IN)
  YESTERDAY        0.00          0.12  -0.12      T
  MONTH TO DATE    0.89          3.15  -2.26     0.97
  SINCE SEP 1      0.89          3.15  -2.26     0.97
  SINCE JAN 1     16.53         26.91 -10.38    16.90

DEGREE DAYS
 HEATING
  YESTERDAY        8            13     -5        6
  MONTH TO DATE  150           212    -62       86
  SINCE SEP 1    150           212    -62       86
  SINCE JUL 1    209           307    -98      116

 COOLING
  YESTERDAY        0             0      0        0
  MONTH TO DATE   34            13     21       88
  SINCE SEP 1     34            13     21       88
  SINCE JAN 1    322           260     62      501
......................................................


WIND (MPH)
  HIGHEST WIND SPEED    13   HIGHEST WIND DIRECTION    NE (30)
  HIGHEST GUST SPEED    16   HIGHEST GUST DIRECTION     S (160)
  AVERAGE WIND SPEED     2.6


SKY COVER
  AVERAGE SKY COVER 0.7


WEATHER CONDITIONS
 THE FOLLOWING WEATHER WAS RECORDED YESTERDAY.
  FOG


RELATIVE HUMIDITY (PERCENT)
 HIGHEST    96           100 AM
 LOWEST     47           300 PM
 AVERAGE    72

..........................................................


THE MORRISVILLE VT CLIMATE NORMALS FOR TODAY
                         NORMAL    RECORD    YEAR
 MAXIMUM TEMPERATURE (F)   64        76      2014
 MINIMUM TEMPERATURE (F)   40        23      2000


SUNRISE AND SUNSET
SEPTEMBER 29 2016.....SUNRISE   646 AM EDT   SUNSET   634 PM EDT
SEPTEMBER 30 2016.....SUNRISE   648 AM EDT   SUNSET   632 PM EDT


-  INDICATES NEGATIVE NUMBERS.
R  INDICATES RECORD WAS SET OR TIED.
MM INDICATES DATA IS MISSING.
T  INDICATES TRACE AMOUNT.




$$
