000
CDUS46 KOTX 250825
CLIMWH


CLIMATE REPORT
NATIONAL WEATHER SERVICE SPOKANE, WA
125 AM PDT THU MAY 25 2017


...................................

...THE MOSES LAKE WA AIRPORT CLIMATE SUMMARY FOR MAY 24 2017...

CLIMATE NORMAL PERIOD 1981 TO 2010
CLIMATE RECORD PERIOD 9999 TO 9999


WEATHER ITEM   OBSERVED TIME   RECORD YEAR NORMAL DEPARTURE LAST
                VALUE   (LST)  VALUE       VALUE  FROM      YEAR
                                                  NORMAL
..................................................................
TEMPERATURE (F)
 YESTERDAY
  MAXIMUM         73    318 PM  MM      MM  76     -3       76
  MINIMUM         49    402 AM  MM      MM  47      2       51
  AVERAGE         61                        61      0       64

PRECIPITATION (IN)
  YESTERDAY        0.00         MM      MM   0.02  -0.02     0.00
  MONTH TO DATE    0.44                      0.46  -0.02     0.48
  SINCE OCT 1      9.28                      7.17   2.11     7.65
  SINCE JAN 1      5.39                      3.88   1.51     4.39

SNOWFALL (IN)
  YESTERDAY       MM

DEGREE DAYS
 HEATING
  YESTERDAY        4                         5     -1        1
  MONTH TO DATE  184                       182      2       75
  SINCE MAR 1   1267                      1294    -27      891
  SINCE JUL 1   6118                      5799    319     4924

 COOLING
  YESTERDAY        0                         1     -1        0
  MONTH TO DATE   14                        14      0       18
  SINCE MAR 1     14                        15     -1       19
  SINCE JAN 1     14                        15     -1       19
..................................................................


WIND (MPH)
  HIGHEST WIND SPEED    32   HIGHEST WIND DIRECTION     W (280)
  HIGHEST GUST SPEED    39   HIGHEST GUST DIRECTION     W (280)
  AVERAGE WIND SPEED    14.8


SKY COVER
  POSSIBLE SUNSHINE  MM
  AVERAGE SKY COVER 0.1


WEATHER CONDITIONS
 THE FOLLOWING WEATHER WAS RECORDED YESTERDAY.
  NO SIGNIFICANT WEATHER WAS OBSERVED.


RELATIVE HUMIDITY (PERCENT)
 HIGHEST    50          1100 PM
 LOWEST     20           300 PM
 AVERAGE    35

..........................................................


THE MOSES LAKE WA AIRPORT CLIMATE NORMALS FOR TODAY
                         NORMAL    RECORD    YEAR
 MAXIMUM TEMPERATURE (F)   76        MM        MM
 MINIMUM TEMPERATURE (F)   47        MM        MM


SUNRISE AND SUNSET
MAY 25 2017...........SUNRISE   510 AM PDT   SUNSET   839 PM PDT
MAY 26 2017...........SUNRISE   509 AM PDT   SUNSET   840 PM PDT


-  INDICATES NEGATIVE NUMBERS.
R  INDICATES RECORD WAS SET OR TIED.
MM INDICATES DATA IS MISSING.
T  INDICATES TRACE AMOUNT.




$$
