000
CDUS45 KBOI 030931
CLIMYL


CLIMATE REPORT
NATIONAL WEATHER SERVICE BOISE ID
331 AM MDT MON AUG 3 2015


...................................

...THE MCCALL ID CLIMATE SUMMARY FOR AUGUST 2 2015...

CLIMATE NORMAL PERIOD 1981 TO 2010
CLIMATE RECORD PERIOD 1930 TO 2015


WEATHER ITEM   OBSERVED TIME   RECORD YEAR NORMAL DEPARTURE LAST
                VALUE   (LST)  VALUE       VALUE  FROM      YEAR
                                                  NORMAL
..................................................................
TEMPERATURE (F)
 YESTERDAY
  MAXIMUM         93    445 PM  94    1961  81     12       85
  MINIMUM         52    603 AM  30    1937  44      8       58
  AVERAGE         73                        62     11       72

PRECIPITATION (IN)
  YESTERDAY        0.00          0.65 1965   0.02  -0.02     0.02
  MONTH TO DATE    0.00                      0.03  -0.03     0.02
  SINCE OCT 1     20.59                     18.57   2.02    19.51
  SINCE JAN 1     11.83                     12.39  -0.56    15.44

DEGREE DAYS
 HEATING
  YESTERDAY        0                         4     -4        0
  MONTH TO DATE    0                         8     -8        0
  SINCE JUN 1    180                       525   -345      332
  SINCE JUL 1     71                       158    -87       18

 COOLING
  YESTERDAY        8                         1      7        7
  MONTH TO DATE   14                         2     12       11
  SINCE JUN 1    127                        18    109      142
  SINCE JAN 1    127                        18    109      142
..................................................................


WIND (MPH)
  HIGHEST WIND SPEED    15   HIGHEST WIND DIRECTION     N (360)
  HIGHEST GUST SPEED    21   HIGHEST GUST DIRECTION     N (360)
  AVERAGE WIND SPEED     4.6


SKY COVER
  AVERAGE SKY COVER 0.0


WEATHER CONDITIONS
 THE FOLLOWING WEATHER WAS RECORDED YESTERDAY.
  NO SIGNIFICANT WEATHER WAS OBSERVED.


RELATIVE HUMIDITY (PERCENT)
 HIGHEST    64           700 AM
 LOWEST     10           900 PM
 AVERAGE    37

..........................................................


THE MCCALL ID CLIMATE NORMALS FOR TODAY
                         NORMAL    RECORD    YEAR
 MAXIMUM TEMPERATURE (F)   80        94      1966
 MINIMUM TEMPERATURE (F)   43        30      1989


SUNRISE AND SUNSET
AUGUST  3 2015........SUNRISE   632 AM MDT   SUNSET   908 PM MDT
AUGUST  4 2015........SUNRISE   633 AM MDT   SUNSET   907 PM MDT


-  INDICATES NEGATIVE NUMBERS.
R  INDICATES RECORD WAS SET OR TIED.
MM INDICATES DATA IS MISSING.
T  INDICATES TRACE AMOUNT.




$$
