000
CDUS45 KBOI 180935
CLIMYL


CLIMATE REPORT
NATIONAL WEATHER SERVICE BOISE ID
335 AM MDT THU SEP 18 2014


...................................

...THE MCCALL ID CLIMATE SUMMARY FOR SEPTEMBER 17 2014...

CLIMATE NORMAL PERIOD 1981 TO 2010
CLIMATE RECORD PERIOD 1930 TO 2014


WEATHER ITEM   OBSERVED TIME   RECORD YEAR NORMAL DEPARTURE LAST
                VALUE   (LST)  VALUE       VALUE  FROM      YEAR
                                                  NORMAL
..................................................................
TEMPERATURE (F)
 YESTERDAY
  MAXIMUM         80    426 PM  92    1981  67     13       65
  MINIMUM         49    636 AM  17    1988  33     16       44
  AVERAGE         65                        50     15       55

PRECIPITATION (IN)
  YESTERDAY        0.00          0.89 1985   0.03  -0.03     0.02
  MONTH TO DATE    T                         0.46  -0.46     0.46
  SINCE OCT 1     20.69                     19.68   1.01    25.52
  SINCE JAN 1     16.62                     13.50   3.12    12.03

DEGREE DAYS
 HEATING
  YESTERDAY        0                        15    -15       10
  MONTH TO DATE  155                       206    -51       49
  SINCE SEP 1    155                       206    -51       49
  SINCE JUL 1    271                       534   -263       96

 COOLING
  YESTERDAY        0                         0      0        0
  MONTH TO DATE    0                         0      0        6
  SINCE SEP 1      0                         0      0        6
  SINCE JAN 1    185                        25    160      186
..................................................................


WIND (MPH)
  HIGHEST WIND SPEED    14   HIGHEST WIND DIRECTION     S (190)
  HIGHEST GUST SPEED    18   HIGHEST GUST DIRECTION     S (170)
  AVERAGE WIND SPEED     2.0


SKY COVER
  AVERAGE SKY COVER 0.1


WEATHER CONDITIONS
 THE FOLLOWING WEATHER WAS RECORDED YESTERDAY.
  NO SIGNIFICANT WEATHER WAS OBSERVED.


RELATIVE HUMIDITY (PERCENT)
 HIGHEST    77           500 AM
 LOWEST     21           400 PM
 AVERAGE    49

..........................................................


THE MCCALL ID CLIMATE NORMALS FOR TODAY
                         NORMAL    RECORD    YEAR
 MAXIMUM TEMPERATURE (F)   67        89      1981
 MINIMUM TEMPERATURE (F)   33        19      1971


SUNRISE AND SUNSET
SEPTEMBER 18 2014.....SUNRISE   727 AM MDT   SUNSET   749 PM MDT
SEPTEMBER 19 2014.....SUNRISE   728 AM MDT   SUNSET   747 PM MDT


-  INDICATES NEGATIVE NUMBERS.
R  INDICATES RECORD WAS SET OR TIED.
MM INDICATES DATA IS MISSING.
T  INDICATES TRACE AMOUNT.




$$
