000
CDUS45 KBOI 260931
CLIMYL


CLIMATE REPORT
NATIONAL WEATHER SERVICE BOISE ID
230 AM MST MON JAN 26 2015


...................................

...THE MCCALL ID CLIMATE SUMMARY FOR JANUARY 25 2015...

CLIMATE NORMAL PERIOD 1981 TO 2010
CLIMATE RECORD PERIOD 1930 TO 2015


WEATHER ITEM   OBSERVED TIME   RECORD YEAR NORMAL DEPARTURE LAST
                VALUE   (LST)  VALUE       VALUE  FROM      YEAR
                                                  NORMAL
..................................................................
TEMPERATURE (F)
 YESTERDAY
  MAXIMUM         39    512 PM  47    1935  30      9       33
  MINIMUM         25   1152 PM -28    1949  11     14        5
  AVERAGE         32                        20     12       19

PRECIPITATION (IN)
  YESTERDAY        0.00          0.50 1964   0.06  -0.06     0.00
  MONTH TO DATE    1.78                      1.42   0.36     1.04
  SINCE OCT 1     10.54                      7.60   2.94     5.11
  SINCE JAN 1      1.78                      1.42   0.36     1.04

DEGREE DAYS
 HEATING
  YESTERDAY       33                        45    -12       46
  MONTH TO DATE 1027                      1134   -107     1081
  SINCE DEC 1   2195                      2570   -375     2537
  SINCE JUL 1   4259                      5208   -949     4627

 COOLING
  YESTERDAY        0                         0      0        0
  MONTH TO DATE    0                         0      0        0
  SINCE DEC 1      0                         0      0        0
  SINCE JAN 1      0                         0      0        0
..................................................................


WIND (MPH)
  HIGHEST WIND SPEED     6   HIGHEST WIND DIRECTION     S (170)
  HIGHEST GUST SPEED     6   HIGHEST GUST DIRECTION    NW (330)
  AVERAGE WIND SPEED     1.1


SKY COVER
  AVERAGE SKY COVER 0.7


WEATHER CONDITIONS
 THE FOLLOWING WEATHER WAS RECORDED YESTERDAY.
  FOG
  FOG W/VISIBILITY <= 1/4 MILE


RELATIVE HUMIDITY (PERCENT)
 HIGHEST   100          1000 AM
 LOWEST     82           600 PM
 AVERAGE    91

..........................................................


THE MCCALL ID CLIMATE NORMALS FOR TODAY
                         NORMAL    RECORD    YEAR
 MAXIMUM TEMPERATURE (F)   30        43      1992
 MINIMUM TEMPERATURE (F)   11       -27      1957


SUNRISE AND SUNSET
JANUARY 26 2015.......SUNRISE   810 AM MST   SUNSET   544 PM MST
JANUARY 27 2015.......SUNRISE   809 AM MST   SUNSET   545 PM MST


-  INDICATES NEGATIVE NUMBERS.
R  INDICATES RECORD WAS SET OR TIED.
MM INDICATES DATA IS MISSING.
T  INDICATES TRACE AMOUNT.




$$
