000
CDUS45 KBOI 220936
CLIMYL


CLIMATE REPORT
NATIONAL WEATHER SERVICE BOISE ID
236 AM MST WED NOV 22 2017


...................................

...THE MCCALL ID CLIMATE SUMMARY FOR NOVEMBER 21 2017...

CLIMATE NORMAL PERIOD 1981 TO 2010
CLIMATE RECORD PERIOD 1930 TO 2017


WEATHER ITEM   OBSERVED TIME   RECORD YEAR NORMAL DEPARTURE LAST
                VALUE   (LST)  VALUE       VALUE  FROM      YEAR
                                                  NORMAL
..................................................................
TEMPERATURE (F)
 YESTERDAY
  MAXIMUM         41   1159 PM  60    1936  34      7       40
  MINIMUM         31    307 AM  -6    1945  18     13       30
  AVERAGE         36                        26     10       35

PRECIPITATION (IN)
  YESTERDAY        0.40          1.29 2012   0.09   0.31      T
  MONTH TO DATE    3.13                      2.07   1.06     1.01
  SINCE OCT 1      4.38                      3.47   0.91     4.16
  SINCE JAN 1     27.17                     17.39   9.78    19.87

DEGREE DAYS
 HEATING
  YESTERDAY       29                        39    -10       30
  MONTH TO DATE  731                       724      7      516
  SINCE SEP 1   1815                      1939   -124     1522
  SINCE JUL 1   1845                      2267   -422     1715

 COOLING
  YESTERDAY        0                         0      0        0
  MONTH TO DATE    0                         0      0        0
  SINCE SEP 1     31                         0     31        0
  SINCE JAN 1    229                        25    204      108
..................................................................


WIND (MPH)
  HIGHEST WIND SPEED     6   HIGHEST WIND DIRECTION    NW (320)
  HIGHEST GUST SPEED     7   HIGHEST GUST DIRECTION    NW (310)
  AVERAGE WIND SPEED     0.8


SKY COVER
  AVERAGE SKY COVER 1.0


WEATHER CONDITIONS
 THE FOLLOWING WEATHER WAS RECORDED YESTERDAY.
  RAIN
  LIGHT RAIN
  FOG
  FOG W/VISIBILITY <= 1/4 MILE


RELATIVE HUMIDITY (PERCENT)
 HIGHEST   100           100 AM
 LOWEST     92          1200 AM
 AVERAGE    96

..........................................................


THE MCCALL ID CLIMATE NORMALS FOR TODAY
                         NORMAL    RECORD    YEAR
 MAXIMUM TEMPERATURE (F)   33        56      1954
 MINIMUM TEMPERATURE (F)   18        -6      1994


SUNRISE AND SUNSET
NOVEMBER 22 2017......SUNRISE   751 AM MST   SUNSET   509 PM MST
NOVEMBER 23 2017......SUNRISE   753 AM MST   SUNSET   509 PM MST


-  INDICATES NEGATIVE NUMBERS.
R  INDICATES RECORD WAS SET OR TIED.
MM INDICATES DATA IS MISSING.
T  INDICATES TRACE AMOUNT.




$$
