000
CDUS45 KBOI 230933
CLIMYL


CLIMATE REPORT
NATIONAL WEATHER SERVICE BOISE ID
232 AM MST FRI FEB 23 2018


...................................

...THE MCCALL ID CLIMATE SUMMARY FOR FEBRUARY 22 2018...

CLIMATE NORMAL PERIOD 1981 TO 2010
CLIMATE RECORD PERIOD 1930 TO 2018


WEATHER ITEM   OBSERVED TIME   RECORD YEAR NORMAL DEPARTURE LAST
                VALUE   (LST)  VALUE       VALUE  FROM      YEAR
                                                  NORMAL
..................................................................
TEMPERATURE (F)
 YESTERDAY
  MAXIMUM         20    418 PM  55    1995  35    -15       35
  MINIMUM          2   1155 PM -11    1975  12    -10       21
                                      1922
  AVERAGE         11                        23    -12       28

PRECIPITATION (IN)
  YESTERDAY        0.16          1.20 1926   0.06   0.10     0.03
  MONTH TO DATE    1.63                      1.37   0.26     4.99
  SINCE OCT 1     11.85                      9.28   2.57    16.68
  SINCE JAN 1      5.00                      3.10   1.90     8.19

DEGREE DAYS
 HEATING
  YESTERDAY       54                        42     12       37
  MONTH TO DATE  892                       954    -62      759
  SINCE DEC 1   3418                      3790   -372     3902
  SINCE JUL 1   5544                      6428   -884     5939

 COOLING
  YESTERDAY        0                         0      0        0
  MONTH TO DATE    0                         0      0        0
  SINCE DEC 1      0                         0      0        0
  SINCE JAN 1      0                         0      0        0
..................................................................


WIND (MPH)
  HIGHEST WIND SPEED    10   HIGHEST WIND DIRECTION     W (270)
  HIGHEST GUST SPEED    13   HIGHEST GUST DIRECTION     W (290)
  AVERAGE WIND SPEED     2.9


SKY COVER
  AVERAGE SKY COVER 0.9


WEATHER CONDITIONS
 THE FOLLOWING WEATHER WAS RECORDED YESTERDAY.
  LIGHT SNOW
  FOG
  HAZE


RELATIVE HUMIDITY (PERCENT)
 HIGHEST    92           900 AM
 LOWEST     73          1200 PM
 AVERAGE    83

..........................................................


THE MCCALL ID CLIMATE NORMALS FOR TODAY
                         NORMAL    RECORD    YEAR
 MAXIMUM TEMPERATURE (F)   35        56      1995
 MINIMUM TEMPERATURE (F)   12       -14      1928


SUNRISE AND SUNSET
FEBRUARY 23 2018......SUNRISE   732 AM MST   SUNSET   624 PM MST
FEBRUARY 24 2018......SUNRISE   730 AM MST   SUNSET   625 PM MST


-  INDICATES NEGATIVE NUMBERS.
R  INDICATES RECORD WAS SET OR TIED.
MM INDICATES DATA IS MISSING.
T  INDICATES TRACE AMOUNT.




$$
