000
CDUS45 KBOI 040931
CLIMYL


CLIMATE REPORT
NATIONAL WEATHER SERVICE BOISE ID
331 AM MDT FRI SEP 4 2015


...................................

...THE MCCALL ID CLIMATE SUMMARY FOR SEPTEMBER 3 2015...

CLIMATE NORMAL PERIOD 1981 TO 2010
CLIMATE RECORD PERIOD 1930 TO 2015


WEATHER ITEM   OBSERVED TIME   RECORD YEAR NORMAL DEPARTURE LAST
                VALUE   (LST)  VALUE       VALUE  FROM      YEAR
                                                  NORMAL
..................................................................
TEMPERATURE (F)
 YESTERDAY
  MAXIMUM         56    522 PM  93    1988  72    -16       62
  MINIMUM         41   1159 PM  25    1989  38      3       43
  AVERAGE         49                        55     -6       53

PRECIPITATION (IN)
  YESTERDAY        0.14          0.47 2000   0.03   0.11     0.00
  MONTH TO DATE    0.14                      0.08   0.06     0.00
  SINCE OCT 1     21.04                     19.30   1.74    20.69
  SINCE JAN 1     12.28                     13.12  -0.84    16.62

DEGREE DAYS
 HEATING
  YESTERDAY       16                        10      6       12
  MONTH TO DATE   28                        29     -1       34
  SINCE SEP 1     28                        29     -1       34
  SINCE JUL 1    178                       357   -179      150

 COOLING
  YESTERDAY        0                         0      0        0
  MONTH TO DATE    0                         0      0        0
  SINCE SEP 1      0                         0      0        0
  SINCE JAN 1    169                        25    144      185
..................................................................


WIND (MPH)
  HIGHEST WIND SPEED    13   HIGHEST WIND DIRECTION     E (100)
  HIGHEST GUST SPEED    17   HIGHEST GUST DIRECTION     N (10)
  AVERAGE WIND SPEED     5.3


SKY COVER
  AVERAGE SKY COVER 0.6


WEATHER CONDITIONS
 THE FOLLOWING WEATHER WAS RECORDED YESTERDAY.
  LIGHT RAIN
  FOG
  HAZE


RELATIVE HUMIDITY (PERCENT)
 HIGHEST    89          1100 PM
 LOWEST     59           400 PM
 AVERAGE    74

..........................................................


THE MCCALL ID CLIMATE NORMALS FOR TODAY
                         NORMAL    RECORD    YEAR
 MAXIMUM TEMPERATURE (F)   72        92      1988
 MINIMUM TEMPERATURE (F)   37        22      1989


SUNRISE AND SUNSET
SEPTEMBER  4 2015.....SUNRISE   710 AM MDT   SUNSET   816 PM MDT
SEPTEMBER  5 2015.....SUNRISE   711 AM MDT   SUNSET   814 PM MDT


-  INDICATES NEGATIVE NUMBERS.
R  INDICATES RECORD WAS SET OR TIED.
MM INDICATES DATA IS MISSING.
T  INDICATES TRACE AMOUNT.




$$
