000
CDUS45 KBOI 250931
CLIMYL


CLIMATE REPORT
NATIONAL WEATHER SERVICE BOISE ID
331 AM MDT SUN SEP 25 2016


...................................

...THE MCCALL ID CLIMATE SUMMARY FOR SEPTEMBER 24 2016...

CLIMATE NORMAL PERIOD 1981 TO 2010
CLIMATE RECORD PERIOD 1930 TO 2016


WEATHER ITEM   OBSERVED TIME   RECORD YEAR NORMAL DEPARTURE LAST
                VALUE   (LST)  VALUE       VALUE  FROM      YEAR
                                                  NORMAL
..................................................................
TEMPERATURE (F)
 YESTERDAY
  MAXIMUM         60    506 PM  87    1987  64     -4       76
  MINIMUM         37    634 AM  19    2000  30      7       39
  AVERAGE         49                        47      2       58

PRECIPITATION (IN)
  YESTERDAY        T             0.67 2013   0.03  -0.03     0.00
  MONTH TO DATE    1.05                      0.68   0.37     2.06
  SINCE OCT 1     26.28                     19.90   6.38    22.96
  SINCE JAN 1     15.71                     13.72   1.99    14.20

DEGREE DAYS
 HEATING
  YESTERDAY       16                        18     -2        7
  MONTH TO DATE  314                       322     -8      283
  SINCE SEP 1    314                       322     -8      283
  SINCE JUL 1    507                       650   -143      433

 COOLING
  YESTERDAY        0                         0      0        0
  MONTH TO DATE    0                         0      0        0
  SINCE SEP 1      0                         0      0        0
  SINCE JAN 1    108                        25     83      169
..................................................................


WIND (MPH)
  HIGHEST WIND SPEED    16   HIGHEST WIND DIRECTION     W (260)
  HIGHEST GUST SPEED    20   HIGHEST GUST DIRECTION     W (290)
  AVERAGE WIND SPEED     5.2


SKY COVER
  AVERAGE SKY COVER 0.3


WEATHER CONDITIONS
 THE FOLLOWING WEATHER WAS RECORDED YESTERDAY.
  NO SIGNIFICANT WEATHER WAS OBSERVED.


RELATIVE HUMIDITY (PERCENT)
 HIGHEST    92           600 AM
 LOWEST     32           400 PM
 AVERAGE    62

..........................................................


THE MCCALL ID CLIMATE NORMALS FOR TODAY
                         NORMAL    RECORD    YEAR
 MAXIMUM TEMPERATURE (F)   64        85      1994
 MINIMUM TEMPERATURE (F)   30        16      1984


SUNRISE AND SUNSET
SEPTEMBER 25 2016.....SUNRISE   736 AM MDT   SUNSET   735 PM MDT
SEPTEMBER 26 2016.....SUNRISE   737 AM MDT   SUNSET   733 PM MDT


-  INDICATES NEGATIVE NUMBERS.
R  INDICATES RECORD WAS SET OR TIED.
MM INDICATES DATA IS MISSING.
T  INDICATES TRACE AMOUNT.




$$
