000
CDUS44 KLIX 290801
CLINEW


CLIMATE REPORT
NATIONAL WEATHER SERVICE NEW ORLEANS
301 AM CDT WED JUL 29 2015


...................................

...THE NEW ORLEANS CLIMATE SUMMARY FOR JULY 28 2015...

CLIMATE NORMAL PERIOD 1981 TO 2010
CLIMATE RECORD PERIOD 1946 TO 2015


WEATHER ITEM   OBSERVED TIME   RECORD YEAR NORMAL DEPARTURE LAST
                VALUE   (LST)  VALUE       VALUE  FROM      YEAR
                                                  NORMAL
..................................................................
TEMPERATURE (F)
 YESTERDAY
  MAXIMUM         96    205 PM  98    1993  92      4       94
  MINIMUM         78    233 AM  68    1994  75      3       79
  AVERAGE         87                        83      4       87

PRECIPITATION (IN)
  YESTERDAY        0.00          3.52 2011   0.18  -0.18     0.00
  MONTH TO DATE    3.82                      5.38  -1.56     4.49
  SINCE JUN 1      7.57                     13.44  -5.87    12.52
  SINCE JAN 1     42.74                     37.68   5.06    37.46

SNOWFALL (IN)
  YESTERDAY        0.0
  MONTH TO DATE    0.0
  SINCE JUN 1      0.0
  SINCE JUL 1      0.0
  SNOW DEPTH       0

DEGREE DAYS
 HEATING
  YESTERDAY        0                         0      0        0
  MONTH TO DATE    0                         0      0        0
  SINCE JUN 1      0                         0      0        0
  SINCE JUL 1      0                         0      0        0

 COOLING
  YESTERDAY       22                        18      4       22
  MONTH TO DATE  578                       504     74      499
  SINCE JUN 1   1108                       999    109     1003
  SINCE JAN 1   1937                      1618    319     1526
..................................................................


WIND (MPH)
  HIGHEST WIND SPEED    13   HIGHEST WIND DIRECTION    SW (210)
  HIGHEST GUST SPEED    19   HIGHEST GUST DIRECTION    NE (30)
  AVERAGE WIND SPEED     4.2


SKY COVER
  POSSIBLE SUNSHINE  MM
  AVERAGE SKY COVER 0.3


WEATHER CONDITIONS
 THE FOLLOWING WEATHER WAS RECORDED YESTERDAY.
  NO SIGNIFICANT WEATHER WAS OBSERVED.


RELATIVE HUMIDITY (PERCENT)
 HIGHEST    85           200 AM
 LOWEST     39           100 PM
 AVERAGE    62

..........................................................


THE NEW ORLEANS CLIMATE NORMALS FOR TODAY
                         NORMAL    RECORD    YEAR
 MAXIMUM TEMPERATURE (F)   92        97      1993
                                             1986
                                             1966
 MINIMUM TEMPERATURE (F)   75        67      1994


SUNRISE AND SUNSET
JULY 29 2015..........SUNRISE   618 AM CDT   SUNSET   756 PM CDT
JULY 30 2015..........SUNRISE   619 AM CDT   SUNSET   756 PM CDT


-  INDICATES NEGATIVE NUMBERS.
R  INDICATES RECORD WAS SET OR TIED.
MM INDICATES DATA IS MISSING.
T  INDICATES TRACE AMOUNT.




$$
