000
CDUS44 KLIX 260701
CLINEW


CLIMATE REPORT
NATIONAL WEATHER SERVICE NEW ORLEANS
200 AM CDT MON JUN 26 2017


...................................

...THE NEW ORLEANS CLIMATE SUMMARY FOR JUNE 25 2017...

CLIMATE NORMAL PERIOD 1981 TO 2010
CLIMATE RECORD PERIOD 1946 TO 2017


WEATHER ITEM   OBSERVED TIME   RECORD YEAR NORMAL DEPARTURE LAST
                VALUE   (LST)  VALUE       VALUE  FROM      YEAR
                                                  NORMAL
..................................................................
TEMPERATURE (F)
 YESTERDAY
  MAXIMUM         88   1238 PM  97    2016  90     -2       97
                                      2012
  MINIMUM         73    228 AM  62    1966  75     -2       78
  AVERAGE         81                        82     -1       88

PRECIPITATION (IN)
  YESTERDAY        0.36          2.14 2003   0.27   0.09     0.00
  MONTH TO DATE   15.04                      6.77   8.27     8.64
  SINCE JUN 1     15.04                      6.77   8.27     8.64
  SINCE JAN 1     40.94                     31.01   9.93    37.97

SNOWFALL (IN)
  YESTERDAY        0.0
  MONTH TO DATE    0.0
  SINCE JUN 1      0.0
  SINCE JUL 1      0.0
  SNOW DEPTH       0

DEGREE DAYS
 HEATING
  YESTERDAY        0                         0      0        0
  MONTH TO DATE    0                         0      0        0
  SINCE JUN 1      0                         0      0        0
  SINCE JUL 1    635                      1280   -645      755

 COOLING
  YESTERDAY       16                        17     -1       23
  MONTH TO DATE  378                       405    -27      477
  SINCE JUN 1    378                       405    -27      477
  SINCE JAN 1   1133                      1024    109     1257
..................................................................


WIND (MPH)
  HIGHEST WIND SPEED    13   HIGHEST WIND DIRECTION    NE (30)
  HIGHEST GUST SPEED    20   HIGHEST GUST DIRECTION    NE (30)
  AVERAGE WIND SPEED     4.8


SKY COVER
  POSSIBLE SUNSHINE  MM
  AVERAGE SKY COVER 0.7


WEATHER CONDITIONS
 THE FOLLOWING WEATHER WAS RECORDED YESTERDAY.
  THUNDERSTORM
  HEAVY RAIN
  LIGHT RAIN
  FOG


RELATIVE HUMIDITY (PERCENT)
 HIGHEST   100          1200 AM
 LOWEST     70          1000 AM
 AVERAGE    85

..........................................................


THE NEW ORLEANS CLIMATE NORMALS FOR TODAY
                         NORMAL    RECORD    YEAR
 MAXIMUM TEMPERATURE (F)   90       100      2016
 MINIMUM TEMPERATURE (F)   75        66      1966


SUNRISE AND SUNSET
JUNE 26 2017..........SUNRISE   602 AM CDT   SUNSET   806 PM CDT
JUNE 27 2017..........SUNRISE   602 AM CDT   SUNSET   806 PM CDT


-  INDICATES NEGATIVE NUMBERS.
R  INDICATES RECORD WAS SET OR TIED.
MM INDICATES DATA IS MISSING.
T  INDICATES TRACE AMOUNT.




$$
