000
CDUS44 KLIX 252218
CLINEW


CLIMATE REPORT
NATIONAL WEATHER SERVICE NEW ORLEANS
NATIONAL WEATHER SERVICE NEW ORL
417 PM CST SUN FEB 25 2018


...................................

...THE NEW ORLEANS CLIMATE SUMMARY FOR FEBRUARY 25 2018...
VALID TODAY AS OF 0400 PM LOCAL TIME.

CLIMATE NORMAL PERIOD 1981 TO 2010
CLIMATE RECORD PERIOD 1946 TO 2018


WEATHER ITEM   OBSERVED TIME   RECORD YEAR NORMAL DEPARTURE LAST
                VALUE   (LST)  VALUE       VALUE  FROM      YEAR
                                                  NORMAL
..................................................................
TEMPERATURE (F)
 TODAY
  MAXIMUM         74   1200 AM  82    1972  68      6       69
  MINIMUM         64    951 AM  30    1968  50     14       56
                                      1965
  AVERAGE         69                        59     10       63

PRECIPITATION (IN)
  TODAY            0.13          1.90 2013   0.16  -0.03     0.00
  MONTH TO DATE    2.45                      4.80  -2.35     2.69
  SINCE DEC 1     12.16                     15.19  -3.03    15.45
  SINCE JAN 1      7.00                      9.95  -2.95     7.59

SNOWFALL (IN)
  TODAY            0.0
  MONTH TO DATE    0.0
  SINCE DEC 1      T
  SINCE JUL 1      T
  SNOW DEPTH       0

DEGREE DAYS
 HEATING
  TODAY            0                         7     -7        2
  MONTH TO DATE   51                       232   -181       68
  SINCE DEC 1    867                       924    -57      483
  SINCE JUL 1    999                      1088    -89      554

 COOLING
  TODAY            4                         1      3        0
  MONTH TO DATE  124                        25     99       51
  SINCE DEC 1    158                        68     90      158
  SINCE JAN 1    128                        41     87      103
..................................................................


WIND (MPH)
  HIGHEST WIND SPEED    23   HIGHEST WIND DIRECTION     N (360)
  HIGHEST GUST SPEED    32   HIGHEST GUST DIRECTION     N (340)
  AVERAGE WIND SPEED     9.6


SKY COVER
  POSSIBLE SUNSHINE  MM
  AVERAGE SKY COVER 0.6


WEATHER CONDITIONS
 THE FOLLOWING WEATHER WAS RECORDED TODAY.
  RAIN
  LIGHT RAIN
  FOG


RELATIVE HUMIDITY (PERCENT)
 HIGHEST   100           300 AM
 LOWEST     73           300 PM
 AVERAGE    87

..........................................................


THE NEW ORLEANS CLIMATE NORMALS FOR TOMORROW
                         NORMAL    RECORD    YEAR
 MAXIMUM TEMPERATURE (F)   68        85      1972
 MINIMUM TEMPERATURE (F)   50        29      1965


SUNRISE AND SUNSET
FEBRUARY 25 2018......SUNRISE   631 AM CST   SUNSET   557 PM CST
FEBRUARY 26 2018......SUNRISE   630 AM CST   SUNSET   558 PM CST


-  INDICATES NEGATIVE NUMBERS.
R  INDICATES RECORD WAS SET OR TIED.
MM INDICATES DATA IS MISSING.
T  INDICATES TRACE AMOUNT.




$$
