000
CDUS44 KLIX 162126
CLINEW


CLIMATE REPORT
NATIONAL WEATHER SERVICE NEW ORLEANS
425 PM CDT MON OCT 16 2017


...................................

...THE NEW ORLEANS CLIMATE SUMMARY FOR OCTOBER 16 2017...
VALID TODAY AS OF 0400 PM LOCAL TIME.

CLIMATE NORMAL PERIOD 1981 TO 2010
CLIMATE RECORD PERIOD 1946 TO 2017


WEATHER ITEM   OBSERVED TIME   RECORD YEAR NORMAL DEPARTURE LAST
                VALUE   (LST)  VALUE       VALUE  FROM      YEAR
                                                  NORMAL
..................................................................
TEMPERATURE (F)
 TODAY
  MAXIMUM         77   1248 AM  92    2015  80     -3       89
  MINIMUM         64    945 AM  45    1987  63      1       72
  AVERAGE         71                        71      0       81

PRECIPITATION (IN)
  TODAY            T             2.30 1975   0.11  -0.11     0.00
  MONTH TO DATE    1.82                      1.77   0.05     0.00
  SINCE SEP 1      2.24                      6.74  -4.50     4.63
  SINCE JAN 1     65.89                     50.95  14.94    60.06

SNOWFALL (IN)
  TODAY            0.0
  MONTH TO DATE    0.0
  SINCE SEP 1      0.0
  SINCE JUL 1      0.0
  SNOW DEPTH       0

DEGREE DAYS
 HEATING
  TODAY            0                         1     -1        0
  MONTH TO DATE    0                         3     -3        0
  SINCE SEP 1      0                         3     -3        0
  SINCE JUL 1      0                         3     -3        0

 COOLING
  TODAY            6                         7     -1       16
  MONTH TO DATE  238                       142     96      243
  SINCE SEP 1    697                       585    112      855
  SINCE JAN 1   3050                      2831    219     3557
..................................................................


WIND (MPH)
  HIGHEST WIND SPEED    18   HIGHEST WIND DIRECTION     N (350)
  HIGHEST GUST SPEED    27   HIGHEST GUST DIRECTION     N (360)
  AVERAGE WIND SPEED    11.8


SKY COVER
  POSSIBLE SUNSHINE  MM
  AVERAGE SKY COVER 0.9


WEATHER CONDITIONS
 THE FOLLOWING WEATHER WAS RECORDED TODAY.
  LIGHT RAIN


RELATIVE HUMIDITY (PERCENT)
 HIGHEST   100          1200 AM
 LOWEST     41           300 PM
 AVERAGE    71

..........................................................


THE NEW ORLEANS CLIMATE NORMALS FOR TOMORROW
                         NORMAL    RECORD    YEAR
 MAXIMUM TEMPERATURE (F)   80        91      2016
                                             1980
 MINIMUM TEMPERATURE (F)   62        43      1977


SUNRISE AND SUNSET
OCTOBER 16 2017.......SUNRISE   704 AM CDT   SUNSET   629 PM CDT
OCTOBER 17 2017.......SUNRISE   704 AM CDT   SUNSET   628 PM CDT


-  INDICATES NEGATIVE NUMBERS.
R  INDICATES RECORD WAS SET OR TIED.
MM INDICATES DATA IS MISSING.
T  INDICATES TRACE AMOUNT.




$$
