000
CDUS44 KLIX 260720
CLINEW


CLIMATE REPORT
NATIONAL WEATHER SERVICE NEW ORLEANS
220 AM CDT SAT JUL 26 2014


...................................

...THE NEW ORLEANS CLIMATE SUMMARY FOR JULY 25 2014...

CLIMATE NORMAL PERIOD 1981 TO 2010
CLIMATE RECORD PERIOD 1946 TO 2014


WEATHER ITEM   OBSERVED TIME   RECORD YEAR NORMAL DEPARTURE LAST
                VALUE   (LST)  VALUE       VALUE  FROM      YEAR
                                                  NORMAL
..................................................................
TEMPERATURE (F)
 YESTERDAY
  MAXIMUM         94    205 PM  98    2005  92      2       91
  MINIMUM         77    507 AM  70    1984  75      2       78
                                      1974
                                      1966
  AVERAGE         86                        83      3       85

PRECIPITATION (IN)
  YESTERDAY        0.00          2.34 2011   0.17  -0.17     0.00
  MONTH TO DATE    4.49                      4.85  -0.36     3.90
  SINCE JUN 1     12.52                     12.91  -0.39     8.29
  SINCE JAN 1     37.46                     37.15   0.31    43.02

SNOWFALL (IN)
  YESTERDAY        0.0
  MONTH TO DATE    0.0
  SINCE JUN 1      0.0
  SINCE JUL 1      0.0
  SNOW DEPTH       0

DEGREE DAYS
 HEATING
  YESTERDAY        0                         0      0        0
  MONTH TO DATE    0                         0      0        0
  SINCE JUN 1      0                         0      0        0
  SINCE JUL 1      0                         0      0        0

 COOLING
  YESTERDAY       21                        18      3       20
  MONTH TO DATE  436                       450    -14      432
  SINCE JUN 1    940                       945     -5      973
  SINCE JAN 1   1463                      1564   -101     1466
..................................................................


WIND (MPH)
  HIGHEST WIND SPEED    17   HIGHEST WIND DIRECTION    SW (210)
  HIGHEST GUST SPEED    20   HIGHEST GUST DIRECTION     S (200)
  AVERAGE WIND SPEED     5.8


SKY COVER
  POSSIBLE SUNSHINE  MM
  AVERAGE SKY COVER 0.6


WEATHER CONDITIONS
 THE FOLLOWING WEATHER WAS RECORDED YESTERDAY.
  THUNDERSTORM
  FOG
  HAZE


RELATIVE HUMIDITY (PERCENT)
 HIGHEST    91           100 AM
 LOWEST     52           200 PM
 AVERAGE    72

..........................................................


THE NEW ORLEANS CLIMATE NORMALS FOR TODAY
                         NORMAL    RECORD    YEAR
 MAXIMUM TEMPERATURE (F)   92        96      1981
 MINIMUM TEMPERATURE (F)   75        68      1991
                                             1984


SUNRISE AND SUNSET
JULY 26 2014..........SUNRISE   616 AM CDT   SUNSET   758 PM CDT
JULY 27 2014..........SUNRISE   617 AM CDT   SUNSET   758 PM CDT


-  INDICATES NEGATIVE NUMBERS.
R  INDICATES RECORD WAS SET OR TIED.
MM INDICATES DATA IS MISSING.
T  INDICATES TRACE AMOUNT.




$$
