000
CDUS44 KLIX 172216
CLINEW


CLIMATE REPORT
NATIONAL WEATHER SERVICE NEW ORLEANS
416 PM CST WED DEC 17 2014


...................................

...THE NEW ORLEANS CLIMATE SUMMARY FOR DECEMBER 17 2014...
VALID TODAY AS OF 0400 PM LOCAL TIME.

CLIMATE NORMAL PERIOD 1981 TO 2010
CLIMATE RECORD PERIOD 1946 TO 2014


WEATHER ITEM   OBSERVED TIME   RECORD YEAR NORMAL DEPARTURE LAST
                VALUE   (LST)  VALUE       VALUE  FROM      YEAR
                                                  NORMAL
..................................................................
TEMPERATURE (F)
 TODAY
  MAXIMUM         59    242 PM  79    1990  64     -5       63
                                      1971
  MINIMUM         46    727 AM  25    1960  47     -1       36
  AVERAGE         53                        55     -2       50

PRECIPITATION (IN)
  TODAY            0.00          1.77 2009   0.17  -0.17     0.00
  MONTH TO DATE    T                         2.82  -2.82     0.67
  SINCE DEC 1      T                         2.82  -2.82     0.67
  SINCE JAN 1     50.78                     60.03  -9.25    63.84

SNOWFALL (IN)
  TODAY            0.0
  MONTH TO DATE    0.0
  SINCE DEC 1      0.0
  SINCE JUL 1      0.0
  SNOW DEPTH       0

DEGREE DAYS
 HEATING
  TODAY           12                        11      1       15
  MONTH TO DATE   94                       157    -63      177
  SINCE DEC 1     94                       157    -63      177
  SINCE JUL 1    324                       321      3      377

 COOLING
  TODAY            0                         1     -1        0
  MONTH TO DATE   24                        17      7       26
  SINCE DEC 1     24                        17      7       26
  SINCE JAN 1   2990                      2995     -5     2985
..................................................................


WIND (MPH)
  HIGHEST WIND SPEED    15   HIGHEST WIND DIRECTION    NE (30)
  HIGHEST GUST SPEED    19   HIGHEST GUST DIRECTION     E (70)
  AVERAGE WIND SPEED     8.3


SKY COVER
  POSSIBLE SUNSHINE  MM
  AVERAGE SKY COVER 0.5


WEATHER CONDITIONS
 THE FOLLOWING WEATHER WAS RECORDED TODAY.
  NO SIGNIFICANT WEATHER WAS OBSERVED.


RELATIVE HUMIDITY (PERCENT)
 HIGHEST    71           700 AM
 LOWEST     51           400 PM
 AVERAGE    61

..........................................................


THE NEW ORLEANS CLIMATE NORMALS FOR TOMORROW
                         NORMAL    RECORD    YEAR
 MAXIMUM TEMPERATURE (F)   64        79      2008
 MINIMUM TEMPERATURE (F)   46        26      1979


SUNRISE AND SUNSET
DECEMBER 17 2014......SUNRISE   650 AM CST   SUNSET   504 PM CST
DECEMBER 18 2014......SUNRISE   651 AM CST   SUNSET   504 PM CST


-  INDICATES NEGATIVE NUMBERS.
R  INDICATES RECORD WAS SET OR TIED.
MM INDICATES DATA IS MISSING.
T  INDICATES TRACE AMOUNT.




$$
