000
CDUS44 KLIX 230706
CLINEW


CLIMATE REPORT
NATIONAL WEATHER SERVICE NEW ORLEANS
203 AM CDT THU MAR 23 2017


...................................

...THE NEW ORLEANS CLIMATE SUMMARY FOR MARCH 22 2017...

CLIMATE NORMAL PERIOD 1981 TO 2010
CLIMATE RECORD PERIOD 1946 TO 2017


WEATHER ITEM   OBSERVED TIME   RECORD YEAR NORMAL DEPARTURE LAST
                VALUE   (LST)  VALUE       VALUE  FROM      YEAR
                                                  NORMAL
..................................................................
TEMPERATURE (F)
 YESTERDAY
  MAXIMUM         83R   416 PM  83    1991  73     10       69
                                      1975
  MINIMUM         64   1154 PM  30    1965  55      9       44
  AVERAGE         74                        64     10       57

PRECIPITATION (IN)
  YESTERDAY        0.00          3.36 2012   0.14  -0.14     0.00
  MONTH TO DATE    1.33                      3.19  -1.86     4.15
  SINCE MAR 1      1.33                      3.19  -1.86     4.15
  SINCE JAN 1      8.97                     13.64  -4.67    12.28

SNOWFALL (IN)
  YESTERDAY        0.0
  MONTH TO DATE    0.0
  SINCE MAR 1      0.0
  SINCE JUL 1      0.0
  SNOW DEPTH       0

DEGREE DAYS
 HEATING
  YESTERDAY        0                         3     -3        8
  MONTH TO DATE   59                       110    -51       37
  SINCE MAR 1     59                       110    -51       37
  SINCE JUL 1    620                      1219   -599      751

 COOLING
  YESTERDAY        9                         2      7        0
  MONTH TO DATE   69                        39     30      101
  SINCE MAR 1     69                        39     30      101
  SINCE JAN 1    189                        76    113      137
..................................................................


WIND (MPH)
  HIGHEST WIND SPEED    14   HIGHEST WIND DIRECTION     N (340)
  HIGHEST GUST SPEED    19   HIGHEST GUST DIRECTION    NW (300)
  AVERAGE WIND SPEED     5.5


SKY COVER
  POSSIBLE SUNSHINE  MM
  AVERAGE SKY COVER 0.4


WEATHER CONDITIONS
 THE FOLLOWING WEATHER WAS RECORDED YESTERDAY.
  FOG
  HAZE


RELATIVE HUMIDITY (PERCENT)
 HIGHEST   100           100 AM
 LOWEST     42           400 PM
 AVERAGE    71

..........................................................


THE NEW ORLEANS CLIMATE NORMALS FOR TODAY
                         NORMAL    RECORD    YEAR
 MAXIMUM TEMPERATURE (F)   73        84      1995
                                             1994
 MINIMUM TEMPERATURE (F)   55        29      1968


SUNRISE AND SUNSET
MARCH 23 2017.........SUNRISE   701 AM CDT   SUNSET   714 PM CDT
MARCH 24 2017.........SUNRISE   700 AM CDT   SUNSET   715 PM CDT


-  INDICATES NEGATIVE NUMBERS.
R  INDICATES RECORD WAS SET OR TIED.
MM INDICATES DATA IS MISSING.
T  INDICATES TRACE AMOUNT.




$$
