000
CDUS44 KLIX 110814
CLINEW


CLIMATE REPORT
NATIONAL WEATHER SERVICE NEW ORLEANS
212 AM CST THU FEB 11 2016


...................................

...THE NEW ORLEANS CLIMATE SUMMARY FOR FEBRUARY 10 2016...

CLIMATE NORMAL PERIOD 1981 TO 2010
CLIMATE RECORD PERIOD 1946 TO 2016


WEATHER ITEM   OBSERVED TIME   RECORD YEAR NORMAL DEPARTURE LAST
                VALUE   (LST)  VALUE       VALUE  FROM      YEAR
                                                  NORMAL
..................................................................
TEMPERATURE (F)
 YESTERDAY
  MAXIMUM         59    355 PM  83    1994  64     -5       63
                                      1957
  MINIMUM         41   1256 AM  24    1979  47     -6       45
                                      1971
  AVERAGE         50                        56     -6       54

PRECIPITATION (IN)
  YESTERDAY        0.00          4.33 1981   0.20  -0.20     0.00
  MONTH TO DATE    1.05                      1.97  -0.92     1.11
  SINCE DEC 1     11.92                     12.36  -0.44    10.74
  SINCE JAN 1      5.46                      7.12  -1.66     6.78

SNOWFALL (IN)
  YESTERDAY        0.0
  MONTH TO DATE    0.0
  SINCE DEC 1      0.0
  SINCE JUL 1      0.0
  SNOW DEPTH       0

DEGREE DAYS
 HEATING
  YESTERDAY       15                        10      5       11
  MONTH TO DATE  109                       106      3      104
  SINCE DEC 1    565                       798   -233      720
  SINCE JUL 1    623                       962   -339      950

 COOLING
  YESTERDAY        0                         1     -1        0
  MONTH TO DATE   16                        10      6        3
  SINCE DEC 1    131                        53     78       42
  SINCE JAN 1     20                        26     -6       11
..................................................................


WIND (MPH)
  HIGHEST WIND SPEED    15   HIGHEST WIND DIRECTION    SW (240)
  HIGHEST GUST SPEED    23   HIGHEST GUST DIRECTION    SW (240)
  AVERAGE WIND SPEED     8.5


SKY COVER
  POSSIBLE SUNSHINE  MM
  AVERAGE SKY COVER 0.1


WEATHER CONDITIONS
 THE FOLLOWING WEATHER WAS RECORDED YESTERDAY.
  NO SIGNIFICANT WEATHER WAS OBSERVED.


RELATIVE HUMIDITY (PERCENT)
 HIGHEST    61           800 PM
 LOWEST     24           300 PM
 AVERAGE    43

..........................................................


THE NEW ORLEANS CLIMATE NORMALS FOR TODAY
                         NORMAL    RECORD    YEAR
 MAXIMUM TEMPERATURE (F)   65        81      1999
 MINIMUM TEMPERATURE (F)   47        27      1980
                                             1979
                                             1973


SUNRISE AND SUNSET
FEBRUARY 11 2016......SUNRISE   645 AM CST   SUNSET   546 PM CST
FEBRUARY 12 2016......SUNRISE   644 AM CST   SUNSET   547 PM CST


-  INDICATES NEGATIVE NUMBERS.
R  INDICATES RECORD WAS SET OR TIED.
MM INDICATES DATA IS MISSING.
T  INDICATES TRACE AMOUNT.




$$
