000
CDUS46 KMTR 200832
CLINUQ


CLIMATE REPORT
NATIONAL WEATHER SERVICE SAN FRANCISCO BAY AREA
131 AM PDT SUN APR 20 2014


...................................

...THE MOFFETT FIELD CLIMATE SUMMARY FOR APRIL 19 2014...

CLIMATE NORMAL PERIOD 1981 TO 2010
CLIMATE RECORD PERIOD 1945 TO 2014


WEATHER ITEM   OBSERVED TIME   RECORD YEAR NORMAL DEPARTURE LAST
                VALUE   (LST)  VALUE       VALUE  FROM      YEAR
                                                  NORMAL
..................................................................
TEMPERATURE (F)
 YESTERDAY
  MAXIMUM         69    348 PM  88    2009  69      0       78
  MINIMUM         50    626 AM  40    1979  50      0       50
  AVERAGE         60                        60      0       64

PRECIPITATION (IN)
  YESTERDAY        0.00          0.35 1988   0.03  -0.03     0.00
  MONTH TO DATE    0.58                      0.67  -0.09     0.27
  SINCE JUL 1      6.16                     13.80  -7.64     9.55
  SINCE JAN 1      4.90                      8.75  -3.85     1.78

DEGREE DAYS
 HEATING
  YESTERDAY        5                                         1
  MONTH TO DATE   84                                        91
  SINCE MAR 1    238                                       326
  SINCE JUL 1   1696                                      2003

 COOLING
  YESTERDAY        0                                         0
  MONTH TO DATE    7                                         5
  SINCE MAR 1     11                                         6
  SINCE JAN 1     11                                         6
..................................................................


WIND (MPH)
  RESULTANT WIND SPEED   4   RESULTANT WIND DIRECTION   N (350)
  HIGHEST WIND SPEED    23   HIGHEST WIND DIRECTION     N (340)
  HIGHEST GUST SPEED    25   HIGHEST GUST DIRECTION     N (340)
  AVERAGE WIND SPEED     6.2


SKY COVER
  POSSIBLE SUNSHINE  MM
  AVERAGE SKY COVER 0.0


WEATHER CONDITIONS
 THE FOLLOWING WEATHER WAS RECORDED YESTERDAY.
  NO SIGNIFICANT WEATHER WAS OBSERVED.


RELATIVE HUMIDITY (PERCENT)
 HIGHEST    86          1100 PM
 LOWEST     48          1100 AM
 AVERAGE    67

..........................................................


THE MOFFETT FIELD CLIMATE NORMALS FOR TODAY
                         NORMAL    RECORD    YEAR
 MAXIMUM TEMPERATURE (F)   69        93      2009
 MINIMUM TEMPERATURE (F)   50        37      1967


SUNRISE AND SUNSET
APRIL 20 2014.........SUNRISE   627 AM PDT   SUNSET   748 PM PDT
APRIL 21 2014.........SUNRISE   625 AM PDT   SUNSET   749 PM PDT


-  INDICATES NEGATIVE NUMBERS.
R  INDICATES RECORD WAS SET OR TIED.
MM INDICATES DATA IS MISSING.
T  INDICATES TRACE AMOUNT.




$$
