000
CDUS46 KMTR 190036
CLINUQ


CLIMATE REPORT
NATIONAL WEATHER SERVICE SAN FRANCISCO BAY AREA
435 PM PST THU DEC 18 2014


...................................

...THE MOFFETT FIELD CLIMATE SUMMARY FOR DECEMBER 18 2014...
VALID TODAY AS OF 0400 PM LOCAL TIME.

CLIMATE NORMAL PERIOD 1981 TO 2010
CLIMATE RECORD PERIOD 1945 TO 2014


WEATHER ITEM   OBSERVED TIME   RECORD YEAR NORMAL DEPARTURE LAST
                VALUE   (LST)  VALUE       VALUE  FROM      YEAR
                                                  NORMAL
..................................................................
TEMPERATURE (F)
 TODAY
  MAXIMUM         63    306 PM  65    1975  59      4       58
  MINIMUM         52    309 AM  30    1965  43      9       43
  AVERAGE         58                        50      8       51

PRECIPITATION (IN)
  TODAY            0.00          1.33 2005   0.09  -0.09      T
  MONTH TO DATE    8.33                      1.34   6.99     0.16
  SINCE JUL 1     10.20                      3.83   6.37     1.26
  SINCE JAN 1     15.39                     13.46   1.93     3.08

DEGREE DAYS
 HEATING
  TODAY            7                                        14
  MONTH TO DATE  129                                       332
  SINCE DEC 1    129                                       332
  SINCE JUL 1    356                                       704

 COOLING
  TODAY            0                                         0
  MONTH TO DATE    0                                         0
  SINCE DEC 1      0                                         0
  SINCE JAN 1    643                                       478
..................................................................


WIND (MPH)
  RESULTANT WIND SPEED   8   RESULTANT WIND DIRECTION  SE (140)
  HIGHEST WIND SPEED    16   HIGHEST WIND DIRECTION    SE (130)
  HIGHEST GUST SPEED    25   HIGHEST GUST DIRECTION    SE (130)
  AVERAGE WIND SPEED     8.3


SKY COVER
  POSSIBLE SUNSHINE  MM
  AVERAGE SKY COVER 0.9


WEATHER CONDITIONS
 THE FOLLOWING WEATHER WAS RECORDED TODAY.
  NO SIGNIFICANT WEATHER WAS OBSERVED.


RELATIVE HUMIDITY (PERCENT)
 HIGHEST    89          1200 AM
 LOWEST     60           100 PM
 AVERAGE    75

..........................................................


THE MOFFETT FIELD CLIMATE NORMALS FOR TOMORROW
                         NORMAL    RECORD    YEAR
 MAXIMUM TEMPERATURE (F)   58        72      1969
 MINIMUM TEMPERATURE (F)   43        31      2006


SUNRISE AND SUNSET
DECEMBER 18 2014......SUNRISE   717 AM PST   SUNSET   453 PM PST
DECEMBER 19 2014......SUNRISE   718 AM PST   SUNSET   453 PM PST


-  INDICATES NEGATIVE NUMBERS.
R  INDICATES RECORD WAS SET OR TIED.
MM INDICATES DATA IS MISSING.
T  INDICATES TRACE AMOUNT.




$$
