000
CDUS46 KMTR 250826
CLINUQ


CLIMATE REPORT
NATIONAL WEATHER SERVICE SAN FRANCISCO BAY AREA
1226 AM PST SAT FEB 25 2017


...................................

...THE MOFFETT FIELD CLIMATE SUMMARY FOR FEBRUARY 24 2017...

CLIMATE NORMAL PERIOD 1981 TO 2010
CLIMATE RECORD PERIOD 1945 TO 2017


WEATHER ITEM   OBSERVED TIME   RECORD YEAR NORMAL DEPARTURE LAST
                VALUE   (LST)  VALUE       VALUE  FROM      YEAR
                                                  NORMAL
..................................................................
TEMPERATURE (F)
 YESTERDAY
  MAXIMUM         55   1244 PM  76    1992  63     -8       71
  MINIMUM         34R   606 AM  34    1974  46    -12       46
  AVERAGE         45                        55    -10       59

PRECIPITATION (IN)
  YESTERDAY        0.00          0.94 1958   0.12  -0.12     0.00
  MONTH TO DATE    5.19                      2.63   2.56     0.38
  SINCE OCT 1     15.16                     10.22   4.94     8.36
  SINCE JAN 1     10.59                      5.38   5.21     3.96

DEGREE DAYS
 HEATING
  YESTERDAY       20                                         6
  MONTH TO DATE  236                                       193
  SINCE DEC 1   1173                                      1021
  SINCE JUL 1   1460                                      1364

 COOLING
  YESTERDAY        0                                         0
  MONTH TO DATE    0                                         2
  SINCE DEC 1      0                                         2
  SINCE JAN 1      0                                         2
..................................................................


WIND (MPH)
  RESULTANT WIND SPEED   1   RESULTANT WIND DIRECTION   N (350)
  HIGHEST WIND SPEED    16   HIGHEST WIND DIRECTION     N (360)
  HIGHEST GUST SPEED    20   HIGHEST GUST DIRECTION     N (350)
  AVERAGE WIND SPEED     4.8


SKY COVER
  POSSIBLE SUNSHINE  MM
  AVERAGE SKY COVER 0.1


WEATHER CONDITIONS
 THE FOLLOWING WEATHER WAS RECORDED YESTERDAY.
  NO SIGNIFICANT WEATHER WAS OBSERVED.


RELATIVE HUMIDITY (PERCENT)
 HIGHEST    92           300 AM
 LOWEST     41           300 PM
 AVERAGE    67

..........................................................


THE MOFFETT FIELD CLIMATE NORMALS FOR TODAY
                         NORMAL    RECORD    YEAR
 MAXIMUM TEMPERATURE (F)   63        78      1992
 MINIMUM TEMPERATURE (F)   46        34      1953


SUNRISE AND SUNSET
FEBRUARY 25 2017......SUNRISE   644 AM PST   SUNSET   558 PM PST
FEBRUARY 26 2017......SUNRISE   643 AM PST   SUNSET   559 PM PST


-  INDICATES NEGATIVE NUMBERS.
R  INDICATES RECORD WAS SET OR TIED.
MM INDICATES DATA IS MISSING.
T  INDICATES TRACE AMOUNT.




$$
