000
CDUS46 KMTR 250829
CLINUQ


CLIMATE REPORT
NATIONAL WEATHER SERVICE SAN FRANCISCO BAY AREA
129 AM PDT MON MAY 25 2015


...................................

...THE MOFFETT FIELD CLIMATE SUMMARY FOR MAY 24 2015...

CLIMATE NORMAL PERIOD 1981 TO 2010
CLIMATE RECORD PERIOD 1945 TO 2015


WEATHER ITEM   OBSERVED TIME   RECORD YEAR NORMAL DEPARTURE LAST
                VALUE   (LST)  VALUE       VALUE  FROM      YEAR
                                                  NORMAL
..................................................................
TEMPERATURE (F)
 YESTERDAY
  MAXIMUM         68    132 PM  96    1982  73     -5       71
  MINIMUM         51    507 AM  45    1972  54     -3       58
  AVERAGE         60                        64     -4       65

PRECIPITATION (IN)
  YESTERDAY        0.00          0.14 1993   0.01  -0.01     0.00
  MONTH TO DATE    0.64                      0.41   0.23      T
  SINCE OCT 1     14.12                     14.31  -0.19     5.94
  SINCE JAN 1      4.13                      9.47  -5.34     5.18

DEGREE DAYS
 HEATING
  YESTERDAY        5                                         0
  MONTH TO DATE  116                                        27
  SINCE MAR 1    421                                       317
  SINCE JUL 1   1526                                      1775

 COOLING
  YESTERDAY        0                                         0
  MONTH TO DATE    0                                        48
  SINCE MAR 1     18                                        74
  SINCE JAN 1     18                                        74
..................................................................


WIND (MPH)
  RESULTANT WIND SPEED   6   RESULTANT WIND DIRECTION   N (340)
  HIGHEST WIND SPEED    23   HIGHEST WIND DIRECTION     N (350)
  HIGHEST GUST SPEED    28   HIGHEST GUST DIRECTION     N (350)
  AVERAGE WIND SPEED     7.6


SKY COVER
  POSSIBLE SUNSHINE  MM
  AVERAGE SKY COVER 0.1


WEATHER CONDITIONS
 THE FOLLOWING WEATHER WAS RECORDED YESTERDAY.
  NO SIGNIFICANT WEATHER WAS OBSERVED.


RELATIVE HUMIDITY (PERCENT)
 HIGHEST    83           500 AM
 LOWEST     58          1100 AM
 AVERAGE    71

..........................................................


THE MOFFETT FIELD CLIMATE NORMALS FOR TODAY
                         NORMAL    RECORD    YEAR
 MAXIMUM TEMPERATURE (F)   73        93      1951
 MINIMUM TEMPERATURE (F)   54        44      1980


SUNRISE AND SUNSET
MAY 25 2015...........SUNRISE   552 AM PDT   SUNSET   818 PM PDT
MAY 26 2015...........SUNRISE   552 AM PDT   SUNSET   819 PM PDT


-  INDICATES NEGATIVE NUMBERS.
R  INDICATES RECORD WAS SET OR TIED.
MM INDICATES DATA IS MISSING.
T  INDICATES TRACE AMOUNT.




$$
