000
CDUS41 KOKX 060640
CLINYC


CLIMATE REPORT
NATIONAL WEATHER SERVICE NEW YORK NY
139 AM EST TUE DEC 6 2016


...................................

...THE CENTRAL PARK NY CLIMATE SUMMARY FOR DECEMBER 5 2016...

CLIMATE NORMAL PERIOD 1981 TO 2010
CLIMATE RECORD PERIOD 1869 TO 2016


WEATHER ITEM   OBSERVED TIME   RECORD YEAR NORMAL DEPARTURE LAST
                VALUE   (LST)  VALUE       VALUE  FROM      YEAR
                                                  NORMAL
..................................................................
TEMPERATURE (F)
 YESTERDAY
  MAXIMUM         49    110 PM  70    2001  47      2       51
  MINIMUM         38    557 AM  11    1926  35      3       40
  AVERAGE         44                        41      3       46

PRECIPITATION (IN)
  YESTERDAY        0.19          1.28 1993   0.14   0.05     0.00
  MONTH TO DATE    0.26                      0.71  -0.45     0.47
  SINCE DEC 1      0.26                      0.71  -0.45     0.47
  SINCE JAN 1     39.54                     46.65  -7.11    36.72

SNOWFALL (IN)
  YESTERDAY        0.0           8.0  2003   0.1   -0.1      0.0
  MONTH TO DATE    0.0                       0.4   -0.4      0.0
  SINCE OCT 1      T                         0.7   -0.7      0.0
  SINCE JUL 1      T                         0.7   -0.7      0.0
  SNOW DEPTH       0

DEGREE DAYS
 HEATING
  YESTERDAY       21                        24     -3       19
  MONTH TO DATE  100                       117    -17       82
  SINCE DEC 1    100                       117    -17       82
  SINCE JUL 1    787                       950   -163      670

 COOLING
  YESTERDAY        0                         0      0        0
  MONTH TO DATE    0                         0      0        0
  SINCE DEC 1      0                         0      0        0
  SINCE JAN 1   1489                      1105    384     1578
..................................................................


WIND (MPH)
  HIGHEST WIND SPEED    15   HIGHEST WIND DIRECTION     W (290)
  HIGHEST GUST SPEED    24   HIGHEST GUST DIRECTION     W (260)
  AVERAGE WIND SPEED     5.6


SKY COVER
  AVERAGE SKY COVER 0.5


WEATHER CONDITIONS
 THE FOLLOWING WEATHER WAS RECORDED YESTERDAY.
  RAIN
  LIGHT RAIN
  FOG


RELATIVE HUMIDITY (PERCENT)
 HIGHEST    85           400 AM
 LOWEST     45           100 AM
 AVERAGE    65

..........................................................


THE CENTRAL PARK NY CLIMATE NORMALS FOR TODAY
                         NORMAL    RECORD    YEAR
 MAXIMUM TEMPERATURE (F)   46        71      2001
 MINIMUM TEMPERATURE (F)   35        11      1871


SUNRISE AND SUNSET
DECEMBER  6 2016......SUNRISE   706 AM EST   SUNSET   428 PM EST
DECEMBER  7 2016......SUNRISE   707 AM EST   SUNSET   428 PM EST


-  INDICATES NEGATIVE NUMBERS.
R  INDICATES RECORD WAS SET OR TIED.
MM INDICATES DATA IS MISSING.
T  INDICATES TRACE AMOUNT.




$$
