000
CDUS41 KOKX 250623
CLINYC


CLIMATE REPORT
NATIONAL WEATHER SERVICE NEW YORK NY
223 AM EDT SAT OCT 25 2014


...................................

...THE CENTRAL PARK NY CLIMATE SUMMARY FOR OCTOBER 24 2014...

CLIMATE NORMAL PERIOD 1981 TO 2010
CLIMATE RECORD PERIOD 1869 TO 2014


WEATHER ITEM   OBSERVED TIME   RECORD YEAR NORMAL DEPARTURE LAST
                VALUE   (LST)  VALUE       VALUE  FROM      YEAR
                                                  NORMAL
..................................................................
TEMPERATURE (F)
 YESTERDAY
  MAXIMUM         63    406 PM  79    2001  61      2       54
  MINIMUM         51    651 AM  31    1969  48      3       41
  AVERAGE         57                        54      3       48

PRECIPITATION (IN)
  YESTERDAY        0.00          2.51 1917   0.14  -0.14     0.00
  MONTH TO DATE    5.71                      3.44   2.27     0.30
  SINCE SEP 1      6.92                      7.72  -0.80     3.25
  SINCE JAN 1     43.18                     40.96   2.22    38.26

SNOWFALL (IN)
  YESTERDAY        0.0           0.0  2002   0.0    0.0      0.0
                                      2001
  MONTH TO DATE    0.0                       0.0    0.0      0.0
  SINCE OCT 1      0.0                       0.0    0.0      0.0
  SINCE JUL 1      0.0                       0.0    0.0      0.0
  SNOW DEPTH       0

DEGREE DAYS
 HEATING
  YESTERDAY        8                        11     -3       17
  MONTH TO DATE  125                       185    -60       95
  SINCE SEP 1    147                       228    -81      131
  SINCE JUL 1    147                       230    -83      131

 COOLING
  YESTERDAY        0                         0      0        0
  MONTH TO DATE   20                        13      7       46
  SINCE SEP 1    190                       146     44      178
  SINCE JAN 1   1128                      1100     28     1271
..................................................................


WIND (MPH)
  HIGHEST WIND SPEED    12   HIGHEST WIND DIRECTION    NW (310)
  HIGHEST GUST SPEED    19   HIGHEST GUST DIRECTION    NW (300)
  AVERAGE WIND SPEED     4.4


SKY COVER
  AVERAGE SKY COVER 0.6


WEATHER CONDITIONS
 THE FOLLOWING WEATHER WAS RECORDED YESTERDAY.
  NO SIGNIFICANT WEATHER WAS OBSERVED.


RELATIVE HUMIDITY (PERCENT)
 HIGHEST    72           700 PM
 LOWEST     47          1100 PM
 AVERAGE    60

..........................................................


THE CENTRAL PARK NY CLIMATE NORMALS FOR TODAY
                         NORMAL    RECORD    YEAR
 MAXIMUM TEMPERATURE (F)   61        79      1963
 MINIMUM TEMPERATURE (F)   47        29      1879


SUNRISE AND SUNSET
OCTOBER 25 2014.......SUNRISE   718 AM EDT   SUNSET   601 PM EDT
OCTOBER 26 2014.......SUNRISE   719 AM EDT   SUNSET   600 PM EDT


-  INDICATES NEGATIVE NUMBERS.
R  INDICATES RECORD WAS SET OR TIED.
MM INDICATES DATA IS MISSING.
T  INDICATES TRACE AMOUNT.




$$
