897
CDUS41 KOKX 190616
CLINYC


CLIMATE REPORT
NATIONAL WEATHER SERVICE NEW YORK NY
116 AM EST THU JAN 19 2017


...................................

...THE CENTRAL PARK NY CLIMATE SUMMARY FOR JANUARY 18 2017...

CLIMATE NORMAL PERIOD 1981 TO 2010
CLIMATE RECORD PERIOD 1869 TO 2017


WEATHER ITEM   OBSERVED TIME   RECORD YEAR NORMAL DEPARTURE LAST
                VALUE   (LST)  VALUE       VALUE  FROM      YEAR
                                                  NORMAL
..................................................................
TEMPERATURE (F)
 YESTERDAY
  MAXIMUM         41    410 PM  66    1990  38      3       31
                                      1973
  MINIMUM         38    300 AM   0    1982  27     11       18
  AVERAGE         40                        32      8       25

PRECIPITATION (IN)
  YESTERDAY        0.06          2.10 2015   0.11  -0.05      T
  MONTH TO DATE    2.26                      2.18   0.08     2.09
  SINCE DEC 1      5.15                      6.18  -1.03     6.81
  SINCE JAN 1      2.26                      2.18   0.08     2.09

SNOWFALL (IN)
  YESTERDAY        0.0           5.0  1875   0.2   -0.2       T
  MONTH TO DATE    6.9                       3.9    3.0      0.4
  SINCE OCT 1     10.1                       9.0    1.1      0.4
  SINCE JUL 1     10.1                       9.0    1.1      0.4
  SNOW DEPTH       0

DEGREE DAYS
 HEATING
  YESTERDAY       25                        33     -8       40
  MONTH TO DATE  513                       585    -72      531
  SINCE DEC 1   1332                      1437   -105      965
  SINCE JUL 1   2019                      2270   -251     1553

 COOLING
  YESTERDAY        0                         0      0        0
  MONTH TO DATE    0                         0      0        0
  SINCE DEC 1      0                         0      0        3
  SINCE JAN 1      0                         0      0        0
..................................................................


WIND (MPH)
  HIGHEST WIND SPEED    14   HIGHEST WIND DIRECTION    NE (60)
  HIGHEST GUST SPEED    19   HIGHEST GUST DIRECTION    NE (60)
  AVERAGE WIND SPEED     5.9


SKY COVER
  AVERAGE SKY COVER 0.9


WEATHER CONDITIONS
 THE FOLLOWING WEATHER WAS RECORDED YESTERDAY.
  LIGHT RAIN
  FOG


RELATIVE HUMIDITY (PERCENT)
 HIGHEST   100           200 AM
 LOWEST     79           400 PM
 AVERAGE    90

..........................................................


THE CENTRAL PARK NY CLIMATE NORMALS FOR TODAY
                         NORMAL    RECORD    YEAR
 MAXIMUM TEMPERATURE (F)   38        64      1951
 MINIMUM TEMPERATURE (F)   27        -3      1875


SUNRISE AND SUNSET
JANUARY 19 2017.......SUNRISE   716 AM EST   SUNSET   458 PM EST
JANUARY 20 2017.......SUNRISE   715 AM EST   SUNSET   459 PM EST


-  INDICATES NEGATIVE NUMBERS.
R  INDICATES RECORD WAS SET OR TIED.
MM INDICATES DATA IS MISSING.
T  INDICATES TRACE AMOUNT.




$$
