000
CDUS41 KOKX 190617
CLINYC


CLIMATE REPORT
NATIONAL WEATHER SERVICE NEW YORK NY
117 AM EST MON FEB 19 2018


...................................

...THE CENTRAL PARK NY CLIMATE SUMMARY FOR FEBRUARY 18 2018...

CLIMATE NORMAL PERIOD 1981 TO 2010
CLIMATE RECORD PERIOD 1869 TO 2018


WEATHER ITEM   OBSERVED TIME   RECORD YEAR NORMAL DEPARTURE LAST
                VALUE   (LST)  VALUE       VALUE  FROM      YEAR
                                                  NORMAL
..................................................................
TEMPERATURE (F)
 YESTERDAY
  MAXIMUM         44    347 PM  68    1981  42      2       63
  MINIMUM         33    348 AM   0    1979  29      4       35
  AVERAGE         39                        36      3       49

PRECIPITATION (IN)
  YESTERDAY        0.01          1.50 1887   0.11  -0.10     0.00
  MONTH TO DATE    4.69                      1.94   2.75     1.94
  SINCE DEC 1      9.08                      9.59  -0.51     9.66
  SINCE JAN 1      6.87                      5.59   1.28     6.77

SNOWFALL (IN)
  YESTERDAY        T             3.5  1928   0.3   -0.3      0.0
  MONTH TO DATE    4.9                       6.0   -1.1      9.4
  SINCE OCT 1     23.8                      18.1    5.7     20.5
  SINCE JUL 1     23.8                      18.1    5.7     20.5
  SNOW DEPTH       3

DEGREE DAYS
 HEATING
  YESTERDAY       26                        29     -3       16
  MONTH TO DATE  479                       551    -72      506
  SINCE DEC 1   2425                      2407     18     2154
  SINCE JUL 1   3087                      3240   -153     2841

 COOLING
  YESTERDAY        0                         0      0        0
  MONTH TO DATE    0                         0      0        0
  SINCE DEC 1      0                         0      0        0
  SINCE JAN 1      0                         0      0        0
..................................................................


WIND (MPH)
  HIGHEST WIND SPEED    14   HIGHEST WIND DIRECTION    NW (310)
  HIGHEST GUST SPEED    27   HIGHEST GUST DIRECTION    NW (320)
  AVERAGE WIND SPEED     5.8


SKY COVER
  AVERAGE SKY COVER 0.3


WEATHER CONDITIONS
 THE FOLLOWING WEATHER WAS RECORDED YESTERDAY.
  LIGHT SNOW
  FOG


RELATIVE HUMIDITY (PERCENT)
 HIGHEST    96          1200 AM
 LOWEST     40           300 PM
 AVERAGE    68

..........................................................


THE CENTRAL PARK NY CLIMATE NORMALS FOR TODAY
                         NORMAL    RECORD    YEAR
 MAXIMUM TEMPERATURE (F)   42        66      1997
 MINIMUM TEMPERATURE (F)   30         1      1936


SUNRISE AND SUNSET
FEBRUARY 19 2018......SUNRISE   644 AM EST   SUNSET   535 PM EST
FEBRUARY 20 2018......SUNRISE   643 AM EST   SUNSET   537 PM EST


-  INDICATES NEGATIVE NUMBERS.
R  INDICATES RECORD WAS SET OR TIED.
MM INDICATES DATA IS MISSING.
T  INDICATES TRACE AMOUNT.




$$
