000
CDUS41 KOKX 242033
CLINYC


CLIMATE REPORT
NATIONAL WEATHER SERVICE NEW YORK NY
432 PM EDT SAT JUN 24 2017


...................................

...THE CENTRAL PARK NY CLIMATE SUMMARY FOR JUNE 24 2017...
VALID TODAY AS OF 0400 PM LOCAL TIME.

CLIMATE NORMAL PERIOD 1981 TO 2010
CLIMATE RECORD PERIOD 1869 TO 2017


WEATHER ITEM   OBSERVED TIME   RECORD YEAR NORMAL DEPARTURE LAST
                VALUE   (LST)  VALUE       VALUE  FROM      YEAR
                                                  NORMAL
..................................................................
TEMPERATURE (F)
 TODAY
  MAXIMUM         84    242 PM  96    1888  82      2       84
  MINIMUM         71    750 AM  52    1932  66      5       67
                                      1881
  AVERAGE         78                        74      4       76

PRECIPITATION (IN)
  TODAY            1.29          1.46 1984   0.13   1.16     0.00
  MONTH TO DATE    4.58                      3.64   0.94     2.02
  SINCE JUN 1      4.58                      3.64   0.94     2.02
  SINCE JAN 1     27.36                     23.43   3.93    17.36

SNOWFALL (IN)
  TODAY            0.0           0.0  2002   0.0    0.0      0.0
                                      2001
  MONTH TO DATE    0.0                       0.0    0.0      0.0
  SINCE OCT 1     30.2                      25.8    4.4     32.8
  SINCE JUL 1     30.2                      25.8    4.4     32.8
  SNOW DEPTH       0

DEGREE DAYS
 HEATING
  TODAY            0                         0      0        0
  MONTH TO DATE   24                        17      7        7
  SINCE JUN 1     24                        17      7        7
  SINCE JUL 1   4226                      4748   -522     3768

 COOLING
  TODAY           13                         9      4       11
  MONTH TO DATE  189                       154     35      172
  SINCE JUN 1    189                       154     35      172
  SINCE JAN 1    278                       223     55      291
..................................................................


WIND (MPH)
  HIGHEST WIND SPEED    17   HIGHEST WIND DIRECTION     W (290)
  HIGHEST GUST SPEED    28   HIGHEST GUST DIRECTION     W (280)
  AVERAGE WIND SPEED     7.2


SKY COVER
  AVERAGE SKY COVER 0.4


WEATHER CONDITIONS
 THE FOLLOWING WEATHER WAS RECORDED TODAY.
  HEAVY RAIN
  RAIN
  LIGHT RAIN
  FOG


RELATIVE HUMIDITY (PERCENT)
 HIGHEST    94           100 AM
 LOWEST     37           100 PM
 AVERAGE    66

..........................................................


THE CENTRAL PARK NY CLIMATE NORMALS FOR TOMORROW
                         NORMAL    RECORD    YEAR
 MAXIMUM TEMPERATURE (F)   82        99      1952
                                             1943
 MINIMUM TEMPERATURE (F)   66        50      1873


SUNRISE AND SUNSET
JUNE 24 2017..........SUNRISE   525 AM EDT   SUNSET   831 PM EDT
JUNE 25 2017..........SUNRISE   526 AM EDT   SUNSET   831 PM EDT


-  INDICATES NEGATIVE NUMBERS.
R  INDICATES RECORD WAS SET OR TIED.
MM INDICATES DATA IS MISSING.
T  INDICATES TRACE AMOUNT.




$$
